154.81.156.35 - - [08/May/2025:00:00:34 +0530] "GET / HTTP/1.1" 200 1620 "-" "Mozilla/5.0 (Windows NT 10.0; Win64; x64) AppleWebKit/537.36 (KHTML, like Gecko) Chrome/90.0.4430.85 Safari/537.36 Edg/90.0.818.46"
176.65.137.188 - - [08/May/2025:00:00:35 +0530] "GET / HTTP/1.1" 200 4270 "-" "-"
176.65.137.188 - - [08/May/2025:00:00:35 +0530] "POST /boaform/admin/formLogin HTTP/1.1" 404 221 "-" "Mozilla/5.0"
176.65.137.188 - - [08/May/2025:00:00:36 +0530] "POST /boaform/admin/formTracert HTTP/1.1" 404 223 "-" "Mozilla/5.0"
45.134.225.133 - - [08/May/2025:00:01:00 +0530] "POST /boaform/admin/formLogin HTTP/1.1" 404 221 "http://103.145.51.236:80/admin/login.asp" "Mozilla/5.0 (X11; Ubuntu; Linux x86_64; rv:71.0) Gecko/20100101 Firefox/71.0"
185.218.84.178 - - [08/May/2025:00:01:05 +0530] "GET / HTTP/1.1" 200 1620 "-" "Mozilla/5.0 (Windows NT 10.0; Win64; x64) AppleWebKit/537.36 (KHTML, like Gecko) Chrome/90.0.4430.85 Safari/537.36 Edg/90.0.818.46"
45.134.225.133 - - [08/May/2025:00:01:33 +0530] "POST /boaform/admin/formLogin HTTP/1.1" 404 221 "http://103.145.51.74:80/admin/login.asp" "Mozilla/5.0 (X11; Ubuntu; Linux x86_64; rv:71.0) Gecko/20100101 Firefox/71.0"
45.134.225.133 - - [08/May/2025:00:02:59 +0530] "POST /boaform/admin/formLogin HTTP/1.1" 404 221 "http://103.145.51.236:80/admin/login.asp" "Mozilla/5.0 (X11; Ubuntu; Linux x86_64; rv:71.0) Gecko/20100101 Firefox/71.0"
45.134.225.133 - - [08/May/2025:00:03:36 +0530] "POST /boaform/admin/formLogin HTTP/1.1" 404 221 "http://103.145.51.74:80/admin/login.asp" "Mozilla/5.0 (X11; Ubuntu; Linux x86_64; rv:71.0) Gecko/20100101 Firefox/71.0"
45.134.225.133 - - [08/May/2025:00:03:59 +0530] "POST /boaform/admin/formLogin HTTP/1.1" 404 221 "http://103.145.51.236:80/admin/login.asp" "Mozilla/5.0 (X11; Ubuntu; Linux x86_64; rv:71.0) Gecko/20100101 Firefox/71.0"
45.134.225.133 - - [08/May/2025:00:04:47 +0530] "POST /boaform/admin/formLogin HTTP/1.1" 404 221 "http://103.145.51.236:80/admin/login.asp" "Mozilla/5.0 (X11; Ubuntu; Linux x86_64; rv:71.0) Gecko/20100101 Firefox/71.0"
45.134.225.133 - - [08/May/2025:00:05:00 +0530] "POST /boaform/admin/formLogin HTTP/1.1" 404 221 "http://103.145.51.74:80/admin/login.asp" "Mozilla/5.0 (X11; Ubuntu; Linux x86_64; rv:71.0) Gecko/20100101 Firefox/71.0"
45.134.225.133 - - [08/May/2025:00:05:30 +0530] "POST /boaform/admin/formLogin HTTP/1.1" 404 221 "http://103.145.51.74:80/admin/login.asp" "Mozilla/5.0 (X11; Ubuntu; Linux x86_64; rv:71.0) Gecko/20100101 Firefox/71.0"
45.134.225.133 - - [08/May/2025:00:05:47 +0530] "POST /boaform/admin/formLogin HTTP/1.1" 404 221 "http://103.145.51.74:80/admin/login.asp" "Mozilla/5.0 (X11; Ubuntu; Linux x86_64; rv:71.0) Gecko/20100101 Firefox/71.0"
212.107.12.18 - - [08/May/2025:00:05:50 +0530] "GET / HTTP/1.1" 200 4270 "-" "-"
212.107.12.18 - - [08/May/2025:00:06:17 +0530] "GET / HTTP/1.1" 200 4270 "-" "-"
185.218.84.178 - - [08/May/2025:00:06:38 +0530] "GET / HTTP/1.1" 200 1620 "-" "Mozilla/5.0 (Windows NT 10.0; Win64; x64) AppleWebKit/537.36 (KHTML, like Gecko) Chrome/90.0.4430.85 Safari/537.36 Edg/90.0.818.46"
45.134.225.133 - - [08/May/2025:00:07:00 +0530] "POST /boaform/admin/formLogin HTTP/1.1" 404 221 "http://103.145.51.74:80/admin/login.asp" "Mozilla/5.0 (X11; Ubuntu; Linux x86_64; rv:71.0) Gecko/20100101 Firefox/71.0"
195.178.110.161 - - [08/May/2025:00:07:12 +0530] "\x16\x03\x01" 400 226 "-" "-"
195.178.110.161 - - [08/May/2025:00:07:12 +0530] "GET / HTTP/1.1" 400 226 "-" "-"
195.178.110.161 - - [08/May/2025:00:07:13 +0530] "GET / HTTP/1.1" 200 4270 "-" "l9tcpid/v1.1.0"
45.134.225.133 - - [08/May/2025:00:07:28 +0530] "POST /boaform/admin/formLogin HTTP/1.1" 404 221 "http://103.145.51.236:80/admin/login.asp" "Mozilla/5.0 (X11; Ubuntu; Linux x86_64; rv:71.0) Gecko/20100101 Firefox/71.0"
45.134.225.133 - - [08/May/2025:00:08:13 +0530] "POST /boaform/admin/formLogin HTTP/1.1" 404 221 "http://103.145.51.74:80/admin/login.asp" "Mozilla/5.0 (X11; Ubuntu; Linux x86_64; rv:71.0) Gecko/20100101 Firefox/71.0"
45.134.225.133 - - [08/May/2025:00:08:29 +0530] "POST /boaform/admin/formLogin HTTP/1.1" 404 221 "http://103.145.51.236:80/admin/login.asp" "Mozilla/5.0 (X11; Ubuntu; Linux x86_64; rv:71.0) Gecko/20100101 Firefox/71.0"
45.134.225.133 - - [08/May/2025:00:09:03 +0530] "POST /boaform/admin/formLogin HTTP/1.1" 404 221 "http://103.145.51.74:80/admin/login.asp" "Mozilla/5.0 (X11; Ubuntu; Linux x86_64; rv:71.0) Gecko/20100101 Firefox/71.0"
45.134.225.133 - - [08/May/2025:00:09:08 +0530] "POST /boaform/admin/formLogin HTTP/1.1" 404 221 "http://103.145.51.74:80/admin/login.asp" "Mozilla/5.0 (X11; Ubuntu; Linux x86_64; rv:71.0) Gecko/20100101 Firefox/71.0"
45.134.225.133 - - [08/May/2025:00:09:48 +0530] "POST /boaform/admin/formLogin HTTP/1.1" 404 221 "http://103.145.51.236:80/admin/login.asp" "Mozilla/5.0 (X11; Ubuntu; Linux x86_64; rv:71.0) Gecko/20100101 Firefox/71.0"
45.134.225.133 - - [08/May/2025:00:10:01 +0530] "POST /boaform/admin/formLogin HTTP/1.1" 404 221 "http://103.145.51.74:80/admin/login.asp" "Mozilla/5.0 (X11; Ubuntu; Linux x86_64; rv:71.0) Gecko/20100101 Firefox/71.0"
95.214.54.4 - - [08/May/2025:00:11:16 +0530] "GET / HTTP/1.1" 200 4270 "-" "Hello World/1.0"
95.214.54.4 - - [08/May/2025:00:12:09 +0530] "GET / HTTP/1.1" 200 4270 "-" "Hello World/1.0"
45.135.194.43 - - [08/May/2025:00:12:12 +0530] "POST /boaform/admin/formLogin HTTP/1.1" 404 221 "http://103.145.51.236:80/admin/login.asp" "Mozilla/5.0 (X11; Ubuntu; Linux x86_64; rv:71.0) Gecko/20100101 Firefox/71.0"
195.178.110.161 - - [08/May/2025:00:12:27 +0530] "GET /.env HTTP/1.1" 404 202 "-" "l9explore/1.2.2"
195.178.110.161 - - [08/May/2025:00:12:27 +0530] "GET /my_env/palash.py HTTP/1.1" 404 214 "-" "l9explore/1.2.2"
195.178.110.161 - - [08/May/2025:00:12:29 +0530] "GET /resources/docker/rediscommander/.env HTTP/1.1" 404 234 "-" "l9explore/1.2.2"
195.178.110.161 - - [08/May/2025:00:12:30 +0530] "GET /s-with-me-front/.env HTTP/1.1" 404 218 "-" "l9explore/1.2.2"
195.178.110.161 - - [08/May/2025:00:12:32 +0530] "GET /backup/env.php HTTP/1.1" 404 212 "-" "l9explore/1.2.2"
195.178.110.161 - - [08/May/2025:00:12:34 +0530] "GET /cron/aws_sns.env HTTP/1.1" 404 214 "-" "l9explore/1.2.2"
195.178.110.161 - - [08/May/2025:00:12:36 +0530] "GET /docker/app/.env HTTP/1.1" 404 213 "-" "l9explore/1.2.2"
195.178.110.161 - - [08/May/2025:00:12:37 +0530] "GET /new/.env.production HTTP/1.1" 404 217 "-" "l9explore/1.2.2"
195.178.110.161 - - [08/May/2025:00:12:39 +0530] "GET /.gitlab-ci/.env HTTP/1.1" 404 213 "-" "l9explore/1.2.2"
161.248.238.13 - - [08/May/2025:00:12:40 +0530] "POST /boaform/admin/formLogin HTTP/1.1" 404 221 "http://103.145.51.74:80/admin/login.asp" "Mozilla/5.0 (X11; Ubuntu; Linux x86_64; rv:71.0) Gecko/20100101 Firefox/71.0"
195.178.110.161 - - [08/May/2025:00:12:41 +0530] "GET /api/.env HTTP/1.1" 404 206 "-" "l9explore/1.2.2"
195.178.110.161 - - [08/May/2025:00:12:44 +0530] "GET /config/env/aws.env HTTP/1.1" 404 216 "-" "l9explore/1.2.2"
195.178.110.161 - - [08/May/2025:00:12:46 +0530] "GET /secrets/aws_ses.env HTTP/1.1" 404 217 "-" "l9explore/1.2.2"
195.178.110.161 - - [08/May/2025:00:12:48 +0530] "GET /.env.prod HTTP/1.1" 404 207 "-" "l9explore/1.2.2"
195.178.110.161 - - [08/May/2025:00:12:50 +0530] "GET /cron/.env HTTP/1.1" 404 207 "-" "l9explore/1.2.2"
45.134.225.133 - - [08/May/2025:00:12:50 +0530] "POST /boaform/admin/formLogin HTTP/1.1" 404 221 "http://103.145.51.236:80/admin/login.asp" "Mozilla/5.0 (X11; Ubuntu; Linux x86_64; rv:71.0) Gecko/20100101 Firefox/71.0"
195.178.110.161 - - [08/May/2025:00:12:52 +0530] "GET /robots/.env HTTP/1.1" 404 209 "-" "l9explore/1.2.2"
195.178.110.161 - - [08/May/2025:00:12:53 +0530] "GET /secrets/aws_sns.env HTTP/1.1" 404 217 "-" "l9explore/1.2.2"
195.178.110.161 - - [08/May/2025:00:12:55 +0530] "GET /server/config/.env HTTP/1.1" 404 216 "-" "l9explore/1.2.2"
195.178.110.161 - - [08/May/2025:00:12:56 +0530] "GET /server/src/persistence/.env HTTP/1.1" 404 225 "-" "l9explore/1.2.2"
195.178.110.161 - - [08/May/2025:00:12:58 +0530] "GET /SpotiApps/.env HTTP/1.1" 404 212 "-" "l9explore/1.2.2"
195.178.110.161 - - [08/May/2025:00:12:59 +0530] "GET /node_modules/.env HTTP/1.1" 404 215 "-" "l9explore/1.2.2"
195.178.110.161 - - [08/May/2025:00:13:01 +0530] "GET /project_root/.env HTTP/1.1" 404 215 "-" "l9explore/1.2.2"
195.178.110.161 - - [08/May/2025:00:13:02 +0530] "GET /public_root/.env HTTP/1.1" 404 214 "-" "l9explore/1.2.2"
195.178.110.161 - - [08/May/2025:00:13:03 +0530] "GET /rasax/.env HTTP/1.1" 404 208 "-" "l9explore/1.2.2"
195.178.110.161 - - [08/May/2025:00:13:05 +0530] "GET /repos/.env HTTP/1.1" 404 208 "-" "l9explore/1.2.2"
195.178.110.161 - - [08/May/2025:00:13:07 +0530] "GET /services/adminer/.env HTTP/1.1" 404 219 "-" "l9explore/1.2.2"
195.178.110.161 - - [08/May/2025:00:13:08 +0530] "GET /storage/aws_sns.env HTTP/1.1" 404 217 "-" "l9explore/1.2.2"
195.178.110.161 - - [08/May/2025:00:13:08 +0530] "GET /api/shared/config/.env HTTP/1.1" 404 220 "-" "l9explore/1.2.2"
195.178.110.161 - - [08/May/2025:00:13:09 +0530] "GET /data/aws/sns.env HTTP/1.1" 404 214 "-" "l9explore/1.2.2"
45.134.225.133 - - [08/May/2025:00:13:10 +0530] "POST /boaform/admin/formLogin HTTP/1.1" 404 221 "http://103.145.51.236:80/admin/login.asp" "Mozilla/5.0 (X11; Ubuntu; Linux x86_64; rv:71.0) Gecko/20100101 Firefox/71.0"
195.178.110.161 - - [08/May/2025:00:13:11 +0530] "GET /docs/.env HTTP/1.1" 404 207 "-" "l9explore/1.2.2"
195.178.110.161 - - [08/May/2025:00:13:13 +0530] "GET /new/.env HTTP/1.1" 404 206 "-" "l9explore/1.2.2"
195.178.110.161 - - [08/May/2025:00:13:15 +0530] "GET /Serve_time_server/.env HTTP/1.1" 404 220 "-" "l9explore/1.2.2"
195.178.110.161 - - [08/May/2025:00:13:17 +0530] "GET /src/tests/fixtures/typeScriptProject/.env HTTP/1.1" 404 239 "-" "l9explore/1.2.2"
195.178.110.161 - - [08/May/2025:00:13:18 +0530] "GET /dev/.env HTTP/1.1" 404 206 "-" "l9explore/1.2.2"
195.178.110.161 - - [08/May/2025:00:13:19 +0530] "GET /opt/aws/ses.env HTTP/1.1" 404 213 "-" "l9explore/1.2.2"
195.178.110.161 - - [08/May/2025:00:13:22 +0530] "GET /resourcesync/.env HTTP/1.1" 404 215 "-" "l9explore/1.2.2"
195.178.110.161 - - [08/May/2025:00:13:23 +0530] "GET /secret/aws_sns.env HTTP/1.1" 404 216 "-" "l9explore/1.2.2"
195.178.110.161 - - [08/May/2025:00:13:24 +0530] "GET /spearmint/.env HTTP/1.1" 404 212 "-" "l9explore/1.2.2"
195.178.110.161 - - [08/May/2025:00:13:24 +0530] "GET /rust-backend/.env HTTP/1.1" 404 215 "-" "l9explore/1.2.2"
195.178.110.161 - - [08/May/2025:00:13:26 +0530] "GET /.env.local HTTP/1.1" 404 208 "-" "l9explore/1.2.2"
195.178.110.161 - - [08/May/2025:00:13:27 +0530] "GET /.env.old HTTP/1.1" 404 206 "-" "l9explore/1.2.2"
195.178.110.161 - - [08/May/2025:00:13:27 +0530] "GET /backend/.env HTTP/1.1" 404 210 "-" "l9explore/1.2.2"
195.178.110.161 - - [08/May/2025:00:13:31 +0530] "GET /crm/.env HTTP/1.1" 404 206 "-" "l9explore/1.2.2"
195.178.110.161 - - [08/May/2025:00:13:32 +0530] "GET /exapi/.env HTTP/1.1" 404 208 "-" "l9explore/1.2.2"
195.178.110.161 - - [08/May/2025:00:13:34 +0530] "GET /resources/docker/rabbitmq/.env HTTP/1.1" 404 228 "-" "l9explore/1.2.2"
195.178.110.161 - - [08/May/2025:00:13:34 +0530] "GET /aws-ses/.env HTTP/1.1" 404 210 "-" "l9explore/1.2.2"
195.178.110.161 - - [08/May/2025:00:13:34 +0530] "GET /price_hawk_client/.env HTTP/1.1" 404 220 "-" "l9explore/1.2.2"
195.178.110.161 - - [08/May/2025:00:13:36 +0530] "GET /qv-frontend/.env HTTP/1.1" 404 214 "-" "l9explore/1.2.2"
45.134.225.133 - - [08/May/2025:00:13:37 +0530] "POST /boaform/admin/formLogin HTTP/1.1" 404 221 "http://103.145.51.74:80/admin/login.asp" "Mozilla/5.0 (X11; Ubuntu; Linux x86_64; rv:71.0) Gecko/20100101 Firefox/71.0"
195.178.110.161 - - [08/May/2025:00:13:39 +0530] "GET /selfish-darling-backend/.env HTTP/1.1" 404 226 "-" "l9explore/1.2.2"
195.178.110.161 - - [08/May/2025:00:13:44 +0530] "GET /services/redis-commander/.env HTTP/1.1" 404 227 "-" "l9explore/1.2.2"
195.178.110.161 - - [08/May/2025:00:13:47 +0530] "GET /var/aws/sns.env HTTP/1.1" 404 213 "-" "l9explore/1.2.2"
195.178.110.161 - - [08/May/2025:00:13:49 +0530] "GET /.env.production.local HTTP/1.1" 404 219 "-" "l9explore/1.2.2"
195.178.110.161 - - [08/May/2025:00:13:51 +0530] "GET /repository/.env HTTP/1.1" 404 213 "-" "l9explore/1.2.2"
195.178.110.161 - - [08/May/2025:00:13:52 +0530] "GET /rest/.env HTTP/1.1" 404 207 "-" "l9explore/1.2.2"
195.178.110.161 - - [08/May/2025:00:13:54 +0530] "GET /services/monitoring/.env HTTP/1.1" 404 222 "-" "l9explore/1.2.2"
195.178.110.161 - - [08/May/2025:00:13:56 +0530] "GET /src/tests/fixtures/instanceWithDependentSteps/.env HTTP/1.1" 404 248 "-" "l9explore/1.2.2"
195.178.110.161 - - [08/May/2025:00:13:59 +0530] "GET /.env.stage HTTP/1.1" 404 208 "-" "l9explore/1.2.2"
195.178.110.161 - - [08/May/2025:00:13:59 +0530] "GET /api/config.env HTTP/1.1" 404 212 "-" "l9explore/1.2.2"
195.178.110.161 - - [08/May/2025:00:14:00 +0530] "GET /api/shared/.env HTTP/1.1" 404 213 "-" "l9explore/1.2.2"
195.178.110.161 - - [08/May/2025:00:14:03 +0530] "GET /projbackend/.env HTTP/1.1" 404 214 "-" "l9explore/1.2.2"
195.178.110.161 - - [08/May/2025:00:14:06 +0530] "GET /resources/docker/.env HTTP/1.1" 404 219 "-" "l9explore/1.2.2"
195.178.110.161 - - [08/May/2025:00:14:07 +0530] "GET /blog/.env HTTP/1.1" 404 207 "-" "l9explore/1.2.2"
195.178.110.161 - - [08/May/2025:00:14:08 +0530] "GET /resources/.env HTTP/1.1" 404 212 "-" "l9explore/1.2.2"
195.178.110.161 - - [08/May/2025:00:14:10 +0530] "GET /sendgrid.env HTTP/1.1" 404 210 "-" "l9explore/1.2.2"
195.178.110.161 - - [08/May/2025:00:14:11 +0530] "GET /services/jaeger/.env HTTP/1.1" 404 218 "-" "l9explore/1.2.2"
195.178.110.161 - - [08/May/2025:00:14:13 +0530] "GET /shop/.env HTTP/1.1" 404 207 "-" "l9explore/1.2.2"
195.178.110.161 - - [08/May/2025:00:14:15 +0530] "GET /uploads/.env HTTP/1.1" 404 210 "-" "l9explore/1.2.2"
195.178.110.161 - - [08/May/2025:00:14:16 +0530] "GET /www/.env HTTP/1.1" 404 206 "-" "l9explore/1.2.2"
195.178.110.161 - - [08/May/2025:00:14:16 +0530] "GET /.env.bak HTTP/1.1" 404 206 "-" "l9explore/1.2.2"
195.178.110.161 - - [08/May/2025:00:14:20 +0530] "GET /aws-sns/.env HTTP/1.1" 404 210 "-" "l9explore/1.2.2"
195.178.110.161 - - [08/May/2025:00:14:21 +0530] "GET /awstats/.env HTTP/1.1" 404 210 "-" "l9explore/1.2.2"
195.178.110.161 - - [08/May/2025:00:14:23 +0530] "GET /Simple_server/.env HTTP/1.1" 404 216 "-" "l9explore/1.2.2"
195.178.110.161 - - [08/May/2025:00:14:24 +0530] "GET /Socketio/.env HTTP/1.1" 404 211 "-" "l9explore/1.2.2"
195.178.110.161 - - [08/May/2025:00:14:26 +0530] "GET /spikes/config-material-app/.env HTTP/1.1" 404 229 "-" "l9explore/1.2.2"
195.178.110.161 - - [08/May/2025:00:14:29 +0530] "GET /private/.env HTTP/1.1" 404 210 "-" "l9explore/1.2.2"
195.178.110.161 - - [08/May/2025:00:14:29 +0530] "GET /resources/docker/mysql/.env HTTP/1.1" 404 225 "-" "l9explore/1.2.2"
195.178.110.161 - - [08/May/2025:00:14:30 +0530] "GET /var/www/aws-sns.env HTTP/1.1" 404 217 "-" "l9explore/1.2.2"
195.178.110.161 - - [08/May/2025:00:14:34 +0530] "GET /site/.env HTTP/1.1" 404 207 "-" "l9explore/1.2.2"
195.178.110.161 - - [08/May/2025:00:14:35 +0530] "GET /.env_sample HTTP/1.1" 404 209 "-" "l9explore/1.2.2"
195.178.110.161 - - [08/May/2025:00:14:37 +0530] "GET /admin/.env HTTP/1.1" 404 208 "-" "l9explore/1.2.2"
195.178.110.161 - - [08/May/2025:00:14:39 +0530] "GET /local/.env HTTP/1.1" 404 208 "-" "l9explore/1.2.2"
195.178.110.161 - - [08/May/2025:00:14:39 +0530] "GET /postfixadmin/.env HTTP/1.1" 404 215 "-" "l9explore/1.2.2"
195.178.110.161 - - [08/May/2025:00:14:42 +0530] "GET /saas/.env HTTP/1.1" 404 207 "-" "l9explore/1.2.2"
195.178.110.161 - - [08/May/2025:00:14:45 +0530] "GET /serve-browserbench/.env HTTP/1.1" 404 221 "-" "l9explore/1.2.2"
161.248.238.13 - - [08/May/2025:00:14:47 +0530] "POST /boaform/admin/formLogin HTTP/1.1" 404 221 "http://103.145.51.236:80/admin/login.asp" "Mozilla/5.0 (X11; Ubuntu; Linux x86_64; rv:71.0) Gecko/20100101 Firefox/71.0"
195.178.110.161 - - [08/May/2025:00:14:47 +0530] "GET /conf/.env HTTP/1.1" 404 207 "-" "l9explore/1.2.2"
195.178.110.161 - - [08/May/2025:00:14:48 +0530] "GET /laravel/.env.dev HTTP/1.1" 404 214 "-" "l9explore/1.2.2"
45.134.225.133 - - [08/May/2025:00:14:50 +0530] "POST /boaform/admin/formLogin HTTP/1.1" 404 221 "http://103.145.51.74:80/admin/login.asp" "Mozilla/5.0 (X11; Ubuntu; Linux x86_64; rv:71.0) Gecko/20100101 Firefox/71.0"
195.178.110.161 - - [08/May/2025:00:14:50 +0530] "GET /post-deployment/.vscode/.env HTTP/1.1" 404 226 "-" "l9explore/1.2.2"
195.178.110.161 - - [08/May/2025:00:14:52 +0530] "GET /question2/.env HTTP/1.1" 404 212 "-" "l9explore/1.2.2"
195.178.110.161 - - [08/May/2025:00:14:56 +0530] "GET /run/.env HTTP/1.1" 404 206 "-" "l9explore/1.2.2"
195.178.110.161 - - [08/May/2025:00:14:57 +0530] "GET /storage/aws_ses.env HTTP/1.1" 404 217 "-" "l9explore/1.2.2"
195.178.110.161 - - [08/May/2025:00:14:59 +0530] "GET /react_todo/.env HTTP/1.1" 404 213 "-" "l9explore/1.2.2"
195.178.110.161 - - [08/May/2025:00:15:01 +0530] "GET /services/minio/.env HTTP/1.1" 404 217 "-" "l9explore/1.2.2"
195.178.110.161 - - [08/May/2025:00:15:03 +0530] "GET /.sendgrind.env HTTP/1.1" 404 212 "-" "l9explore/1.2.2"
195.178.110.161 - - [08/May/2025:00:15:04 +0530] "GET /cron/aws_ses.env HTTP/1.1" 404 214 "-" "l9explore/1.2.2"
195.178.110.161 - - [08/May/2025:00:15:06 +0530] "GET /pub/.env HTTP/1.1" 404 206 "-" "l9explore/1.2.2"
195.178.110.161 - - [08/May/2025:00:15:07 +0530] "GET /public/.env HTTP/1.1" 404 209 "-" "l9explore/1.2.2"
195.178.110.161 - - [08/May/2025:00:15:10 +0530] "GET /roundcubemail/.env HTTP/1.1" 404 216 "-" "l9explore/1.2.2"
195.178.110.161 - - [08/May/2025:00:15:10 +0530] "GET /services/simcore/.env HTTP/1.1" 404 219 "-" "l9explore/1.2.2"
195.178.110.161 - - [08/May/2025:00:15:12 +0530] "GET /kyc/.env HTTP/1.1" 404 206 "-" "l9explore/1.2.2"
195.178.110.161 - - [08/May/2025:00:15:14 +0530] "GET /my_env/newsletter.py HTTP/1.1" 404 218 "-" "l9explore/1.2.2"
195.178.110.161 - - [08/May/2025:00:15:16 +0530] "GET /nginx/.env HTTP/1.1" 404 208 "-" "l9explore/1.2.2"
195.178.110.161 - - [08/May/2025:00:15:17 +0530] "GET /results/.env HTTP/1.1" 404 210 "-" "l9explore/1.2.2"
154.81.156.35 - - [08/May/2025:00:15:18 +0530] "GET / HTTP/1.1" 200 1620 "-" "Mozilla/5.0 (Windows NT 10.0; Win64; x64) AppleWebKit/537.36 (KHTML, like Gecko) Chrome/90.0.4430.85 Safari/537.36 Edg/90.0.818.46"
195.178.110.161 - - [08/May/2025:00:15:18 +0530] "GET /services/documents/.env HTTP/1.1" 404 221 "-" "l9explore/1.2.2"
195.178.110.161 - - [08/May/2025:00:15:19 +0530] "GET /server/.env HTTP/1.1" 404 209 "-" "l9explore/1.2.2"
195.178.110.161 - - [08/May/2025:00:15:19 +0530] "GET /website/.env HTTP/1.1" 404 210 "-" "l9explore/1.2.2"
195.178.110.161 - - [08/May/2025:00:15:21 +0530] "GET /cli/aws_sns.env HTTP/1.1" 404 213 "-" "l9explore/1.2.2"
195.178.110.161 - - [08/May/2025:00:15:22 +0530] "GET /opt/aws/sns.env HTTP/1.1" 404 213 "-" "l9explore/1.2.2"
195.178.110.161 - - [08/May/2025:00:15:22 +0530] "GET /processor/.env HTTP/1.1" 404 212 "-" "l9explore/1.2.2"
195.178.110.161 - - [08/May/2025:00:15:23 +0530] "GET /pt2/countries/src/.env HTTP/1.1" 404 220 "-" "l9explore/1.2.2"
195.178.110.161 - - [08/May/2025:00:15:24 +0530] "GET /rosterBack/.env HTTP/1.1" 404 213 "-" "l9explore/1.2.2"
195.178.110.161 - - [08/May/2025:00:15:26 +0530] "GET /sendgrid/.env HTTP/1.1" 404 211 "-" "l9explore/1.2.2"
195.178.110.161 - - [08/May/2025:00:15:30 +0530] "GET /application/.env HTTP/1.1" 404 214 "-" "l9explore/1.2.2"
195.178.110.161 - - [08/May/2025:00:15:31 +0530] "GET /apps/.env HTTP/1.1" 404 207 "-" "l9explore/1.2.2"
195.178.110.161 - - [08/May/2025:00:15:33 +0530] "GET /data/aws/ses.env HTTP/1.1" 404 214 "-" "l9explore/1.2.2"
161.248.238.13 - - [08/May/2025:00:15:33 +0530] "POST /boaform/admin/formLogin HTTP/1.1" 404 221 "http://103.145.51.236:80/admin/login.asp" "Mozilla/5.0 (X11; Ubuntu; Linux x86_64; rv:71.0) Gecko/20100101 Firefox/71.0"
45.135.194.43 - - [08/May/2025:00:15:34 +0530] "POST /boaform/admin/formLogin HTTP/1.1" 404 221 "http://103.145.51.74:80/admin/login.asp" "Mozilla/5.0 (X11; Ubuntu; Linux x86_64; rv:71.0) Gecko/20100101 Firefox/71.0"
195.178.110.161 - - [08/May/2025:00:15:35 +0530] "GET /env/.env HTTP/1.1" 404 206 "-" "l9explore/1.2.2"
195.178.110.161 - - [08/May/2025:00:15:37 +0530] "GET /prod/.env HTTP/1.1" 404 207 "-" "l9explore/1.2.2"
195.178.110.161 - - [08/May/2025:00:15:38 +0530] "GET /root/.env HTTP/1.1" 404 207 "-" "l9explore/1.2.2"
195.178.110.161 - - [08/May/2025:00:15:39 +0530] "GET /mailer/.env HTTP/1.1" 404 209 "-" "l9explore/1.2.2"
195.178.110.161 - - [08/May/2025:00:15:40 +0530] "GET /new/.env.local HTTP/1.1" 404 212 "-" "l9explore/1.2.2"
195.178.110.161 - - [08/May/2025:00:15:41 +0530] "GET /portal/.env HTTP/1.1" 404 209 "-" "l9explore/1.2.2"
195.178.110.161 - - [08/May/2025:00:15:43 +0530] "GET /Server_with_db/.env HTTP/1.1" 404 217 "-" "l9explore/1.2.2"
195.178.110.161 - - [08/May/2025:00:15:44 +0530] "GET /api/shared/config.env HTTP/1.1" 404 219 "-" "l9explore/1.2.2"
195.178.110.161 - - [08/May/2025:00:15:47 +0530] "GET /app/.env HTTP/1.1" 404 206 "-" "l9explore/1.2.2"
195.178.110.161 - - [08/May/2025:00:15:49 +0530] "GET /my_env/chakaash.py HTTP/1.1" 404 216 "-" "l9explore/1.2.2"
195.178.110.161 - - [08/May/2025:00:15:50 +0530] "GET /routes/.env HTTP/1.1" 404 209 "-" "l9explore/1.2.2"
195.178.110.161 - - [08/May/2025:00:15:51 +0530] "GET /shibboleth/.env HTTP/1.1" 404 213 "-" "l9explore/1.2.2"
195.178.110.161 - - [08/May/2025:00:15:53 +0530] "GET /sitemaps/.env HTTP/1.1" 404 211 "-" "l9explore/1.2.2"
195.178.110.161 - - [08/May/2025:00:15:54 +0530] "GET /var/lib/aws/sns.env HTTP/1.1" 404 217 "-" "l9explore/1.2.2"
195.178.110.161 - - [08/May/2025:00:15:57 +0530] "GET /web/.env HTTP/1.1" 404 206 "-" "l9explore/1.2.2"
195.178.110.161 - - [08/May/2025:00:15:59 +0530] "GET /.vscode/.env HTTP/1.1" 404 210 "-" "l9explore/1.2.2"
195.178.110.161 - - [08/May/2025:00:16:01 +0530] "GET /config/env.php HTTP/1.1" 404 212 "-" "l9explore/1.2.2"
195.178.110.161 - - [08/May/2025:00:16:02 +0530] "GET /laravel/.env.bak HTTP/1.1" 404 214 "-" "l9explore/1.2.2"
45.134.225.133 - - [08/May/2025:00:16:03 +0530] "POST /boaform/admin/formLogin HTTP/1.1" 404 221 "http://103.145.51.74:80/admin/login.asp" "Mozilla/5.0 (X11; Ubuntu; Linux x86_64; rv:71.0) Gecko/20100101 Firefox/71.0"
195.178.110.161 - - [08/May/2025:00:16:04 +0530] "GET /mail/.env HTTP/1.1" 404 207 "-" "l9explore/1.2.2"
195.178.110.161 - - [08/May/2025:00:16:06 +0530] "GET /new/.env.staging HTTP/1.1" 404 214 "-" "l9explore/1.2.2"
195.178.110.161 - - [08/May/2025:00:16:07 +0530] "GET /services/deployment-agent/.env HTTP/1.1" 404 228 "-" "l9explore/1.2.2"
195.178.110.161 - - [08/May/2025:00:16:08 +0530] "GET /server/laravel/.env HTTP/1.1" 404 217 "-" "l9explore/1.2.2"
195.178.110.161 - - [08/May/2025:00:16:11 +0530] "GET /sources/.env HTTP/1.1" 404 210 "-" "l9explore/1.2.2"
195.178.110.161 - - [08/May/2025:00:16:11 +0530] "GET /cli/aws_ses.env HTTP/1.1" 404 213 "-" "l9explore/1.2.2"
195.178.110.161 - - [08/May/2025:00:16:11 +0530] "GET /development/.env HTTP/1.1" 404 214 "-" "l9explore/1.2.2"
195.178.110.161 - - [08/May/2025:00:16:13 +0530] "GET /laravel/core/.env HTTP/1.1" 404 215 "-" "l9explore/1.2.2"
195.178.110.161 - - [08/May/2025:00:16:15 +0530] "GET /main/.env HTTP/1.1" 404 207 "-" "l9explore/1.2.2"
195.178.110.161 - - [08/May/2025:00:16:16 +0530] "GET /rabbitmq-cluster/.env HTTP/1.1" 404 219 "-" "l9explore/1.2.2"
195.178.110.161 - - [08/May/2025:00:16:18 +0530] "GET /rust-backend/dao/.env HTTP/1.1" 404 219 "-" "l9explore/1.2.2"
195.178.110.161 - - [08/May/2025:00:16:22 +0530] "GET /Sources/API/.env HTTP/1.1" 404 214 "-" "l9explore/1.2.2"
161.248.238.13 - - [08/May/2025:00:16:22 +0530] "POST /boaform/admin/formLogin HTTP/1.1" 404 221 "http://103.145.51.74:80/admin/login.asp" "Mozilla/5.0 (X11; Ubuntu; Linux x86_64; rv:71.0) Gecko/20100101 Firefox/71.0"
195.178.110.161 - - [08/May/2025:00:16:23 +0530] "GET /var/lib/aws/ses.env HTTP/1.1" 404 217 "-" "l9explore/1.2.2"
195.178.110.161 - - [08/May/2025:00:16:25 +0530] "GET /laravel/.env HTTP/1.1" 404 210 "-" "l9explore/1.2.2"
195.178.110.161 - - [08/May/2025:00:16:26 +0530] "GET /var/aws/ses.env HTTP/1.1" 404 213 "-" "l9explore/1.2.2"
195.178.110.161 - - [08/May/2025:00:16:29 +0530] "GET /restapi/.env HTTP/1.1" 404 210 "-" "l9explore/1.2.2"
195.178.110.161 - - [08/May/2025:00:16:30 +0530] "GET /config.env HTTP/1.1" 404 208 "-" "l9explore/1.2.2"
195.178.110.161 - - [08/May/2025:00:16:32 +0530] "GET /secret/aws_ses.env HTTP/1.1" 404 216 "-" "l9explore/1.2.2"
195.178.110.161 - - [08/May/2025:00:16:34 +0530] "GET /api/shared/config/config.env HTTP/1.1" 404 226 "-" "l9explore/1.2.2"
195.178.110.161 - - [08/May/2025:00:16:36 +0530] "GET /core/.env HTTP/1.1" 404 207 "-" "l9explore/1.2.2"
195.178.110.161 - - [08/May/2025:00:16:38 +0530] "GET /docker/.env HTTP/1.1" 404 209 "-" "l9explore/1.2.2"
195.178.110.161 - - [08/May/2025:00:16:38 +0530] "GET /node/.env_example HTTP/1.1" 404 215 "-" "l9explore/1.2.2"
195.178.110.161 - - [08/May/2025:00:16:40 +0530] "GET /rails-api/react-app/.env HTTP/1.1" 404 222 "-" "l9explore/1.2.2"
45.134.225.133 - - [08/May/2025:00:16:40 +0530] "POST /boaform/admin/formLogin HTTP/1.1" 404 221 "http://103.145.51.74:80/admin/login.asp" "Mozilla/5.0 (X11; Ubuntu; Linux x86_64; rv:71.0) Gecko/20100101 Firefox/71.0"
195.178.110.161 - - [08/May/2025:00:16:43 +0530] "GET /src/tests/fixtures/typeScriptVisualizeProject/.env HTTP/1.1" 404 248 "-" "l9explore/1.2.2"
195.178.110.161 - - [08/May/2025:00:16:43 +0530] "GET /laravel/config.env HTTP/1.1" 404 216 "-" "l9explore/1.2.2"
195.178.110.161 - - [08/May/2025:00:16:43 +0530] "GET /samples/chatroom/chatroom-spa/.env HTTP/1.1" 404 232 "-" "l9explore/1.2.2"
195.178.110.161 - - [08/May/2025:00:16:44 +0530] "GET /.env.example HTTP/1.1" 404 210 "-" "l9explore/1.2.2"
195.178.110.161 - - [08/May/2025:00:16:44 +0530] "GET /pt8/library-backend-gql/.env HTTP/1.1" 404 226 "-" "l9explore/1.2.2"
195.178.110.161 - - [08/May/2025:00:16:45 +0530] "GET /redmine/.env HTTP/1.1" 404 210 "-" "l9explore/1.2.2"
195.178.110.161 - - [08/May/2025:00:16:45 +0530] "GET /sessions/.env HTTP/1.1" 404 211 "-" "l9explore/1.2.2"
45.134.225.133 - - [08/May/2025:00:17:06 +0530] "POST /boaform/admin/formLogin HTTP/1.1" 404 221 "http://103.145.51.236:80/admin/login.asp" "Mozilla/5.0 (X11; Ubuntu; Linux x86_64; rv:71.0) Gecko/20100101 Firefox/71.0"
45.134.225.133 - - [08/May/2025:00:17:29 +0530] "POST /boaform/admin/formLogin HTTP/1.1" 404 221 "http://103.145.51.74:80/admin/login.asp" "Mozilla/5.0 (X11; Ubuntu; Linux x86_64; rv:71.0) Gecko/20100101 Firefox/71.0"
45.134.225.133 - - [08/May/2025:00:17:32 +0530] "POST /boaform/admin/formLogin HTTP/1.1" 404 221 "http://103.145.51.236:80/admin/login.asp" "Mozilla/5.0 (X11; Ubuntu; Linux x86_64; rv:71.0) Gecko/20100101 Firefox/71.0"
45.134.225.133 - - [08/May/2025:00:17:35 +0530] "POST /boaform/admin/formLogin HTTP/1.1" 404 221 "http://103.145.51.236:80/admin/login.asp" "Mozilla/5.0 (X11; Ubuntu; Linux x86_64; rv:71.0) Gecko/20100101 Firefox/71.0"
45.134.225.133 - - [08/May/2025:00:19:09 +0530] "POST /boaform/admin/formLogin HTTP/1.1" 404 221 "http://103.145.51.74:80/admin/login.asp" "Mozilla/5.0 (X11; Ubuntu; Linux x86_64; rv:71.0) Gecko/20100101 Firefox/71.0"
45.134.225.133 - - [08/May/2025:00:19:58 +0530] "POST /boaform/admin/formLogin HTTP/1.1" 404 221 "http://103.145.51.236:80/admin/login.asp" "Mozilla/5.0 (X11; Ubuntu; Linux x86_64; rv:71.0) Gecko/20100101 Firefox/71.0"
196.251.84.123 - - [08/May/2025:00:20:34 +0530] "GET /.env HTTP/1.1" 404 202 "-" "Mozilla/5.0 (Windows NT 10.0; Win64; x64) AppleWebKit/537.36 Chrome/124"
196.251.84.123 - - [08/May/2025:00:20:34 +0530] "GET /.env HTTP/1.1" 404 202 "-" "Mozilla/5.0 (Windows NT 10.0; Win64; x64) AppleWebKit/537.36 Chrome/124"
154.81.156.34 - - [08/May/2025:00:21:00 +0530] "GET / HTTP/1.1" 200 4270 "-" "Hello World/1.0"
45.134.225.133 - - [08/May/2025:00:21:34 +0530] "POST /boaform/admin/formLogin HTTP/1.1" 404 221 "http://103.145.51.74:80/admin/login.asp" "Mozilla/5.0 (X11; Ubuntu; Linux x86_64; rv:71.0) Gecko/20100101 Firefox/71.0"
45.134.225.133 - - [08/May/2025:00:22:08 +0530] "POST /boaform/admin/formLogin HTTP/1.1" 404 221 "http://103.145.51.236:80/admin/login.asp" "Mozilla/5.0 (X11; Ubuntu; Linux x86_64; rv:71.0) Gecko/20100101 Firefox/71.0"
154.81.156.34 - - [08/May/2025:00:22:25 +0530] "GET / HTTP/1.1" 200 4270 "-" "Hello World/1.0"
88.214.50.12 - - [08/May/2025:00:22:28 +0530] "\x03" 400 226 "-" "-"
88.214.50.12 - - [08/May/2025:00:22:28 +0530] "\x03" 400 226 "-" "-"
104.128.55.133 - - [08/May/2025:00:22:28 +0530] "GET /favicon.ico HTTP/1.1" 404 209 "-" "Mozilla/5.0 (Windows NT 10.0; Win64; x64) AppleWebKit/537.36 (KHTML, like Gecko) Chrome/91.0.4472.124 Safari/537.36"
88.214.50.12 - - [08/May/2025:00:22:29 +0530] "\x03" 400 226 "-" "-"
176.65.137.188 - - [08/May/2025:00:22:46 +0530] "GET / HTTP/1.1" 200 4270 "-" "-"
176.65.137.188 - - [08/May/2025:00:22:46 +0530] "POST /boaform/admin/formLogin HTTP/1.1" 404 221 "-" "Mozilla/5.0"
176.65.137.188 - - [08/May/2025:00:22:46 +0530] "POST /boaform/admin/formTracert HTTP/1.1" 404 223 "-" "Mozilla/5.0"
45.134.225.133 - - [08/May/2025:00:23:03 +0530] "POST /boaform/admin/formLogin HTTP/1.1" 404 221 "http://103.145.51.236:80/admin/login.asp" "Mozilla/5.0 (X11; Ubuntu; Linux x86_64; rv:71.0) Gecko/20100101 Firefox/71.0"
45.134.225.133 - - [08/May/2025:00:23:16 +0530] "POST /boaform/admin/formLogin HTTP/1.1" 404 221 "http://103.145.51.74:80/admin/login.asp" "Mozilla/5.0 (X11; Ubuntu; Linux x86_64; rv:71.0) Gecko/20100101 Firefox/71.0"
45.134.225.133 - - [08/May/2025:00:25:23 +0530] "POST /boaform/admin/formLogin HTTP/1.1" 404 221 "http://103.145.51.74:80/admin/login.asp" "Mozilla/5.0 (X11; Ubuntu; Linux x86_64; rv:71.0) Gecko/20100101 Firefox/71.0"
161.248.238.13 - - [08/May/2025:00:25:27 +0530] "POST /boaform/admin/formLogin HTTP/1.1" 404 221 "http://103.145.51.74:80/admin/login.asp" "Mozilla/5.0 (X11; Ubuntu; Linux x86_64; rv:71.0) Gecko/20100101 Firefox/71.0"
45.135.194.43 - - [08/May/2025:00:25:37 +0530] "POST /boaform/admin/formLogin HTTP/1.1" 404 221 "http://103.145.51.236:80/admin/login.asp" "Mozilla/5.0 (X11; Ubuntu; Linux x86_64; rv:71.0) Gecko/20100101 Firefox/71.0"
45.134.225.133 - - [08/May/2025:00:26:06 +0530] "POST /boaform/admin/formLogin HTTP/1.1" 404 221 "http://103.145.51.74:80/admin/login.asp" "Mozilla/5.0 (X11; Ubuntu; Linux x86_64; rv:71.0) Gecko/20100101 Firefox/71.0"
45.134.225.133 - - [08/May/2025:00:26:07 +0530] "POST /boaform/admin/formLogin HTTP/1.1" 404 221 "http://103.145.51.74:80/admin/login.asp" "Mozilla/5.0 (X11; Ubuntu; Linux x86_64; rv:71.0) Gecko/20100101 Firefox/71.0"
45.134.225.133 - - [08/May/2025:00:27:01 +0530] "POST /boaform/admin/formLogin HTTP/1.1" 404 221 "http://103.145.51.236:80/admin/login.asp" "Mozilla/5.0 (X11; Ubuntu; Linux x86_64; rv:71.0) Gecko/20100101 Firefox/71.0"
196.251.72.142 - - [08/May/2025:00:27:01 +0530] "GET / HTTP/1.1" 200 4270 "-" "-"
45.134.225.133 - - [08/May/2025:00:27:53 +0530] "POST /boaform/admin/formLogin HTTP/1.1" 404 221 "http://103.145.51.74:80/admin/login.asp" "Mozilla/5.0 (X11; Ubuntu; Linux x86_64; rv:71.0) Gecko/20100101 Firefox/71.0"
45.134.225.133 - - [08/May/2025:00:28:08 +0530] "POST /boaform/admin/formLogin HTTP/1.1" 404 221 "http://103.145.51.236:80/admin/login.asp" "Mozilla/5.0 (X11; Ubuntu; Linux x86_64; rv:71.0) Gecko/20100101 Firefox/71.0"
212.107.12.18 - - [08/May/2025:00:28:34 +0530] "GET / HTTP/1.1" 200 4270 "-" "-"
45.135.194.43 - - [08/May/2025:00:28:44 +0530] "POST /boaform/admin/formLogin HTTP/1.1" 404 221 "http://103.145.51.74:80/admin/login.asp" "Mozilla/5.0 (X11; Ubuntu; Linux x86_64; rv:71.0) Gecko/20100101 Firefox/71.0"
45.134.225.133 - - [08/May/2025:00:29:39 +0530] "POST /boaform/admin/formLogin HTTP/1.1" 404 221 "http://103.145.51.236:80/admin/login.asp" "Mozilla/5.0 (X11; Ubuntu; Linux x86_64; rv:71.0) Gecko/20100101 Firefox/71.0"
45.134.225.133 - - [08/May/2025:00:29:46 +0530] "POST /boaform/admin/formLogin HTTP/1.1" 404 221 "http://103.145.51.74:80/admin/login.asp" "Mozilla/5.0 (X11; Ubuntu; Linux x86_64; rv:71.0) Gecko/20100101 Firefox/71.0"
45.134.225.133 - - [08/May/2025:00:30:10 +0530] "POST /boaform/admin/formLogin HTTP/1.1" 404 221 "http://103.145.51.74:80/admin/login.asp" "Mozilla/5.0 (X11; Ubuntu; Linux x86_64; rv:71.0) Gecko/20100101 Firefox/71.0"
45.134.225.133 - - [08/May/2025:00:30:36 +0530] "POST /boaform/admin/formLogin HTTP/1.1" 404 221 "http://103.145.51.74:80/admin/login.asp" "Mozilla/5.0 (X11; Ubuntu; Linux x86_64; rv:71.0) Gecko/20100101 Firefox/71.0"
45.134.225.133 - - [08/May/2025:00:31:15 +0530] "POST /boaform/admin/formLogin HTTP/1.1" 404 221 "http://103.145.51.236:80/admin/login.asp" "Mozilla/5.0 (X11; Ubuntu; Linux x86_64; rv:71.0) Gecko/20100101 Firefox/71.0"
45.135.194.43 - - [08/May/2025:00:31:41 +0530] "POST /boaform/admin/formLogin HTTP/1.1" 404 221 "http://103.145.51.236:80/admin/login.asp" "Mozilla/5.0 (X11; Ubuntu; Linux x86_64; rv:71.0) Gecko/20100101 Firefox/71.0"
45.134.225.133 - - [08/May/2025:00:31:49 +0530] "POST /boaform/admin/formLogin HTTP/1.1" 404 221 "http://103.145.51.236:80/admin/login.asp" "Mozilla/5.0 (X11; Ubuntu; Linux x86_64; rv:71.0) Gecko/20100101 Firefox/71.0"
45.134.225.133 - - [08/May/2025:00:31:54 +0530] "POST /boaform/admin/formLogin HTTP/1.1" 404 221 "http://103.145.51.74:80/admin/login.asp" "Mozilla/5.0 (X11; Ubuntu; Linux x86_64; rv:71.0) Gecko/20100101 Firefox/71.0"
45.134.225.133 - - [08/May/2025:00:32:35 +0530] "POST /boaform/admin/formLogin HTTP/1.1" 404 221 "http://103.145.51.236:80/admin/login.asp" "Mozilla/5.0 (X11; Ubuntu; Linux x86_64; rv:71.0) Gecko/20100101 Firefox/71.0"
176.65.142.182 - - [08/May/2025:00:33:27 +0530] "GET / HTTP/1.1" 200 4270 "-" "-"
176.65.142.182 - - [08/May/2025:00:33:27 +0530] "POST /boaform/admin/formLogin HTTP/1.1" 404 221 "-" "Mozilla/5.0"
176.65.142.182 - - [08/May/2025:00:33:27 +0530] "POST /boaform/admin/formTracert HTTP/1.1" 404 223 "-" "Mozilla/5.0"
95.214.54.4 - - [08/May/2025:00:33:32 +0530] "GET / HTTP/1.1" 200 4270 "-" "Hello World/1.0"
45.134.225.133 - - [08/May/2025:00:33:47 +0530] "POST /boaform/admin/formLogin HTTP/1.1" 404 221 "http://103.145.51.74:80/admin/login.asp" "Mozilla/5.0 (X11; Ubuntu; Linux x86_64; rv:71.0) Gecko/20100101 Firefox/71.0"
45.134.225.133 - - [08/May/2025:00:34:13 +0530] "POST /boaform/admin/formLogin HTTP/1.1" 404 221 "http://103.145.51.236:80/admin/login.asp" "Mozilla/5.0 (X11; Ubuntu; Linux x86_64; rv:71.0) Gecko/20100101 Firefox/71.0"
45.134.225.133 - - [08/May/2025:00:34:21 +0530] "POST /boaform/admin/formLogin HTTP/1.1" 404 221 "http://103.145.51.74:80/admin/login.asp" "Mozilla/5.0 (X11; Ubuntu; Linux x86_64; rv:71.0) Gecko/20100101 Firefox/71.0"
141.98.11.27 - - [08/May/2025:00:34:36 +0530] "GET / HTTP/1.1" 200 4270 "-" "-"
176.65.148.61 - - [08/May/2025:00:34:37 +0530] "POST /boaform/admin/formLogin HTTP/1.1" 404 221 "http://103.145.51.236:80/admin/login.asp" "Mozilla/5.0 (X11; Ubuntu; Linux x86_64; rv:71.0) Gecko/20100101 Firefox/71.0"
176.65.148.61 - - [08/May/2025:00:35:20 +0530] "POST /boaform/admin/formLogin HTTP/1.1" 404 221 "http://103.145.51.74:80/admin/login.asp" "Mozilla/5.0 (X11; Ubuntu; Linux x86_64; rv:71.0) Gecko/20100101 Firefox/71.0"
45.135.194.43 - - [08/May/2025:00:35:42 +0530] "POST /boaform/admin/formLogin HTTP/1.1" 404 221 "http://103.145.51.74:80/admin/login.asp" "Mozilla/5.0 (X11; Ubuntu; Linux x86_64; rv:71.0) Gecko/20100101 Firefox/71.0"
45.134.225.133 - - [08/May/2025:00:36:25 +0530] "POST /boaform/admin/formLogin HTTP/1.1" 404 221 "http://103.145.51.74:80/admin/login.asp" "Mozilla/5.0 (X11; Ubuntu; Linux x86_64; rv:71.0) Gecko/20100101 Firefox/71.0"
45.134.225.133 - - [08/May/2025:00:36:57 +0530] "POST /boaform/admin/formLogin HTTP/1.1" 404 221 "http://103.145.51.74:80/admin/login.asp" "Mozilla/5.0 (X11; Ubuntu; Linux x86_64; rv:71.0) Gecko/20100101 Firefox/71.0"
45.134.225.133 - - [08/May/2025:00:37:00 +0530] "POST /boaform/admin/formLogin HTTP/1.1" 404 221 "http://103.145.51.236:80/admin/login.asp" "Mozilla/5.0 (X11; Ubuntu; Linux x86_64; rv:71.0) Gecko/20100101 Firefox/71.0"
45.135.194.43 - - [08/May/2025:00:37:04 +0530] "POST /boaform/admin/formLogin HTTP/1.1" 404 221 "http://103.145.51.236:80/admin/login.asp" "Mozilla/5.0 (X11; Ubuntu; Linux x86_64; rv:71.0) Gecko/20100101 Firefox/71.0"
45.134.225.133 - - [08/May/2025:00:37:24 +0530] "POST /boaform/admin/formLogin HTTP/1.1" 404 221 "http://103.145.51.236:80/admin/login.asp" "Mozilla/5.0 (X11; Ubuntu; Linux x86_64; rv:71.0) Gecko/20100101 Firefox/71.0"
212.107.12.18 - - [08/May/2025:00:37:41 +0530] "GET / HTTP/1.1" 200 4270 "-" "-"
45.134.225.133 - - [08/May/2025:00:37:56 +0530] "POST /boaform/admin/formLogin HTTP/1.1" 404 221 "http://103.145.51.74:80/admin/login.asp" "Mozilla/5.0 (X11; Ubuntu; Linux x86_64; rv:71.0) Gecko/20100101 Firefox/71.0"
45.134.225.133 - - [08/May/2025:00:38:03 +0530] "POST /boaform/admin/formLogin HTTP/1.1" 404 221 "http://103.145.51.236:80/admin/login.asp" "Mozilla/5.0 (X11; Ubuntu; Linux x86_64; rv:71.0) Gecko/20100101 Firefox/71.0"
176.65.148.61 - - [08/May/2025:00:38:14 +0530] "POST /boaform/admin/formLogin HTTP/1.1" 404 221 "http://103.145.51.236:80/admin/login.asp" "Mozilla/5.0 (X11; Ubuntu; Linux x86_64; rv:71.0) Gecko/20100101 Firefox/71.0"
45.134.225.133 - - [08/May/2025:00:38:27 +0530] "POST /boaform/admin/formLogin HTTP/1.1" 404 221 "http://103.145.51.236:80/admin/login.asp" "Mozilla/5.0 (X11; Ubuntu; Linux x86_64; rv:71.0) Gecko/20100101 Firefox/71.0"
45.134.225.133 - - [08/May/2025:00:39:04 +0530] "POST /boaform/admin/formLogin HTTP/1.1" 404 221 "http://103.145.51.74:80/admin/login.asp" "Mozilla/5.0 (X11; Ubuntu; Linux x86_64; rv:71.0) Gecko/20100101 Firefox/71.0"
45.134.225.133 - - [08/May/2025:00:39:07 +0530] "POST /boaform/admin/formLogin HTTP/1.1" 404 221 "http://103.145.51.236:80/admin/login.asp" "Mozilla/5.0 (X11; Ubuntu; Linux x86_64; rv:71.0) Gecko/20100101 Firefox/71.0"
45.134.225.133 - - [08/May/2025:00:39:32 +0530] "POST /boaform/admin/formLogin HTTP/1.1" 404 221 "http://103.145.51.74:80/admin/login.asp" "Mozilla/5.0 (X11; Ubuntu; Linux x86_64; rv:71.0) Gecko/20100101 Firefox/71.0"
45.134.225.133 - - [08/May/2025:00:39:39 +0530] "POST /boaform/admin/formLogin HTTP/1.1" 404 221 "http://103.145.51.236:80/admin/login.asp" "Mozilla/5.0 (X11; Ubuntu; Linux x86_64; rv:71.0) Gecko/20100101 Firefox/71.0"
45.134.225.133 - - [08/May/2025:00:41:07 +0530] "POST /boaform/admin/formLogin HTTP/1.1" 404 221 "http://103.145.51.236:80/admin/login.asp" "Mozilla/5.0 (X11; Ubuntu; Linux x86_64; rv:71.0) Gecko/20100101 Firefox/71.0"
161.248.238.13 - - [08/May/2025:00:41:49 +0530] "POST /boaform/admin/formLogin HTTP/1.1" 404 221 "http://103.145.51.74:80/admin/login.asp" "Mozilla/5.0 (X11; Ubuntu; Linux x86_64; rv:71.0) Gecko/20100101 Firefox/71.0"
95.214.54.4 - - [08/May/2025:00:42:07 +0530] "GET / HTTP/1.1" 200 4270 "-" "Hello World/1.0"
45.134.225.133 - - [08/May/2025:00:42:18 +0530] "POST /boaform/admin/formLogin HTTP/1.1" 404 221 "http://103.145.51.74:80/admin/login.asp" "Mozilla/5.0 (X11; Ubuntu; Linux x86_64; rv:71.0) Gecko/20100101 Firefox/71.0"
45.134.225.133 - - [08/May/2025:00:42:28 +0530] "POST /boaform/admin/formLogin HTTP/1.1" 404 221 "http://103.145.51.74:80/admin/login.asp" "Mozilla/5.0 (X11; Ubuntu; Linux x86_64; rv:71.0) Gecko/20100101 Firefox/71.0"
161.248.238.13 - - [08/May/2025:00:43:38 +0530] "POST /boaform/admin/formLogin HTTP/1.1" 404 221 "http://103.145.51.236:80/admin/login.asp" "Mozilla/5.0 (X11; Ubuntu; Linux x86_64; rv:71.0) Gecko/20100101 Firefox/71.0"
176.65.142.182 - - [08/May/2025:00:43:43 +0530] "GET / HTTP/1.1" 200 4270 "-" "-"
45.134.225.133 - - [08/May/2025:00:44:49 +0530] "POST /boaform/admin/formLogin HTTP/1.1" 404 221 "http://103.145.51.236:80/admin/login.asp" "Mozilla/5.0 (X11; Ubuntu; Linux x86_64; rv:71.0) Gecko/20100101 Firefox/71.0"
45.134.225.133 - - [08/May/2025:00:45:43 +0530] "POST /boaform/admin/formLogin HTTP/1.1" 404 221 "http://103.145.51.74:80/admin/login.asp" "Mozilla/5.0 (X11; Ubuntu; Linux x86_64; rv:71.0) Gecko/20100101 Firefox/71.0"
45.134.225.133 - - [08/May/2025:00:46:09 +0530] "POST /boaform/admin/formLogin HTTP/1.1" 404 221 "http://103.145.51.236:80/admin/login.asp" "Mozilla/5.0 (X11; Ubuntu; Linux x86_64; rv:71.0) Gecko/20100101 Firefox/71.0"
45.134.225.133 - - [08/May/2025:00:46:11 +0530] "POST /boaform/admin/formLogin HTTP/1.1" 404 221 "http://103.145.51.236:80/admin/login.asp" "Mozilla/5.0 (X11; Ubuntu; Linux x86_64; rv:71.0) Gecko/20100101 Firefox/71.0"
45.134.225.133 - - [08/May/2025:00:46:27 +0530] "POST /boaform/admin/formLogin HTTP/1.1" 404 221 "http://103.145.51.74:80/admin/login.asp" "Mozilla/5.0 (X11; Ubuntu; Linux x86_64; rv:71.0) Gecko/20100101 Firefox/71.0"
45.134.225.133 - - [08/May/2025:00:47:18 +0530] "POST /boaform/admin/formLogin HTTP/1.1" 404 221 "http://103.145.51.74:80/admin/login.asp" "Mozilla/5.0 (X11; Ubuntu; Linux x86_64; rv:71.0) Gecko/20100101 Firefox/71.0"
45.134.225.133 - - [08/May/2025:00:47:20 +0530] "POST /boaform/admin/formLogin HTTP/1.1" 404 221 "http://103.145.51.74:80/admin/login.asp" "Mozilla/5.0 (X11; Ubuntu; Linux x86_64; rv:71.0) Gecko/20100101 Firefox/71.0"
170.64.218.112 - - [08/May/2025:00:47:41 +0530] "GET /.env HTTP/1.1" 404 202 "-" "Mozilla/5.0; Keydrop.io/1.0(onlyscans.com/about);"
170.64.218.112 - - [08/May/2025:00:47:42 +0530] "GET /.git/config HTTP/1.1" 404 209 "-" "Mozilla/5.0; Keydrop.io/1.0(onlyscans.com/about);"
45.134.225.133 - - [08/May/2025:00:47:43 +0530] "POST /boaform/admin/formLogin HTTP/1.1" 404 221 "http://103.145.51.236:80/admin/login.asp" "Mozilla/5.0 (X11; Ubuntu; Linux x86_64; rv:71.0) Gecko/20100101 Firefox/71.0"
45.134.225.133 - - [08/May/2025:00:48:27 +0530] "POST /boaform/admin/formLogin HTTP/1.1" 404 221 "http://103.145.51.74:80/admin/login.asp" "Mozilla/5.0 (X11; Ubuntu; Linux x86_64; rv:71.0) Gecko/20100101 Firefox/71.0"
154.81.156.34 - - [08/May/2025:00:48:36 +0530] "GET / HTTP/1.1" 200 4270 "-" "Hello World/1.0"
161.248.238.13 - - [08/May/2025:00:48:39 +0530] "POST /boaform/admin/formLogin HTTP/1.1" 404 221 "http://103.145.51.236:80/admin/login.asp" "Mozilla/5.0 (X11; Ubuntu; Linux x86_64; rv:71.0) Gecko/20100101 Firefox/71.0"
45.134.225.133 - - [08/May/2025:00:49:56 +0530] "POST /boaform/admin/formLogin HTTP/1.1" 404 221 "http://103.145.51.236:80/admin/login.asp" "Mozilla/5.0 (X11; Ubuntu; Linux x86_64; rv:71.0) Gecko/20100101 Firefox/71.0"
154.81.156.34 - - [08/May/2025:00:50:08 +0530] "GET / HTTP/1.1" 200 4270 "-" "Hello World/1.0"
45.134.225.133 - - [08/May/2025:00:50:10 +0530] "POST /boaform/admin/formLogin HTTP/1.1" 404 221 "http://103.145.51.74:80/admin/login.asp" "Mozilla/5.0 (X11; Ubuntu; Linux x86_64; rv:71.0) Gecko/20100101 Firefox/71.0"
45.134.225.133 - - [08/May/2025:00:51:30 +0530] "POST /boaform/admin/formLogin HTTP/1.1" 404 221 "http://103.145.51.74:80/admin/login.asp" "Mozilla/5.0 (X11; Ubuntu; Linux x86_64; rv:71.0) Gecko/20100101 Firefox/71.0"
45.134.225.133 - - [08/May/2025:00:51:32 +0530] "POST /boaform/admin/formLogin HTTP/1.1" 404 221 "http://103.145.51.74:80/admin/login.asp" "Mozilla/5.0 (X11; Ubuntu; Linux x86_64; rv:71.0) Gecko/20100101 Firefox/71.0"
45.134.225.133 - - [08/May/2025:00:51:37 +0530] "POST /boaform/admin/formLogin HTTP/1.1" 404 221 "http://103.145.51.236:80/admin/login.asp" "Mozilla/5.0 (X11; Ubuntu; Linux x86_64; rv:71.0) Gecko/20100101 Firefox/71.0"
95.214.54.4 - - [08/May/2025:00:53:14 +0530] "GET / HTTP/1.1" 200 4270 "-" "Hello World/1.0"
45.134.225.133 - - [08/May/2025:00:53:26 +0530] "POST /boaform/admin/formLogin HTTP/1.1" 404 221 "http://103.145.51.236:80/admin/login.asp" "Mozilla/5.0 (X11; Ubuntu; Linux x86_64; rv:71.0) Gecko/20100101 Firefox/71.0"
45.134.225.133 - - [08/May/2025:00:54:00 +0530] "POST /boaform/admin/formLogin HTTP/1.1" 404 221 "http://103.145.51.74:80/admin/login.asp" "Mozilla/5.0 (X11; Ubuntu; Linux x86_64; rv:71.0) Gecko/20100101 Firefox/71.0"
161.248.238.13 - - [08/May/2025:00:54:43 +0530] "POST /boaform/admin/formLogin HTTP/1.1" 404 221 "http://103.145.51.74:80/admin/login.asp" "Mozilla/5.0 (X11; Ubuntu; Linux x86_64; rv:71.0) Gecko/20100101 Firefox/71.0"
45.134.225.133 - - [08/May/2025:00:55:02 +0530] "POST /boaform/admin/formLogin HTTP/1.1" 404 221 "http://103.145.51.236:80/admin/login.asp" "Mozilla/5.0 (X11; Ubuntu; Linux x86_64; rv:71.0) Gecko/20100101 Firefox/71.0"
45.155.206.243 - - [08/May/2025:00:55:20 +0530] "HEAD / HTTP/1.1" 200 - "-" "-"
45.134.225.133 - - [08/May/2025:00:55:51 +0530] "POST /boaform/admin/formLogin HTTP/1.1" 404 221 "http://103.145.51.236:80/admin/login.asp" "Mozilla/5.0 (X11; Ubuntu; Linux x86_64; rv:71.0) Gecko/20100101 Firefox/71.0"
95.214.54.4 - - [08/May/2025:00:56:08 +0530] "GET / HTTP/1.1" 200 4270 "-" "Hello World/1.0"
45.134.225.133 - - [08/May/2025:00:56:17 +0530] "POST /boaform/admin/formLogin HTTP/1.1" 404 221 "http://103.145.51.74:80/admin/login.asp" "Mozilla/5.0 (X11; Ubuntu; Linux x86_64; rv:71.0) Gecko/20100101 Firefox/71.0"
45.134.225.133 - - [08/May/2025:00:56:19 +0530] "POST /boaform/admin/formLogin HTTP/1.1" 404 221 "http://103.145.51.236:80/admin/login.asp" "Mozilla/5.0 (X11; Ubuntu; Linux x86_64; rv:71.0) Gecko/20100101 Firefox/71.0"
161.248.238.13 - - [08/May/2025:00:56:29 +0530] "POST /boaform/admin/formLogin HTTP/1.1" 404 221 "http://103.145.51.74:80/admin/login.asp" "Mozilla/5.0 (X11; Ubuntu; Linux x86_64; rv:71.0) Gecko/20100101 Firefox/71.0"
45.134.225.133 - - [08/May/2025:00:56:30 +0530] "POST /boaform/admin/formLogin HTTP/1.1" 404 221 "http://103.145.51.74:80/admin/login.asp" "Mozilla/5.0 (X11; Ubuntu; Linux x86_64; rv:71.0) Gecko/20100101 Firefox/71.0"
45.134.225.133 - - [08/May/2025:00:57:16 +0530] "POST /boaform/admin/formLogin HTTP/1.1" 404 221 "http://103.145.51.236:80/admin/login.asp" "Mozilla/5.0 (X11; Ubuntu; Linux x86_64; rv:71.0) Gecko/20100101 Firefox/71.0"
45.134.225.133 - - [08/May/2025:00:58:37 +0530] "POST /boaform/admin/formLogin HTTP/1.1" 404 221 "http://103.145.51.74:80/admin/login.asp" "Mozilla/5.0 (X11; Ubuntu; Linux x86_64; rv:71.0) Gecko/20100101 Firefox/71.0"
45.134.225.133 - - [08/May/2025:00:59:16 +0530] "POST /boaform/admin/formLogin HTTP/1.1" 404 221 "http://103.145.51.236:80/admin/login.asp" "Mozilla/5.0 (X11; Ubuntu; Linux x86_64; rv:71.0) Gecko/20100101 Firefox/71.0"
45.134.225.133 - - [08/May/2025:00:59:18 +0530] "POST /boaform/admin/formLogin HTTP/1.1" 404 221 "http://103.145.51.74:80/admin/login.asp" "Mozilla/5.0 (X11; Ubuntu; Linux x86_64; rv:71.0) Gecko/20100101 Firefox/71.0"
45.134.225.133 - - [08/May/2025:00:59:57 +0530] "POST /boaform/admin/formLogin HTTP/1.1" 404 221 "http://103.145.51.236:80/admin/login.asp" "Mozilla/5.0 (X11; Ubuntu; Linux x86_64; rv:71.0) Gecko/20100101 Firefox/71.0"
45.134.225.133 - - [08/May/2025:01:00:07 +0530] "POST /boaform/admin/formLogin HTTP/1.1" 404 221 "http://103.145.51.74:80/admin/login.asp" "Mozilla/5.0 (X11; Ubuntu; Linux x86_64; rv:71.0) Gecko/20100101 Firefox/71.0"
45.135.194.43 - - [08/May/2025:01:00:27 +0530] "POST /boaform/admin/formLogin HTTP/1.1" 404 221 "http://103.145.51.236:80/admin/login.asp" "Mozilla/5.0 (X11; Ubuntu; Linux x86_64; rv:71.0) Gecko/20100101 Firefox/71.0"
45.134.225.133 - - [08/May/2025:01:00:35 +0530] "POST /boaform/admin/formLogin HTTP/1.1" 404 221 "http://103.145.51.74:80/admin/login.asp" "Mozilla/5.0 (X11; Ubuntu; Linux x86_64; rv:71.0) Gecko/20100101 Firefox/71.0"
161.248.238.13 - - [08/May/2025:01:00:43 +0530] "POST /boaform/admin/formLogin HTTP/1.1" 404 221 "http://103.145.51.236:80/admin/login.asp" "Mozilla/5.0 (X11; Ubuntu; Linux x86_64; rv:71.0) Gecko/20100101 Firefox/71.0"
45.135.194.43 - - [08/May/2025:01:01:26 +0530] "POST /boaform/admin/formLogin HTTP/1.1" 404 221 "http://103.145.51.74:80/admin/login.asp" "Mozilla/5.0 (X11; Ubuntu; Linux x86_64; rv:71.0) Gecko/20100101 Firefox/71.0"
45.134.225.133 - - [08/May/2025:01:02:55 +0530] "POST /boaform/admin/formLogin HTTP/1.1" 404 221 "http://103.145.51.236:80/admin/login.asp" "Mozilla/5.0 (X11; Ubuntu; Linux x86_64; rv:71.0) Gecko/20100101 Firefox/71.0"
45.134.225.133 - - [08/May/2025:01:03:14 +0530] "POST /boaform/admin/formLogin HTTP/1.1" 404 221 "http://103.145.51.236:80/admin/login.asp" "Mozilla/5.0 (X11; Ubuntu; Linux x86_64; rv:71.0) Gecko/20100101 Firefox/71.0"
45.134.225.133 - - [08/May/2025:01:04:03 +0530] "POST /boaform/admin/formLogin HTTP/1.1" 404 221 "http://103.145.51.74:80/admin/login.asp" "Mozilla/5.0 (X11; Ubuntu; Linux x86_64; rv:71.0) Gecko/20100101 Firefox/71.0"
45.134.225.133 - - [08/May/2025:01:04:41 +0530] "POST /boaform/admin/formLogin HTTP/1.1" 404 221 "http://103.145.51.74:80/admin/login.asp" "Mozilla/5.0 (X11; Ubuntu; Linux x86_64; rv:71.0) Gecko/20100101 Firefox/71.0"
45.134.225.133 - - [08/May/2025:01:05:24 +0530] "POST /boaform/admin/formLogin HTTP/1.1" 404 221 "http://103.145.51.74:80/admin/login.asp" "Mozilla/5.0 (X11; Ubuntu; Linux x86_64; rv:71.0) Gecko/20100101 Firefox/71.0"
45.134.225.133 - - [08/May/2025:01:05:41 +0530] "POST /boaform/admin/formLogin HTTP/1.1" 404 221 "http://103.145.51.236:80/admin/login.asp" "Mozilla/5.0 (X11; Ubuntu; Linux x86_64; rv:71.0) Gecko/20100101 Firefox/71.0"
212.107.12.18 - - [08/May/2025:01:06:10 +0530] "GET / HTTP/1.1" 200 4270 "-" "-"
45.134.225.133 - - [08/May/2025:01:07:27 +0530] "POST /boaform/admin/formLogin HTTP/1.1" 404 221 "http://103.145.51.74:80/admin/login.asp" "Mozilla/5.0 (X11; Ubuntu; Linux x86_64; rv:71.0) Gecko/20100101 Firefox/71.0"
45.134.225.133 - - [08/May/2025:01:08:06 +0530] "POST /boaform/admin/formLogin HTTP/1.1" 404 221 "http://103.145.51.74:80/admin/login.asp" "Mozilla/5.0 (X11; Ubuntu; Linux x86_64; rv:71.0) Gecko/20100101 Firefox/71.0"
45.134.225.133 - - [08/May/2025:01:08:51 +0530] "POST /boaform/admin/formLogin HTTP/1.1" 404 221 "http://103.145.51.74:80/admin/login.asp" "Mozilla/5.0 (X11; Ubuntu; Linux x86_64; rv:71.0) Gecko/20100101 Firefox/71.0"
