45.134.225.133 - - [07/May/2025:22:14:37 +0530] "POST /boaform/admin/formLogin HTTP/1.1" 404 221 "http://103.145.51.236:80/admin/login.asp" "Mozilla/5.0 (X11; Ubuntu; Linux x86_64; rv:71.0) Gecko/20100101 Firefox/71.0"
45.134.225.133 - - [07/May/2025:22:14:41 +0530] "POST /boaform/admin/formLogin HTTP/1.1" 404 221 "http://103.145.51.74:80/admin/login.asp" "Mozilla/5.0 (X11; Ubuntu; Linux x86_64; rv:71.0) Gecko/20100101 Firefox/71.0"
185.117.225.37 - - [07/May/2025:22:14:46 +0530] "GET /robots.txt HTTP/1.1" 404 208 "-" "python-requests/2.31.0"
185.117.225.37 - - [07/May/2025:22:14:47 +0530] "GET / HTTP/1.1" 200 1620 "-" "Mozilla/5.0 (compatible; BitSightBot/1.0)"
185.117.225.37 - - [07/May/2025:22:14:47 +0530] "GET /hostingrajalogo.jpg HTTP/1.1" 200 13432 "http://ns1.obaba.shop/" "Mozilla/5.0 (compatible; BitSightBot/1.0)"
95.214.54.4 - - [07/May/2025:22:14:55 +0530] "GET / HTTP/1.1" 200 4270 "-" "Hello World/1.0"
45.134.225.133 - - [07/May/2025:22:15:59 +0530] "POST /boaform/admin/formLogin HTTP/1.1" 404 221 "http://103.145.51.74:80/admin/login.asp" "Mozilla/5.0 (X11; Ubuntu; Linux x86_64; rv:71.0) Gecko/20100101 Firefox/71.0"
45.134.225.133 - - [07/May/2025:22:16:45 +0530] "POST /boaform/admin/formLogin HTTP/1.1" 404 221 "http://103.145.51.74:80/admin/login.asp" "Mozilla/5.0 (X11; Ubuntu; Linux x86_64; rv:71.0) Gecko/20100101 Firefox/71.0"
45.134.225.133 - - [07/May/2025:22:16:50 +0530] "POST /boaform/admin/formLogin HTTP/1.1" 404 221 "http://103.145.51.236:80/admin/login.asp" "Mozilla/5.0 (X11; Ubuntu; Linux x86_64; rv:71.0) Gecko/20100101 Firefox/71.0"
45.134.225.133 - - [07/May/2025:22:17:55 +0530] "POST /boaform/admin/formLogin HTTP/1.1" 404 221 "http://103.145.51.236:80/admin/login.asp" "Mozilla/5.0 (X11; Ubuntu; Linux x86_64; rv:71.0) Gecko/20100101 Firefox/71.0"
45.134.225.133 - - [07/May/2025:22:18:22 +0530] "POST /boaform/admin/formLogin HTTP/1.1" 404 221 "http://103.145.51.74:80/admin/login.asp" "Mozilla/5.0 (X11; Ubuntu; Linux x86_64; rv:71.0) Gecko/20100101 Firefox/71.0"
95.214.54.4 - - [07/May/2025:22:19:21 +0530] "GET / HTTP/1.1" 200 4270 "-" "Hello World/1.0"
45.134.225.133 - - [07/May/2025:22:19:59 +0530] "POST /boaform/admin/formLogin HTTP/1.1" 404 221 "http://103.145.51.236:80/admin/login.asp" "Mozilla/5.0 (X11; Ubuntu; Linux x86_64; rv:71.0) Gecko/20100101 Firefox/71.0"
45.134.225.133 - - [07/May/2025:22:20:24 +0530] "POST /boaform/admin/formLogin HTTP/1.1" 404 221 "http://103.145.51.74:80/admin/login.asp" "Mozilla/5.0 (X11; Ubuntu; Linux x86_64; rv:71.0) Gecko/20100101 Firefox/71.0"
45.134.225.133 - - [07/May/2025:22:21:25 +0530] "POST /boaform/admin/formLogin HTTP/1.1" 404 221 "http://103.145.51.74:80/admin/login.asp" "Mozilla/5.0 (X11; Ubuntu; Linux x86_64; rv:71.0) Gecko/20100101 Firefox/71.0"
45.134.225.133 - - [07/May/2025:22:21:34 +0530] "POST /boaform/admin/formLogin HTTP/1.1" 404 221 "http://103.145.51.236:80/admin/login.asp" "Mozilla/5.0 (X11; Ubuntu; Linux x86_64; rv:71.0) Gecko/20100101 Firefox/71.0"
161.248.238.13 - - [07/May/2025:22:22:10 +0530] "POST /boaform/admin/formLogin HTTP/1.1" 404 221 "http://103.145.51.74:80/admin/login.asp" "Mozilla/5.0 (X11; Ubuntu; Linux x86_64; rv:71.0) Gecko/20100101 Firefox/71.0"
165.154.252.176 - - [07/May/2025:22:22:30 +0530] "GET /.env HTTP/1.1" 404 202 "-" "Mozilla/5.0 (X11; Linux x86_64) AppleWebKit/537.36 (KHTML, like Gecko) Chrome/81.0.4044.129 Safari/537.36"
165.154.252.176 - - [07/May/2025:22:22:30 +0530] "POST / HTTP/1.1" 200 1620 "-" "Mozilla/5.0 (X11; Linux x86_64) AppleWebKit/537.36 (KHTML, like Gecko) Chrome/81.0.4044.129 Safari/537.36"
165.154.252.176 - - [07/May/2025:22:22:35 +0530] "GET /sendgrid/.env HTTP/1.1" 404 211 "-" "Mozilla/5.0 (X11; Linux x86_64) AppleWebKit/537.36 (KHTML, like Gecko) Chrome/81.0.4044.129 Safari/537.36"
165.154.252.176 - - [07/May/2025:22:22:36 +0530] "POST / HTTP/1.1" 200 1620 "-" "Mozilla/5.0 (X11; Linux x86_64) AppleWebKit/537.36 (KHTML, like Gecko) Chrome/81.0.4044.129 Safari/537.36"
45.134.225.133 - - [07/May/2025:22:22:44 +0530] "POST /boaform/admin/formLogin HTTP/1.1" 404 221 "http://103.145.51.74:80/admin/login.asp" "Mozilla/5.0 (X11; Ubuntu; Linux x86_64; rv:71.0) Gecko/20100101 Firefox/71.0"
45.134.225.133 - - [07/May/2025:22:22:46 +0530] "POST /boaform/admin/formLogin HTTP/1.1" 404 221 "http://103.145.51.236:80/admin/login.asp" "Mozilla/5.0 (X11; Ubuntu; Linux x86_64; rv:71.0) Gecko/20100101 Firefox/71.0"
161.248.238.13 - - [07/May/2025:22:23:30 +0530] "POST /boaform/admin/formLogin HTTP/1.1" 404 221 "http://103.145.51.236:80/admin/login.asp" "Mozilla/5.0 (X11; Ubuntu; Linux x86_64; rv:71.0) Gecko/20100101 Firefox/71.0"
45.134.225.133 - - [07/May/2025:22:23:43 +0530] "POST /boaform/admin/formLogin HTTP/1.1" 404 221 "http://103.145.51.236:80/admin/login.asp" "Mozilla/5.0 (X11; Ubuntu; Linux x86_64; rv:71.0) Gecko/20100101 Firefox/71.0"
185.218.86.4 - - [07/May/2025:22:24:06 +0530] "GET / HTTP/1.1" 200 1620 "-" "Mozilla/5.0 (Windows NT 10.0; Win64; x64) AppleWebKit/537.36 (KHTML, like Gecko) Chrome/90.0.4430.85 Safari/537.36 Edg/90.0.818.46"
45.134.225.133 - - [07/May/2025:22:24:12 +0530] "POST /boaform/admin/formLogin HTTP/1.1" 404 221 "http://103.145.51.74:80/admin/login.asp" "Mozilla/5.0 (X11; Ubuntu; Linux x86_64; rv:71.0) Gecko/20100101 Firefox/71.0"
45.134.225.133 - - [07/May/2025:22:24:36 +0530] "POST /boaform/admin/formLogin HTTP/1.1" 404 221 "http://103.145.51.236:80/admin/login.asp" "Mozilla/5.0 (X11; Ubuntu; Linux x86_64; rv:71.0) Gecko/20100101 Firefox/71.0"
45.134.225.133 - - [07/May/2025:22:25:04 +0530] "POST /boaform/admin/formLogin HTTP/1.1" 404 221 "http://103.145.51.74:80/admin/login.asp" "Mozilla/5.0 (X11; Ubuntu; Linux x86_64; rv:71.0) Gecko/20100101 Firefox/71.0"
45.134.225.133 - - [07/May/2025:22:25:10 +0530] "POST /boaform/admin/formLogin HTTP/1.1" 404 221 "http://103.145.51.74:80/admin/login.asp" "Mozilla/5.0 (X11; Ubuntu; Linux x86_64; rv:71.0) Gecko/20100101 Firefox/71.0"
45.134.225.133 - - [07/May/2025:22:25:41 +0530] "POST /boaform/admin/formLogin HTTP/1.1" 404 221 "http://103.145.51.74:80/admin/login.asp" "Mozilla/5.0 (X11; Ubuntu; Linux x86_64; rv:71.0) Gecko/20100101 Firefox/71.0"
45.134.225.133 - - [07/May/2025:22:26:39 +0530] "POST /boaform/admin/formLogin HTTP/1.1" 404 221 "http://103.145.51.74:80/admin/login.asp" "Mozilla/5.0 (X11; Ubuntu; Linux x86_64; rv:71.0) Gecko/20100101 Firefox/71.0"
154.81.156.34 - - [07/May/2025:22:27:54 +0530] "GET / HTTP/1.1" 200 4270 "-" "Hello World/1.0"
161.248.238.13 - - [07/May/2025:22:28:12 +0530] "POST /boaform/admin/formLogin HTTP/1.1" 404 221 "http://103.145.51.236:80/admin/login.asp" "Mozilla/5.0 (X11; Ubuntu; Linux x86_64; rv:71.0) Gecko/20100101 Firefox/71.0"
45.134.225.133 - - [07/May/2025:22:28:12 +0530] "POST /boaform/admin/formLogin HTTP/1.1" 404 221 "http://103.145.51.74:80/admin/login.asp" "Mozilla/5.0 (X11; Ubuntu; Linux x86_64; rv:71.0) Gecko/20100101 Firefox/71.0"
45.134.225.133 - - [07/May/2025:22:29:43 +0530] "POST /boaform/admin/formLogin HTTP/1.1" 404 221 "http://103.145.51.74:80/admin/login.asp" "Mozilla/5.0 (X11; Ubuntu; Linux x86_64; rv:71.0) Gecko/20100101 Firefox/71.0"
154.81.156.34 - - [07/May/2025:22:29:47 +0530] "GET / HTTP/1.1" 200 4270 "-" "Hello World/1.0"
45.134.225.133 - - [07/May/2025:22:29:55 +0530] "POST /boaform/admin/formLogin HTTP/1.1" 404 221 "http://103.145.51.74:80/admin/login.asp" "Mozilla/5.0 (X11; Ubuntu; Linux x86_64; rv:71.0) Gecko/20100101 Firefox/71.0"
45.134.225.133 - - [07/May/2025:22:30:49 +0530] "POST /boaform/admin/formLogin HTTP/1.1" 404 221 "http://103.145.51.236:80/admin/login.asp" "Mozilla/5.0 (X11; Ubuntu; Linux x86_64; rv:71.0) Gecko/20100101 Firefox/71.0"
45.134.225.133 - - [07/May/2025:22:31:30 +0530] "POST /boaform/admin/formLogin HTTP/1.1" 404 221 "http://103.145.51.236:80/admin/login.asp" "Mozilla/5.0 (X11; Ubuntu; Linux x86_64; rv:71.0) Gecko/20100101 Firefox/71.0"
161.248.238.13 - - [07/May/2025:22:32:03 +0530] "POST /boaform/admin/formLogin HTTP/1.1" 404 221 "http://103.145.51.74:80/admin/login.asp" "Mozilla/5.0 (X11; Ubuntu; Linux x86_64; rv:71.0) Gecko/20100101 Firefox/71.0"
45.134.225.133 - - [07/May/2025:22:32:31 +0530] "POST /boaform/admin/formLogin HTTP/1.1" 404 221 "http://103.145.51.236:80/admin/login.asp" "Mozilla/5.0 (X11; Ubuntu; Linux x86_64; rv:71.0) Gecko/20100101 Firefox/71.0"
95.214.54.4 - - [07/May/2025:22:32:45 +0530] "GET / HTTP/1.1" 200 4270 "-" "Hello World/1.0"
45.134.225.133 - - [07/May/2025:22:34:41 +0530] "POST /boaform/admin/formLogin HTTP/1.1" 404 221 "http://103.145.51.236:80/admin/login.asp" "Mozilla/5.0 (X11; Ubuntu; Linux x86_64; rv:71.0) Gecko/20100101 Firefox/71.0"
45.134.225.133 - - [07/May/2025:22:35:35 +0530] "POST /boaform/admin/formLogin HTTP/1.1" 404 221 "http://103.145.51.74:80/admin/login.asp" "Mozilla/5.0 (X11; Ubuntu; Linux x86_64; rv:71.0) Gecko/20100101 Firefox/71.0"
45.134.225.133 - - [07/May/2025:22:35:48 +0530] "POST /boaform/admin/formLogin HTTP/1.1" 404 221 "http://103.145.51.236:80/admin/login.asp" "Mozilla/5.0 (X11; Ubuntu; Linux x86_64; rv:71.0) Gecko/20100101 Firefox/71.0"
45.134.225.133 - - [07/May/2025:22:36:03 +0530] "POST /boaform/admin/formLogin HTTP/1.1" 404 221 "http://103.145.51.74:80/admin/login.asp" "Mozilla/5.0 (X11; Ubuntu; Linux x86_64; rv:71.0) Gecko/20100101 Firefox/71.0"
204.76.203.35 - - [07/May/2025:22:36:04 +0530] "GET / HTTP/1.1" 200 4270 "-" "Mozilla/5.0 (Windows NT 10.0; Win64; x64) AppleWebKit/537.36 (KHTML, like Gecko) Chrome/134.0.0.0 Safari/537.36"
45.134.225.133 - - [07/May/2025:22:36:07 +0530] "POST /boaform/admin/formLogin HTTP/1.1" 404 221 "http://103.145.51.74:80/admin/login.asp" "Mozilla/5.0 (X11; Ubuntu; Linux x86_64; rv:71.0) Gecko/20100101 Firefox/71.0"
204.76.203.35 - - [07/May/2025:22:36:37 +0530] "GET / HTTP/1.1" 200 4270 "-" "Mozilla/5.0 (Windows NT 10.0; Win64; x64) AppleWebKit/537.36 (KHTML, like Gecko) Chrome/134.0.0.0 Safari/537.36"
212.107.12.18 - - [07/May/2025:22:36:40 +0530] "GET / HTTP/1.1" 200 4270 "-" "-"
45.134.225.133 - - [07/May/2025:22:37:28 +0530] "POST /boaform/admin/formLogin HTTP/1.1" 404 221 "http://103.145.51.236:80/admin/login.asp" "Mozilla/5.0 (X11; Ubuntu; Linux x86_64; rv:71.0) Gecko/20100101 Firefox/71.0"
45.134.225.133 - - [07/May/2025:22:37:42 +0530] "POST /boaform/admin/formLogin HTTP/1.1" 404 221 "http://103.145.51.74:80/admin/login.asp" "Mozilla/5.0 (X11; Ubuntu; Linux x86_64; rv:71.0) Gecko/20100101 Firefox/71.0"
45.134.225.133 - - [07/May/2025:22:37:59 +0530] "POST /boaform/admin/formLogin HTTP/1.1" 404 221 "http://103.145.51.74:80/admin/login.asp" "Mozilla/5.0 (X11; Ubuntu; Linux x86_64; rv:71.0) Gecko/20100101 Firefox/71.0"
95.214.54.4 - - [07/May/2025:22:38:00 +0530] "GET / HTTP/1.1" 200 4270 "-" "Hello World/1.0"
45.134.225.133 - - [07/May/2025:22:38:10 +0530] "POST /boaform/admin/formLogin HTTP/1.1" 404 221 "http://103.145.51.236:80/admin/login.asp" "Mozilla/5.0 (X11; Ubuntu; Linux x86_64; rv:71.0) Gecko/20100101 Firefox/71.0"
45.134.225.133 - - [07/May/2025:22:38:22 +0530] "POST /boaform/admin/formLogin HTTP/1.1" 404 221 "http://103.145.51.236:80/admin/login.asp" "Mozilla/5.0 (X11; Ubuntu; Linux x86_64; rv:71.0) Gecko/20100101 Firefox/71.0"
45.134.225.133 - - [07/May/2025:22:39:09 +0530] "POST /boaform/admin/formLogin HTTP/1.1" 404 221 "http://103.145.51.236:80/admin/login.asp" "Mozilla/5.0 (X11; Ubuntu; Linux x86_64; rv:71.0) Gecko/20100101 Firefox/71.0"
93.174.93.12 - - [07/May/2025:22:39:18 +0530] "GET / HTTP/1.0" 200 4270 "-" "Mozilla/5.0 (X11; U; Linux; en-US) AppleWebKit/527  (KHTML, like Gecko, Safari/419.3) Arora/0.10.1"
45.134.225.133 - - [07/May/2025:22:40:35 +0530] "POST /boaform/admin/formLogin HTTP/1.1" 404 221 "http://103.145.51.74:80/admin/login.asp" "Mozilla/5.0 (X11; Ubuntu; Linux x86_64; rv:71.0) Gecko/20100101 Firefox/71.0"
45.134.225.133 - - [07/May/2025:22:40:44 +0530] "POST /boaform/admin/formLogin HTTP/1.1" 404 221 "http://103.145.51.236:80/admin/login.asp" "Mozilla/5.0 (X11; Ubuntu; Linux x86_64; rv:71.0) Gecko/20100101 Firefox/71.0"
45.134.225.133 - - [07/May/2025:22:41:10 +0530] "POST /boaform/admin/formLogin HTTP/1.1" 404 221 "http://103.145.51.74:80/admin/login.asp" "Mozilla/5.0 (X11; Ubuntu; Linux x86_64; rv:71.0) Gecko/20100101 Firefox/71.0"
45.134.225.133 - - [07/May/2025:22:41:15 +0530] "POST /boaform/admin/formLogin HTTP/1.1" 404 221 "http://103.145.51.74:80/admin/login.asp" "Mozilla/5.0 (X11; Ubuntu; Linux x86_64; rv:71.0) Gecko/20100101 Firefox/71.0"
45.134.225.133 - - [07/May/2025:22:41:54 +0530] "POST /boaform/admin/formLogin HTTP/1.1" 404 221 "http://103.145.51.74:80/admin/login.asp" "Mozilla/5.0 (X11; Ubuntu; Linux x86_64; rv:71.0) Gecko/20100101 Firefox/71.0"
45.134.225.133 - - [07/May/2025:22:42:07 +0530] "POST /boaform/admin/formLogin HTTP/1.1" 404 221 "http://103.145.51.236:80/admin/login.asp" "Mozilla/5.0 (X11; Ubuntu; Linux x86_64; rv:71.0) Gecko/20100101 Firefox/71.0"
161.248.238.13 - - [07/May/2025:22:42:23 +0530] "POST /boaform/admin/formLogin HTTP/1.1" 404 221 "http://103.145.51.236:80/admin/login.asp" "Mozilla/5.0 (X11; Ubuntu; Linux x86_64; rv:71.0) Gecko/20100101 Firefox/71.0"
212.107.12.18 - - [07/May/2025:22:42:29 +0530] "GET / HTTP/1.1" 200 4270 "-" "-"
45.134.225.133 - - [07/May/2025:22:42:45 +0530] "POST /boaform/admin/formLogin HTTP/1.1" 404 221 "http://103.145.51.74:80/admin/login.asp" "Mozilla/5.0 (X11; Ubuntu; Linux x86_64; rv:71.0) Gecko/20100101 Firefox/71.0"
45.134.225.133 - - [07/May/2025:22:42:48 +0530] "POST /boaform/admin/formLogin HTTP/1.1" 404 221 "http://103.145.51.236:80/admin/login.asp" "Mozilla/5.0 (X11; Ubuntu; Linux x86_64; rv:71.0) Gecko/20100101 Firefox/71.0"
45.134.225.133 - - [07/May/2025:22:43:45 +0530] "POST /boaform/admin/formLogin HTTP/1.1" 404 221 "http://103.145.51.74:80/admin/login.asp" "Mozilla/5.0 (X11; Ubuntu; Linux x86_64; rv:71.0) Gecko/20100101 Firefox/71.0"
45.134.225.133 - - [07/May/2025:22:43:47 +0530] "POST /boaform/admin/formLogin HTTP/1.1" 404 221 "http://103.145.51.236:80/admin/login.asp" "Mozilla/5.0 (X11; Ubuntu; Linux x86_64; rv:71.0) Gecko/20100101 Firefox/71.0"
161.248.238.13 - - [07/May/2025:22:44:02 +0530] "POST /boaform/admin/formLogin HTTP/1.1" 404 221 "http://103.145.51.74:80/admin/login.asp" "Mozilla/5.0 (X11; Ubuntu; Linux x86_64; rv:71.0) Gecko/20100101 Firefox/71.0"
45.134.225.133 - - [07/May/2025:22:44:19 +0530] "POST /boaform/admin/formLogin HTTP/1.1" 404 221 "http://103.145.51.74:80/admin/login.asp" "Mozilla/5.0 (X11; Ubuntu; Linux x86_64; rv:71.0) Gecko/20100101 Firefox/71.0"
45.134.225.133 - - [07/May/2025:22:44:52 +0530] "POST /boaform/admin/formLogin HTTP/1.1" 404 221 "http://103.145.51.236:80/admin/login.asp" "Mozilla/5.0 (X11; Ubuntu; Linux x86_64; rv:71.0) Gecko/20100101 Firefox/71.0"
45.134.225.133 - - [07/May/2025:22:44:57 +0530] "POST /boaform/admin/formLogin HTTP/1.1" 404 221 "http://103.145.51.236:80/admin/login.asp" "Mozilla/5.0 (X11; Ubuntu; Linux x86_64; rv:71.0) Gecko/20100101 Firefox/71.0"
176.65.142.182 - - [07/May/2025:22:46:54 +0530] "GET / HTTP/1.1" 200 4270 "-" "-"
176.65.142.182 - - [07/May/2025:22:46:55 +0530] "POST /boaform/admin/formLogin HTTP/1.1" 404 221 "-" "Mozilla/5.0"
176.65.142.182 - - [07/May/2025:22:47:05 +0530] "POST /boaform/admin/formTracert HTTP/1.1" 404 223 "-" "Mozilla/5.0"
45.134.225.133 - - [07/May/2025:22:47:14 +0530] "POST /boaform/admin/formLogin HTTP/1.1" 404 221 "http://103.145.51.74:80/admin/login.asp" "Mozilla/5.0 (X11; Ubuntu; Linux x86_64; rv:71.0) Gecko/20100101 Firefox/71.0"
45.134.225.133 - - [07/May/2025:22:47:25 +0530] "POST /boaform/admin/formLogin HTTP/1.1" 404 221 "http://103.145.51.236:80/admin/login.asp" "Mozilla/5.0 (X11; Ubuntu; Linux x86_64; rv:71.0) Gecko/20100101 Firefox/71.0"
45.134.225.133 - - [07/May/2025:22:47:38 +0530] "POST /boaform/admin/formLogin HTTP/1.1" 404 221 "http://103.145.51.74:80/admin/login.asp" "Mozilla/5.0 (X11; Ubuntu; Linux x86_64; rv:71.0) Gecko/20100101 Firefox/71.0"
45.134.225.133 - - [07/May/2025:22:48:19 +0530] "POST /boaform/admin/formLogin HTTP/1.1" 404 221 "http://103.145.51.74:80/admin/login.asp" "Mozilla/5.0 (X11; Ubuntu; Linux x86_64; rv:71.0) Gecko/20100101 Firefox/71.0"
45.134.225.133 - - [07/May/2025:22:48:25 +0530] "POST /boaform/admin/formLogin HTTP/1.1" 404 221 "http://103.145.51.236:80/admin/login.asp" "Mozilla/5.0 (X11; Ubuntu; Linux x86_64; rv:71.0) Gecko/20100101 Firefox/71.0"
176.65.142.182 - - [07/May/2025:22:49:07 +0530] "GET / HTTP/1.1" 200 4270 "-" "-"
45.134.225.133 - - [07/May/2025:22:50:06 +0530] "POST /boaform/admin/formLogin HTTP/1.1" 404 221 "http://103.145.51.236:80/admin/login.asp" "Mozilla/5.0 (X11; Ubuntu; Linux x86_64; rv:71.0) Gecko/20100101 Firefox/71.0"
45.134.225.133 - - [07/May/2025:22:50:17 +0530] "POST /boaform/admin/formLogin HTTP/1.1" 404 221 "http://103.145.51.236:80/admin/login.asp" "Mozilla/5.0 (X11; Ubuntu; Linux x86_64; rv:71.0) Gecko/20100101 Firefox/71.0"
161.248.238.13 - - [07/May/2025:22:51:12 +0530] "POST /boaform/admin/formLogin HTTP/1.1" 404 221 "http://103.145.51.236:80/admin/login.asp" "Mozilla/5.0 (X11; Ubuntu; Linux x86_64; rv:71.0) Gecko/20100101 Firefox/71.0"
45.134.225.133 - - [07/May/2025:22:51:30 +0530] "POST /boaform/admin/formLogin HTTP/1.1" 404 221 "http://103.145.51.236:80/admin/login.asp" "Mozilla/5.0 (X11; Ubuntu; Linux x86_64; rv:71.0) Gecko/20100101 Firefox/71.0"
45.134.225.133 - - [07/May/2025:22:51:47 +0530] "POST /boaform/admin/formLogin HTTP/1.1" 404 221 "http://103.145.51.74:80/admin/login.asp" "Mozilla/5.0 (X11; Ubuntu; Linux x86_64; rv:71.0) Gecko/20100101 Firefox/71.0"
45.134.225.133 - - [07/May/2025:22:54:16 +0530] "POST /boaform/admin/formLogin HTTP/1.1" 404 221 "http://103.145.51.236:80/admin/login.asp" "Mozilla/5.0 (X11; Ubuntu; Linux x86_64; rv:71.0) Gecko/20100101 Firefox/71.0"
45.134.225.133 - - [07/May/2025:22:54:29 +0530] "POST /boaform/admin/formLogin HTTP/1.1" 404 221 "http://103.145.51.236:80/admin/login.asp" "Mozilla/5.0 (X11; Ubuntu; Linux x86_64; rv:71.0) Gecko/20100101 Firefox/71.0"
161.248.238.13 - - [07/May/2025:22:54:41 +0530] "POST /boaform/admin/formLogin HTTP/1.1" 404 221 "http://103.145.51.74:80/admin/login.asp" "Mozilla/5.0 (X11; Ubuntu; Linux x86_64; rv:71.0) Gecko/20100101 Firefox/71.0"
45.134.225.133 - - [07/May/2025:22:55:20 +0530] "POST /boaform/admin/formLogin HTTP/1.1" 404 221 "http://103.145.51.236:80/admin/login.asp" "Mozilla/5.0 (X11; Ubuntu; Linux x86_64; rv:71.0) Gecko/20100101 Firefox/71.0"
45.134.225.133 - - [07/May/2025:22:55:36 +0530] "POST /boaform/admin/formLogin HTTP/1.1" 404 221 "http://103.145.51.74:80/admin/login.asp" "Mozilla/5.0 (X11; Ubuntu; Linux x86_64; rv:71.0) Gecko/20100101 Firefox/71.0"
45.134.225.133 - - [07/May/2025:22:56:12 +0530] "POST /boaform/admin/formLogin HTTP/1.1" 404 221 "http://103.145.51.236:80/admin/login.asp" "Mozilla/5.0 (X11; Ubuntu; Linux x86_64; rv:71.0) Gecko/20100101 Firefox/71.0"
45.134.225.133 - - [07/May/2025:22:56:54 +0530] "POST /boaform/admin/formLogin HTTP/1.1" 404 221 "http://103.145.51.74:80/admin/login.asp" "Mozilla/5.0 (X11; Ubuntu; Linux x86_64; rv:71.0) Gecko/20100101 Firefox/71.0"
45.134.225.133 - - [07/May/2025:22:57:00 +0530] "POST /boaform/admin/formLogin HTTP/1.1" 404 221 "http://103.145.51.236:80/admin/login.asp" "Mozilla/5.0 (X11; Ubuntu; Linux x86_64; rv:71.0) Gecko/20100101 Firefox/71.0"
161.248.238.13 - - [07/May/2025:22:57:40 +0530] "POST /boaform/admin/formLogin HTTP/1.1" 404 221 "http://103.145.51.236:80/admin/login.asp" "Mozilla/5.0 (X11; Ubuntu; Linux x86_64; rv:71.0) Gecko/20100101 Firefox/71.0"
95.214.54.4 - - [07/May/2025:22:58:03 +0530] "GET / HTTP/1.1" 200 4270 "-" "Hello World/1.0"
176.65.137.188 - - [07/May/2025:22:58:14 +0530] "GET / HTTP/1.1" 200 4270 "-" "-"
176.65.137.188 - - [07/May/2025:22:58:14 +0530] "POST /boaform/admin/formLogin HTTP/1.1" 404 221 "-" "Mozilla/5.0"
176.65.137.188 - - [07/May/2025:22:58:14 +0530] "POST /boaform/admin/formTracert HTTP/1.1" 404 223 "-" "Mozilla/5.0"
141.98.11.27 - - [07/May/2025:22:58:40 +0530] "GET / HTTP/1.1" 200 4270 "-" "-"
45.134.225.133 - - [07/May/2025:22:59:01 +0530] "POST /boaform/admin/formLogin HTTP/1.1" 404 221 "http://103.145.51.236:80/admin/login.asp" "Mozilla/5.0 (X11; Ubuntu; Linux x86_64; rv:71.0) Gecko/20100101 Firefox/71.0"
45.134.225.133 - - [07/May/2025:22:59:28 +0530] "POST /boaform/admin/formLogin HTTP/1.1" 404 221 "http://103.145.51.74:80/admin/login.asp" "Mozilla/5.0 (X11; Ubuntu; Linux x86_64; rv:71.0) Gecko/20100101 Firefox/71.0"
45.134.225.133 - - [07/May/2025:22:59:58 +0530] "POST /boaform/admin/formLogin HTTP/1.1" 404 221 "http://103.145.51.236:80/admin/login.asp" "Mozilla/5.0 (X11; Ubuntu; Linux x86_64; rv:71.0) Gecko/20100101 Firefox/71.0"
176.65.142.182 - - [07/May/2025:23:01:15 +0530] "GET / HTTP/1.1" 200 4270 "-" "-"
211.229.22.213 - - [07/May/2025:23:01:24 +0530] "GET / HTTP/1.1" 200 4270 "-" "Hello-World/1.0"
167.94.138.175 - - [07/May/2025:23:02:00 +0530] "GET / HTTP/1.1" 200 1620 "-" "Mozilla/5.0 (compatible; CensysInspect/1.1; +https://about.censys.io/)"
167.94.138.175 - - [07/May/2025:23:02:03 +0530] "GET /./favicon.ico HTTP/1.1" 404 209 "-" "Mozilla/5.0 (compatible; CensysInspect/1.1; +https://about.censys.io/)"
45.134.225.133 - - [07/May/2025:23:02:03 +0530] "POST /boaform/admin/formLogin HTTP/1.1" 404 221 "http://103.145.51.236:80/admin/login.asp" "Mozilla/5.0 (X11; Ubuntu; Linux x86_64; rv:71.0) Gecko/20100101 Firefox/71.0"
167.94.138.175 - - [07/May/2025:23:02:07 +0530] "GET /favicon.ico HTTP/1.1" 404 209 "-" "Mozilla/5.0 (compatible; CensysInspect/1.1; +https://about.censys.io/)"
167.94.138.175 - - [07/May/2025:23:02:11 +0530] "PRI * HTTP/2.0" 400 226 "-" "-"
167.94.138.175 - - [07/May/2025:23:02:26 +0530] "GET /./favicon.ico HTTP/1.1" 404 209 "-" "Mozilla/5.0 (compatible; CensysInspect/1.1; +https://about.censys.io/)"
167.94.138.175 - - [07/May/2025:23:02:31 +0530] "GET /favicon.ico HTTP/1.1" 404 209 "-" "Mozilla/5.0 (compatible; CensysInspect/1.1; +https://about.censys.io/)"
167.94.138.175 - - [07/May/2025:23:02:35 +0530] "\x16\x03\x01" 400 226 "-" "-"
172.236.137.159 - - [07/May/2025:23:02:35 +0530] "GET / HTTP/1.0" 200 4270 "-" "-"
95.214.54.4 - - [07/May/2025:23:02:36 +0530] "GET / HTTP/1.1" 200 4270 "-" "Hello World/1.0"
45.134.225.133 - - [07/May/2025:23:02:43 +0530] "POST /boaform/admin/formLogin HTTP/1.1" 404 221 "http://103.145.51.236:80/admin/login.asp" "Mozilla/5.0 (X11; Ubuntu; Linux x86_64; rv:71.0) Gecko/20100101 Firefox/71.0"
161.248.238.13 - - [07/May/2025:23:02:44 +0530] "POST /boaform/admin/formLogin HTTP/1.1" 404 221 "http://103.145.51.74:80/admin/login.asp" "Mozilla/5.0 (X11; Ubuntu; Linux x86_64; rv:71.0) Gecko/20100101 Firefox/71.0"
45.134.225.133 - - [07/May/2025:23:02:57 +0530] "POST /boaform/admin/formLogin HTTP/1.1" 404 221 "http://103.145.51.74:80/admin/login.asp" "Mozilla/5.0 (X11; Ubuntu; Linux x86_64; rv:71.0) Gecko/20100101 Firefox/71.0"
172.236.137.159 - - [07/May/2025:23:03:03 +0530] "GET / HTTP/1.1" 200 4270 "-" "Mozilla/5.0 (Windows NT 6.2; Win64; x64) AppleWebKit/537.36 (KHTML"
172.236.137.159 - - [07/May/2025:23:03:04 +0530] "GET /favicon.ico HTTP/1.1" 404 209 "-" "Mozilla/5.0 (Windows NT 6.2; Win64; x64) AppleWebKit/537.36 (KHTML"
172.236.137.159 - - [07/May/2025:23:03:13 +0530] "\x16\x03\x01\x02" 400 226 "-" "-"
172.236.137.159 - - [07/May/2025:23:03:25 +0530] "GET / HTTP/1.0" 200 4270 "-" "-"
172.236.137.159 - - [07/May/2025:23:03:25 +0530] "GET / HTTP/1.1" 200 4270 "-" "-"
45.134.225.133 - - [07/May/2025:23:03:29 +0530] "POST /boaform/admin/formLogin HTTP/1.1" 404 221 "http://103.145.51.74:80/admin/login.asp" "Mozilla/5.0 (X11; Ubuntu; Linux x86_64; rv:71.0) Gecko/20100101 Firefox/71.0"
45.134.225.133 - - [07/May/2025:23:04:09 +0530] "POST /boaform/admin/formLogin HTTP/1.1" 404 221 "http://103.145.51.74:80/admin/login.asp" "Mozilla/5.0 (X11; Ubuntu; Linux x86_64; rv:71.0) Gecko/20100101 Firefox/71.0"
212.107.12.18 - - [07/May/2025:23:04:36 +0530] "GET / HTTP/1.1" 200 4270 "-" "-"
161.248.238.13 - - [07/May/2025:23:05:47 +0530] "POST /boaform/admin/formLogin HTTP/1.1" 404 221 "http://103.145.51.236:80/admin/login.asp" "Mozilla/5.0 (X11; Ubuntu; Linux x86_64; rv:71.0) Gecko/20100101 Firefox/71.0"
212.107.12.18 - - [07/May/2025:23:05:56 +0530] "GET / HTTP/1.1" 200 4270 "-" "-"
45.134.225.133 - - [07/May/2025:23:06:33 +0530] "POST /boaform/admin/formLogin HTTP/1.1" 404 221 "http://103.145.51.236:80/admin/login.asp" "Mozilla/5.0 (X11; Ubuntu; Linux x86_64; rv:71.0) Gecko/20100101 Firefox/71.0"
161.248.238.13 - - [07/May/2025:23:06:39 +0530] "POST /boaform/admin/formLogin HTTP/1.1" 404 221 "http://103.145.51.74:80/admin/login.asp" "Mozilla/5.0 (X11; Ubuntu; Linux x86_64; rv:71.0) Gecko/20100101 Firefox/71.0"
45.134.225.133 - - [07/May/2025:23:07:42 +0530] "POST /boaform/admin/formLogin HTTP/1.1" 404 221 "http://103.145.51.236:80/admin/login.asp" "Mozilla/5.0 (X11; Ubuntu; Linux x86_64; rv:71.0) Gecko/20100101 Firefox/71.0"
45.134.225.133 - - [07/May/2025:23:08:42 +0530] "POST /boaform/admin/formLogin HTTP/1.1" 404 221 "http://103.145.51.74:80/admin/login.asp" "Mozilla/5.0 (X11; Ubuntu; Linux x86_64; rv:71.0) Gecko/20100101 Firefox/71.0"
45.134.225.133 - - [07/May/2025:23:09:07 +0530] "POST /boaform/admin/formLogin HTTP/1.1" 404 221 "http://103.145.51.236:80/admin/login.asp" "Mozilla/5.0 (X11; Ubuntu; Linux x86_64; rv:71.0) Gecko/20100101 Firefox/71.0"
45.134.225.133 - - [07/May/2025:23:10:21 +0530] "POST /boaform/admin/formLogin HTTP/1.1" 404 221 "http://103.145.51.74:80/admin/login.asp" "Mozilla/5.0 (X11; Ubuntu; Linux x86_64; rv:71.0) Gecko/20100101 Firefox/71.0"
45.134.225.133 - - [07/May/2025:23:11:19 +0530] "POST /boaform/admin/formLogin HTTP/1.1" 404 221 "http://103.145.51.236:80/admin/login.asp" "Mozilla/5.0 (X11; Ubuntu; Linux x86_64; rv:71.0) Gecko/20100101 Firefox/71.0"
45.134.225.133 - - [07/May/2025:23:12:11 +0530] "POST /boaform/admin/formLogin HTTP/1.1" 404 221 "http://103.145.51.236:80/admin/login.asp" "Mozilla/5.0 (X11; Ubuntu; Linux x86_64; rv:71.0) Gecko/20100101 Firefox/71.0"
45.134.225.133 - - [07/May/2025:23:12:47 +0530] "POST /boaform/admin/formLogin HTTP/1.1" 404 221 "http://103.145.51.236:80/admin/login.asp" "Mozilla/5.0 (X11; Ubuntu; Linux x86_64; rv:71.0) Gecko/20100101 Firefox/71.0"
45.134.225.133 - - [07/May/2025:23:12:53 +0530] "POST /boaform/admin/formLogin HTTP/1.1" 404 221 "http://103.145.51.236:80/admin/login.asp" "Mozilla/5.0 (X11; Ubuntu; Linux x86_64; rv:71.0) Gecko/20100101 Firefox/71.0"
45.134.225.133 - - [07/May/2025:23:13:39 +0530] "POST /boaform/admin/formLogin HTTP/1.1" 404 221 "http://103.145.51.74:80/admin/login.asp" "Mozilla/5.0 (X11; Ubuntu; Linux x86_64; rv:71.0) Gecko/20100101 Firefox/71.0"
45.134.225.133 - - [07/May/2025:23:13:51 +0530] "POST /boaform/admin/formLogin HTTP/1.1" 404 221 "http://103.145.51.236:80/admin/login.asp" "Mozilla/5.0 (X11; Ubuntu; Linux x86_64; rv:71.0) Gecko/20100101 Firefox/71.0"
45.134.225.133 - - [07/May/2025:23:14:01 +0530] "POST /boaform/admin/formLogin HTTP/1.1" 404 221 "http://103.145.51.74:80/admin/login.asp" "Mozilla/5.0 (X11; Ubuntu; Linux x86_64; rv:71.0) Gecko/20100101 Firefox/71.0"
45.134.225.133 - - [07/May/2025:23:14:03 +0530] "POST /boaform/admin/formLogin HTTP/1.1" 404 221 "http://103.145.51.236:80/admin/login.asp" "Mozilla/5.0 (X11; Ubuntu; Linux x86_64; rv:71.0) Gecko/20100101 Firefox/71.0"
45.134.225.133 - - [07/May/2025:23:14:12 +0530] "POST /boaform/admin/formLogin HTTP/1.1" 404 221 "http://103.145.51.236:80/admin/login.asp" "Mozilla/5.0 (X11; Ubuntu; Linux x86_64; rv:71.0) Gecko/20100101 Firefox/71.0"
45.134.225.133 - - [07/May/2025:23:15:49 +0530] "POST /boaform/admin/formLogin HTTP/1.1" 404 221 "http://103.145.51.74:80/admin/login.asp" "Mozilla/5.0 (X11; Ubuntu; Linux x86_64; rv:71.0) Gecko/20100101 Firefox/71.0"
45.134.225.133 - - [07/May/2025:23:16:05 +0530] "POST /boaform/admin/formLogin HTTP/1.1" 404 221 "http://103.145.51.74:80/admin/login.asp" "Mozilla/5.0 (X11; Ubuntu; Linux x86_64; rv:71.0) Gecko/20100101 Firefox/71.0"
45.134.225.133 - - [07/May/2025:23:16:08 +0530] "POST /boaform/admin/formLogin HTTP/1.1" 404 221 "http://103.145.51.236:80/admin/login.asp" "Mozilla/5.0 (X11; Ubuntu; Linux x86_64; rv:71.0) Gecko/20100101 Firefox/71.0"
45.134.225.133 - - [07/May/2025:23:17:04 +0530] "POST /boaform/admin/formLogin HTTP/1.1" 404 221 "http://103.145.51.74:80/admin/login.asp" "Mozilla/5.0 (X11; Ubuntu; Linux x86_64; rv:71.0) Gecko/20100101 Firefox/71.0"
161.248.238.13 - - [07/May/2025:23:17:25 +0530] "POST /boaform/admin/formLogin HTTP/1.1" 404 221 "http://103.145.51.74:80/admin/login.asp" "Mozilla/5.0 (X11; Ubuntu; Linux x86_64; rv:71.0) Gecko/20100101 Firefox/71.0"
45.134.225.133 - - [07/May/2025:23:17:32 +0530] "POST /boaform/admin/formLogin HTTP/1.1" 404 221 "http://103.145.51.74:80/admin/login.asp" "Mozilla/5.0 (X11; Ubuntu; Linux x86_64; rv:71.0) Gecko/20100101 Firefox/71.0"
45.134.225.133 - - [07/May/2025:23:18:15 +0530] "POST /boaform/admin/formLogin HTTP/1.1" 404 221 "http://103.145.51.74:80/admin/login.asp" "Mozilla/5.0 (X11; Ubuntu; Linux x86_64; rv:71.0) Gecko/20100101 Firefox/71.0"
161.248.238.13 - - [07/May/2025:23:18:25 +0530] "POST /boaform/admin/formLogin HTTP/1.1" 404 221 "http://103.145.51.236:80/admin/login.asp" "Mozilla/5.0 (X11; Ubuntu; Linux x86_64; rv:71.0) Gecko/20100101 Firefox/71.0"
45.134.225.133 - - [07/May/2025:23:19:16 +0530] "POST /boaform/admin/formLogin HTTP/1.1" 404 221 "http://103.145.51.236:80/admin/login.asp" "Mozilla/5.0 (X11; Ubuntu; Linux x86_64; rv:71.0) Gecko/20100101 Firefox/71.0"
95.214.54.4 - - [07/May/2025:23:19:22 +0530] "GET / HTTP/1.1" 200 4270 "-" "Hello World/1.0"
45.134.225.133 - - [07/May/2025:23:19:26 +0530] "POST /boaform/admin/formLogin HTTP/1.1" 404 221 "http://103.145.51.74:80/admin/login.asp" "Mozilla/5.0 (X11; Ubuntu; Linux x86_64; rv:71.0) Gecko/20100101 Firefox/71.0"
45.134.225.133 - - [07/May/2025:23:20:06 +0530] "POST /boaform/admin/formLogin HTTP/1.1" 404 221 "http://103.145.51.236:80/admin/login.asp" "Mozilla/5.0 (X11; Ubuntu; Linux x86_64; rv:71.0) Gecko/20100101 Firefox/71.0"
45.134.225.133 - - [07/May/2025:23:20:08 +0530] "POST /boaform/admin/formLogin HTTP/1.1" 404 221 "http://103.145.51.74:80/admin/login.asp" "Mozilla/5.0 (X11; Ubuntu; Linux x86_64; rv:71.0) Gecko/20100101 Firefox/71.0"
45.134.225.133 - - [07/May/2025:23:20:24 +0530] "POST /boaform/admin/formLogin HTTP/1.1" 404 221 "http://103.145.51.236:80/admin/login.asp" "Mozilla/5.0 (X11; Ubuntu; Linux x86_64; rv:71.0) Gecko/20100101 Firefox/71.0"
45.134.225.133 - - [07/May/2025:23:20:25 +0530] "POST /boaform/admin/formLogin HTTP/1.1" 404 221 "http://103.145.51.74:80/admin/login.asp" "Mozilla/5.0 (X11; Ubuntu; Linux x86_64; rv:71.0) Gecko/20100101 Firefox/71.0"
176.65.137.188 - - [07/May/2025:23:20:26 +0530] "GET / HTTP/1.1" 200 4270 "-" "-"
176.65.137.188 - - [07/May/2025:23:20:26 +0530] "POST /boaform/admin/formLogin HTTP/1.1" 404 221 "-" "Mozilla/5.0"
176.65.137.188 - - [07/May/2025:23:20:26 +0530] "POST /boaform/admin/formTracert HTTP/1.1" 404 223 "-" "Mozilla/5.0"
45.134.225.133 - - [07/May/2025:23:20:27 +0530] "POST /boaform/admin/formLogin HTTP/1.1" 404 221 "http://103.145.51.236:80/admin/login.asp" "Mozilla/5.0 (X11; Ubuntu; Linux x86_64; rv:71.0) Gecko/20100101 Firefox/71.0"
45.134.225.133 - - [07/May/2025:23:20:47 +0530] "POST /boaform/admin/formLogin HTTP/1.1" 404 221 "http://103.145.51.236:80/admin/login.asp" "Mozilla/5.0 (X11; Ubuntu; Linux x86_64; rv:71.0) Gecko/20100101 Firefox/71.0"
45.134.225.133 - - [07/May/2025:23:21:11 +0530] "POST /boaform/admin/formLogin HTTP/1.1" 404 221 "http://103.145.51.74:80/admin/login.asp" "Mozilla/5.0 (X11; Ubuntu; Linux x86_64; rv:71.0) Gecko/20100101 Firefox/71.0"
45.134.225.133 - - [07/May/2025:23:21:46 +0530] "POST /boaform/admin/formLogin HTTP/1.1" 404 221 "http://103.145.51.236:80/admin/login.asp" "Mozilla/5.0 (X11; Ubuntu; Linux x86_64; rv:71.0) Gecko/20100101 Firefox/71.0"
95.214.54.4 - - [07/May/2025:23:22:31 +0530] "GET / HTTP/1.1" 200 4270 "-" "Hello World/1.0"
45.134.225.133 - - [07/May/2025:23:23:18 +0530] "POST /boaform/admin/formLogin HTTP/1.1" 404 221 "http://103.145.51.74:80/admin/login.asp" "Mozilla/5.0 (X11; Ubuntu; Linux x86_64; rv:71.0) Gecko/20100101 Firefox/71.0"
45.134.225.133 - - [07/May/2025:23:23:25 +0530] "POST /boaform/admin/formLogin HTTP/1.1" 404 221 "http://103.145.51.74:80/admin/login.asp" "Mozilla/5.0 (X11; Ubuntu; Linux x86_64; rv:71.0) Gecko/20100101 Firefox/71.0"
45.134.225.133 - - [07/May/2025:23:23:54 +0530] "POST /boaform/admin/formLogin HTTP/1.1" 404 221 "http://103.145.51.236:80/admin/login.asp" "Mozilla/5.0 (X11; Ubuntu; Linux x86_64; rv:71.0) Gecko/20100101 Firefox/71.0"
45.134.225.133 - - [07/May/2025:23:24:11 +0530] "POST /boaform/admin/formLogin HTTP/1.1" 404 221 "http://103.145.51.74:80/admin/login.asp" "Mozilla/5.0 (X11; Ubuntu; Linux x86_64; rv:71.0) Gecko/20100101 Firefox/71.0"
43.130.39.254 - - [07/May/2025:23:25:06 +0530] "GET / HTTP/1.1" 200 1620 "-" "Mozilla/5.0 (iPhone; CPU iPhone OS 13_2_3 like Mac OS X) AppleWebKit/605.1.15 (KHTML, like Gecko) Version/13.0.3 Mobile/15E148 Safari/604.1"
45.134.225.133 - - [07/May/2025:23:25:09 +0530] "POST /boaform/admin/formLogin HTTP/1.1" 404 221 "http://103.145.51.236:80/admin/login.asp" "Mozilla/5.0 (X11; Ubuntu; Linux x86_64; rv:71.0) Gecko/20100101 Firefox/71.0"
45.134.225.133 - - [07/May/2025:23:25:28 +0530] "POST /boaform/admin/formLogin HTTP/1.1" 404 221 "http://103.145.51.236:80/admin/login.asp" "Mozilla/5.0 (X11; Ubuntu; Linux x86_64; rv:71.0) Gecko/20100101 Firefox/71.0"
45.134.225.133 - - [07/May/2025:23:25:56 +0530] "POST /boaform/admin/formLogin HTTP/1.1" 404 221 "http://103.145.51.236:80/admin/login.asp" "Mozilla/5.0 (X11; Ubuntu; Linux x86_64; rv:71.0) Gecko/20100101 Firefox/71.0"
45.134.225.133 - - [07/May/2025:23:26:05 +0530] "POST /boaform/admin/formLogin HTTP/1.1" 404 221 "http://103.145.51.74:80/admin/login.asp" "Mozilla/5.0 (X11; Ubuntu; Linux x86_64; rv:71.0) Gecko/20100101 Firefox/71.0"
45.134.225.133 - - [07/May/2025:23:26:21 +0530] "POST /boaform/admin/formLogin HTTP/1.1" 404 221 "http://103.145.51.236:80/admin/login.asp" "Mozilla/5.0 (X11; Ubuntu; Linux x86_64; rv:71.0) Gecko/20100101 Firefox/71.0"
45.134.225.133 - - [07/May/2025:23:27:04 +0530] "POST /boaform/admin/formLogin HTTP/1.1" 404 221 "http://103.145.51.74:80/admin/login.asp" "Mozilla/5.0 (X11; Ubuntu; Linux x86_64; rv:71.0) Gecko/20100101 Firefox/71.0"
161.248.238.13 - - [07/May/2025:23:27:17 +0530] "POST /boaform/admin/formLogin HTTP/1.1" 404 221 "http://103.145.51.74:80/admin/login.asp" "Mozilla/5.0 (X11; Ubuntu; Linux x86_64; rv:71.0) Gecko/20100101 Firefox/71.0"
161.248.238.13 - - [07/May/2025:23:27:47 +0530] "POST /boaform/admin/formLogin HTTP/1.1" 404 221 "http://103.145.51.236:80/admin/login.asp" "Mozilla/5.0 (X11; Ubuntu; Linux x86_64; rv:71.0) Gecko/20100101 Firefox/71.0"
45.135.194.43 - - [07/May/2025:23:28:13 +0530] "POST /boaform/admin/formLogin HTTP/1.1" 404 221 "http://103.145.51.74:80/admin/login.asp" "Mozilla/5.0 (X11; Ubuntu; Linux x86_64; rv:71.0) Gecko/20100101 Firefox/71.0"
45.134.225.133 - - [07/May/2025:23:30:39 +0530] "POST /boaform/admin/formLogin HTTP/1.1" 404 221 "http://103.145.51.74:80/admin/login.asp" "Mozilla/5.0 (X11; Ubuntu; Linux x86_64; rv:71.0) Gecko/20100101 Firefox/71.0"
45.134.225.133 - - [07/May/2025:23:30:47 +0530] "POST /boaform/admin/formLogin HTTP/1.1" 404 221 "http://103.145.51.236:80/admin/login.asp" "Mozilla/5.0 (X11; Ubuntu; Linux x86_64; rv:71.0) Gecko/20100101 Firefox/71.0"
45.134.225.133 - - [07/May/2025:23:31:21 +0530] "POST /boaform/admin/formLogin HTTP/1.1" 404 221 "http://103.145.51.236:80/admin/login.asp" "Mozilla/5.0 (X11; Ubuntu; Linux x86_64; rv:71.0) Gecko/20100101 Firefox/71.0"
45.135.194.43 - - [07/May/2025:23:33:05 +0530] "POST /boaform/admin/formLogin HTTP/1.1" 404 221 "http://103.145.51.236:80/admin/login.asp" "Mozilla/5.0 (X11; Ubuntu; Linux x86_64; rv:71.0) Gecko/20100101 Firefox/71.0"
45.134.225.133 - - [07/May/2025:23:33:17 +0530] "POST /boaform/admin/formLogin HTTP/1.1" 404 221 "http://103.145.51.74:80/admin/login.asp" "Mozilla/5.0 (X11; Ubuntu; Linux x86_64; rv:71.0) Gecko/20100101 Firefox/71.0"
45.134.225.133 - - [07/May/2025:23:33:19 +0530] "POST /boaform/admin/formLogin HTTP/1.1" 404 221 "http://103.145.51.74:80/admin/login.asp" "Mozilla/5.0 (X11; Ubuntu; Linux x86_64; rv:71.0) Gecko/20100101 Firefox/71.0"
212.107.12.18 - - [07/May/2025:23:33:25 +0530] "GET / HTTP/1.1" 200 4270 "-" "-"
45.134.225.133 - - [07/May/2025:23:33:32 +0530] "POST /boaform/admin/formLogin HTTP/1.1" 404 221 "http://103.145.51.236:80/admin/login.asp" "Mozilla/5.0 (X11; Ubuntu; Linux x86_64; rv:71.0) Gecko/20100101 Firefox/71.0"
45.134.225.133 - - [07/May/2025:23:34:24 +0530] "POST /boaform/admin/formLogin HTTP/1.1" 404 221 "http://103.145.51.236:80/admin/login.asp" "Mozilla/5.0 (X11; Ubuntu; Linux x86_64; rv:71.0) Gecko/20100101 Firefox/71.0"
95.214.54.4 - - [07/May/2025:23:35:11 +0530] "GET / HTTP/1.1" 200 4270 "-" "Hello World/1.0"
45.134.225.133 - - [07/May/2025:23:35:18 +0530] "POST /boaform/admin/formLogin HTTP/1.1" 404 221 "http://103.145.51.236:80/admin/login.asp" "Mozilla/5.0 (X11; Ubuntu; Linux x86_64; rv:71.0) Gecko/20100101 Firefox/71.0"
45.134.225.133 - - [07/May/2025:23:36:38 +0530] "POST /boaform/admin/formLogin HTTP/1.1" 404 221 "http://103.145.51.74:80/admin/login.asp" "Mozilla/5.0 (X11; Ubuntu; Linux x86_64; rv:71.0) Gecko/20100101 Firefox/71.0"
45.134.225.133 - - [07/May/2025:23:36:51 +0530] "POST /boaform/admin/formLogin HTTP/1.1" 404 221 "http://103.145.51.74:80/admin/login.asp" "Mozilla/5.0 (X11; Ubuntu; Linux x86_64; rv:71.0) Gecko/20100101 Firefox/71.0"
45.134.225.133 - - [07/May/2025:23:36:55 +0530] "POST /boaform/admin/formLogin HTTP/1.1" 404 221 "http://103.145.51.236:80/admin/login.asp" "Mozilla/5.0 (X11; Ubuntu; Linux x86_64; rv:71.0) Gecko/20100101 Firefox/71.0"
161.248.238.13 - - [07/May/2025:23:37:39 +0530] "POST /boaform/admin/formLogin HTTP/1.1" 404 221 "http://103.145.51.74:80/admin/login.asp" "Mozilla/5.0 (X11; Ubuntu; Linux x86_64; rv:71.0) Gecko/20100101 Firefox/71.0"
212.107.12.18 - - [07/May/2025:23:37:54 +0530] "GET / HTTP/1.1" 200 4270 "-" "-"
45.134.225.133 - - [07/May/2025:23:38:01 +0530] "POST /boaform/admin/formLogin HTTP/1.1" 404 221 "http://103.145.51.74:80/admin/login.asp" "Mozilla/5.0 (X11; Ubuntu; Linux x86_64; rv:71.0) Gecko/20100101 Firefox/71.0"
161.248.238.13 - - [07/May/2025:23:38:07 +0530] "POST /boaform/admin/formLogin HTTP/1.1" 404 221 "http://103.145.51.236:80/admin/login.asp" "Mozilla/5.0 (X11; Ubuntu; Linux x86_64; rv:71.0) Gecko/20100101 Firefox/71.0"
45.134.225.133 - - [07/May/2025:23:38:12 +0530] "POST /boaform/admin/formLogin HTTP/1.1" 404 221 "http://103.145.51.74:80/admin/login.asp" "Mozilla/5.0 (X11; Ubuntu; Linux x86_64; rv:71.0) Gecko/20100101 Firefox/71.0"
45.134.225.133 - - [07/May/2025:23:40:03 +0530] "POST /boaform/admin/formLogin HTTP/1.1" 404 221 "http://103.145.51.74:80/admin/login.asp" "Mozilla/5.0 (X11; Ubuntu; Linux x86_64; rv:71.0) Gecko/20100101 Firefox/71.0"
95.214.54.4 - - [07/May/2025:23:41:19 +0530] "GET / HTTP/1.1" 200 4270 "-" "Hello World/1.0"
45.134.225.133 - - [07/May/2025:23:42:13 +0530] "POST /boaform/admin/formLogin HTTP/1.1" 404 221 "http://103.145.51.236:80/admin/login.asp" "Mozilla/5.0 (X11; Ubuntu; Linux x86_64; rv:71.0) Gecko/20100101 Firefox/71.0"
162.243.34.115 - - [07/May/2025:23:42:13 +0530] "\x16\x03\x01" 400 226 "-" "-"
162.243.34.115 - - [07/May/2025:23:42:13 +0530] "\x16\x03\x01" 400 226 "-" "-"
162.243.34.115 - - [07/May/2025:23:42:14 +0530] "GET / HTTP/1.1" 200 1620 "-" "Mozilla/5.0 (Windows NT 10.0; Win64; x64) AppleWebKit/537.36 (KHTML, like Gecko) Chrome/108.0.0.0 Safari/537.36"
162.243.34.115 - - [07/May/2025:23:42:14 +0530] "GET /form.html HTTP/1.1" 404 207 "-" "curl/8.1.2"
162.243.34.115 - - [07/May/2025:23:42:15 +0530] "GET /upl.php HTTP/1.1" 404 205 "-" "Mozilla/5.0"
162.243.34.115 - - [07/May/2025:23:42:15 +0530] "GET /t4 HTTP/1.1" 404 200 "-" "Mozilla/5.0"
162.243.34.115 - - [07/May/2025:23:42:16 +0530] "GET /geoip/ HTTP/1.1" 404 204 "-" "Mozilla/5.0 (Windows NT 10.0; Win64; x64) AppleWebKit/537.36 (KHTML, like Gecko) Chrome/108.0.0.0 Safari/537.36"
162.243.34.115 - - [07/May/2025:23:42:16 +0530] "GET /favicon.ico HTTP/1.1" 404 209 "-" "Mozilla/5.0 (Windows NT 10.0; Win64; x64) AppleWebKit/537.36 (KHTML, like Gecko) Chrome/108.0.0.0 Safari/537.36"
162.243.34.115 - - [07/May/2025:23:42:16 +0530] "GET /1.php HTTP/1.1" 404 203 "-" "Mozilla/5.0 (Windows NT 10.0; Win64; x64) AppleWebKit/537.36 (KHTML, like Gecko) Chrome/108.0.0.0 Safari/537.36"
162.243.34.115 - - [07/May/2025:23:42:17 +0530] "GET /systembc/password.php HTTP/1.1" 404 219 "-" "Mozilla/5.0 (Windows NT 10.0; Win64; x64) AppleWebKit/537.36 (KHTML, like Gecko) Chrome/108.0.0.0 Safari/537.36"
162.243.34.115 - - [07/May/2025:23:42:17 +0530] "GET /password.php HTTP/1.1" 404 210 "-" "Mozilla/5.0 (Windows NT 10.0; Win64; x64) AppleWebKit/537.36 (KHTML, like Gecko) Chrome/108.0.0.0 Safari/537.36"
45.134.225.133 - - [07/May/2025:23:42:22 +0530] "POST /boaform/admin/formLogin HTTP/1.1" 404 221 "http://103.145.51.236:80/admin/login.asp" "Mozilla/5.0 (X11; Ubuntu; Linux x86_64; rv:71.0) Gecko/20100101 Firefox/71.0"
45.134.225.133 - - [07/May/2025:23:44:09 +0530] "POST /boaform/admin/formLogin HTTP/1.1" 404 221 "http://103.145.51.74:80/admin/login.asp" "Mozilla/5.0 (X11; Ubuntu; Linux x86_64; rv:71.0) Gecko/20100101 Firefox/71.0"
104.128.55.133 - - [07/May/2025:23:44:30 +0530] "GET /favicon.ico HTTP/1.1" 404 209 "-" "Mozilla/5.0 (Windows NT 10.0; Win64; x64) AppleWebKit/537.36 (KHTML, like Gecko) Chrome/91.0.4472.124 Safari/537.36"
45.134.225.133 - - [07/May/2025:23:44:42 +0530] "POST /boaform/admin/formLogin HTTP/1.1" 404 221 "http://103.145.51.236:80/admin/login.asp" "Mozilla/5.0 (X11; Ubuntu; Linux x86_64; rv:71.0) Gecko/20100101 Firefox/71.0"
45.134.225.133 - - [07/May/2025:23:44:59 +0530] "POST /boaform/admin/formLogin HTTP/1.1" 404 221 "http://103.145.51.74:80/admin/login.asp" "Mozilla/5.0 (X11; Ubuntu; Linux x86_64; rv:71.0) Gecko/20100101 Firefox/71.0"
45.134.225.133 - - [07/May/2025:23:45:26 +0530] "POST /boaform/admin/formLogin HTTP/1.1" 404 221 "http://103.145.51.236:80/admin/login.asp" "Mozilla/5.0 (X11; Ubuntu; Linux x86_64; rv:71.0) Gecko/20100101 Firefox/71.0"
45.134.225.133 - - [07/May/2025:23:45:35 +0530] "POST /boaform/admin/formLogin HTTP/1.1" 404 221 "http://103.145.51.74:80/admin/login.asp" "Mozilla/5.0 (X11; Ubuntu; Linux x86_64; rv:71.0) Gecko/20100101 Firefox/71.0"
43.130.47.33 - - [07/May/2025:23:46:25 +0530] "GET / HTTP/1.1" 200 1620 "-" "Mozilla/5.0 (iPhone; CPU iPhone OS 13_2_3 like Mac OS X) AppleWebKit/605.1.15 (KHTML, like Gecko) Version/13.0.3 Mobile/15E148 Safari/604.1"
45.134.225.133 - - [07/May/2025:23:46:55 +0530] "POST /boaform/admin/formLogin HTTP/1.1" 404 221 "http://103.145.51.236:80/admin/login.asp" "Mozilla/5.0 (X11; Ubuntu; Linux x86_64; rv:71.0) Gecko/20100101 Firefox/71.0"
45.134.225.133 - - [07/May/2025:23:47:00 +0530] "POST /boaform/admin/formLogin HTTP/1.1" 404 221 "http://103.145.51.236:80/admin/login.asp" "Mozilla/5.0 (X11; Ubuntu; Linux x86_64; rv:71.0) Gecko/20100101 Firefox/71.0"
45.134.225.133 - - [07/May/2025:23:47:00 +0530] "POST /boaform/admin/formLogin HTTP/1.1" 404 221 "http://103.145.51.74:80/admin/login.asp" "Mozilla/5.0 (X11; Ubuntu; Linux x86_64; rv:71.0) Gecko/20100101 Firefox/71.0"
45.134.225.133 - - [07/May/2025:23:48:07 +0530] "POST /boaform/admin/formLogin HTTP/1.1" 404 221 "http://103.145.51.236:80/admin/login.asp" "Mozilla/5.0 (X11; Ubuntu; Linux x86_64; rv:71.0) Gecko/20100101 Firefox/71.0"
45.134.225.133 - - [07/May/2025:23:48:21 +0530] "POST /boaform/admin/formLogin HTTP/1.1" 404 221 "http://103.145.51.74:80/admin/login.asp" "Mozilla/5.0 (X11; Ubuntu; Linux x86_64; rv:71.0) Gecko/20100101 Firefox/71.0"
176.65.142.182 - - [07/May/2025:23:48:49 +0530] "GET / HTTP/1.1" 200 4270 "-" "-"
176.65.142.182 - - [07/May/2025:23:48:49 +0530] "POST /boaform/admin/formLogin HTTP/1.1" 404 221 "-" "Mozilla/5.0"
176.65.142.182 - - [07/May/2025:23:48:49 +0530] "POST /boaform/admin/formTracert HTTP/1.1" 404 223 "-" "Mozilla/5.0"
154.81.156.7 - - [07/May/2025:23:48:51 +0530] "GET / HTTP/1.1" 200 4270 "-" "-"
45.134.225.133 - - [07/May/2025:23:49:31 +0530] "POST /boaform/admin/formLogin HTTP/1.1" 404 221 "http://103.145.51.74:80/admin/login.asp" "Mozilla/5.0 (X11; Ubuntu; Linux x86_64; rv:71.0) Gecko/20100101 Firefox/71.0"
161.248.238.13 - - [07/May/2025:23:49:55 +0530] "POST /boaform/admin/formLogin HTTP/1.1" 404 221 "http://103.145.51.236:80/admin/login.asp" "Mozilla/5.0 (X11; Ubuntu; Linux x86_64; rv:71.0) Gecko/20100101 Firefox/71.0"
134.209.252.145 - - [07/May/2025:23:50:07 +0530] "GET /info.php HTTP/1.1" 404 206 "-" "Mozilla/5.0 (Windows NT 6.1; rv:77.0) Gecko/20100101 Firefox/77.0"
45.134.225.133 - - [07/May/2025:23:50:50 +0530] "POST /boaform/admin/formLogin HTTP/1.1" 404 221 "http://103.145.51.236:80/admin/login.asp" "Mozilla/5.0 (X11; Ubuntu; Linux x86_64; rv:71.0) Gecko/20100101 Firefox/71.0"
45.134.225.133 - - [07/May/2025:23:50:52 +0530] "POST /boaform/admin/formLogin HTTP/1.1" 404 221 "http://103.145.51.74:80/admin/login.asp" "Mozilla/5.0 (X11; Ubuntu; Linux x86_64; rv:71.0) Gecko/20100101 Firefox/71.0"
45.134.225.133 - - [07/May/2025:23:51:15 +0530] "POST /boaform/admin/formLogin HTTP/1.1" 404 221 "http://103.145.51.236:80/admin/login.asp" "Mozilla/5.0 (X11; Ubuntu; Linux x86_64; rv:71.0) Gecko/20100101 Firefox/71.0"
45.134.225.133 - - [07/May/2025:23:51:24 +0530] "POST /boaform/admin/formLogin HTTP/1.1" 404 221 "http://103.145.51.236:80/admin/login.asp" "Mozilla/5.0 (X11; Ubuntu; Linux x86_64; rv:71.0) Gecko/20100101 Firefox/71.0"
45.134.225.133 - - [07/May/2025:23:51:24 +0530] "POST /boaform/admin/formLogin HTTP/1.1" 404 221 "http://103.145.51.74:80/admin/login.asp" "Mozilla/5.0 (X11; Ubuntu; Linux x86_64; rv:71.0) Gecko/20100101 Firefox/71.0"
45.134.225.133 - - [07/May/2025:23:51:45 +0530] "POST /boaform/admin/formLogin HTTP/1.1" 404 221 "http://103.145.51.236:80/admin/login.asp" "Mozilla/5.0 (X11; Ubuntu; Linux x86_64; rv:71.0) Gecko/20100101 Firefox/71.0"
45.134.225.133 - - [07/May/2025:23:52:27 +0530] "POST /boaform/admin/formLogin HTTP/1.1" 404 221 "http://103.145.51.236:80/admin/login.asp" "Mozilla/5.0 (X11; Ubuntu; Linux x86_64; rv:71.0) Gecko/20100101 Firefox/71.0"
45.134.225.133 - - [07/May/2025:23:52:28 +0530] "POST /boaform/admin/formLogin HTTP/1.1" 404 221 "http://103.145.51.74:80/admin/login.asp" "Mozilla/5.0 (X11; Ubuntu; Linux x86_64; rv:71.0) Gecko/20100101 Firefox/71.0"
45.134.225.133 - - [07/May/2025:23:52:45 +0530] "POST /boaform/admin/formLogin HTTP/1.1" 404 221 "http://103.145.51.74:80/admin/login.asp" "Mozilla/5.0 (X11; Ubuntu; Linux x86_64; rv:71.0) Gecko/20100101 Firefox/71.0"
154.81.156.34 - - [07/May/2025:23:53:21 +0530] "GET / HTTP/1.1" 200 4270 "-" "Hello World/1.0"
161.248.238.13 - - [07/May/2025:23:53:36 +0530] "POST /boaform/admin/formLogin HTTP/1.1" 404 221 "http://103.145.51.74:80/admin/login.asp" "Mozilla/5.0 (X11; Ubuntu; Linux x86_64; rv:71.0) Gecko/20100101 Firefox/71.0"
45.134.225.133 - - [07/May/2025:23:53:41 +0530] "POST /boaform/admin/formLogin HTTP/1.1" 404 221 "http://103.145.51.74:80/admin/login.asp" "Mozilla/5.0 (X11; Ubuntu; Linux x86_64; rv:71.0) Gecko/20100101 Firefox/71.0"
45.134.225.133 - - [07/May/2025:23:53:45 +0530] "POST /boaform/admin/formLogin HTTP/1.1" 404 221 "http://103.145.51.236:80/admin/login.asp" "Mozilla/5.0 (X11; Ubuntu; Linux x86_64; rv:71.0) Gecko/20100101 Firefox/71.0"
45.134.225.133 - - [07/May/2025:23:54:48 +0530] "POST /boaform/admin/formLogin HTTP/1.1" 404 221 "http://103.145.51.74:80/admin/login.asp" "Mozilla/5.0 (X11; Ubuntu; Linux x86_64; rv:71.0) Gecko/20100101 Firefox/71.0"
45.134.225.133 - - [07/May/2025:23:54:53 +0530] "POST /boaform/admin/formLogin HTTP/1.1" 404 221 "http://103.145.51.236:80/admin/login.asp" "Mozilla/5.0 (X11; Ubuntu; Linux x86_64; rv:71.0) Gecko/20100101 Firefox/71.0"
154.81.156.34 - - [07/May/2025:23:54:57 +0530] "GET / HTTP/1.1" 200 4270 "-" "Hello World/1.0"
164.90.177.101 - - [07/May/2025:23:55:12 +0530] "GET /.env HTTP/1.1" 404 202 "-" "Mozilla/5.0; Keydrop.io/1.0(onlyscans.com/about);"
164.90.177.101 - - [07/May/2025:23:55:12 +0530] "GET /.git/config HTTP/1.1" 404 209 "-" "Mozilla/5.0; Keydrop.io/1.0(onlyscans.com/about);"
45.134.225.133 - - [07/May/2025:23:55:31 +0530] "POST /boaform/admin/formLogin HTTP/1.1" 404 221 "http://103.145.51.236:80/admin/login.asp" "Mozilla/5.0 (X11; Ubuntu; Linux x86_64; rv:71.0) Gecko/20100101 Firefox/71.0"
45.134.225.133 - - [07/May/2025:23:55:56 +0530] "POST /boaform/admin/formLogin HTTP/1.1" 404 221 "http://103.145.51.74:80/admin/login.asp" "Mozilla/5.0 (X11; Ubuntu; Linux x86_64; rv:71.0) Gecko/20100101 Firefox/71.0"
45.134.225.133 - - [07/May/2025:23:56:22 +0530] "POST /boaform/admin/formLogin HTTP/1.1" 404 221 "http://103.145.51.74:80/admin/login.asp" "Mozilla/5.0 (X11; Ubuntu; Linux x86_64; rv:71.0) Gecko/20100101 Firefox/71.0"
95.214.54.4 - - [07/May/2025:23:57:36 +0530] "GET / HTTP/1.1" 200 4270 "-" "Hello World/1.0"
45.134.225.133 - - [07/May/2025:23:57:57 +0530] "POST /boaform/admin/formLogin HTTP/1.1" 404 221 "http://103.145.51.74:80/admin/login.asp" "Mozilla/5.0 (X11; Ubuntu; Linux x86_64; rv:71.0) Gecko/20100101 Firefox/71.0"
45.134.225.133 - - [07/May/2025:23:58:05 +0530] "POST /boaform/admin/formLogin HTTP/1.1" 404 221 "http://103.145.51.74:80/admin/login.asp" "Mozilla/5.0 (X11; Ubuntu; Linux x86_64; rv:71.0) Gecko/20100101 Firefox/71.0"
95.214.54.4 - - [07/May/2025:23:58:56 +0530] "GET / HTTP/1.1" 200 4270 "-" "Hello World/1.0"
45.134.225.133 - - [07/May/2025:23:59:24 +0530] "POST /boaform/admin/formLogin HTTP/1.1" 404 221 "http://103.145.51.74:80/admin/login.asp" "Mozilla/5.0 (X11; Ubuntu; Linux x86_64; rv:71.0) Gecko/20100101 Firefox/71.0"
161.248.238.13 - - [08/May/2025:00:00:10 +0530] "POST /boaform/admin/formLogin HTTP/1.1" 404 221 "http://103.145.51.236:80/admin/login.asp" "Mozilla/5.0 (X11; Ubuntu; Linux x86_64; rv:71.0) Gecko/20100101 Firefox/71.0"
