45.134.225.133 - - [05/May/2025:19:36:16 +0530] "POST /boaform/admin/formLogin HTTP/1.1" 404 221 "http://103.145.51.236:80/admin/login.asp" "Mozilla/5.0 (X11; Ubuntu; Linux x86_64; rv:71.0) Gecko/20100101 Firefox/71.0"
45.134.225.133 - - [05/May/2025:19:36:51 +0530] "POST /boaform/admin/formLogin HTTP/1.1" 404 221 "http://103.145.51.74:80/admin/login.asp" "Mozilla/5.0 (X11; Ubuntu; Linux x86_64; rv:71.0) Gecko/20100101 Firefox/71.0"
45.134.225.133 - - [05/May/2025:19:38:09 +0530] "POST /boaform/admin/formLogin HTTP/1.1" 404 221 "http://103.145.51.74:80/admin/login.asp" "Mozilla/5.0 (X11; Ubuntu; Linux x86_64; rv:71.0) Gecko/20100101 Firefox/71.0"
45.134.225.133 - - [05/May/2025:19:38:18 +0530] "POST /boaform/admin/formLogin HTTP/1.1" 404 221 "http://103.145.51.236:80/admin/login.asp" "Mozilla/5.0 (X11; Ubuntu; Linux x86_64; rv:71.0) Gecko/20100101 Firefox/71.0"
45.134.225.133 - - [05/May/2025:19:38:51 +0530] "POST /boaform/admin/formLogin HTTP/1.1" 404 221 "http://103.145.51.74:80/admin/login.asp" "Mozilla/5.0 (X11; Ubuntu; Linux x86_64; rv:71.0) Gecko/20100101 Firefox/71.0"
45.134.225.133 - - [05/May/2025:19:39:55 +0530] "POST /boaform/admin/formLogin HTTP/1.1" 404 221 "http://103.145.51.236:80/admin/login.asp" "Mozilla/5.0 (X11; Ubuntu; Linux x86_64; rv:71.0) Gecko/20100101 Firefox/71.0"
45.134.225.133 - - [05/May/2025:19:40:10 +0530] "POST /boaform/admin/formLogin HTTP/1.1" 404 221 "http://103.145.51.236:80/admin/login.asp" "Mozilla/5.0 (X11; Ubuntu; Linux x86_64; rv:71.0) Gecko/20100101 Firefox/71.0"
117.219.185.138 - - [05/May/2025:19:40:11 +0530] "GET / HTTP/1.1" 200 4270 "-" "Mozilla/5.0 (Macintosh; Intel Mac OS X 10_11_6) AppleWebKit/601.7.7 (KHTML, like Gecko) Version/9.1.2 Safari/601.7.7"
45.134.225.133 - - [05/May/2025:19:40:53 +0530] "POST /boaform/admin/formLogin HTTP/1.1" 404 221 "http://103.145.51.74:80/admin/login.asp" "Mozilla/5.0 (X11; Ubuntu; Linux x86_64; rv:71.0) Gecko/20100101 Firefox/71.0"
45.134.225.133 - - [05/May/2025:19:41:27 +0530] "POST /boaform/admin/formLogin HTTP/1.1" 404 221 "http://103.145.51.74:80/admin/login.asp" "Mozilla/5.0 (X11; Ubuntu; Linux x86_64; rv:71.0) Gecko/20100101 Firefox/71.0"
45.134.225.133 - - [05/May/2025:19:41:33 +0530] "POST /boaform/admin/formLogin HTTP/1.1" 404 221 "http://103.145.51.236:80/admin/login.asp" "Mozilla/5.0 (X11; Ubuntu; Linux x86_64; rv:71.0) Gecko/20100101 Firefox/71.0"
45.134.225.133 - - [05/May/2025:19:42:46 +0530] "POST /boaform/admin/formLogin HTTP/1.1" 404 221 "http://103.145.51.236:80/admin/login.asp" "Mozilla/5.0 (X11; Ubuntu; Linux x86_64; rv:71.0) Gecko/20100101 Firefox/71.0"
45.134.225.133 - - [05/May/2025:19:43:02 +0530] "POST /boaform/admin/formLogin HTTP/1.1" 404 221 "http://103.145.51.74:80/admin/login.asp" "Mozilla/5.0 (X11; Ubuntu; Linux x86_64; rv:71.0) Gecko/20100101 Firefox/71.0"
45.134.225.133 - - [05/May/2025:19:44:09 +0530] "POST /boaform/admin/formLogin HTTP/1.1" 404 221 "http://103.145.51.74:80/admin/login.asp" "Mozilla/5.0 (X11; Ubuntu; Linux x86_64; rv:71.0) Gecko/20100101 Firefox/71.0"
45.134.225.133 - - [05/May/2025:19:44:57 +0530] "POST /boaform/admin/formLogin HTTP/1.1" 404 221 "http://103.145.51.236:80/admin/login.asp" "Mozilla/5.0 (X11; Ubuntu; Linux x86_64; rv:71.0) Gecko/20100101 Firefox/71.0"
45.134.225.133 - - [05/May/2025:19:45:30 +0530] "POST /boaform/admin/formLogin HTTP/1.1" 404 221 "http://103.145.51.74:80/admin/login.asp" "Mozilla/5.0 (X11; Ubuntu; Linux x86_64; rv:71.0) Gecko/20100101 Firefox/71.0"
43.153.47.201 - - [05/May/2025:19:46:41 +0530] "GET / HTTP/1.1" 200 1620 "-" "Mozilla/5.0 (iPhone; CPU iPhone OS 13_2_3 like Mac OS X) AppleWebKit/605.1.15 (KHTML, like Gecko) Version/13.0.3 Mobile/15E148 Safari/604.1"
45.134.225.133 - - [05/May/2025:19:46:45 +0530] "POST /boaform/admin/formLogin HTTP/1.1" 404 221 "http://103.145.51.236:80/admin/login.asp" "Mozilla/5.0 (X11; Ubuntu; Linux x86_64; rv:71.0) Gecko/20100101 Firefox/71.0"
161.248.238.13 - - [05/May/2025:19:47:00 +0530] "POST /boaform/admin/formLogin HTTP/1.1" 404 221 "http://103.145.51.74:80/admin/login.asp" "Mozilla/5.0 (X11; Ubuntu; Linux x86_64; rv:71.0) Gecko/20100101 Firefox/71.0"
161.248.238.13 - - [05/May/2025:19:47:06 +0530] "POST /boaform/admin/formLogin HTTP/1.1" 404 221 "http://103.145.51.236:80/admin/login.asp" "Mozilla/5.0 (X11; Ubuntu; Linux x86_64; rv:71.0) Gecko/20100101 Firefox/71.0"
45.134.225.133 - - [05/May/2025:19:47:17 +0530] "POST /boaform/admin/formLogin HTTP/1.1" 404 221 "http://103.145.51.74:80/admin/login.asp" "Mozilla/5.0 (X11; Ubuntu; Linux x86_64; rv:71.0) Gecko/20100101 Firefox/71.0"
45.134.225.133 - - [05/May/2025:19:47:24 +0530] "POST /boaform/admin/formLogin HTTP/1.1" 404 221 "http://103.145.51.236:80/admin/login.asp" "Mozilla/5.0 (X11; Ubuntu; Linux x86_64; rv:71.0) Gecko/20100101 Firefox/71.0"
45.134.225.133 - - [05/May/2025:19:48:08 +0530] "POST /boaform/admin/formLogin HTTP/1.1" 404 221 "http://103.145.51.74:80/admin/login.asp" "Mozilla/5.0 (X11; Ubuntu; Linux x86_64; rv:71.0) Gecko/20100101 Firefox/71.0"
45.134.225.133 - - [05/May/2025:19:48:16 +0530] "POST /boaform/admin/formLogin HTTP/1.1" 404 221 "http://103.145.51.236:80/admin/login.asp" "Mozilla/5.0 (X11; Ubuntu; Linux x86_64; rv:71.0) Gecko/20100101 Firefox/71.0"
93.174.93.12 - - [05/May/2025:19:48:47 +0530] "\x16\x03\x02\x01o\x01" 400 226 "-" "-"
45.134.225.133 - - [05/May/2025:19:49:18 +0530] "POST /boaform/admin/formLogin HTTP/1.1" 404 221 "http://103.145.51.74:80/admin/login.asp" "Mozilla/5.0 (X11; Ubuntu; Linux x86_64; rv:71.0) Gecko/20100101 Firefox/71.0"
45.134.225.133 - - [05/May/2025:19:49:36 +0530] "POST /boaform/admin/formLogin HTTP/1.1" 404 221 "http://103.145.51.236:80/admin/login.asp" "Mozilla/5.0 (X11; Ubuntu; Linux x86_64; rv:71.0) Gecko/20100101 Firefox/71.0"
45.134.225.133 - - [05/May/2025:19:50:42 +0530] "POST /boaform/admin/formLogin HTTP/1.1" 404 221 "http://103.145.51.236:80/admin/login.asp" "Mozilla/5.0 (X11; Ubuntu; Linux x86_64; rv:71.0) Gecko/20100101 Firefox/71.0"
212.107.12.18 - - [05/May/2025:19:51:35 +0530] "GET / HTTP/1.1" 200 4270 "-" "-"
45.134.225.133 - - [05/May/2025:19:52:06 +0530] "POST /boaform/admin/formLogin HTTP/1.1" 404 221 "http://103.145.51.74:80/admin/login.asp" "Mozilla/5.0 (X11; Ubuntu; Linux x86_64; rv:71.0) Gecko/20100101 Firefox/71.0"
45.134.225.133 - - [05/May/2025:19:52:22 +0530] "POST /boaform/admin/formLogin HTTP/1.1" 404 221 "http://103.145.51.236:80/admin/login.asp" "Mozilla/5.0 (X11; Ubuntu; Linux x86_64; rv:71.0) Gecko/20100101 Firefox/71.0"
95.214.54.4 - - [05/May/2025:19:52:55 +0530] "GET / HTTP/1.1" 200 4270 "-" "Hello World/1.0"
45.134.225.133 - - [05/May/2025:19:53:01 +0530] "POST /boaform/admin/formLogin HTTP/1.1" 404 221 "http://103.145.51.236:80/admin/login.asp" "Mozilla/5.0 (X11; Ubuntu; Linux x86_64; rv:71.0) Gecko/20100101 Firefox/71.0"
45.134.225.133 - - [05/May/2025:19:53:27 +0530] "POST /boaform/admin/formLogin HTTP/1.1" 404 221 "http://103.145.51.74:80/admin/login.asp" "Mozilla/5.0 (X11; Ubuntu; Linux x86_64; rv:71.0) Gecko/20100101 Firefox/71.0"
161.248.238.13 - - [05/May/2025:19:54:04 +0530] "POST /boaform/admin/formLogin HTTP/1.1" 404 221 "http://103.145.51.236:80/admin/login.asp" "Mozilla/5.0 (X11; Ubuntu; Linux x86_64; rv:71.0) Gecko/20100101 Firefox/71.0"
45.134.225.133 - - [05/May/2025:19:54:47 +0530] "POST /boaform/admin/formLogin HTTP/1.1" 404 221 "http://103.145.51.236:80/admin/login.asp" "Mozilla/5.0 (X11; Ubuntu; Linux x86_64; rv:71.0) Gecko/20100101 Firefox/71.0"
212.107.12.18 - - [05/May/2025:19:55:12 +0530] "GET / HTTP/1.1" 200 4270 "-" "-"
176.65.137.188 - - [05/May/2025:19:55:17 +0530] "GET / HTTP/1.1" 200 4270 "-" "-"
161.248.238.13 - - [05/May/2025:19:55:58 +0530] "POST /boaform/admin/formLogin HTTP/1.1" 404 221 "http://103.145.51.74:80/admin/login.asp" "Mozilla/5.0 (X11; Ubuntu; Linux x86_64; rv:71.0) Gecko/20100101 Firefox/71.0"
95.214.54.4 - - [05/May/2025:19:55:58 +0530] "GET / HTTP/1.1" 200 4270 "-" "Hello World/1.0"
45.134.225.133 - - [05/May/2025:19:56:07 +0530] "POST /boaform/admin/formLogin HTTP/1.1" 404 221 "http://103.145.51.74:80/admin/login.asp" "Mozilla/5.0 (X11; Ubuntu; Linux x86_64; rv:71.0) Gecko/20100101 Firefox/71.0"
45.134.225.133 - - [05/May/2025:19:56:20 +0530] "POST /boaform/admin/formLogin HTTP/1.1" 404 221 "http://103.145.51.236:80/admin/login.asp" "Mozilla/5.0 (X11; Ubuntu; Linux x86_64; rv:71.0) Gecko/20100101 Firefox/71.0"
45.134.225.133 - - [05/May/2025:19:57:21 +0530] "POST /boaform/admin/formLogin HTTP/1.1" 404 221 "http://103.145.51.74:80/admin/login.asp" "Mozilla/5.0 (X11; Ubuntu; Linux x86_64; rv:71.0) Gecko/20100101 Firefox/71.0"
45.134.225.133 - - [05/May/2025:19:57:37 +0530] "POST /boaform/admin/formLogin HTTP/1.1" 404 221 "http://103.145.51.236:80/admin/login.asp" "Mozilla/5.0 (X11; Ubuntu; Linux x86_64; rv:71.0) Gecko/20100101 Firefox/71.0"
161.248.238.13 - - [05/May/2025:19:58:03 +0530] "POST /boaform/admin/formLogin HTTP/1.1" 404 221 "http://103.145.51.74:80/admin/login.asp" "Mozilla/5.0 (X11; Ubuntu; Linux x86_64; rv:71.0) Gecko/20100101 Firefox/71.0"
161.248.238.13 - - [05/May/2025:19:59:09 +0530] "POST /boaform/admin/formLogin HTTP/1.1" 404 221 "http://103.145.51.236:80/admin/login.asp" "Mozilla/5.0 (X11; Ubuntu; Linux x86_64; rv:71.0) Gecko/20100101 Firefox/71.0"
45.134.225.133 - - [05/May/2025:19:59:43 +0530] "POST /boaform/admin/formLogin HTTP/1.1" 404 221 "http://103.145.51.74:80/admin/login.asp" "Mozilla/5.0 (X11; Ubuntu; Linux x86_64; rv:71.0) Gecko/20100101 Firefox/71.0"
45.134.225.133 - - [05/May/2025:19:59:57 +0530] "POST /boaform/admin/formLogin HTTP/1.1" 404 221 "http://103.145.51.236:80/admin/login.asp" "Mozilla/5.0 (X11; Ubuntu; Linux x86_64; rv:71.0) Gecko/20100101 Firefox/71.0"
45.134.225.133 - - [05/May/2025:20:00:40 +0530] "POST /boaform/admin/formLogin HTTP/1.1" 404 221 "http://103.145.51.74:80/admin/login.asp" "Mozilla/5.0 (X11; Ubuntu; Linux x86_64; rv:71.0) Gecko/20100101 Firefox/71.0"
45.134.225.133 - - [05/May/2025:20:00:57 +0530] "POST /boaform/admin/formLogin HTTP/1.1" 404 221 "http://103.145.51.236:80/admin/login.asp" "Mozilla/5.0 (X11; Ubuntu; Linux x86_64; rv:71.0) Gecko/20100101 Firefox/71.0"
45.134.225.133 - - [05/May/2025:20:01:32 +0530] "POST /boaform/admin/formLogin HTTP/1.1" 404 221 "http://103.145.51.236:80/admin/login.asp" "Mozilla/5.0 (X11; Ubuntu; Linux x86_64; rv:71.0) Gecko/20100101 Firefox/71.0"
154.81.156.34 - - [05/May/2025:20:02:34 +0530] "GET / HTTP/1.1" 200 4270 "-" "Hello World/1.0"
154.81.156.34 - - [05/May/2025:20:03:09 +0530] "GET / HTTP/1.1" 200 4270 "-" "Hello World/1.0"
45.134.225.133 - - [05/May/2025:20:03:12 +0530] "POST /boaform/admin/formLogin HTTP/1.1" 404 221 "http://103.145.51.236:80/admin/login.asp" "Mozilla/5.0 (X11; Ubuntu; Linux x86_64; rv:71.0) Gecko/20100101 Firefox/71.0"
45.134.225.133 - - [05/May/2025:20:03:51 +0530] "POST /boaform/admin/formLogin HTTP/1.1" 404 221 "http://103.145.51.236:80/admin/login.asp" "Mozilla/5.0 (X11; Ubuntu; Linux x86_64; rv:71.0) Gecko/20100101 Firefox/71.0"
45.134.225.133 - - [05/May/2025:20:03:52 +0530] "POST /boaform/admin/formLogin HTTP/1.1" 404 221 "http://103.145.51.74:80/admin/login.asp" "Mozilla/5.0 (X11; Ubuntu; Linux x86_64; rv:71.0) Gecko/20100101 Firefox/71.0"
176.65.137.188 - - [05/May/2025:20:05:15 +0530] "GET / HTTP/1.1" 200 4270 "-" "-"
176.65.137.188 - - [05/May/2025:20:05:15 +0530] "POST /boaform/admin/formLogin HTTP/1.1" 404 221 "-" "Mozilla/5.0"
176.65.137.188 - - [05/May/2025:20:05:16 +0530] "POST /boaform/admin/formTracert HTTP/1.1" 404 223 "-" "Mozilla/5.0"
45.134.225.133 - - [05/May/2025:20:05:50 +0530] "POST /boaform/admin/formLogin HTTP/1.1" 404 221 "http://103.145.51.236:80/admin/login.asp" "Mozilla/5.0 (X11; Ubuntu; Linux x86_64; rv:71.0) Gecko/20100101 Firefox/71.0"
45.134.225.133 - - [05/May/2025:20:06:04 +0530] "POST /boaform/admin/formLogin HTTP/1.1" 404 221 "http://103.145.51.74:80/admin/login.asp" "Mozilla/5.0 (X11; Ubuntu; Linux x86_64; rv:71.0) Gecko/20100101 Firefox/71.0"
45.134.225.133 - - [05/May/2025:20:06:52 +0530] "POST /boaform/admin/formLogin HTTP/1.1" 404 221 "http://103.145.51.74:80/admin/login.asp" "Mozilla/5.0 (X11; Ubuntu; Linux x86_64; rv:71.0) Gecko/20100101 Firefox/71.0"
80.82.77.202 - - [05/May/2025:20:07:08 +0530] "GET / HTTP/1.0" 200 4270 "-" "Mozilla/5.0 (Linux; Android 5.0; ASUS_Z00AD) AppleWebKit/537.36 (KHTML, like Gecko) Chrome/76.0.3809.111 Mobile Safari/537.36"
176.65.142.182 - - [05/May/2025:20:07:52 +0530] "GET / HTTP/1.1" 200 4270 "-" "-"
45.134.225.133 - - [05/May/2025:20:07:59 +0530] "POST /boaform/admin/formLogin HTTP/1.1" 404 221 "http://103.145.51.74:80/admin/login.asp" "Mozilla/5.0 (X11; Ubuntu; Linux x86_64; rv:71.0) Gecko/20100101 Firefox/71.0"
45.134.225.133 - - [05/May/2025:20:08:35 +0530] "POST /boaform/admin/formLogin HTTP/1.1" 404 221 "http://103.145.51.236:80/admin/login.asp" "Mozilla/5.0 (X11; Ubuntu; Linux x86_64; rv:71.0) Gecko/20100101 Firefox/71.0"
45.134.225.133 - - [05/May/2025:20:09:22 +0530] "POST /boaform/admin/formLogin HTTP/1.1" 404 221 "http://103.145.51.236:80/admin/login.asp" "Mozilla/5.0 (X11; Ubuntu; Linux x86_64; rv:71.0) Gecko/20100101 Firefox/71.0"
45.134.225.133 - - [05/May/2025:20:09:34 +0530] "POST /boaform/admin/formLogin HTTP/1.1" 404 221 "http://103.145.51.74:80/admin/login.asp" "Mozilla/5.0 (X11; Ubuntu; Linux x86_64; rv:71.0) Gecko/20100101 Firefox/71.0"
161.248.238.13 - - [05/May/2025:20:09:55 +0530] "POST /boaform/admin/formLogin HTTP/1.1" 404 221 "http://103.145.51.236:80/admin/login.asp" "Mozilla/5.0 (X11; Ubuntu; Linux x86_64; rv:71.0) Gecko/20100101 Firefox/71.0"
45.134.225.133 - - [05/May/2025:20:10:23 +0530] "POST /boaform/admin/formLogin HTTP/1.1" 404 221 "http://103.145.51.74:80/admin/login.asp" "Mozilla/5.0 (X11; Ubuntu; Linux x86_64; rv:71.0) Gecko/20100101 Firefox/71.0"
45.134.225.133 - - [05/May/2025:20:10:51 +0530] "POST /boaform/admin/formLogin HTTP/1.1" 404 221 "http://103.145.51.236:80/admin/login.asp" "Mozilla/5.0 (X11; Ubuntu; Linux x86_64; rv:71.0) Gecko/20100101 Firefox/71.0"
161.248.238.13 - - [05/May/2025:20:11:23 +0530] "POST /boaform/admin/formLogin HTTP/1.1" 404 221 "http://103.145.51.74:80/admin/login.asp" "Mozilla/5.0 (X11; Ubuntu; Linux x86_64; rv:71.0) Gecko/20100101 Firefox/71.0"
45.134.225.133 - - [05/May/2025:20:11:23 +0530] "POST /boaform/admin/formLogin HTTP/1.1" 404 221 "http://103.145.51.74:80/admin/login.asp" "Mozilla/5.0 (X11; Ubuntu; Linux x86_64; rv:71.0) Gecko/20100101 Firefox/71.0"
95.214.54.4 - - [05/May/2025:20:11:57 +0530] "GET / HTTP/1.1" 200 4270 "-" "Hello World/1.0"
45.134.225.133 - - [05/May/2025:20:11:57 +0530] "POST /boaform/admin/formLogin HTTP/1.1" 404 221 "http://103.145.51.236:80/admin/login.asp" "Mozilla/5.0 (X11; Ubuntu; Linux x86_64; rv:71.0) Gecko/20100101 Firefox/71.0"
51.159.101.221 - - [05/May/2025:20:12:58 +0530] "HEAD / HTTP/1.1" 200 - "-" "curl/7.81.0"
51.159.101.221 - - [05/May/2025:20:13:06 +0530] "GET / HTTP/1.1" 200 1620 "-" "Mozilla/5.0 (X11; Linux x86_64) AppleWebKit/537.36 (KHTML, like Gecko) Chrome/132.0.0.0 Safari/537.3"
51.159.101.221 - - [05/May/2025:20:13:06 +0530] "GET /hostingrajalogo.jpg HTTP/1.1" 200 13432 "http://103.145.51.236/" "Mozilla/5.0 (X11; Linux x86_64) AppleWebKit/537.36 (KHTML, like Gecko) Chrome/132.0.0.0 Safari/537.3"
51.159.101.221 - - [05/May/2025:20:13:07 +0530] "GET /favicon.ico HTTP/1.1" 404 209 "http://103.145.51.236/" "Mozilla/5.0 (X11; Linux x86_64) AppleWebKit/537.36 (KHTML, like Gecko) Chrome/132.0.0.0 Safari/537.3"
51.159.101.221 - - [05/May/2025:20:13:08 +0530] "GET /favicon.ico HTTP/1.1" 404 209 "-" "Mozilla/5.0 (X11; Linux x86_64) AppleWebKit/537.36 (KHTML, like Gecko) Chrome/132.0.0.0 Safari/537.3"
51.159.101.221 - - [05/May/2025:20:13:08 +0530] "GET /favicon.ico HTTP/1.1" 404 209 "-" "Mozilla/5.0 (X11; Linux x86_64) AppleWebKit/537.36 (KHTML, like Gecko) Chrome/132.0.0.0 Safari/537.3"
51.159.101.221 - - [05/May/2025:20:13:08 +0530] "GET /favicon.ico HTTP/1.1" 404 209 "-" "Mozilla/5.0 (X11; Linux x86_64) AppleWebKit/537.36 (KHTML, like Gecko) Chrome/132.0.0.0 Safari/537.3"
51.159.101.221 - - [05/May/2025:20:13:10 +0530] "GET /ads.txt HTTP/1.1" 404 205 "-" "Mozilla/5.0 (X11; Linux x86_64) AppleWebKit/537.36 (KHTML, like Gecko) Chrome/132.0.0.0 Safari/537.3"
51.159.101.221 - - [05/May/2025:20:13:11 +0530] "GET /app-ads.txt HTTP/1.1" 404 209 "-" "Mozilla/5.0 (X11; Linux x86_64) AppleWebKit/537.36 (KHTML, like Gecko) Chrome/132.0.0.0 Safari/537.3"
51.159.101.221 - - [05/May/2025:20:13:11 +0530] "GET /sellers.json HTTP/1.1" 404 210 "-" "Mozilla/5.0 (X11; Linux x86_64) AppleWebKit/537.36 (KHTML, like Gecko) Chrome/132.0.0.0 Safari/537.3"
45.134.225.133 - - [05/May/2025:20:13:14 +0530] "POST /boaform/admin/formLogin HTTP/1.1" 404 221 "http://103.145.51.74:80/admin/login.asp" "Mozilla/5.0 (X11; Ubuntu; Linux x86_64; rv:71.0) Gecko/20100101 Firefox/71.0"
45.134.225.133 - - [05/May/2025:20:13:34 +0530] "POST /boaform/admin/formLogin HTTP/1.1" 404 221 "http://103.145.51.74:80/admin/login.asp" "Mozilla/5.0 (X11; Ubuntu; Linux x86_64; rv:71.0) Gecko/20100101 Firefox/71.0"
176.65.149.188 - - [05/May/2025:20:13:56 +0530] "POST /boaform/admin/formLogin HTTP/1.1" 404 221 "http://103.145.51.236:80/admin/login.asp" "Mozilla/5.0 (X11; Ubuntu; Linux x86_64; rv:71.0) Gecko/20100101 Firefox/71.0"
45.134.225.133 - - [05/May/2025:20:13:59 +0530] "POST /boaform/admin/formLogin HTTP/1.1" 404 221 "http://103.145.51.236:80/admin/login.asp" "Mozilla/5.0 (X11; Ubuntu; Linux x86_64; rv:71.0) Gecko/20100101 Firefox/71.0"
45.134.225.133 - - [05/May/2025:20:15:30 +0530] "POST /boaform/admin/formLogin HTTP/1.1" 404 221 "http://103.145.51.74:80/admin/login.asp" "Mozilla/5.0 (X11; Ubuntu; Linux x86_64; rv:71.0) Gecko/20100101 Firefox/71.0"
45.134.225.133 - - [05/May/2025:20:16:04 +0530] "POST /boaform/admin/formLogin HTTP/1.1" 404 221 "http://103.145.51.236:80/admin/login.asp" "Mozilla/5.0 (X11; Ubuntu; Linux x86_64; rv:71.0) Gecko/20100101 Firefox/71.0"
45.134.225.133 - - [05/May/2025:20:17:36 +0530] "POST /boaform/admin/formLogin HTTP/1.1" 404 221 "http://103.145.51.74:80/admin/login.asp" "Mozilla/5.0 (X11; Ubuntu; Linux x86_64; rv:71.0) Gecko/20100101 Firefox/71.0"
45.134.225.133 - - [05/May/2025:20:18:04 +0530] "POST /boaform/admin/formLogin HTTP/1.1" 404 221 "http://103.145.51.236:80/admin/login.asp" "Mozilla/5.0 (X11; Ubuntu; Linux x86_64; rv:71.0) Gecko/20100101 Firefox/71.0"
45.134.225.133 - - [05/May/2025:20:18:21 +0530] "POST /boaform/admin/formLogin HTTP/1.1" 404 221 "http://103.145.51.236:80/admin/login.asp" "Mozilla/5.0 (X11; Ubuntu; Linux x86_64; rv:71.0) Gecko/20100101 Firefox/71.0"
45.134.225.133 - - [05/May/2025:20:19:06 +0530] "POST /boaform/admin/formLogin HTTP/1.1" 404 221 "http://103.145.51.74:80/admin/login.asp" "Mozilla/5.0 (X11; Ubuntu; Linux x86_64; rv:71.0) Gecko/20100101 Firefox/71.0"
95.214.54.4 - - [05/May/2025:20:19:19 +0530] "GET / HTTP/1.1" 200 4270 "-" "Hello World/1.0"
45.134.225.133 - - [05/May/2025:20:19:47 +0530] "POST /boaform/admin/formLogin HTTP/1.1" 404 221 "http://103.145.51.236:80/admin/login.asp" "Mozilla/5.0 (X11; Ubuntu; Linux x86_64; rv:71.0) Gecko/20100101 Firefox/71.0"
212.107.12.18 - - [05/May/2025:20:19:47 +0530] "GET / HTTP/1.1" 200 4270 "-" "-"
45.134.225.133 - - [05/May/2025:20:20:26 +0530] "POST /boaform/admin/formLogin HTTP/1.1" 404 221 "http://103.145.51.74:80/admin/login.asp" "Mozilla/5.0 (X11; Ubuntu; Linux x86_64; rv:71.0) Gecko/20100101 Firefox/71.0"
45.134.225.133 - - [05/May/2025:20:21:31 +0530] "POST /boaform/admin/formLogin HTTP/1.1" 404 221 "http://103.145.51.74:80/admin/login.asp" "Mozilla/5.0 (X11; Ubuntu; Linux x86_64; rv:71.0) Gecko/20100101 Firefox/71.0"
45.134.225.133 - - [05/May/2025:20:22:27 +0530] "POST /boaform/admin/formLogin HTTP/1.1" 404 221 "http://103.145.51.236:80/admin/login.asp" "Mozilla/5.0 (X11; Ubuntu; Linux x86_64; rv:71.0) Gecko/20100101 Firefox/71.0"
45.134.225.133 - - [05/May/2025:20:22:48 +0530] "POST /boaform/admin/formLogin HTTP/1.1" 404 221 "http://103.145.51.74:80/admin/login.asp" "Mozilla/5.0 (X11; Ubuntu; Linux x86_64; rv:71.0) Gecko/20100101 Firefox/71.0"
45.134.225.133 - - [05/May/2025:20:23:01 +0530] "POST /boaform/admin/formLogin HTTP/1.1" 404 221 "http://103.145.51.74:80/admin/login.asp" "Mozilla/5.0 (X11; Ubuntu; Linux x86_64; rv:71.0) Gecko/20100101 Firefox/71.0"
45.134.225.133 - - [05/May/2025:20:23:36 +0530] "POST /boaform/admin/formLogin HTTP/1.1" 404 221 "http://103.145.51.236:80/admin/login.asp" "Mozilla/5.0 (X11; Ubuntu; Linux x86_64; rv:71.0) Gecko/20100101 Firefox/71.0"
45.134.225.133 - - [05/May/2025:20:24:20 +0530] "POST /boaform/admin/formLogin HTTP/1.1" 404 221 "http://103.145.51.236:80/admin/login.asp" "Mozilla/5.0 (X11; Ubuntu; Linux x86_64; rv:71.0) Gecko/20100101 Firefox/71.0"
161.248.238.13 - - [05/May/2025:20:24:22 +0530] "POST /boaform/admin/formLogin HTTP/1.1" 404 221 "http://103.145.51.236:80/admin/login.asp" "Mozilla/5.0 (X11; Ubuntu; Linux x86_64; rv:71.0) Gecko/20100101 Firefox/71.0"
45.134.225.133 - - [05/May/2025:20:24:25 +0530] "POST /boaform/admin/formLogin HTTP/1.1" 404 221 "http://103.145.51.74:80/admin/login.asp" "Mozilla/5.0 (X11; Ubuntu; Linux x86_64; rv:71.0) Gecko/20100101 Firefox/71.0"
212.107.12.18 - - [05/May/2025:20:25:14 +0530] "GET / HTTP/1.1" 200 4270 "-" "-"
45.134.225.133 - - [05/May/2025:20:25:37 +0530] "POST /boaform/admin/formLogin HTTP/1.1" 404 221 "http://103.145.51.236:80/admin/login.asp" "Mozilla/5.0 (X11; Ubuntu; Linux x86_64; rv:71.0) Gecko/20100101 Firefox/71.0"
176.65.142.182 - - [05/May/2025:20:27:44 +0530] "GET / HTTP/1.1" 200 4270 "-" "-"
45.134.225.133 - - [05/May/2025:20:27:46 +0530] "POST /boaform/admin/formLogin HTTP/1.1" 404 221 "http://103.145.51.74:80/admin/login.asp" "Mozilla/5.0 (X11; Ubuntu; Linux x86_64; rv:71.0) Gecko/20100101 Firefox/71.0"
178.149.240.69 - - [05/May/2025:20:27:48 +0530] "GET / HTTP/1.1" 200 4270 "-" "-"
45.134.225.133 - - [05/May/2025:20:27:49 +0530] "POST /boaform/admin/formLogin HTTP/1.1" 404 221 "http://103.145.51.236:80/admin/login.asp" "Mozilla/5.0 (X11; Ubuntu; Linux x86_64; rv:71.0) Gecko/20100101 Firefox/71.0"
154.81.156.54 - - [05/May/2025:20:27:53 +0530] "GET /cgi-bin/luci/;stok=/locale HTTP/1.1" 404 224 "-" "-"
45.134.225.133 - - [05/May/2025:20:28:46 +0530] "POST /boaform/admin/formLogin HTTP/1.1" 404 221 "http://103.145.51.74:80/admin/login.asp" "Mozilla/5.0 (X11; Ubuntu; Linux x86_64; rv:71.0) Gecko/20100101 Firefox/71.0"
45.134.225.133 - - [05/May/2025:20:29:17 +0530] "POST /boaform/admin/formLogin HTTP/1.1" 404 221 "http://103.145.51.236:80/admin/login.asp" "Mozilla/5.0 (X11; Ubuntu; Linux x86_64; rv:71.0) Gecko/20100101 Firefox/71.0"
95.214.54.4 - - [05/May/2025:20:30:37 +0530] "GET / HTTP/1.1" 200 4270 "-" "Hello World/1.0"
154.81.156.34 - - [05/May/2025:20:30:48 +0530] "GET / HTTP/1.1" 200 4270 "-" "Hello World/1.0"
45.134.225.133 - - [05/May/2025:20:31:14 +0530] "POST /boaform/admin/formLogin HTTP/1.1" 404 221 "http://103.145.51.74:80/admin/login.asp" "Mozilla/5.0 (X11; Ubuntu; Linux x86_64; rv:71.0) Gecko/20100101 Firefox/71.0"
45.134.225.133 - - [05/May/2025:20:31:59 +0530] "POST /boaform/admin/formLogin HTTP/1.1" 404 221 "http://103.145.51.236:80/admin/login.asp" "Mozilla/5.0 (X11; Ubuntu; Linux x86_64; rv:71.0) Gecko/20100101 Firefox/71.0"
154.81.156.34 - - [05/May/2025:20:32:41 +0530] "GET / HTTP/1.1" 200 4270 "-" "Hello World/1.0"
45.134.225.133 - - [05/May/2025:20:33:36 +0530] "POST /boaform/admin/formLogin HTTP/1.1" 404 221 "http://103.145.51.74:80/admin/login.asp" "Mozilla/5.0 (X11; Ubuntu; Linux x86_64; rv:71.0) Gecko/20100101 Firefox/71.0"
45.134.225.133 - - [05/May/2025:20:35:06 +0530] "POST /boaform/admin/formLogin HTTP/1.1" 404 221 "http://103.145.51.74:80/admin/login.asp" "Mozilla/5.0 (X11; Ubuntu; Linux x86_64; rv:71.0) Gecko/20100101 Firefox/71.0"
45.134.225.133 - - [05/May/2025:20:35:09 +0530] "POST /boaform/admin/formLogin HTTP/1.1" 404 221 "http://103.145.51.236:80/admin/login.asp" "Mozilla/5.0 (X11; Ubuntu; Linux x86_64; rv:71.0) Gecko/20100101 Firefox/71.0"
45.134.225.133 - - [05/May/2025:20:35:42 +0530] "POST /boaform/admin/formLogin HTTP/1.1" 404 221 "http://103.145.51.236:80/admin/login.asp" "Mozilla/5.0 (X11; Ubuntu; Linux x86_64; rv:71.0) Gecko/20100101 Firefox/71.0"
45.134.225.133 - - [05/May/2025:20:36:05 +0530] "POST /boaform/admin/formLogin HTTP/1.1" 404 221 "http://103.145.51.74:80/admin/login.asp" "Mozilla/5.0 (X11; Ubuntu; Linux x86_64; rv:71.0) Gecko/20100101 Firefox/71.0"
161.248.238.13 - - [05/May/2025:20:36:55 +0530] "POST /boaform/admin/formLogin HTTP/1.1" 404 221 "http://103.145.51.236:80/admin/login.asp" "Mozilla/5.0 (X11; Ubuntu; Linux x86_64; rv:71.0) Gecko/20100101 Firefox/71.0"
161.248.238.13 - - [05/May/2025:20:37:06 +0530] "POST /boaform/admin/formLogin HTTP/1.1" 404 221 "http://103.145.51.74:80/admin/login.asp" "Mozilla/5.0 (X11; Ubuntu; Linux x86_64; rv:71.0) Gecko/20100101 Firefox/71.0"
45.134.225.133 - - [05/May/2025:20:37:23 +0530] "POST /boaform/admin/formLogin HTTP/1.1" 404 221 "http://103.145.51.236:80/admin/login.asp" "Mozilla/5.0 (X11; Ubuntu; Linux x86_64; rv:71.0) Gecko/20100101 Firefox/71.0"
45.134.225.133 - - [05/May/2025:20:37:58 +0530] "POST /boaform/admin/formLogin HTTP/1.1" 404 221 "http://103.145.51.74:80/admin/login.asp" "Mozilla/5.0 (X11; Ubuntu; Linux x86_64; rv:71.0) Gecko/20100101 Firefox/71.0"
195.178.110.161 - - [05/May/2025:20:38:07 +0530] "\x16\x03\x01" 400 226 "-" "-"
195.178.110.161 - - [05/May/2025:20:38:07 +0530] "GET / HTTP/1.1" 400 226 "-" "-"
195.178.110.161 - - [05/May/2025:20:38:08 +0530] "GET / HTTP/1.1" 200 4270 "-" "l9tcpid/v1.1.0"
45.134.225.133 - - [05/May/2025:20:38:33 +0530] "POST /boaform/admin/formLogin HTTP/1.1" 404 221 "http://103.145.51.236:80/admin/login.asp" "Mozilla/5.0 (X11; Ubuntu; Linux x86_64; rv:71.0) Gecko/20100101 Firefox/71.0"
45.134.225.133 - - [05/May/2025:20:40:55 +0530] "POST /boaform/admin/formLogin HTTP/1.1" 404 221 "http://103.145.51.74:80/admin/login.asp" "Mozilla/5.0 (X11; Ubuntu; Linux x86_64; rv:71.0) Gecko/20100101 Firefox/71.0"
95.214.54.4 - - [05/May/2025:20:41:25 +0530] "GET / HTTP/1.1" 200 4270 "-" "Hello World/1.0"
45.134.225.133 - - [05/May/2025:20:41:35 +0530] "POST /boaform/admin/formLogin HTTP/1.1" 404 221 "http://103.145.51.236:80/admin/login.asp" "Mozilla/5.0 (X11; Ubuntu; Linux x86_64; rv:71.0) Gecko/20100101 Firefox/71.0"
45.134.225.133 - - [05/May/2025:20:42:29 +0530] "POST /boaform/admin/formLogin HTTP/1.1" 404 221 "http://103.145.51.74:80/admin/login.asp" "Mozilla/5.0 (X11; Ubuntu; Linux x86_64; rv:71.0) Gecko/20100101 Firefox/71.0"
195.178.110.161 - - [05/May/2025:20:43:11 +0530] "GET /docker/.env HTTP/1.1" 404 209 "-" "l9explore/1.2.2"
195.178.110.161 - - [05/May/2025:20:43:12 +0530] "GET /exapi/.env HTTP/1.1" 404 208 "-" "l9explore/1.2.2"
195.178.110.161 - - [05/May/2025:20:43:14 +0530] "GET /react_todo/.env HTTP/1.1" 404 213 "-" "l9explore/1.2.2"
195.178.110.161 - - [05/May/2025:20:43:16 +0530] "GET /secrets/aws_sns.env HTTP/1.1" 404 217 "-" "l9explore/1.2.2"
195.178.110.161 - - [05/May/2025:20:43:16 +0530] "GET /server/config/.env HTTP/1.1" 404 216 "-" "l9explore/1.2.2"
195.178.110.161 - - [05/May/2025:20:43:16 +0530] "GET /Simple_server/.env HTTP/1.1" 404 216 "-" "l9explore/1.2.2"
195.178.110.161 - - [05/May/2025:20:43:17 +0530] "GET /.env.bak HTTP/1.1" 404 206 "-" "l9explore/1.2.2"
195.178.110.161 - - [05/May/2025:20:43:19 +0530] "GET /mailer/.env HTTP/1.1" 404 209 "-" "l9explore/1.2.2"
195.178.110.161 - - [05/May/2025:20:43:21 +0530] "GET /resources/.env HTTP/1.1" 404 212 "-" "l9explore/1.2.2"
195.178.110.161 - - [05/May/2025:20:43:23 +0530] "GET /selfish-darling-backend/.env HTTP/1.1" 404 226 "-" "l9explore/1.2.2"
195.178.110.161 - - [05/May/2025:20:43:25 +0530] "GET /server/laravel/.env HTTP/1.1" 404 217 "-" "l9explore/1.2.2"
161.248.238.13 - - [05/May/2025:20:43:27 +0530] "POST /boaform/admin/formLogin HTTP/1.1" 404 221 "http://103.145.51.74:80/admin/login.asp" "Mozilla/5.0 (X11; Ubuntu; Linux x86_64; rv:71.0) Gecko/20100101 Firefox/71.0"
195.178.110.161 - - [05/May/2025:20:43:28 +0530] "GET /.env.local HTTP/1.1" 404 208 "-" "l9explore/1.2.2"
195.178.110.161 - - [05/May/2025:20:43:31 +0530] "GET /.gitlab-ci/.env HTTP/1.1" 404 213 "-" "l9explore/1.2.2"
195.178.110.161 - - [05/May/2025:20:43:34 +0530] "GET /cron/aws_sns.env HTTP/1.1" 404 214 "-" "l9explore/1.2.2"
195.178.110.161 - - [05/May/2025:20:43:36 +0530] "GET /prod/.env HTTP/1.1" 404 207 "-" "l9explore/1.2.2"
195.178.110.161 - - [05/May/2025:20:43:36 +0530] "GET /env/.env HTTP/1.1" 404 206 "-" "l9explore/1.2.2"
195.178.110.161 - - [05/May/2025:20:43:39 +0530] "GET /laravel/core/.env HTTP/1.1" 404 215 "-" "l9explore/1.2.2"
195.178.110.161 - - [05/May/2025:20:43:40 +0530] "GET /main/.env HTTP/1.1" 404 207 "-" "l9explore/1.2.2"
45.134.225.133 - - [05/May/2025:20:43:40 +0530] "POST /boaform/admin/formLogin HTTP/1.1" 404 221 "http://103.145.51.74:80/admin/login.asp" "Mozilla/5.0 (X11; Ubuntu; Linux x86_64; rv:71.0) Gecko/20100101 Firefox/71.0"
195.178.110.161 - - [05/May/2025:20:43:41 +0530] "GET /SpotiApps/.env HTTP/1.1" 404 212 "-" "l9explore/1.2.2"
195.178.110.161 - - [05/May/2025:20:43:43 +0530] "GET /var/aws/ses.env HTTP/1.1" 404 213 "-" "l9explore/1.2.2"
195.178.110.161 - - [05/May/2025:20:43:46 +0530] "GET /roundcubemail/.env HTTP/1.1" 404 216 "-" "l9explore/1.2.2"
195.178.110.161 - - [05/May/2025:20:43:49 +0530] "GET /aws-sns/.env HTTP/1.1" 404 210 "-" "l9explore/1.2.2"
195.178.110.161 - - [05/May/2025:20:43:50 +0530] "GET /local/.env HTTP/1.1" 404 208 "-" "l9explore/1.2.2"
195.178.110.161 - - [05/May/2025:20:43:55 +0530] "GET /my_env/newsletter.py HTTP/1.1" 404 218 "-" "l9explore/1.2.2"
195.178.110.161 - - [05/May/2025:20:43:57 +0530] "GET /nginx/.env HTTP/1.1" 404 208 "-" "l9explore/1.2.2"
195.178.110.161 - - [05/May/2025:20:43:57 +0530] "GET /post-deployment/.vscode/.env HTTP/1.1" 404 226 "-" "l9explore/1.2.2"
195.178.110.161 - - [05/May/2025:20:43:59 +0530] "GET /awstats/.env HTTP/1.1" 404 210 "-" "l9explore/1.2.2"
45.134.225.133 - - [05/May/2025:20:44:00 +0530] "POST /boaform/admin/formLogin HTTP/1.1" 404 221 "http://103.145.51.236:80/admin/login.asp" "Mozilla/5.0 (X11; Ubuntu; Linux x86_64; rv:71.0) Gecko/20100101 Firefox/71.0"
195.178.110.161 - - [05/May/2025:20:44:01 +0530] "GET /crm/.env HTTP/1.1" 404 206 "-" "l9explore/1.2.2"
195.178.110.161 - - [05/May/2025:20:44:03 +0530] "GET /new/.env.local HTTP/1.1" 404 212 "-" "l9explore/1.2.2"
195.178.110.161 - - [05/May/2025:20:44:03 +0530] "GET /resources/docker/rabbitmq/.env HTTP/1.1" 404 228 "-" "l9explore/1.2.2"
195.178.110.161 - - [05/May/2025:20:44:04 +0530] "GET /config.env HTTP/1.1" 404 208 "-" "l9explore/1.2.2"
195.178.110.161 - - [05/May/2025:20:44:06 +0530] "GET /cron/.env HTTP/1.1" 404 207 "-" "l9explore/1.2.2"
195.178.110.161 - - [05/May/2025:20:44:08 +0530] "GET /laravel/.env.bak HTTP/1.1" 404 214 "-" "l9explore/1.2.2"
195.178.110.161 - - [05/May/2025:20:44:11 +0530] "GET /new/.env.staging HTTP/1.1" 404 214 "-" "l9explore/1.2.2"
195.178.110.161 - - [05/May/2025:20:44:12 +0530] "GET /sendgrid/.env HTTP/1.1" 404 211 "-" "l9explore/1.2.2"
195.178.110.161 - - [05/May/2025:20:44:14 +0530] "GET /rails-api/react-app/.env HTTP/1.1" 404 222 "-" "l9explore/1.2.2"
195.178.110.161 - - [05/May/2025:20:44:17 +0530] "GET /secret/aws_ses.env HTTP/1.1" 404 216 "-" "l9explore/1.2.2"
195.178.110.161 - - [05/May/2025:20:44:19 +0530] "GET /var/lib/aws/sns.env HTTP/1.1" 404 217 "-" "l9explore/1.2.2"
195.178.110.161 - - [05/May/2025:20:44:20 +0530] "GET /cron/aws_ses.env HTTP/1.1" 404 214 "-" "l9explore/1.2.2"
195.178.110.161 - - [05/May/2025:20:44:22 +0530] "GET /my_env/chakaash.py HTTP/1.1" 404 216 "-" "l9explore/1.2.2"
195.178.110.161 - - [05/May/2025:20:44:24 +0530] "GET /new/.env.production HTTP/1.1" 404 217 "-" "l9explore/1.2.2"
195.178.110.161 - - [05/May/2025:20:44:25 +0530] "GET /opt/aws/ses.env HTTP/1.1" 404 213 "-" "l9explore/1.2.2"
195.178.110.161 - - [05/May/2025:20:44:25 +0530] "GET /portal/.env HTTP/1.1" 404 209 "-" "l9explore/1.2.2"
195.178.110.161 - - [05/May/2025:20:44:29 +0530] "GET /web/.env HTTP/1.1" 404 206 "-" "l9explore/1.2.2"
195.178.110.161 - - [05/May/2025:20:44:30 +0530] "GET /.env_sample HTTP/1.1" 404 209 "-" "l9explore/1.2.2"
195.178.110.161 - - [05/May/2025:20:44:33 +0530] "GET /laravel/config.env HTTP/1.1" 404 216 "-" "l9explore/1.2.2"
195.178.110.161 - - [05/May/2025:20:44:35 +0530] "GET /services/monitoring/.env HTTP/1.1" 404 222 "-" "l9explore/1.2.2"
195.178.110.161 - - [05/May/2025:20:44:36 +0530] "GET /services/redis-commander/.env HTTP/1.1" 404 227 "-" "l9explore/1.2.2"
195.178.110.161 - - [05/May/2025:20:44:38 +0530] "GET /shop/.env HTTP/1.1" 404 207 "-" "l9explore/1.2.2"
195.178.110.161 - - [05/May/2025:20:44:40 +0530] "GET /cli/aws_ses.env HTTP/1.1" 404 213 "-" "l9explore/1.2.2"
195.178.110.161 - - [05/May/2025:20:44:40 +0530] "GET /laravel/.env.dev HTTP/1.1" 404 214 "-" "l9explore/1.2.2"
195.178.110.161 - - [05/May/2025:20:44:40 +0530] "GET /secrets/aws_ses.env HTTP/1.1" 404 217 "-" "l9explore/1.2.2"
195.178.110.161 - - [05/May/2025:20:44:41 +0530] "GET /services/minio/.env HTTP/1.1" 404 217 "-" "l9explore/1.2.2"
195.178.110.161 - - [05/May/2025:20:44:43 +0530] "GET /private/.env HTTP/1.1" 404 210 "-" "l9explore/1.2.2"
195.178.110.161 - - [05/May/2025:20:44:44 +0530] "GET /resources/docker/rediscommander/.env HTTP/1.1" 404 234 "-" "l9explore/1.2.2"
195.178.110.161 - - [05/May/2025:20:44:44 +0530] "GET /root/.env HTTP/1.1" 404 207 "-" "l9explore/1.2.2"
195.178.110.161 - - [05/May/2025:20:44:45 +0530] "GET /uploads/.env HTTP/1.1" 404 210 "-" "l9explore/1.2.2"
161.248.238.13 - - [05/May/2025:20:44:46 +0530] "POST /boaform/admin/formLogin HTTP/1.1" 404 221 "http://103.145.51.236:80/admin/login.asp" "Mozilla/5.0 (X11; Ubuntu; Linux x86_64; rv:71.0) Gecko/20100101 Firefox/71.0"
195.178.110.161 - - [05/May/2025:20:44:47 +0530] "GET /project_root/.env HTTP/1.1" 404 215 "-" "l9explore/1.2.2"
195.178.110.161 - - [05/May/2025:20:44:50 +0530] "GET /server/.env HTTP/1.1" 404 209 "-" "l9explore/1.2.2"
195.178.110.161 - - [05/May/2025:20:44:52 +0530] "GET /storage/aws_sns.env HTTP/1.1" 404 217 "-" "l9explore/1.2.2"
195.178.110.161 - - [05/May/2025:20:44:54 +0530] "GET /.env.stage HTTP/1.1" 404 208 "-" "l9explore/1.2.2"
195.178.110.161 - - [05/May/2025:20:44:54 +0530] "GET /api/shared/.env HTTP/1.1" 404 213 "-" "l9explore/1.2.2"
195.178.110.161 - - [05/May/2025:20:44:57 +0530] "GET /api/shared/config.env HTTP/1.1" 404 219 "-" "l9explore/1.2.2"
195.178.110.161 - - [05/May/2025:20:44:58 +0530] "GET /config/env.php HTTP/1.1" 404 212 "-" "l9explore/1.2.2"
195.178.110.161 - - [05/May/2025:20:44:58 +0530] "GET /price_hawk_client/.env HTTP/1.1" 404 220 "-" "l9explore/1.2.2"
43.130.14.245 - - [05/May/2025:20:44:59 +0530] "GET / HTTP/1.1" 200 1620 "-" "Mozilla/5.0 (iPhone; CPU iPhone OS 13_2_3 like Mac OS X) AppleWebKit/605.1.15 (KHTML, like Gecko) Version/13.0.3 Mobile/15E148 Safari/604.1"
195.178.110.161 - - [05/May/2025:20:45:00 +0530] "GET /src/tests/fixtures/instanceWithDependentSteps/.env HTTP/1.1" 404 248 "-" "l9explore/1.2.2"
195.178.110.161 - - [05/May/2025:20:45:03 +0530] "GET /apps/.env HTTP/1.1" 404 207 "-" "l9explore/1.2.2"
195.178.110.161 - - [05/May/2025:20:45:03 +0530] "GET /blog/.env HTTP/1.1" 404 207 "-" "l9explore/1.2.2"
195.178.110.161 - - [05/May/2025:20:45:05 +0530] "GET /pt2/countries/src/.env HTTP/1.1" 404 220 "-" "l9explore/1.2.2"
195.178.110.161 - - [05/May/2025:20:45:07 +0530] "GET /robots/.env HTTP/1.1" 404 209 "-" "l9explore/1.2.2"
195.178.110.161 - - [05/May/2025:20:45:08 +0530] "GET /sendgrid.env HTTP/1.1" 404 210 "-" "l9explore/1.2.2"
195.178.110.161 - - [05/May/2025:20:45:09 +0530] "GET /mail/.env HTTP/1.1" 404 207 "-" "l9explore/1.2.2"
195.178.110.161 - - [05/May/2025:20:45:11 +0530] "GET /pt8/library-backend-gql/.env HTTP/1.1" 404 226 "-" "l9explore/1.2.2"
195.178.110.161 - - [05/May/2025:20:45:13 +0530] "GET /repository/.env HTTP/1.1" 404 213 "-" "l9explore/1.2.2"
195.178.110.161 - - [05/May/2025:20:45:14 +0530] "GET /rust-backend/dao/.env HTTP/1.1" 404 219 "-" "l9explore/1.2.2"
195.178.110.161 - - [05/May/2025:20:45:15 +0530] "GET /services/jaeger/.env HTTP/1.1" 404 218 "-" "l9explore/1.2.2"
195.178.110.161 - - [05/May/2025:20:45:16 +0530] "GET /core/.env HTTP/1.1" 404 207 "-" "l9explore/1.2.2"
195.178.110.161 - - [05/May/2025:20:45:18 +0530] "GET /site/.env HTTP/1.1" 404 207 "-" "l9explore/1.2.2"
195.178.110.161 - - [05/May/2025:20:45:19 +0530] "GET /Sources/API/.env HTTP/1.1" 404 214 "-" "l9explore/1.2.2"
195.178.110.161 - - [05/May/2025:20:45:21 +0530] "GET /src/tests/fixtures/typeScriptVisualizeProject/.env HTTP/1.1" 404 248 "-" "l9explore/1.2.2"
195.178.110.161 - - [05/May/2025:20:45:24 +0530] "GET /resources/docker/.env HTTP/1.1" 404 219 "-" "l9explore/1.2.2"
195.178.110.161 - - [05/May/2025:20:45:25 +0530] "GET /run/.env HTTP/1.1" 404 206 "-" "l9explore/1.2.2"
195.178.110.161 - - [05/May/2025:20:45:27 +0530] "GET /.env HTTP/1.1" 404 202 "-" "l9explore/1.2.2"
195.178.110.161 - - [05/May/2025:20:45:30 +0530] "GET /dev/.env HTTP/1.1" 404 206 "-" "l9explore/1.2.2"
195.178.110.161 - - [05/May/2025:20:45:31 +0530] "GET /secret/aws_sns.env HTTP/1.1" 404 216 "-" "l9explore/1.2.2"
195.178.110.161 - - [05/May/2025:20:45:31 +0530] "GET /spearmint/.env HTTP/1.1" 404 212 "-" "l9explore/1.2.2"
195.178.110.161 - - [05/May/2025:20:45:33 +0530] "GET /api/shared/config/.env HTTP/1.1" 404 220 "-" "l9explore/1.2.2"
195.178.110.161 - - [05/May/2025:20:45:35 +0530] "GET /docker/app/.env HTTP/1.1" 404 213 "-" "l9explore/1.2.2"
195.178.110.161 - - [05/May/2025:20:45:37 +0530] "GET /rust-backend/.env HTTP/1.1" 404 215 "-" "l9explore/1.2.2"
45.134.225.133 - - [05/May/2025:20:45:39 +0530] "POST /boaform/admin/formLogin HTTP/1.1" 404 221 "http://103.145.51.74:80/admin/login.asp" "Mozilla/5.0 (X11; Ubuntu; Linux x86_64; rv:71.0) Gecko/20100101 Firefox/71.0"
195.178.110.161 - - [05/May/2025:20:45:39 +0530] "GET /services/documents/.env HTTP/1.1" 404 221 "-" "l9explore/1.2.2"
195.178.110.161 - - [05/May/2025:20:45:41 +0530] "GET /website/.env HTTP/1.1" 404 210 "-" "l9explore/1.2.2"
195.178.110.161 - - [05/May/2025:20:45:42 +0530] "GET /routes/.env HTTP/1.1" 404 209 "-" "l9explore/1.2.2"
195.178.110.161 - - [05/May/2025:20:45:42 +0530] "GET /sessions/.env HTTP/1.1" 404 211 "-" "l9explore/1.2.2"
195.178.110.161 - - [05/May/2025:20:45:44 +0530] "GET /shibboleth/.env HTTP/1.1" 404 213 "-" "l9explore/1.2.2"
195.178.110.161 - - [05/May/2025:20:45:44 +0530] "GET /api/shared/config/config.env HTTP/1.1" 404 226 "-" "l9explore/1.2.2"
195.178.110.161 - - [05/May/2025:20:45:46 +0530] "GET /question2/.env HTTP/1.1" 404 212 "-" "l9explore/1.2.2"
195.178.110.161 - - [05/May/2025:20:45:48 +0530] "GET /qv-frontend/.env HTTP/1.1" 404 214 "-" "l9explore/1.2.2"
195.178.110.161 - - [05/May/2025:20:45:51 +0530] "GET /resources/docker/mysql/.env HTTP/1.1" 404 225 "-" "l9explore/1.2.2"
195.178.110.161 - - [05/May/2025:20:45:54 +0530] "GET /results/.env HTTP/1.1" 404 210 "-" "l9explore/1.2.2"
195.178.110.161 - - [05/May/2025:20:45:56 +0530] "GET /application/.env HTTP/1.1" 404 214 "-" "l9explore/1.2.2"
195.178.110.161 - - [05/May/2025:20:45:57 +0530] "GET /pub/.env HTTP/1.1" 404 206 "-" "l9explore/1.2.2"
195.178.110.161 - - [05/May/2025:20:45:58 +0530] "GET /storage/aws_ses.env HTTP/1.1" 404 217 "-" "l9explore/1.2.2"
195.178.110.161 - - [05/May/2025:20:46:01 +0530] "GET /restapi/.env HTTP/1.1" 404 210 "-" "l9explore/1.2.2"
195.178.110.161 - - [05/May/2025:20:46:03 +0530] "GET /Serve_time_server/.env HTTP/1.1" 404 220 "-" "l9explore/1.2.2"
195.178.110.161 - - [05/May/2025:20:46:05 +0530] "GET /api/.env HTTP/1.1" 404 206 "-" "l9explore/1.2.2"
195.178.110.161 - - [05/May/2025:20:46:07 +0530] "GET /node_modules/.env HTTP/1.1" 404 215 "-" "l9explore/1.2.2"
195.178.110.161 - - [05/May/2025:20:46:08 +0530] "GET /serve-browserbench/.env HTTP/1.1" 404 221 "-" "l9explore/1.2.2"
195.178.110.161 - - [05/May/2025:20:46:09 +0530] "GET /sitemaps/.env HTTP/1.1" 404 211 "-" "l9explore/1.2.2"
195.178.110.161 - - [05/May/2025:20:46:11 +0530] "GET /src/tests/fixtures/typeScriptProject/.env HTTP/1.1" 404 239 "-" "l9explore/1.2.2"
195.178.110.161 - - [05/May/2025:20:46:13 +0530] "GET /www/.env HTTP/1.1" 404 206 "-" "l9explore/1.2.2"
195.178.110.161 - - [05/May/2025:20:46:15 +0530] "GET /api/config.env HTTP/1.1" 404 212 "-" "l9explore/1.2.2"
195.178.110.161 - - [05/May/2025:20:46:15 +0530] "GET /laravel/.env HTTP/1.1" 404 210 "-" "l9explore/1.2.2"
195.178.110.161 - - [05/May/2025:20:46:17 +0530] "GET /node/.env_example HTTP/1.1" 404 215 "-" "l9explore/1.2.2"
195.178.110.161 - - [05/May/2025:20:46:19 +0530] "GET /s-with-me-front/.env HTTP/1.1" 404 218 "-" "l9explore/1.2.2"
195.178.110.161 - - [05/May/2025:20:46:21 +0530] "GET /saas/.env HTTP/1.1" 404 207 "-" "l9explore/1.2.2"
195.178.110.161 - - [05/May/2025:20:46:23 +0530] "GET /public_root/.env HTTP/1.1" 404 214 "-" "l9explore/1.2.2"
195.178.110.161 - - [05/May/2025:20:46:25 +0530] "GET /sources/.env HTTP/1.1" 404 210 "-" "l9explore/1.2.2"
195.178.110.161 - - [05/May/2025:20:46:27 +0530] "GET /var/aws/sns.env HTTP/1.1" 404 213 "-" "l9explore/1.2.2"
195.178.110.161 - - [05/May/2025:20:46:27 +0530] "GET /Server_with_db/.env HTTP/1.1" 404 217 "-" "l9explore/1.2.2"
195.178.110.161 - - [05/May/2025:20:46:29 +0530] "GET /.env.production.local HTTP/1.1" 404 219 "-" "l9explore/1.2.2"
185.241.208.113 - - [05/May/2025:20:46:29 +0530] "GET /.env HTTP/1.1" 404 202 "-" "Mozilla/5.0 (Linux; U; Android 4.4.2; en-US; HM NOTE 1W Build/KOT49H) AppleWebKit/534.30 (KHTML, like Gecko) Version/4.0 UCBrowser/11.0.5.850 U3/0.8.0 Mobile Safari/534.30"
185.241.208.113 - - [05/May/2025:20:46:30 +0530] "POST / HTTP/1.1" 200 1620 "-" "Mozilla/5.0 (Linux; U; Android 4.4.2; en-US; HM NOTE 1W Build/KOT49H) AppleWebKit/534.30 (KHTML, like Gecko) Version/4.0 UCBrowser/11.0.5.850 U3/0.8.0 Mobile Safari/534.30"
195.178.110.161 - - [05/May/2025:20:46:31 +0530] "GET /new/.env HTTP/1.1" 404 206 "-" "l9explore/1.2.2"
185.241.208.113 - - [05/May/2025:20:46:33 +0530] "GET /vendor/phpunit/phpunit/src/Util/PHP/eval-stdin.php HTTP/1.1" 404 248 "-" "python-requests/2.32.3"
195.178.110.161 - - [05/May/2025:20:46:33 +0530] "GET /postfixadmin/.env HTTP/1.1" 404 215 "-" "l9explore/1.2.2"
195.178.110.161 - - [05/May/2025:20:46:36 +0530] "GET /rabbitmq-cluster/.env HTTP/1.1" 404 219 "-" "l9explore/1.2.2"
195.178.110.161 - - [05/May/2025:20:46:38 +0530] "GET /repos/.env HTTP/1.1" 404 208 "-" "l9explore/1.2.2"
195.178.110.161 - - [05/May/2025:20:46:41 +0530] "GET /resourcesync/.env HTTP/1.1" 404 215 "-" "l9explore/1.2.2"
45.134.225.133 - - [05/May/2025:20:46:42 +0530] "POST /boaform/admin/formLogin HTTP/1.1" 404 221 "http://103.145.51.236:80/admin/login.asp" "Mozilla/5.0 (X11; Ubuntu; Linux x86_64; rv:71.0) Gecko/20100101 Firefox/71.0"
195.178.110.161 - - [05/May/2025:20:46:43 +0530] "GET /rest/.env HTTP/1.1" 404 207 "-" "l9explore/1.2.2"
195.178.110.161 - - [05/May/2025:20:46:45 +0530] "GET /server/src/persistence/.env HTTP/1.1" 404 225 "-" "l9explore/1.2.2"
195.178.110.161 - - [05/May/2025:20:46:46 +0530] "GET /services/deployment-agent/.env HTTP/1.1" 404 228 "-" "l9explore/1.2.2"
195.178.110.161 - - [05/May/2025:20:46:48 +0530] "GET /.env.old HTTP/1.1" 404 206 "-" "l9explore/1.2.2"
195.178.110.161 - - [05/May/2025:20:46:49 +0530] "GET /cli/aws_sns.env HTTP/1.1" 404 213 "-" "l9explore/1.2.2"
195.178.110.161 - - [05/May/2025:20:46:49 +0530] "GET /redmine/.env HTTP/1.1" 404 210 "-" "l9explore/1.2.2"
195.178.110.161 - - [05/May/2025:20:46:52 +0530] "GET /samples/chatroom/chatroom-spa/.env HTTP/1.1" 404 232 "-" "l9explore/1.2.2"
195.178.110.161 - - [05/May/2025:20:46:55 +0530] "GET /Socketio/.env HTTP/1.1" 404 211 "-" "l9explore/1.2.2"
195.178.110.161 - - [05/May/2025:20:46:56 +0530] "GET /.vscode/.env HTTP/1.1" 404 210 "-" "l9explore/1.2.2"
195.178.110.161 - - [05/May/2025:20:46:56 +0530] "GET /projbackend/.env HTTP/1.1" 404 214 "-" "l9explore/1.2.2"
195.178.110.161 - - [05/May/2025:20:46:56 +0530] "GET /public/.env HTTP/1.1" 404 209 "-" "l9explore/1.2.2"
195.178.110.161 - - [05/May/2025:20:46:57 +0530] "GET /services/simcore/.env HTTP/1.1" 404 219 "-" "l9explore/1.2.2"
195.178.110.161 - - [05/May/2025:20:46:58 +0530] "GET /var/www/aws-sns.env HTTP/1.1" 404 217 "-" "l9explore/1.2.2"
195.178.110.161 - - [05/May/2025:20:46:59 +0530] "GET /my_env/palash.py HTTP/1.1" 404 214 "-" "l9explore/1.2.2"
195.178.110.161 - - [05/May/2025:20:47:00 +0530] "GET /opt/aws/sns.env HTTP/1.1" 404 213 "-" "l9explore/1.2.2"
195.178.110.161 - - [05/May/2025:20:47:04 +0530] "GET /services/adminer/.env HTTP/1.1" 404 219 "-" "l9explore/1.2.2"
195.178.110.161 - - [05/May/2025:20:47:06 +0530] "GET /.env.prod HTTP/1.1" 404 207 "-" "l9explore/1.2.2"
195.178.110.161 - - [05/May/2025:20:47:06 +0530] "GET /admin/.env HTTP/1.1" 404 208 "-" "l9explore/1.2.2"
195.178.110.161 - - [05/May/2025:20:47:07 +0530] "GET /backup/env.php HTTP/1.1" 404 212 "-" "l9explore/1.2.2"
195.178.110.161 - - [05/May/2025:20:47:07 +0530] "GET /conf/.env HTTP/1.1" 404 207 "-" "l9explore/1.2.2"
195.178.110.161 - - [05/May/2025:20:47:08 +0530] "GET /config/env/aws.env HTTP/1.1" 404 216 "-" "l9explore/1.2.2"
195.178.110.161 - - [05/May/2025:20:47:09 +0530] "GET /processor/.env HTTP/1.1" 404 212 "-" "l9explore/1.2.2"
195.178.110.161 - - [05/May/2025:20:47:11 +0530] "GET /rosterBack/.env HTTP/1.1" 404 213 "-" "l9explore/1.2.2"
195.178.110.161 - - [05/May/2025:20:47:13 +0530] "GET /spikes/config-material-app/.env HTTP/1.1" 404 229 "-" "l9explore/1.2.2"
195.178.110.161 - - [05/May/2025:20:47:15 +0530] "GET /aws-ses/.env HTTP/1.1" 404 210 "-" "l9explore/1.2.2"
45.134.225.133 - - [05/May/2025:20:47:16 +0530] "POST /boaform/admin/formLogin HTTP/1.1" 404 221 "http://103.145.51.74:80/admin/login.asp" "Mozilla/5.0 (X11; Ubuntu; Linux x86_64; rv:71.0) Gecko/20100101 Firefox/71.0"
195.178.110.161 - - [05/May/2025:20:47:16 +0530] "GET /backend/.env HTTP/1.1" 404 210 "-" "l9explore/1.2.2"
195.178.110.161 - - [05/May/2025:20:47:18 +0530] "GET /data/aws/ses.env HTTP/1.1" 404 214 "-" "l9explore/1.2.2"
195.178.110.161 - - [05/May/2025:20:47:20 +0530] "GET /data/aws/sns.env HTTP/1.1" 404 214 "-" "l9explore/1.2.2"
195.178.110.161 - - [05/May/2025:20:47:22 +0530] "GET /docs/.env HTTP/1.1" 404 207 "-" "l9explore/1.2.2"
195.178.110.161 - - [05/May/2025:20:47:22 +0530] "GET /.sendgrind.env HTTP/1.1" 404 212 "-" "l9explore/1.2.2"
195.178.110.161 - - [05/May/2025:20:47:23 +0530] "GET /development/.env HTTP/1.1" 404 214 "-" "l9explore/1.2.2"
195.178.110.161 - - [05/May/2025:20:47:25 +0530] "GET /kyc/.env HTTP/1.1" 404 206 "-" "l9explore/1.2.2"
195.178.110.161 - - [05/May/2025:20:47:25 +0530] "GET /.env.example HTTP/1.1" 404 210 "-" "l9explore/1.2.2"
195.178.110.161 - - [05/May/2025:20:47:27 +0530] "GET /app/.env HTTP/1.1" 404 206 "-" "l9explore/1.2.2"
195.178.110.161 - - [05/May/2025:20:47:31 +0530] "GET /rasax/.env HTTP/1.1" 404 208 "-" "l9explore/1.2.2"
195.178.110.161 - - [05/May/2025:20:47:33 +0530] "GET /var/lib/aws/ses.env HTTP/1.1" 404 217 "-" "l9explore/1.2.2"
45.134.225.133 - - [05/May/2025:20:48:12 +0530] "POST /boaform/admin/formLogin HTTP/1.1" 404 221 "http://103.145.51.74:80/admin/login.asp" "Mozilla/5.0 (X11; Ubuntu; Linux x86_64; rv:71.0) Gecko/20100101 Firefox/71.0"
45.134.225.133 - - [05/May/2025:20:48:46 +0530] "POST /boaform/admin/formLogin HTTP/1.1" 404 221 "http://103.145.51.236:80/admin/login.asp" "Mozilla/5.0 (X11; Ubuntu; Linux x86_64; rv:71.0) Gecko/20100101 Firefox/71.0"
45.134.225.133 - - [05/May/2025:20:48:55 +0530] "POST /boaform/admin/formLogin HTTP/1.1" 404 221 "http://103.145.51.74:80/admin/login.asp" "Mozilla/5.0 (X11; Ubuntu; Linux x86_64; rv:71.0) Gecko/20100101 Firefox/71.0"
45.134.225.133 - - [05/May/2025:20:50:14 +0530] "POST /boaform/admin/formLogin HTTP/1.1" 404 221 "http://103.145.51.74:80/admin/login.asp" "Mozilla/5.0 (X11; Ubuntu; Linux x86_64; rv:71.0) Gecko/20100101 Firefox/71.0"
45.134.225.133 - - [05/May/2025:20:51:19 +0530] "POST /boaform/admin/formLogin HTTP/1.1" 404 221 "http://103.145.51.74:80/admin/login.asp" "Mozilla/5.0 (X11; Ubuntu; Linux x86_64; rv:71.0) Gecko/20100101 Firefox/71.0"
45.134.225.133 - - [05/May/2025:20:51:42 +0530] "POST /boaform/admin/formLogin HTTP/1.1" 404 221 "http://103.145.51.236:80/admin/login.asp" "Mozilla/5.0 (X11; Ubuntu; Linux x86_64; rv:71.0) Gecko/20100101 Firefox/71.0"
95.214.54.4 - - [05/May/2025:20:52:13 +0530] "GET / HTTP/1.1" 200 4270 "-" "Hello World/1.0"
104.152.52.202 - - [05/May/2025:20:52:22 +0530] "GET / HTTP/1.1" 200 4270 "-" "curl/7.61.1"
212.107.12.18 - - [05/May/2025:20:52:43 +0530] "GET / HTTP/1.1" 200 4270 "-" "-"
161.248.238.13 - - [05/May/2025:20:52:47 +0530] "POST /boaform/admin/formLogin HTTP/1.1" 404 221 "http://103.145.51.236:80/admin/login.asp" "Mozilla/5.0 (X11; Ubuntu; Linux x86_64; rv:71.0) Gecko/20100101 Firefox/71.0"
45.134.225.133 - - [05/May/2025:20:53:38 +0530] "POST /boaform/admin/formLogin HTTP/1.1" 404 221 "http://103.145.51.74:80/admin/login.asp" "Mozilla/5.0 (X11; Ubuntu; Linux x86_64; rv:71.0) Gecko/20100101 Firefox/71.0"
185.241.208.113 - - [05/May/2025:20:53:49 +0530] "GET /.env HTTP/1.1" 404 202 "-" "Mozilla/5.0 (Linux; U; Android 4.4.2; en-US; HM NOTE 1W Build/KOT49H) AppleWebKit/534.30 (KHTML, like Gecko) Version/4.0 UCBrowser/11.0.5.850 U3/0.8.0 Mobile Safari/534.30"
185.241.208.113 - - [05/May/2025:20:53:50 +0530] "POST / HTTP/1.1" 200 1620 "-" "Mozilla/5.0 (Linux; U; Android 4.4.2; en-US; HM NOTE 1W Build/KOT49H) AppleWebKit/534.30 (KHTML, like Gecko) Version/4.0 UCBrowser/11.0.5.850 U3/0.8.0 Mobile Safari/534.30"
185.241.208.113 - - [05/May/2025:20:53:53 +0530] "GET /vendor/phpunit/phpunit/src/Util/PHP/eval-stdin.php HTTP/1.1" 404 248 "-" "python-requests/2.32.3"
45.134.225.133 - - [05/May/2025:20:54:43 +0530] "POST /boaform/admin/formLogin HTTP/1.1" 404 221 "http://103.145.51.236:80/admin/login.asp" "Mozilla/5.0 (X11; Ubuntu; Linux x86_64; rv:71.0) Gecko/20100101 Firefox/71.0"
