64.227.125.180 - - [06/May/2025:07:06:24 +0530] "GET /evox/about HTTP/1.1" 404 208 "-" "Mozilla/5.0 (compatible; Odin; https://docs.getodin.com/)"
64.227.125.180 - - [06/May/2025:07:06:24 +0530] "GET / HTTP/1.0" 200 4270 "-" "-"
64.227.125.180 - - [06/May/2025:07:06:24 +0530] "GET / HTTP/1.1" 200 4270 "-" "-"
206.81.31.231 - - [06/May/2025:07:06:25 +0530] "GET /solr/admin/info/system HTTP/1.1" 404 220 "-" "Go-http-client/1.1"
157.230.19.182 - - [06/May/2025:07:06:25 +0530] "GET / HTTP/1.1" 200 1620 "-" "Mozilla/5.0 (compatible; Odin; https://docs.getodin.com/)"
138.68.64.224 - - [06/May/2025:07:06:25 +0530] "GET /cgi-bin/authLogin.cgi HTTP/1.1" 404 219 "-" "Go-http-client/1.1"
138.68.103.24 - - [06/May/2025:07:06:25 +0530] "GET /query?q=SHOW+DIAGNOSTICS HTTP/1.1" 404 203 "-" "Go-http-client/1.1"
64.226.120.229 - - [06/May/2025:07:06:25 +0530] "\x16\x03\x01" 400 226 "-" "-"
157.230.16.245 - - [06/May/2025:07:06:25 +0530] "\x16\x03\x01\x01$\x01" 400 226 "-" "-"
157.230.19.182 - - [06/May/2025:07:06:25 +0530] "GET /v2/_catalog HTTP/1.1" 404 209 "-" "Go-http-client/1.1"
206.81.31.231 - - [06/May/2025:07:06:25 +0530] "GET /solr/admin/cores?action=STATUS&wt=json HTTP/1.1" 404 214 "-" "Go-http-client/1.1"
64.226.120.229 - - [06/May/2025:07:06:25 +0530] "\x16\x03\x01" 400 226 "-" "-"
178.128.214.94 - - [06/May/2025:07:06:25 +0530] "GET /./favicon.ico HTTP/1.1" 404 209 "-" "Go-http-client/1.1"
178.128.214.94 - - [06/May/2025:07:06:26 +0530] "GET /favicon.ico HTTP/1.1" 404 209 "-" "Go-http-client/1.1"
45.134.225.133 - - [06/May/2025:07:06:43 +0530] "POST /boaform/admin/formLogin HTTP/1.1" 404 221 "http://103.145.51.236:80/admin/login.asp" "Mozilla/5.0 (X11; Ubuntu; Linux x86_64; rv:71.0) Gecko/20100101 Firefox/71.0"
154.81.156.35 - - [06/May/2025:07:07:21 +0530] "GET / HTTP/1.1" 200 1620 "-" "Mozilla/5.0 (Windows NT 10.0; Win64; x64) AppleWebKit/537.36 (KHTML, like Gecko) Chrome/90.0.4430.85 Safari/537.36 Edg/90.0.818.46"
45.134.225.133 - - [06/May/2025:07:07:29 +0530] "POST /boaform/admin/formLogin HTTP/1.1" 404 221 "http://103.145.51.74:80/admin/login.asp" "Mozilla/5.0 (X11; Ubuntu; Linux x86_64; rv:71.0) Gecko/20100101 Firefox/71.0"
45.134.225.133 - - [06/May/2025:07:09:03 +0530] "POST /boaform/admin/formLogin HTTP/1.1" 404 221 "http://103.145.51.236:80/admin/login.asp" "Mozilla/5.0 (X11; Ubuntu; Linux x86_64; rv:71.0) Gecko/20100101 Firefox/71.0"
45.134.225.133 - - [06/May/2025:07:09:16 +0530] "POST /boaform/admin/formLogin HTTP/1.1" 404 221 "http://103.145.51.74:80/admin/login.asp" "Mozilla/5.0 (X11; Ubuntu; Linux x86_64; rv:71.0) Gecko/20100101 Firefox/71.0"
45.134.225.133 - - [06/May/2025:07:09:45 +0530] "POST /boaform/admin/formLogin HTTP/1.1" 404 221 "http://103.145.51.74:80/admin/login.asp" "Mozilla/5.0 (X11; Ubuntu; Linux x86_64; rv:71.0) Gecko/20100101 Firefox/71.0"
45.134.225.133 - - [06/May/2025:07:11:31 +0530] "POST /boaform/admin/formLogin HTTP/1.1" 404 221 "http://103.145.51.236:80/admin/login.asp" "Mozilla/5.0 (X11; Ubuntu; Linux x86_64; rv:71.0) Gecko/20100101 Firefox/71.0"
161.248.238.13 - - [06/May/2025:07:11:46 +0530] "POST /boaform/admin/formLogin HTTP/1.1" 404 221 "http://103.145.51.236:80/admin/login.asp" "Mozilla/5.0 (X11; Ubuntu; Linux x86_64; rv:71.0) Gecko/20100101 Firefox/71.0"
45.134.225.133 - - [06/May/2025:07:12:02 +0530] "POST /boaform/admin/formLogin HTTP/1.1" 404 221 "http://103.145.51.74:80/admin/login.asp" "Mozilla/5.0 (X11; Ubuntu; Linux x86_64; rv:71.0) Gecko/20100101 Firefox/71.0"
45.134.225.133 - - [06/May/2025:07:12:41 +0530] "POST /boaform/admin/formLogin HTTP/1.1" 404 221 "http://103.145.51.236:80/admin/login.asp" "Mozilla/5.0 (X11; Ubuntu; Linux x86_64; rv:71.0) Gecko/20100101 Firefox/71.0"
161.248.238.13 - - [06/May/2025:07:13:05 +0530] "POST /boaform/admin/formLogin HTTP/1.1" 404 221 "http://103.145.51.74:80/admin/login.asp" "Mozilla/5.0 (X11; Ubuntu; Linux x86_64; rv:71.0) Gecko/20100101 Firefox/71.0"
118.25.148.66 - - [06/May/2025:07:13:16 +0530] "GET /version HTTP/1.1" 404 205 "-" "Mozilla/5.0 (iPhone; CPU iPhone OS 17_5_1 like Mac OS X) AppleWebKit/605.1.15 (KHTML, like Gecko) Version/17.4.1 Mobile/15E148 Safari/604.1"
45.134.225.133 - - [06/May/2025:07:13:29 +0530] "POST /boaform/admin/formLogin HTTP/1.1" 404 221 "http://103.145.51.74:80/admin/login.asp" "Mozilla/5.0 (X11; Ubuntu; Linux x86_64; rv:71.0) Gecko/20100101 Firefox/71.0"
154.81.156.34 - - [06/May/2025:07:14:06 +0530] "GET / HTTP/1.1" 200 4270 "-" "Hello World/1.0"
45.134.225.133 - - [06/May/2025:07:14:08 +0530] "POST /boaform/admin/formLogin HTTP/1.1" 404 221 "http://103.145.51.74:80/admin/login.asp" "Mozilla/5.0 (X11; Ubuntu; Linux x86_64; rv:71.0) Gecko/20100101 Firefox/71.0"
45.134.225.133 - - [06/May/2025:07:14:33 +0530] "POST /boaform/admin/formLogin HTTP/1.1" 404 221 "http://103.145.51.236:80/admin/login.asp" "Mozilla/5.0 (X11; Ubuntu; Linux x86_64; rv:71.0) Gecko/20100101 Firefox/71.0"
154.81.156.34 - - [06/May/2025:07:14:41 +0530] "GET / HTTP/1.1" 200 4270 "-" "Hello World/1.0"
45.134.225.133 - - [06/May/2025:07:15:19 +0530] "POST /boaform/admin/formLogin HTTP/1.1" 404 221 "http://103.145.51.74:80/admin/login.asp" "Mozilla/5.0 (X11; Ubuntu; Linux x86_64; rv:71.0) Gecko/20100101 Firefox/71.0"
45.134.225.133 - - [06/May/2025:07:16:10 +0530] "POST /boaform/admin/formLogin HTTP/1.1" 404 221 "http://103.145.51.74:80/admin/login.asp" "Mozilla/5.0 (X11; Ubuntu; Linux x86_64; rv:71.0) Gecko/20100101 Firefox/71.0"
218.151.44.247 - - [06/May/2025:07:16:28 +0530] "GET / HTTP/1.0" 200 4270 "-" "curl/7.88.1"
45.134.225.133 - - [06/May/2025:07:16:35 +0530] "POST /boaform/admin/formLogin HTTP/1.1" 404 221 "http://103.145.51.236:80/admin/login.asp" "Mozilla/5.0 (X11; Ubuntu; Linux x86_64; rv:71.0) Gecko/20100101 Firefox/71.0"
212.107.12.18 - - [06/May/2025:07:16:52 +0530] "GET / HTTP/1.1" 200 4270 "-" "-"
45.134.225.133 - - [06/May/2025:07:17:29 +0530] "POST /boaform/admin/formLogin HTTP/1.1" 404 221 "http://103.145.51.74:80/admin/login.asp" "Mozilla/5.0 (X11; Ubuntu; Linux x86_64; rv:71.0) Gecko/20100101 Firefox/71.0"
45.134.225.133 - - [06/May/2025:07:17:32 +0530] "POST /boaform/admin/formLogin HTTP/1.1" 404 221 "http://103.145.51.236:80/admin/login.asp" "Mozilla/5.0 (X11; Ubuntu; Linux x86_64; rv:71.0) Gecko/20100101 Firefox/71.0"
45.134.225.133 - - [06/May/2025:07:17:57 +0530] "POST /boaform/admin/formLogin HTTP/1.1" 404 221 "http://103.145.51.74:80/admin/login.asp" "Mozilla/5.0 (X11; Ubuntu; Linux x86_64; rv:71.0) Gecko/20100101 Firefox/71.0"
95.214.54.4 - - [06/May/2025:07:18:06 +0530] "GET / HTTP/1.1" 200 4270 "-" "Hello World/1.0"
45.134.225.133 - - [06/May/2025:07:19:44 +0530] "POST /boaform/admin/formLogin HTTP/1.1" 404 221 "http://103.145.51.74:80/admin/login.asp" "Mozilla/5.0 (X11; Ubuntu; Linux x86_64; rv:71.0) Gecko/20100101 Firefox/71.0"
45.134.225.133 - - [06/May/2025:07:19:52 +0530] "POST /boaform/admin/formLogin HTTP/1.1" 404 221 "http://103.145.51.236:80/admin/login.asp" "Mozilla/5.0 (X11; Ubuntu; Linux x86_64; rv:71.0) Gecko/20100101 Firefox/71.0"
45.134.225.133 - - [06/May/2025:07:20:35 +0530] "POST /boaform/admin/formLogin HTTP/1.1" 404 221 "http://103.145.51.74:80/admin/login.asp" "Mozilla/5.0 (X11; Ubuntu; Linux x86_64; rv:71.0) Gecko/20100101 Firefox/71.0"
212.107.12.18 - - [06/May/2025:07:21:19 +0530] "GET / HTTP/1.1" 200 4270 "-" "-"
95.214.54.4 - - [06/May/2025:07:21:26 +0530] "GET / HTTP/1.1" 200 4270 "-" "Hello World/1.0"
45.134.225.133 - - [06/May/2025:07:21:35 +0530] "POST /boaform/admin/formLogin HTTP/1.1" 404 221 "http://103.145.51.236:80/admin/login.asp" "Mozilla/5.0 (X11; Ubuntu; Linux x86_64; rv:71.0) Gecko/20100101 Firefox/71.0"
199.45.155.100 - - [06/May/2025:07:21:54 +0530] "GET / HTTP/1.1" 200 1620 "-" "Mozilla/5.0 (compatible; CensysInspect/1.1; +https://about.censys.io/)"
199.45.155.100 - - [06/May/2025:07:21:55 +0530] "GET /./favicon.ico HTTP/1.1" 404 209 "-" "Mozilla/5.0 (compatible; CensysInspect/1.1; +https://about.censys.io/)"
199.45.155.100 - - [06/May/2025:07:21:56 +0530] "GET /favicon.ico HTTP/1.1" 404 209 "-" "Mozilla/5.0 (compatible; CensysInspect/1.1; +https://about.censys.io/)"
199.45.155.100 - - [06/May/2025:07:21:56 +0530] "PRI * HTTP/2.0" 400 226 "-" "-"
199.45.155.100 - - [06/May/2025:07:22:00 +0530] "GET /./favicon.ico HTTP/1.1" 404 209 "-" "Mozilla/5.0 (compatible; CensysInspect/1.1; +https://about.censys.io/)"
199.45.155.100 - - [06/May/2025:07:22:01 +0530] "GET /favicon.ico HTTP/1.1" 404 209 "-" "Mozilla/5.0 (compatible; CensysInspect/1.1; +https://about.censys.io/)"
199.45.155.100 - - [06/May/2025:07:22:02 +0530] "\x16\x03\x01" 400 226 "-" "-"
45.134.225.133 - - [06/May/2025:07:23:07 +0530] "POST /boaform/admin/formLogin HTTP/1.1" 404 221 "http://103.145.51.236:80/admin/login.asp" "Mozilla/5.0 (X11; Ubuntu; Linux x86_64; rv:71.0) Gecko/20100101 Firefox/71.0"
161.248.238.13 - - [06/May/2025:07:23:12 +0530] "POST /boaform/admin/formLogin HTTP/1.1" 404 221 "http://103.145.51.236:80/admin/login.asp" "Mozilla/5.0 (X11; Ubuntu; Linux x86_64; rv:71.0) Gecko/20100101 Firefox/71.0"
45.134.225.133 - - [06/May/2025:07:23:43 +0530] "POST /boaform/admin/formLogin HTTP/1.1" 404 221 "http://103.145.51.74:80/admin/login.asp" "Mozilla/5.0 (X11; Ubuntu; Linux x86_64; rv:71.0) Gecko/20100101 Firefox/71.0"
45.134.225.133 - - [06/May/2025:07:23:57 +0530] "POST /boaform/admin/formLogin HTTP/1.1" 404 221 "http://103.145.51.236:80/admin/login.asp" "Mozilla/5.0 (X11; Ubuntu; Linux x86_64; rv:71.0) Gecko/20100101 Firefox/71.0"
45.134.225.133 - - [06/May/2025:07:24:23 +0530] "POST /boaform/admin/formLogin HTTP/1.1" 404 221 "http://103.145.51.74:80/admin/login.asp" "Mozilla/5.0 (X11; Ubuntu; Linux x86_64; rv:71.0) Gecko/20100101 Firefox/71.0"
45.134.225.133 - - [06/May/2025:07:25:41 +0530] "POST /boaform/admin/formLogin HTTP/1.1" 404 221 "http://103.145.51.74:80/admin/login.asp" "Mozilla/5.0 (X11; Ubuntu; Linux x86_64; rv:71.0) Gecko/20100101 Firefox/71.0"
45.134.225.133 - - [06/May/2025:07:26:32 +0530] "POST /boaform/admin/formLogin HTTP/1.1" 404 221 "http://103.145.51.236:80/admin/login.asp" "Mozilla/5.0 (X11; Ubuntu; Linux x86_64; rv:71.0) Gecko/20100101 Firefox/71.0"
45.134.225.133 - - [06/May/2025:07:26:42 +0530] "POST /boaform/admin/formLogin HTTP/1.1" 404 221 "http://103.145.51.74:80/admin/login.asp" "Mozilla/5.0 (X11; Ubuntu; Linux x86_64; rv:71.0) Gecko/20100101 Firefox/71.0"
161.248.238.13 - - [06/May/2025:07:27:00 +0530] "POST /boaform/admin/formLogin HTTP/1.1" 404 221 "http://103.145.51.74:80/admin/login.asp" "Mozilla/5.0 (X11; Ubuntu; Linux x86_64; rv:71.0) Gecko/20100101 Firefox/71.0"
89.248.168.227 - - [06/May/2025:07:28:30 +0530] "GET /favicon.ico HTTP/1.1" 404 209 "-" "Mozilla/5.0 zgrab/0.x"
89.248.168.227 - - [06/May/2025:07:28:30 +0530] "GET / HTTP/1.1" 200 1620 "-" "Mozilla/5.0 zgrab/0.x"
45.134.225.133 - - [06/May/2025:07:29:36 +0530] "POST /boaform/admin/formLogin HTTP/1.1" 404 221 "http://103.145.51.74:80/admin/login.asp" "Mozilla/5.0 (X11; Ubuntu; Linux x86_64; rv:71.0) Gecko/20100101 Firefox/71.0"
45.134.225.133 - - [06/May/2025:07:29:38 +0530] "POST /boaform/admin/formLogin HTTP/1.1" 404 221 "http://103.145.51.236:80/admin/login.asp" "Mozilla/5.0 (X11; Ubuntu; Linux x86_64; rv:71.0) Gecko/20100101 Firefox/71.0"
156.146.55.170 - - [06/May/2025:07:30:20 +0530] "GET / HTTP/1.1" 200 4270 "-" "Mozilla/5.0 (Windows NT 10.0; Win64; x64; rv:128.0) Gecko/20100101 Firefox/128.0"
156.146.55.170 - - [06/May/2025:07:30:48 +0530] "GET / HTTP/1.1" 200 4270 "-" "Mozilla/5.0 (Windows NT 10.0; Win64; x64; rv:128.0) Gecko/20100101 Firefox/128.0"
45.134.225.133 - - [06/May/2025:07:31:00 +0530] "POST /boaform/admin/formLogin HTTP/1.1" 404 221 "http://103.145.51.236:80/admin/login.asp" "Mozilla/5.0 (X11; Ubuntu; Linux x86_64; rv:71.0) Gecko/20100101 Firefox/71.0"
204.76.203.35 - - [06/May/2025:07:31:08 +0530] "GET / HTTP/1.1" 200 4270 "-" "Mozilla/5.0 (Windows NT 10.0; Win64; x64) AppleWebKit/537.36 (KHTML, like Gecko) Chrome/134.0.0.0 Safari/537.36"
204.76.203.35 - - [06/May/2025:07:31:12 +0530] "GET / HTTP/1.1" 200 4270 "-" "Mozilla/5.0 (Windows NT 10.0; Win64; x64) AppleWebKit/537.36 (KHTML, like Gecko) Chrome/134.0.0.0 Safari/537.36"
45.134.225.133 - - [06/May/2025:07:31:24 +0530] "POST /boaform/admin/formLogin HTTP/1.1" 404 221 "http://103.145.51.74:80/admin/login.asp" "Mozilla/5.0 (X11; Ubuntu; Linux x86_64; rv:71.0) Gecko/20100101 Firefox/71.0"
45.134.225.133 - - [06/May/2025:07:31:39 +0530] "POST /boaform/admin/formLogin HTTP/1.1" 404 221 "http://103.145.51.236:80/admin/login.asp" "Mozilla/5.0 (X11; Ubuntu; Linux x86_64; rv:71.0) Gecko/20100101 Firefox/71.0"
161.248.238.13 - - [06/May/2025:07:32:58 +0530] "POST /boaform/admin/formLogin HTTP/1.1" 404 221 "http://103.145.51.74:80/admin/login.asp" "Mozilla/5.0 (X11; Ubuntu; Linux x86_64; rv:71.0) Gecko/20100101 Firefox/71.0"
45.134.225.133 - - [06/May/2025:07:33:16 +0530] "POST /boaform/admin/formLogin HTTP/1.1" 404 221 "http://103.145.51.236:80/admin/login.asp" "Mozilla/5.0 (X11; Ubuntu; Linux x86_64; rv:71.0) Gecko/20100101 Firefox/71.0"
45.134.225.133 - - [06/May/2025:07:33:58 +0530] "POST /boaform/admin/formLogin HTTP/1.1" 404 221 "http://103.145.51.74:80/admin/login.asp" "Mozilla/5.0 (X11; Ubuntu; Linux x86_64; rv:71.0) Gecko/20100101 Firefox/71.0"
45.134.225.133 - - [06/May/2025:07:35:10 +0530] "POST /boaform/admin/formLogin HTTP/1.1" 404 221 "http://103.145.51.236:80/admin/login.asp" "Mozilla/5.0 (X11; Ubuntu; Linux x86_64; rv:71.0) Gecko/20100101 Firefox/71.0"
45.134.225.133 - - [06/May/2025:07:35:18 +0530] "POST /boaform/admin/formLogin HTTP/1.1" 404 221 "http://103.145.51.74:80/admin/login.asp" "Mozilla/5.0 (X11; Ubuntu; Linux x86_64; rv:71.0) Gecko/20100101 Firefox/71.0"
95.214.54.4 - - [06/May/2025:07:35:46 +0530] "GET / HTTP/1.1" 200 4270 "-" "Hello World/1.0"
45.134.225.133 - - [06/May/2025:07:35:54 +0530] "POST /boaform/admin/formLogin HTTP/1.1" 404 221 "http://103.145.51.74:80/admin/login.asp" "Mozilla/5.0 (X11; Ubuntu; Linux x86_64; rv:71.0) Gecko/20100101 Firefox/71.0"
45.134.225.133 - - [06/May/2025:07:36:34 +0530] "POST /boaform/admin/formLogin HTTP/1.1" 404 221 "http://103.145.51.236:80/admin/login.asp" "Mozilla/5.0 (X11; Ubuntu; Linux x86_64; rv:71.0) Gecko/20100101 Firefox/71.0"
161.248.238.13 - - [06/May/2025:07:37:16 +0530] "POST /boaform/admin/formLogin HTTP/1.1" 404 221 "http://103.145.51.236:80/admin/login.asp" "Mozilla/5.0 (X11; Ubuntu; Linux x86_64; rv:71.0) Gecko/20100101 Firefox/71.0"
45.134.225.133 - - [06/May/2025:07:37:31 +0530] "POST /boaform/admin/formLogin HTTP/1.1" 404 221 "http://103.145.51.236:80/admin/login.asp" "Mozilla/5.0 (X11; Ubuntu; Linux x86_64; rv:71.0) Gecko/20100101 Firefox/71.0"
45.134.225.133 - - [06/May/2025:07:39:51 +0530] "POST /boaform/admin/formLogin HTTP/1.1" 404 221 "http://103.145.51.74:80/admin/login.asp" "Mozilla/5.0 (X11; Ubuntu; Linux x86_64; rv:71.0) Gecko/20100101 Firefox/71.0"
45.134.225.133 - - [06/May/2025:07:40:24 +0530] "POST /boaform/admin/formLogin HTTP/1.1" 404 221 "http://103.145.51.236:80/admin/login.asp" "Mozilla/5.0 (X11; Ubuntu; Linux x86_64; rv:71.0) Gecko/20100101 Firefox/71.0"
45.134.225.133 - - [06/May/2025:07:40:47 +0530] "POST /boaform/admin/formLogin HTTP/1.1" 404 221 "http://103.145.51.74:80/admin/login.asp" "Mozilla/5.0 (X11; Ubuntu; Linux x86_64; rv:71.0) Gecko/20100101 Firefox/71.0"
95.214.54.4 - - [06/May/2025:07:41:15 +0530] "GET / HTTP/1.1" 200 4270 "-" "Hello World/1.0"
45.134.225.133 - - [06/May/2025:07:42:06 +0530] "POST /boaform/admin/formLogin HTTP/1.1" 404 221 "http://103.145.51.236:80/admin/login.asp" "Mozilla/5.0 (X11; Ubuntu; Linux x86_64; rv:71.0) Gecko/20100101 Firefox/71.0"
45.134.225.133 - - [06/May/2025:07:42:27 +0530] "POST /boaform/admin/formLogin HTTP/1.1" 404 221 "http://103.145.51.74:80/admin/login.asp" "Mozilla/5.0 (X11; Ubuntu; Linux x86_64; rv:71.0) Gecko/20100101 Firefox/71.0"
154.81.156.34 - - [06/May/2025:07:42:28 +0530] "GET / HTTP/1.1" 200 4270 "-" "Hello World/1.0"
154.81.156.34 - - [06/May/2025:07:42:28 +0530] "GET / HTTP/1.1" 200 4270 "-" "Hello World/1.0"
45.134.225.133 - - [06/May/2025:07:43:00 +0530] "POST /boaform/admin/formLogin HTTP/1.1" 404 221 "http://103.145.51.236:80/admin/login.asp" "Mozilla/5.0 (X11; Ubuntu; Linux x86_64; rv:71.0) Gecko/20100101 Firefox/71.0"
45.134.225.133 - - [06/May/2025:07:43:08 +0530] "POST /boaform/admin/formLogin HTTP/1.1" 404 221 "http://103.145.51.74:80/admin/login.asp" "Mozilla/5.0 (X11; Ubuntu; Linux x86_64; rv:71.0) Gecko/20100101 Firefox/71.0"
161.248.238.13 - - [06/May/2025:07:44:06 +0530] "POST /boaform/admin/formLogin HTTP/1.1" 404 221 "http://103.145.51.74:80/admin/login.asp" "Mozilla/5.0 (X11; Ubuntu; Linux x86_64; rv:71.0) Gecko/20100101 Firefox/71.0"
176.65.148.10 - - [06/May/2025:07:44:08 +0530] "GET / HTTP/1.1" 200 4270 "-" "-"
45.134.225.133 - - [06/May/2025:07:44:27 +0530] "POST /boaform/admin/formLogin HTTP/1.1" 404 221 "http://103.145.51.236:80/admin/login.asp" "Mozilla/5.0 (X11; Ubuntu; Linux x86_64; rv:71.0) Gecko/20100101 Firefox/71.0"
45.134.225.133 - - [06/May/2025:07:45:01 +0530] "POST /boaform/admin/formLogin HTTP/1.1" 404 221 "http://103.145.51.74:80/admin/login.asp" "Mozilla/5.0 (X11; Ubuntu; Linux x86_64; rv:71.0) Gecko/20100101 Firefox/71.0"
122.96.31.206 - - [06/May/2025:07:45:11 +0530] "GET /boaform/admin/formLogin?username=ec8&psd=ec8 HTTP/1.0" 404 221 "-" "-"
45.134.225.133 - - [06/May/2025:07:45:13 +0530] "POST /boaform/admin/formLogin HTTP/1.1" 404 221 "http://103.145.51.236:80/admin/login.asp" "Mozilla/5.0 (X11; Ubuntu; Linux x86_64; rv:71.0) Gecko/20100101 Firefox/71.0"
45.134.225.133 - - [06/May/2025:07:46:18 +0530] "POST /boaform/admin/formLogin HTTP/1.1" 404 221 "http://103.145.51.236:80/admin/login.asp" "Mozilla/5.0 (X11; Ubuntu; Linux x86_64; rv:71.0) Gecko/20100101 Firefox/71.0"
45.134.225.133 - - [06/May/2025:07:46:32 +0530] "POST /boaform/admin/formLogin HTTP/1.1" 404 221 "http://103.145.51.74:80/admin/login.asp" "Mozilla/5.0 (X11; Ubuntu; Linux x86_64; rv:71.0) Gecko/20100101 Firefox/71.0"
212.107.12.18 - - [06/May/2025:07:46:36 +0530] "GET / HTTP/1.1" 200 4270 "-" "-"
45.134.225.133 - - [06/May/2025:07:47:27 +0530] "POST /boaform/admin/formLogin HTTP/1.1" 404 221 "http://103.145.51.74:80/admin/login.asp" "Mozilla/5.0 (X11; Ubuntu; Linux x86_64; rv:71.0) Gecko/20100101 Firefox/71.0"
45.134.225.133 - - [06/May/2025:07:48:51 +0530] "POST /boaform/admin/formLogin HTTP/1.1" 404 221 "http://103.145.51.74:80/admin/login.asp" "Mozilla/5.0 (X11; Ubuntu; Linux x86_64; rv:71.0) Gecko/20100101 Firefox/71.0"
212.107.12.18 - - [06/May/2025:07:49:31 +0530] "GET / HTTP/1.1" 200 4270 "-" "-"
161.248.238.13 - - [06/May/2025:07:51:00 +0530] "POST /boaform/admin/formLogin HTTP/1.1" 404 221 "http://103.145.51.236:80/admin/login.asp" "Mozilla/5.0 (X11; Ubuntu; Linux x86_64; rv:71.0) Gecko/20100101 Firefox/71.0"
45.134.225.133 - - [06/May/2025:07:51:20 +0530] "POST /boaform/admin/formLogin HTTP/1.1" 404 221 "http://103.145.51.236:80/admin/login.asp" "Mozilla/5.0 (X11; Ubuntu; Linux x86_64; rv:71.0) Gecko/20100101 Firefox/71.0"
93.123.109.122 - - [06/May/2025:07:51:35 +0530] "GET / HTTP/1.1" 200 1620 "-" "Mozilla/5.0 (Windows NT 6.1; WOW64) AppleWebKit/537.36 (KHTML, like Gecko) Chrome/47.0.2526.111 Safari/537.36"
93.123.109.122 - - [06/May/2025:07:51:36 +0530] "GET /favicon.ico HTTP/1.1" 404 209 "-" "Mozilla/5.0 (Windows NT 6.1; WOW64) AppleWebKit/537.36 (KHTML, like Gecko) Chrome/47.0.2526.111 Safari/537.36"
93.123.109.122 - - [06/May/2025:07:51:36 +0530] "GET / HTTP/1.1" 200 1620 "-" "Mozilla/5.0 (Windows NT 6.1; WOW64) AppleWebKit/537.36 (KHTML, like Gecko) Chrome/47.0.2526.111 Safari/537.36"
93.123.109.122 - - [06/May/2025:07:51:36 +0530] "GET / HTTP/1.1" 200 1620 "-" "Mozilla/5.0 (Windows NT 6.1; WOW64) AppleWebKit/537.36 (KHTML, like Gecko) Chrome/47.0.2526.111 Safari/537.36"
93.123.109.122 - - [06/May/2025:07:51:36 +0530] "GET /favicon.ico HTTP/1.1" 404 209 "-" "Mozilla/5.0 (Windows NT 6.1; WOW64) AppleWebKit/537.36 (KHTML, like Gecko) Chrome/47.0.2526.111 Safari/537.36"
93.123.109.122 - - [06/May/2025:07:51:36 +0530] "GET /favicon.ico HTTP/1.1" 404 209 "-" "Mozilla/5.0 (Windows NT 6.1; WOW64) AppleWebKit/537.36 (KHTML, like Gecko) Chrome/47.0.2526.111 Safari/537.36"
93.123.109.122 - - [06/May/2025:07:51:41 +0530] "GET / HTTP/1.1" 200 1620 "-" "Mozilla/5.0 (Windows NT 6.1; WOW64) AppleWebKit/537.36 (KHTML, like Gecko) Chrome/47.0.2526.111 Safari/537.36"
93.123.109.122 - - [06/May/2025:07:51:41 +0530] "GET /favicon.ico HTTP/1.1" 404 209 "-" "Mozilla/5.0 (Windows NT 6.1; WOW64) AppleWebKit/537.36 (KHTML, like Gecko) Chrome/47.0.2526.111 Safari/537.36"
93.123.109.122 - - [06/May/2025:07:51:41 +0530] "GET / HTTP/1.1" 200 1620 "-" "Mozilla/5.0 (Windows NT 6.1; WOW64) AppleWebKit/537.36 (KHTML, like Gecko) Chrome/47.0.2526.111 Safari/537.36"
93.123.109.122 - - [06/May/2025:07:51:42 +0530] "GET /favicon.ico HTTP/1.1" 404 209 "-" "Mozilla/5.0 (Windows NT 6.1; WOW64) AppleWebKit/537.36 (KHTML, like Gecko) Chrome/47.0.2526.111 Safari/537.36"
45.134.225.133 - - [06/May/2025:07:51:47 +0530] "POST /boaform/admin/formLogin HTTP/1.1" 404 221 "http://103.145.51.74:80/admin/login.asp" "Mozilla/5.0 (X11; Ubuntu; Linux x86_64; rv:71.0) Gecko/20100101 Firefox/71.0"
95.214.54.4 - - [06/May/2025:07:53:13 +0530] "GET / HTTP/1.1" 200 4270 "-" "Hello World/1.0"
45.134.225.133 - - [06/May/2025:07:53:31 +0530] "POST /boaform/admin/formLogin HTTP/1.1" 404 221 "http://103.145.51.74:80/admin/login.asp" "Mozilla/5.0 (X11; Ubuntu; Linux x86_64; rv:71.0) Gecko/20100101 Firefox/71.0"
45.134.225.133 - - [06/May/2025:07:53:53 +0530] "POST /boaform/admin/formLogin HTTP/1.1" 404 221 "http://103.145.51.74:80/admin/login.asp" "Mozilla/5.0 (X11; Ubuntu; Linux x86_64; rv:71.0) Gecko/20100101 Firefox/71.0"
185.143.228.113 - - [06/May/2025:07:54:22 +0530] "GET /.env HTTP/1.1" 404 202 "-" "Mozilla/5.0 (Linux; U; Android 4.4.2; en-US; HM NOTE 1W Build/KOT49H) AppleWebKit/534.30 (KHTML, like Gecko) Version/4.0 UCBrowser/11.0.5.850 U3/0.8.0 Mobile Safari/534.30"
95.214.54.4 - - [06/May/2025:07:54:22 +0530] "GET / HTTP/1.1" 200 4270 "-" "Hello World/1.0"
185.143.228.113 - - [06/May/2025:07:54:22 +0530] "POST / HTTP/1.1" 200 1620 "-" "Mozilla/5.0 (Linux; U; Android 4.4.2; en-US; HM NOTE 1W Build/KOT49H) AppleWebKit/534.30 (KHTML, like Gecko) Version/4.0 UCBrowser/11.0.5.850 U3/0.8.0 Mobile Safari/534.30"
185.143.228.113 - - [06/May/2025:07:54:28 +0530] "GET /vendor/phpunit/phpunit/src/Util/PHP/eval-stdin.php HTTP/1.1" 404 248 "-" "python-requests/2.28.1"
45.134.225.133 - - [06/May/2025:07:55:01 +0530] "POST /boaform/admin/formLogin HTTP/1.1" 404 221 "http://103.145.51.236:80/admin/login.asp" "Mozilla/5.0 (X11; Ubuntu; Linux x86_64; rv:71.0) Gecko/20100101 Firefox/71.0"
45.134.225.133 - - [06/May/2025:07:55:03 +0530] "POST /boaform/admin/formLogin HTTP/1.1" 404 221 "http://103.145.51.74:80/admin/login.asp" "Mozilla/5.0 (X11; Ubuntu; Linux x86_64; rv:71.0) Gecko/20100101 Firefox/71.0"
45.134.225.133 - - [06/May/2025:07:56:58 +0530] "POST /boaform/admin/formLogin HTTP/1.1" 404 221 "http://103.145.51.74:80/admin/login.asp" "Mozilla/5.0 (X11; Ubuntu; Linux x86_64; rv:71.0) Gecko/20100101 Firefox/71.0"
45.134.225.133 - - [06/May/2025:07:57:48 +0530] "POST /boaform/admin/formLogin HTTP/1.1" 404 221 "http://103.145.51.236:80/admin/login.asp" "Mozilla/5.0 (X11; Ubuntu; Linux x86_64; rv:71.0) Gecko/20100101 Firefox/71.0"
61.72.143.160 - - [06/May/2025:07:59:01 +0530] "GET / HTTP/1.0" 200 4270 "-" "curl/7.88.1"
45.134.225.133 - - [06/May/2025:07:59:10 +0530] "POST /boaform/admin/formLogin HTTP/1.1" 404 221 "http://103.145.51.236:80/admin/login.asp" "Mozilla/5.0 (X11; Ubuntu; Linux x86_64; rv:71.0) Gecko/20100101 Firefox/71.0"
45.134.225.133 - - [06/May/2025:07:59:41 +0530] "POST /boaform/admin/formLogin HTTP/1.1" 404 221 "http://103.145.51.74:80/admin/login.asp" "Mozilla/5.0 (X11; Ubuntu; Linux x86_64; rv:71.0) Gecko/20100101 Firefox/71.0"
185.143.228.113 - - [06/May/2025:07:59:47 +0530] "GET /.env HTTP/1.1" 404 202 "-" "Mozilla/5.0 (Linux; U; Android 4.4.2; en-US; HM NOTE 1W Build/KOT49H) AppleWebKit/534.30 (KHTML, like Gecko) Version/4.0 UCBrowser/11.0.5.850 U3/0.8.0 Mobile Safari/534.30"
185.143.228.113 - - [06/May/2025:07:59:48 +0530] "POST / HTTP/1.1" 200 1620 "-" "Mozilla/5.0 (Linux; U; Android 4.4.2; en-US; HM NOTE 1W Build/KOT49H) AppleWebKit/534.30 (KHTML, like Gecko) Version/4.0 UCBrowser/11.0.5.850 U3/0.8.0 Mobile Safari/534.30"
185.143.228.113 - - [06/May/2025:07:59:52 +0530] "GET /vendor/phpunit/phpunit/src/Util/PHP/eval-stdin.php HTTP/1.1" 404 248 "-" "python-requests/2.28.1"
45.134.225.133 - - [06/May/2025:08:00:27 +0530] "POST /boaform/admin/formLogin HTTP/1.1" 404 221 "http://103.145.51.236:80/admin/login.asp" "Mozilla/5.0 (X11; Ubuntu; Linux x86_64; rv:71.0) Gecko/20100101 Firefox/71.0"
45.134.225.133 - - [06/May/2025:08:00:30 +0530] "POST /boaform/admin/formLogin HTTP/1.1" 404 221 "http://103.145.51.74:80/admin/login.asp" "Mozilla/5.0 (X11; Ubuntu; Linux x86_64; rv:71.0) Gecko/20100101 Firefox/71.0"
45.134.225.133 - - [06/May/2025:08:01:25 +0530] "POST /boaform/admin/formLogin HTTP/1.1" 404 221 "http://103.145.51.236:80/admin/login.asp" "Mozilla/5.0 (X11; Ubuntu; Linux x86_64; rv:71.0) Gecko/20100101 Firefox/71.0"
45.134.225.133 - - [06/May/2025:08:02:04 +0530] "POST /boaform/admin/formLogin HTTP/1.1" 404 221 "http://103.145.51.74:80/admin/login.asp" "Mozilla/5.0 (X11; Ubuntu; Linux x86_64; rv:71.0) Gecko/20100101 Firefox/71.0"
45.134.225.133 - - [06/May/2025:08:03:18 +0530] "POST /boaform/admin/formLogin HTTP/1.1" 404 221 "http://103.145.51.74:80/admin/login.asp" "Mozilla/5.0 (X11; Ubuntu; Linux x86_64; rv:71.0) Gecko/20100101 Firefox/71.0"
45.134.225.133 - - [06/May/2025:08:05:01 +0530] "POST /boaform/admin/formLogin HTTP/1.1" 404 221 "http://103.145.51.236:80/admin/login.asp" "Mozilla/5.0 (X11; Ubuntu; Linux x86_64; rv:71.0) Gecko/20100101 Firefox/71.0"
45.134.225.133 - - [06/May/2025:08:05:47 +0530] "POST /boaform/admin/formLogin HTTP/1.1" 404 221 "http://103.145.51.236:80/admin/login.asp" "Mozilla/5.0 (X11; Ubuntu; Linux x86_64; rv:71.0) Gecko/20100101 Firefox/71.0"
45.134.225.133 - - [06/May/2025:08:05:56 +0530] "POST /boaform/admin/formLogin HTTP/1.1" 404 221 "http://103.145.51.74:80/admin/login.asp" "Mozilla/5.0 (X11; Ubuntu; Linux x86_64; rv:71.0) Gecko/20100101 Firefox/71.0"
45.134.225.133 - - [06/May/2025:08:07:40 +0530] "POST /boaform/admin/formLogin HTTP/1.1" 404 221 "http://103.145.51.236:80/admin/login.asp" "Mozilla/5.0 (X11; Ubuntu; Linux x86_64; rv:71.0) Gecko/20100101 Firefox/71.0"
161.248.238.13 - - [06/May/2025:08:08:03 +0530] "POST /boaform/admin/formLogin HTTP/1.1" 404 221 "http://103.145.51.236:80/admin/login.asp" "Mozilla/5.0 (X11; Ubuntu; Linux x86_64; rv:71.0) Gecko/20100101 Firefox/71.0"
45.134.225.133 - - [06/May/2025:08:09:05 +0530] "POST /boaform/admin/formLogin HTTP/1.1" 404 221 "http://103.145.51.236:80/admin/login.asp" "Mozilla/5.0 (X11; Ubuntu; Linux x86_64; rv:71.0) Gecko/20100101 Firefox/71.0"
45.134.225.133 - - [06/May/2025:08:09:06 +0530] "POST /boaform/admin/formLogin HTTP/1.1" 404 221 "http://103.145.51.74:80/admin/login.asp" "Mozilla/5.0 (X11; Ubuntu; Linux x86_64; rv:71.0) Gecko/20100101 Firefox/71.0"
45.134.225.133 - - [06/May/2025:08:09:25 +0530] "POST /boaform/admin/formLogin HTTP/1.1" 404 221 "http://103.145.51.74:80/admin/login.asp" "Mozilla/5.0 (X11; Ubuntu; Linux x86_64; rv:71.0) Gecko/20100101 Firefox/71.0"
45.134.225.133 - - [06/May/2025:08:09:28 +0530] "POST /boaform/admin/formLogin HTTP/1.1" 404 221 "http://103.145.51.236:80/admin/login.asp" "Mozilla/5.0 (X11; Ubuntu; Linux x86_64; rv:71.0) Gecko/20100101 Firefox/71.0"
161.248.238.13 - - [06/May/2025:08:09:37 +0530] "POST /boaform/admin/formLogin HTTP/1.1" 404 221 "http://103.145.51.74:80/admin/login.asp" "Mozilla/5.0 (X11; Ubuntu; Linux x86_64; rv:71.0) Gecko/20100101 Firefox/71.0"
154.81.156.34 - - [06/May/2025:08:10:17 +0530] "GET / HTTP/1.1" 200 4270 "-" "Hello World/1.0"
95.214.54.4 - - [06/May/2025:08:10:49 +0530] "GET / HTTP/1.1" 200 4270 "-" "Hello World/1.0"
161.248.238.13 - - [06/May/2025:08:12:10 +0530] "POST /boaform/admin/formLogin HTTP/1.1" 404 221 "http://103.145.51.236:80/admin/login.asp" "Mozilla/5.0 (X11; Ubuntu; Linux x86_64; rv:71.0) Gecko/20100101 Firefox/71.0"
154.81.156.34 - - [06/May/2025:08:12:34 +0530] "GET / HTTP/1.1" 200 4270 "-" "Hello World/1.0"
212.107.12.18 - - [06/May/2025:08:15:09 +0530] "GET / HTTP/1.1" 200 4270 "-" "-"
212.107.12.18 - - [06/May/2025:08:16:39 +0530] "GET / HTTP/1.1" 200 4270 "-" "-"
95.214.54.4 - - [06/May/2025:08:21:28 +0530] "GET / HTTP/1.1" 200 4270 "-" "Hello World/1.0"
43.130.139.177 - - [06/May/2025:08:23:38 +0530] "GET / HTTP/1.1" 200 1620 "-" "Mozilla/5.0 (iPhone; CPU iPhone OS 13_2_3 like Mac OS X) AppleWebKit/605.1.15 (KHTML, like Gecko) Version/13.0.3 Mobile/15E148 Safari/604.1"
161.248.238.13 - - [06/May/2025:08:24:57 +0530] "POST /boaform/admin/formLogin HTTP/1.1" 404 221 "http://103.145.51.236:80/admin/login.asp" "Mozilla/5.0 (X11; Ubuntu; Linux x86_64; rv:71.0) Gecko/20100101 Firefox/71.0"
161.248.238.13 - - [06/May/2025:08:28:18 +0530] "POST /boaform/admin/formLogin HTTP/1.1" 404 221 "http://103.145.51.74:80/admin/login.asp" "Mozilla/5.0 (X11; Ubuntu; Linux x86_64; rv:71.0) Gecko/20100101 Firefox/71.0"
161.248.238.13 - - [06/May/2025:08:37:35 +0530] "POST /boaform/admin/formLogin HTTP/1.1" 404 221 "http://103.145.51.236:80/admin/login.asp" "Mozilla/5.0 (X11; Ubuntu; Linux x86_64; rv:71.0) Gecko/20100101 Firefox/71.0"
154.81.156.34 - - [06/May/2025:08:39:12 +0530] "GET / HTTP/1.1" 200 4270 "-" "Hello World/1.0"
95.214.54.4 - - [06/May/2025:08:39:21 +0530] "GET / HTTP/1.1" 200 4270 "-" "Hello World/1.0"
154.81.156.34 - - [06/May/2025:08:39:52 +0530] "GET / HTTP/1.1" 200 4270 "-" "Hello World/1.0"
103.203.56.2 - - [06/May/2025:08:39:56 +0530] "GET / HTTP/1.1" 200 4270 "-" "HTTP Banner Detection (https://security.ipip.net)"
95.214.54.4 - - [06/May/2025:08:41:35 +0530] "GET / HTTP/1.1" 200 4270 "-" "Hello World/1.0"
212.107.12.18 - - [06/May/2025:08:42:28 +0530] "GET / HTTP/1.1" 200 4270 "-" "-"
212.107.12.18 - - [06/May/2025:08:47:12 +0530] "GET / HTTP/1.1" 200 4270 "-" "-"
93.123.109.222 - - [06/May/2025:08:48:27 +0530] "GET /favicon.ico HTTP/1.1" 404 209 "-" "Mozilla/5.0 zgrab/0.x"
93.123.109.222 - - [06/May/2025:08:48:27 +0530] "GET / HTTP/1.1" 200 1620 "-" "Mozilla/5.0 zgrab/0.x"
95.214.54.4 - - [06/May/2025:08:52:00 +0530] "GET / HTTP/1.1" 200 4270 "-" "Hello World/1.0"
161.248.238.13 - - [06/May/2025:08:55:54 +0530] "POST /boaform/admin/formLogin HTTP/1.1" 404 221 "http://103.145.51.74:80/admin/login.asp" "Mozilla/5.0 (X11; Ubuntu; Linux x86_64; rv:71.0) Gecko/20100101 Firefox/71.0"
174.108.43.89 - - [06/May/2025:08:55:58 +0530] "GET / HTTP/1.0" 200 4270 "-" "curl/7.88.1"
95.214.54.4 - - [06/May/2025:08:57:55 +0530] "GET / HTTP/1.1" 200 4270 "-" "Hello World/1.0"
45.156.129.133 - - [06/May/2025:09:02:18 +0530] "GET / HTTP/1.1" 200 1620 "-" "Mozilla/5.0 (Windows NT 10.0; Win64; x64) AppleWebKit/537.36 (KHTML, like Gecko) Chrome/60.0.3112.113 Safari/537.36"
161.248.238.13 - - [06/May/2025:09:02:23 +0530] "POST /boaform/admin/formLogin HTTP/1.1" 404 221 "http://103.145.51.236:80/admin/login.asp" "Mozilla/5.0 (X11; Ubuntu; Linux x86_64; rv:71.0) Gecko/20100101 Firefox/71.0"
185.218.86.4 - - [06/May/2025:09:05:04 +0530] "GET / HTTP/1.1" 200 1620 "-" "Mozilla/5.0 (Windows NT 10.0; Win64; x64) AppleWebKit/537.36 (KHTML, like Gecko) Chrome/90.0.4430.85 Safari/537.36 Edg/90.0.818.46"
200.6.48.74 - - [06/May/2025:09:06:05 +0530] "GET /admin/assets/css/jquery-ui.css HTTP/1.0" 404 228 "-" "xfa1"
185.218.86.4 - - [06/May/2025:09:06:26 +0530] "GET / HTTP/1.1" 200 1620 "-" "Mozilla/5.0 (Windows NT 10.0; Win64; x64) AppleWebKit/537.36 (KHTML, like Gecko) Chrome/90.0.4430.85 Safari/537.36 Edg/90.0.818.46"
154.81.156.34 - - [06/May/2025:09:07:15 +0530] "GET / HTTP/1.1" 200 4270 "-" "Hello World/1.0"
154.81.156.34 - - [06/May/2025:09:07:38 +0530] "GET / HTTP/1.1" 200 4270 "-" "Hello World/1.0"
185.218.84.178 - - [06/May/2025:09:08:46 +0530] "GET / HTTP/1.1" 200 1620 "-" "Mozilla/5.0 (Windows NT 10.0; Win64; x64) AppleWebKit/537.36 (KHTML, like Gecko) Chrome/90.0.4430.85 Safari/537.36 Edg/90.0.818.46"
167.94.146.55 - - [06/May/2025:09:10:30 +0530] "GET / HTTP/1.1" 200 1620 "-" "Mozilla/5.0 (compatible; CensysInspect/1.1; +https://about.censys.io/)"
167.94.146.55 - - [06/May/2025:09:10:32 +0530] "GET /./favicon.ico HTTP/1.1" 404 209 "-" "Mozilla/5.0 (compatible; CensysInspect/1.1; +https://about.censys.io/)"
167.94.146.55 - - [06/May/2025:09:10:33 +0530] "GET /favicon.ico HTTP/1.1" 404 209 "-" "Mozilla/5.0 (compatible; CensysInspect/1.1; +https://about.censys.io/)"
167.94.146.55 - - [06/May/2025:09:10:35 +0530] "PRI * HTTP/2.0" 400 226 "-" "-"
167.94.146.55 - - [06/May/2025:09:10:39 +0530] "GET /./favicon.ico HTTP/1.1" 404 209 "-" "Mozilla/5.0 (compatible; CensysInspect/1.1; +https://about.censys.io/)"
167.94.146.55 - - [06/May/2025:09:10:40 +0530] "GET /favicon.ico HTTP/1.1" 404 209 "-" "Mozilla/5.0 (compatible; CensysInspect/1.1; +https://about.censys.io/)"
167.94.146.55 - - [06/May/2025:09:10:41 +0530] "\x16\x03\x01" 400 226 "-" "-"
161.248.238.13 - - [06/May/2025:09:11:33 +0530] "POST /boaform/admin/formLogin HTTP/1.1" 404 221 "http://103.145.51.74:80/admin/login.asp" "Mozilla/5.0 (X11; Ubuntu; Linux x86_64; rv:71.0) Gecko/20100101 Firefox/71.0"
185.218.84.178 - - [06/May/2025:09:12:09 +0530] "GET / HTTP/1.1" 200 1620 "-" "Mozilla/5.0 (Windows NT 10.0; Win64; x64) AppleWebKit/537.36 (KHTML, like Gecko) Chrome/90.0.4430.85 Safari/537.36 Edg/90.0.818.46"
95.214.54.4 - - [06/May/2025:09:12:53 +0530] "GET / HTTP/1.1" 200 4270 "-" "Hello World/1.0"
154.81.156.7 - - [06/May/2025:09:13:41 +0530] "GET / HTTP/1.1" 200 4270 "-" "-"
212.107.12.18 - - [06/May/2025:09:14:43 +0530] "GET / HTTP/1.1" 200 4270 "-" "-"
161.248.238.13 - - [06/May/2025:09:15:51 +0530] "POST /boaform/admin/formLogin HTTP/1.1" 404 221 "http://103.145.51.236:80/admin/login.asp" "Mozilla/5.0 (X11; Ubuntu; Linux x86_64; rv:71.0) Gecko/20100101 Firefox/71.0"
95.214.54.4 - - [06/May/2025:09:20:31 +0530] "GET / HTTP/1.1" 200 4270 "-" "Hello World/1.0"
212.107.12.18 - - [06/May/2025:09:21:57 +0530] "GET / HTTP/1.1" 200 4270 "-" "-"
161.248.238.13 - - [06/May/2025:09:26:58 +0530] "POST /boaform/admin/formLogin HTTP/1.1" 404 221 "http://103.145.51.236:80/admin/login.asp" "Mozilla/5.0 (X11; Ubuntu; Linux x86_64; rv:71.0) Gecko/20100101 Firefox/71.0"
161.248.238.13 - - [06/May/2025:09:27:06 +0530] "POST /boaform/admin/formLogin HTTP/1.1" 404 221 "http://103.145.51.74:80/admin/login.asp" "Mozilla/5.0 (X11; Ubuntu; Linux x86_64; rv:71.0) Gecko/20100101 Firefox/71.0"
161.248.238.13 - - [06/May/2025:09:29:13 +0530] "POST /boaform/admin/formLogin HTTP/1.1" 404 221 "http://103.145.51.74:80/admin/login.asp" "Mozilla/5.0 (X11; Ubuntu; Linux x86_64; rv:71.0) Gecko/20100101 Firefox/71.0"
95.214.54.4 - - [06/May/2025:09:33:37 +0530] "GET / HTTP/1.1" 200 4270 "-" "Hello World/1.0"
154.81.156.34 - - [06/May/2025:09:34:18 +0530] "GET / HTTP/1.1" 200 4270 "-" "Hello World/1.0"
154.81.156.34 - - [06/May/2025:09:35:03 +0530] "GET / HTTP/1.1" 200 4270 "-" "Hello World/1.0"
95.214.54.4 - - [06/May/2025:09:36:44 +0530] "GET / HTTP/1.1" 200 4270 "-" "Hello World/1.0"
68.183.9.16 - - [06/May/2025:09:39:14 +0530] "\x16\x03\x01\x01\r\x01" 400 226 "-" "-"
68.183.9.16 - - [06/May/2025:09:39:14 +0530] "GET / HTTP/1.1" 200 4270 "-" "-"
68.183.9.16 - - [06/May/2025:09:39:14 +0530] "GET / HTTP/1.1" 200 4270 "-" "Mozilla/5.0 (Linux; Android 6.0; HTC One M9 Build/MRA572694) AppleWebKit/537.36 (KHTML, like Gecko) Chrome/52.0.1737.98 Mobile Safari/537.3"
68.183.9.16 - - [06/May/2025:09:39:15 +0530] "GET /@vite/env HTTP/1.1" 404 207 "-" "Go-http-client/1.1"
68.183.9.16 - - [06/May/2025:09:39:15 +0530] "GET /actuator/env HTTP/1.1" 404 210 "-" "Go-http-client/1.1"
68.183.9.16 - - [06/May/2025:09:39:15 +0530] "GET /server HTTP/1.1" 404 204 "-" "Go-http-client/1.1"
68.183.9.16 - - [06/May/2025:09:39:16 +0530] "GET /.vscode/sftp.json HTTP/1.1" 404 215 "-" "Go-http-client/1.1"
68.183.9.16 - - [06/May/2025:09:39:16 +0530] "GET /about HTTP/1.1" 404 203 "-" "Go-http-client/1.1"
68.183.9.16 - - [06/May/2025:09:39:16 +0530] "GET /debug/default/view?panel=config HTTP/1.1" 404 216 "-" "Go-http-client/1.1"
68.183.9.16 - - [06/May/2025:09:39:16 +0530] "GET /v2/_catalog HTTP/1.1" 404 209 "-" "Go-http-client/1.1"
68.183.9.16 - - [06/May/2025:09:39:17 +0530] "GET /ecp/Current/exporttool/microsoft.exchange.ediscovery.exporttool.application HTTP/1.1" 404 273 "-" "Go-http-client/1.1"
68.183.9.16 - - [06/May/2025:09:39:17 +0530] "GET /server-status HTTP/1.1" 200 2629 "-" "Go-http-client/1.1"
68.183.9.16 - - [06/May/2025:09:39:17 +0530] "GET /login.action HTTP/1.1" 404 210 "-" "Go-http-client/1.1"
68.183.9.16 - - [06/May/2025:09:39:17 +0530] "GET /_all_dbs HTTP/1.1" 404 206 "-" "Mozilla/5.0 (l9scan/2.0.633323e21353e2534313e2330313; +https://leakix.net)"
68.183.9.16 - - [06/May/2025:09:39:18 +0530] "GET /.DS_Store HTTP/1.1" 404 207 "-" "Go-http-client/1.1"
68.183.9.16 - - [06/May/2025:09:39:18 +0530] "GET /.env HTTP/1.1" 404 202 "-" "Go-http-client/1.1"
68.183.9.16 - - [06/May/2025:09:39:18 +0530] "GET /.git/config HTTP/1.1" 404 209 "-" "Go-http-client/1.1"
68.183.9.16 - - [06/May/2025:09:39:18 +0530] "GET /s/633323e21353e2534313e2330313/_/;/META-INF/maven/com.atlassian.jira/jira-webapp-dist/pom.properties HTTP/1.1" 404 298 "-" "Go-http-client/1.1"
68.183.9.16 - - [06/May/2025:09:39:19 +0530] "GET /config.json HTTP/1.1" 404 209 "-" "Go-http-client/1.1"
68.183.9.16 - - [06/May/2025:09:39:19 +0530] "GET /telescope/requests HTTP/1.1" 404 216 "-" "Go-http-client/1.1"
68.183.9.16 - - [06/May/2025:09:39:19 +0530] "GET /info.php HTTP/1.1" 404 206 "-" "Go-http-client/1.1"
68.183.9.16 - - [06/May/2025:09:39:19 +0530] "GET /?rest_route=/wp/v2/users/ HTTP/1.1" 200 1620 "-" "Go-http-client/1.1"
161.248.238.13 - - [06/May/2025:09:42:57 +0530] "POST /boaform/admin/formLogin HTTP/1.1" 404 221 "http://103.145.51.236:80/admin/login.asp" "Mozilla/5.0 (X11; Ubuntu; Linux x86_64; rv:71.0) Gecko/20100101 Firefox/71.0"
161.248.238.13 - - [06/May/2025:09:48:51 +0530] "POST /boaform/admin/formLogin HTTP/1.1" 404 221 "http://103.145.51.74:80/admin/login.asp" "Mozilla/5.0 (X11; Ubuntu; Linux x86_64; rv:71.0) Gecko/20100101 Firefox/71.0"
211.114.10.181 - - [06/May/2025:09:48:54 +0530] "GET / HTTP/1.0" 200 4270 "-" "curl/7.88.1"
161.248.238.13 - - [06/May/2025:09:51:26 +0530] "POST /boaform/admin/formLogin HTTP/1.1" 404 221 "http://103.145.51.74:80/admin/login.asp" "Mozilla/5.0 (X11; Ubuntu; Linux x86_64; rv:71.0) Gecko/20100101 Firefox/71.0"
212.107.12.18 - - [06/May/2025:09:51:45 +0530] "GET / HTTP/1.1" 200 4270 "-" "-"
212.107.12.18 - - [06/May/2025:09:52:52 +0530] "GET / HTTP/1.1" 200 4270 "-" "-"
95.214.54.4 - - [06/May/2025:09:53:09 +0530] "GET / HTTP/1.1" 200 4270 "-" "Hello World/1.0"
161.248.238.13 - - [06/May/2025:09:53:47 +0530] "POST /boaform/admin/formLogin HTTP/1.1" 404 221 "http://103.145.51.236:80/admin/login.asp" "Mozilla/5.0 (X11; Ubuntu; Linux x86_64; rv:71.0) Gecko/20100101 Firefox/71.0"
65.49.1.50 - - [06/May/2025:09:57:14 +0530] "GET / HTTP/1.1" 200 1620 "-" "Mozilla/5.0 (Macintosh; Intel Mac OS X 10.15; rv:109.0) Gecko/20100101 Firefox/110.0"
95.214.54.4 - - [06/May/2025:09:57:23 +0530] "GET / HTTP/1.1" 200 4270 "-" "Hello World/1.0"
94.159.113.24 - - [06/May/2025:10:00:00 +0530] "GET / HTTP/1.0" 200 4270 "-" "Mozilla/5.0 (Windows; U; MSIE 9.0; Windows NT 9.1; en-US)"
176.65.142.182 - - [06/May/2025:10:01:29 +0530] "GET / HTTP/1.1" 200 4270 "-" "-"
161.248.238.13 - - [06/May/2025:10:01:41 +0530] "POST /boaform/admin/formLogin HTTP/1.1" 404 221 "http://103.145.51.236:80/admin/login.asp" "Mozilla/5.0 (X11; Ubuntu; Linux x86_64; rv:71.0) Gecko/20100101 Firefox/71.0"
65.49.1.45 - - [06/May/2025:10:02:09 +0530] "GET /geoserver/web/ HTTP/1.1" 404 212 "-" "Mozilla/5.0 (Macintosh; Intel Mac OS X 10.15; rv:109.0) Gecko/20100101 Firefox/110.0"
154.81.156.34 - - [06/May/2025:10:02:10 +0530] "GET / HTTP/1.1" 200 4270 "-" "Hello World/1.0"
23.27.46.35 - - [06/May/2025:10:03:49 +0530] "GET /config/index?time=1746506028066854255 HTTP/1.1" 404 210 "-" "Go-http-client/1.1"
154.81.156.34 - - [06/May/2025:10:04:13 +0530] "GET / HTTP/1.1" 200 4270 "-" "Hello World/1.0"
23.27.46.35 - - [06/May/2025:10:05:29 +0530] "GET /api/bin/440393?time=1746506129474043866 HTTP/1.1" 404 212 "-" "Mozilla/5.0 (Windows NT 10.0; Win64; x64) AppleWebKit/537.36 (KHTML, like Gecko) Chrome/91.0.4472.124 Safari/537.36"
23.27.46.35 - - [06/May/2025:10:05:30 +0530] "POST /api/user/binLookup?time=1746506130092694511 HTTP/1.1" 404 216 "-" "Mozilla/5.0 (Windows NT 10.0; Win64; x64) AppleWebKit/537.36 (KHTML, like Gecko) Chrome/91.0.4472.124 Safari/537.36"
211.59.174.163 - - [06/May/2025:10:06:32 +0530] "CONNECT smartstore.naver.com:443 HTTP/1.1" 200 4270 "-" "Mozilla/5.0"
211.59.174.163 - - [06/May/2025:10:06:33 +0530] "CONNECT smartstore.naver.com:443 HTTP/1.1" 200 4270 "-" "Mozilla/5.0"
211.59.174.163 - - [06/May/2025:10:06:33 +0530] "\x16\x03\x01\x02" 400 226 "-" "-"
211.59.174.163 - - [06/May/2025:10:06:54 +0530] "-" 408 - "-" "-"
211.59.174.163 - - [06/May/2025:10:07:14 +0530] "-" 408 - "-" "-"
211.59.174.163 - - [06/May/2025:10:07:35 +0530] "-" 408 - "-" "-"
211.59.174.163 - - [06/May/2025:10:07:35 +0530] "CONNECT smartstore.naver.com:443 HTTP/1.1" 200 4270 "-" "Mozilla/5.0"
211.59.174.163 - - [06/May/2025:10:07:35 +0530] "GET /sajucock/products/11127797040 HTTP/1.0" 404 227 "-" "-"
211.59.174.163 - - [06/May/2025:10:08:35 +0530] "CONNECT cr.shopping.naver.com:443 HTTP/1.1" 200 4270 "-" "Mozilla/5.0"
211.59.174.163 - - [06/May/2025:10:08:35 +0530] "CONNECT cr.shopping.naver.com:443 HTTP/1.1" 200 4270 "-" "Mozilla/5.0"
211.59.174.163 - - [06/May/2025:10:08:35 +0530] "\x16\x03\x01\x02" 400 226 "-" "-"
161.248.238.13 - - [06/May/2025:10:08:45 +0530] "POST /boaform/admin/formLogin HTTP/1.1" 404 221 "http://103.145.51.74:80/admin/login.asp" "Mozilla/5.0 (X11; Ubuntu; Linux x86_64; rv:71.0) Gecko/20100101 Firefox/71.0"
211.59.174.163 - - [06/May/2025:10:08:56 +0530] "-" 408 - "-" "-"
211.59.174.163 - - [06/May/2025:10:09:17 +0530] "-" 408 - "-" "-"
211.59.174.163 - - [06/May/2025:10:09:37 +0530] "-" 408 - "-" "-"
211.59.174.163 - - [06/May/2025:10:09:37 +0530] "CONNECT cr.shopping.naver.com:443 HTTP/1.1" 200 4270 "-" "Mozilla/5.0"
211.59.174.163 - - [06/May/2025:10:09:38 +0530] "GET /adcr HTTP/1.0" 404 202 "-" "-"
212.107.12.18 - - [06/May/2025:10:14:18 +0530] "GET / HTTP/1.1" 200 4270 "-" "-"
161.248.238.13 - - [06/May/2025:10:15:15 +0530] "POST /boaform/admin/formLogin HTTP/1.1" 404 221 "http://103.145.51.74:80/admin/login.asp" "Mozilla/5.0 (X11; Ubuntu; Linux x86_64; rv:71.0) Gecko/20100101 Firefox/71.0"
212.107.12.18 - - [06/May/2025:10:16:00 +0530] "GET / HTTP/1.1" 200 4270 "-" "-"
182.180.109.110 - - [06/May/2025:10:16:29 +0530] "GET / HTTP/1.1" 200 1620 "-" "Mozilla/5.0 (Windows NT 10.0; Win64; x64) AppleWebKit/537.36 (KHTML, like Gecko) Chrome/58.0.3029.110 Safari/537.3"
182.180.109.110 - - [06/May/2025:10:16:35 +0530] "GET / HTTP/1.1" 200 1620 "-" "Mozilla/5.0 (Windows NT 10.0; Win64; x64) AppleWebKit/537.36 (KHTML, like Gecko) Chrome/58.0.3029.110 Safari/537.3"
182.180.109.110 - - [06/May/2025:10:16:41 +0530] "GET /phpinfo.php HTTP/1.1" 404 209 "-" "Mozilla/5.0 (Windows NT 10.0; Win64; x64) AppleWebKit/537.36 (KHTML, like Gecko) Chrome/58.0.3029.110 Safari/537.3"
182.180.109.110 - - [06/May/2025:10:16:47 +0530] "GET /info.php HTTP/1.1" 404 206 "-" "Mozilla/5.0 (Windows NT 10.0; Win64; x64) AppleWebKit/537.36 (KHTML, like Gecko) Chrome/58.0.3029.110 Safari/537.3"
182.180.109.110 - - [06/May/2025:10:16:53 +0530] "GET /phpinfo HTTP/1.1" 404 205 "-" "Mozilla/5.0 (Windows NT 10.0; Win64; x64) AppleWebKit/537.36 (KHTML, like Gecko) Chrome/58.0.3029.110 Safari/537.3"
182.180.109.110 - - [06/May/2025:10:16:58 +0530] "GET /.env HTTP/1.1" 404 202 "-" "Mozilla/5.0 (Windows NT 10.0; Win64; x64) AppleWebKit/537.36 (KHTML, like Gecko) Chrome/58.0.3029.110 Safari/537.3"
182.180.109.110 - - [06/May/2025:10:17:04 +0530] "GET /config/.env HTTP/1.1" 404 209 "-" "Mozilla/5.0 (Windows NT 10.0; Win64; x64) AppleWebKit/537.36 (KHTML, like Gecko) Chrome/58.0.3029.110 Safari/537.3"
182.180.109.110 - - [06/May/2025:10:17:10 +0530] "GET /api/.env HTTP/1.1" 404 206 "-" "Mozilla/5.0 (Windows NT 10.0; Win64; x64) AppleWebKit/537.36 (KHTML, like Gecko) Chrome/58.0.3029.110 Safari/537.3"
161.248.238.13 - - [06/May/2025:10:18:09 +0530] "POST /boaform/admin/formLogin HTTP/1.1" 404 221 "http://103.145.51.236:80/admin/login.asp" "Mozilla/5.0 (X11; Ubuntu; Linux x86_64; rv:71.0) Gecko/20100101 Firefox/71.0"
95.214.54.4 - - [06/May/2025:10:19:30 +0530] "GET / HTTP/1.1" 200 4270 "-" "Hello World/1.0"
95.214.54.4 - - [06/May/2025:10:20:28 +0530] "GET / HTTP/1.1" 200 4270 "-" "Hello World/1.0"
161.248.238.13 - - [06/May/2025:10:25:09 +0530] "POST /boaform/admin/formLogin HTTP/1.1" 404 221 "http://103.145.51.74:80/admin/login.asp" "Mozilla/5.0 (X11; Ubuntu; Linux x86_64; rv:71.0) Gecko/20100101 Firefox/71.0"
200.6.48.74 - - [06/May/2025:10:27:00 +0530] "GET /admin/assets/css/jquery-ui.css HTTP/1.0" 404 228 "-" "xfa1"
161.248.238.13 - - [06/May/2025:10:27:55 +0530] "POST /boaform/admin/formLogin HTTP/1.1" 404 221 "http://103.145.51.236:80/admin/login.asp" "Mozilla/5.0 (X11; Ubuntu; Linux x86_64; rv:71.0) Gecko/20100101 Firefox/71.0"
154.81.156.7 - - [06/May/2025:10:30:05 +0530] "GET / HTTP/1.1" 200 4270 "-" "-"
154.81.156.34 - - [06/May/2025:10:30:10 +0530] "GET / HTTP/1.1" 200 4270 "-" "Hello World/1.0"
161.248.238.13 - - [06/May/2025:10:30:21 +0530] "POST /boaform/admin/formLogin HTTP/1.1" 404 221 "http://103.145.51.74:80/admin/login.asp" "Mozilla/5.0 (X11; Ubuntu; Linux x86_64; rv:71.0) Gecko/20100101 Firefox/71.0"
211.59.174.163 - - [06/May/2025:10:30:28 +0530] "CONNECT cr.shopping.naver.com:443 HTTP/1.1" 200 4270 "-" "Mozilla/5.0"
211.59.174.163 - - [06/May/2025:10:30:29 +0530] "CONNECT cr.shopping.naver.com:443 HTTP/1.1" 200 4270 "-" "Mozilla/5.0"
211.59.174.163 - - [06/May/2025:10:30:29 +0530] "\x16\x03\x01\x02" 400 226 "-" "-"
211.59.174.163 - - [06/May/2025:10:30:50 +0530] "-" 408 - "-" "-"
211.59.174.163 - - [06/May/2025:10:31:10 +0530] "-" 408 - "-" "-"
211.59.174.163 - - [06/May/2025:10:31:30 +0530] "-" 408 - "-" "-"
211.59.174.163 - - [06/May/2025:10:31:31 +0530] "CONNECT cr.shopping.naver.com:443 HTTP/1.1" 200 4270 "-" "Mozilla/5.0"
211.59.174.163 - - [06/May/2025:10:31:31 +0530] "GET /adcr HTTP/1.0" 404 202 "-" "-"
154.81.156.34 - - [06/May/2025:10:32:46 +0530] "GET / HTTP/1.1" 200 4270 "-" "Hello World/1.0"
95.214.54.4 - - [06/May/2025:10:34:02 +0530] "GET / HTTP/1.1" 200 4270 "-" "Hello World/1.0"
81.152.115.7 - - [06/May/2025:10:34:34 +0530] "GET / HTTP/1.0" 200 4270 "-" "curl/7.88.1"
161.248.238.13 - - [06/May/2025:10:38:17 +0530] "POST /boaform/admin/formLogin HTTP/1.1" 404 221 "http://103.145.51.236:80/admin/login.asp" "Mozilla/5.0 (X11; Ubuntu; Linux x86_64; rv:71.0) Gecko/20100101 Firefox/71.0"
182.180.109.110 - - [06/May/2025:10:38:43 +0530] "GET / HTTP/1.1" 200 1620 "-" "Mozilla/5.0 (Windows NT 10.0; Win64; x64) AppleWebKit/537.36 (KHTML, like Gecko) Chrome/58.0.3029.110 Safari/537.3"
182.180.109.110 - - [06/May/2025:10:38:50 +0530] "GET / HTTP/1.1" 200 1620 "-" "Mozilla/5.0 (Windows NT 10.0; Win64; x64) AppleWebKit/537.36 (KHTML, like Gecko) Chrome/58.0.3029.110 Safari/537.3"
182.180.109.110 - - [06/May/2025:10:38:55 +0530] "GET /phpinfo.php HTTP/1.1" 404 209 "-" "Mozilla/5.0 (Windows NT 10.0; Win64; x64) AppleWebKit/537.36 (KHTML, like Gecko) Chrome/58.0.3029.110 Safari/537.3"
182.180.109.110 - - [06/May/2025:10:39:01 +0530] "GET /info.php HTTP/1.1" 404 206 "-" "Mozilla/5.0 (Windows NT 10.0; Win64; x64) AppleWebKit/537.36 (KHTML, like Gecko) Chrome/58.0.3029.110 Safari/537.3"
182.180.109.110 - - [06/May/2025:10:39:06 +0530] "GET /phpinfo HTTP/1.1" 404 205 "-" "Mozilla/5.0 (Windows NT 10.0; Win64; x64) AppleWebKit/537.36 (KHTML, like Gecko) Chrome/58.0.3029.110 Safari/537.3"
182.180.109.110 - - [06/May/2025:10:39:11 +0530] "GET /.env HTTP/1.1" 404 202 "-" "Mozilla/5.0 (Windows NT 10.0; Win64; x64) AppleWebKit/537.36 (KHTML, like Gecko) Chrome/58.0.3029.110 Safari/537.3"
182.180.109.110 - - [06/May/2025:10:39:16 +0530] "GET /config/.env HTTP/1.1" 404 209 "-" "Mozilla/5.0 (Windows NT 10.0; Win64; x64) AppleWebKit/537.36 (KHTML, like Gecko) Chrome/58.0.3029.110 Safari/537.3"
182.180.109.110 - - [06/May/2025:10:39:21 +0530] "GET /api/.env HTTP/1.1" 404 206 "-" "Mozilla/5.0 (Windows NT 10.0; Win64; x64) AppleWebKit/537.36 (KHTML, like Gecko) Chrome/58.0.3029.110 Safari/537.3"
95.214.54.4 - - [06/May/2025:10:40:53 +0530] "GET / HTTP/1.1" 200 4270 "-" "Hello World/1.0"
212.107.12.18 - - [06/May/2025:10:42:48 +0530] "GET / HTTP/1.1" 200 4270 "-" "-"
161.248.238.13 - - [06/May/2025:10:44:20 +0530] "POST /boaform/admin/formLogin HTTP/1.1" 404 221 "http://103.145.51.236:80/admin/login.asp" "Mozilla/5.0 (X11; Ubuntu; Linux x86_64; rv:71.0) Gecko/20100101 Firefox/71.0"
204.76.203.35 - - [06/May/2025:10:44:52 +0530] "GET / HTTP/1.1" 200 4270 "-" "Mozilla/5.0 (Windows NT 10.0; Win64; x64) AppleWebKit/537.36 (KHTML, like Gecko) Chrome/134.0.0.0 Safari/537.36"
161.248.238.13 - - [06/May/2025:10:44:56 +0530] "POST /boaform/admin/formLogin HTTP/1.1" 404 221 "http://103.145.51.74:80/admin/login.asp" "Mozilla/5.0 (X11; Ubuntu; Linux x86_64; rv:71.0) Gecko/20100101 Firefox/71.0"
204.76.203.35 - - [06/May/2025:10:45:49 +0530] "GET / HTTP/1.1" 200 4270 "-" "Mozilla/5.0 (Windows NT 10.0; Win64; x64) AppleWebKit/537.36 (KHTML, like Gecko) Chrome/134.0.0.0 Safari/537.36"
135.119.88.14 - - [06/May/2025:10:48:28 +0530] "GET /developmentserver/metadatauploader HTTP/1.1" 404 232 "-" "Mozilla/5.0 zgrab/0.x"
135.119.88.14 - - [06/May/2025:10:48:44 +0530] "GET /developmentserver/metadatauploader HTTP/1.1" 404 232 "-" "Mozilla/5.0 zgrab/0.x"
212.107.12.18 - - [06/May/2025:10:49:17 +0530] "GET / HTTP/1.1" 200 4270 "-" "-"
20.29.40.72 - - [06/May/2025:10:49:59 +0530] "MGLNDD_103.145.51.74_80\n" 400 226 "-" "-"
