Oct 12 06:59:53 vps postfix/smtpd[16596]: warning: unknown[32.60.85.212]: SASL LOGIN authentication failed: UGFzc3dvcmQ6
Oct 12 06:59:53 vps postfix/smtpd[16596]: disconnect from unknown[32.60.85.212]
Oct 12 07:00:01 vps postfix/smtpd[23590]: connect from unknown[212.132.96.229]
Oct 12 07:00:05 vps postfix/smtpd[23590]: warning: unknown[212.132.96.229]: SASL LOGIN authentication failed: UGFzc3dvcmQ6
Oct 12 07:00:05 vps postfix/smtpd[23590]: disconnect from unknown[212.132.96.229]
Oct 12 07:00:12 vps postfix/smtpd[30505]: connect from unknown[213.209.157.247]
Oct 12 07:00:14 vps postfix/smtpd[16596]: connect from unknown[212.132.96.229]
Oct 12 07:00:15 vps postfix/smtpd[30505]: warning: unknown[213.209.157.247]: SASL LOGIN authentication failed: UGFzc3dvcmQ6
Oct 12 07:00:15 vps postfix/smtpd[30505]: disconnect from unknown[213.209.157.247]
Oct 12 07:00:21 vps postfix/smtpd[16596]: warning: unknown[212.132.96.229]: SASL LOGIN authentication failed: UGFzc3dvcmQ6
Oct 12 07:00:21 vps postfix/smtpd[16596]: disconnect from unknown[212.132.96.229]
Oct 12 07:00:25 vps postfix/smtps/smtpd[27483]: connect from unknown[81.30.107.143]
Oct 12 07:00:27 vps postfix/smtps/smtpd[27483]: Anonymous TLS connection established from unknown[81.30.107.143]: TLSv1.2 with cipher ECDHE-RSA-AES256-GCM-SHA384 (256/256 bits)
Oct 12 07:00:31 vps postfix/smtps/smtpd[27483]: warning: unknown[81.30.107.143]: SASL LOGIN authentication failed: UGFzc3dvcmQ6
Oct 12 07:00:31 vps postfix/smtps/smtpd[27483]: lost connection after AUTH from unknown[81.30.107.143]
Oct 12 07:00:31 vps postfix/smtps/smtpd[27483]: disconnect from unknown[81.30.107.143]
Oct 12 07:00:58 vps postfix/smtps/smtpd[29726]: connect from scan.cypex.ai[3.130.96.91]
Oct 12 07:00:58 vps postfix/smtps/smtpd[29726]: SSL_accept error from scan.cypex.ai[3.130.96.91]: -1
Oct 12 07:00:58 vps postfix/smtps/smtpd[29726]: warning: TLS library problem: 29726:error:1407609C:SSL routines:SSL23_GET_CLIENT_HELLO:http request:s23_srvr.c:394:
Oct 12 07:00:58 vps postfix/smtps/smtpd[29726]: lost connection after CONNECT from scan.cypex.ai[3.130.96.91]
Oct 12 07:00:58 vps postfix/smtps/smtpd[29726]: disconnect from scan.cypex.ai[3.130.96.91]
Oct 12 07:01:02 vps postfix/smtpd[23590]: connect from ip217.154.225-94.pbiaas.com[217.154.225.94]
Oct 12 07:01:05 vps postfix/smtpd[23590]: warning: ip217.154.225-94.pbiaas.com[217.154.225.94]: SASL LOGIN authentication failed: UGFzc3dvcmQ6
Oct 12 07:01:05 vps postfix/smtpd[23590]: disconnect from ip217.154.225-94.pbiaas.com[217.154.225.94]
Oct 12 07:01:06 vps postfix/smtps/smtpd[27483]: connect from unknown[81.30.107.52]
Oct 12 07:01:06 vps postfix/smtps/smtpd[27483]: Anonymous TLS connection established from unknown[81.30.107.52]: TLSv1.2 with cipher ECDHE-RSA-AES256-GCM-SHA384 (256/256 bits)
Oct 12 07:01:07 vps postfix/smtps/smtpd[29726]: connect from unknown[81.30.107.146]
Oct 12 07:01:08 vps postfix/smtps/smtpd[29726]: Anonymous TLS connection established from unknown[81.30.107.146]: TLSv1.2 with cipher ECDHE-RSA-AES256-GCM-SHA384 (256/256 bits)
Oct 12 07:01:10 vps postfix/smtps/smtpd[27483]: warning: unknown[81.30.107.52]: SASL LOGIN authentication failed: UGFzc3dvcmQ6
Oct 12 07:01:12 vps postfix/smtps/smtpd[27483]: lost connection after AUTH from unknown[81.30.107.52]
Oct 12 07:01:12 vps postfix/smtps/smtpd[27483]: disconnect from unknown[81.30.107.52]
Oct 12 07:01:16 vps postfix/smtps/smtpd[29726]: warning: unknown[81.30.107.146]: SASL LOGIN authentication failed: UGFzc3dvcmQ6
Oct 12 07:01:16 vps postfix/smtpd[16596]: connect from ip217.154.225-94.pbiaas.com[217.154.225.94]
Oct 12 07:01:17 vps postfix/smtps/smtpd[27483]: connect from unknown[81.30.107.20]
Oct 12 07:01:18 vps postfix/smtps/smtpd[29726]: lost connection after AUTH from unknown[81.30.107.146]
Oct 12 07:01:18 vps postfix/smtps/smtpd[29726]: disconnect from unknown[81.30.107.146]
Oct 12 07:01:19 vps postfix/smtpd[23590]: connect from unknown[212.132.96.229]
Oct 12 07:01:20 vps postfix/smtps/smtpd[27483]: Anonymous TLS connection established from unknown[81.30.107.20]: TLSv1.2 with cipher ECDHE-RSA-AES256-GCM-SHA384 (256/256 bits)
Oct 12 07:01:22 vps postfix/smtpd[23590]: warning: unknown[212.132.96.229]: SASL LOGIN authentication failed: UGFzc3dvcmQ6
Oct 12 07:01:22 vps postfix/smtpd[23590]: disconnect from unknown[212.132.96.229]
Oct 12 07:01:22 vps postfix/smtpd[30505]: connect from scan-19.shadowserver.org[65.49.20.68]
Oct 12 07:01:22 vps postfix/smtpd[30505]: warning: non-SMTP command from scan-19.shadowserver.org[65.49.20.68]: GET / HTTP/1.1
Oct 12 07:01:22 vps postfix/smtpd[30505]: disconnect from scan-19.shadowserver.org[65.49.20.68]
Oct 12 07:01:23 vps postfix/smtpd[16596]: warning: ip217.154.225-94.pbiaas.com[217.154.225.94]: SASL LOGIN authentication failed: UGFzc3dvcmQ6
Oct 12 07:01:23 vps postfix/smtpd[16596]: disconnect from ip217.154.225-94.pbiaas.com[217.154.225.94]
Oct 12 07:01:25 vps postfix/smtps/smtpd[27483]: warning: unknown[81.30.107.20]: SASL LOGIN authentication failed: UGFzc3dvcmQ6
Oct 12 07:01:25 vps postfix/smtps/smtpd[29726]: connect from unknown[81.30.107.189]
Oct 12 07:01:26 vps postfix/smtps/smtpd[29726]: Anonymous TLS connection established from unknown[81.30.107.189]: TLSv1.2 with cipher ECDHE-RSA-AES256-GCM-SHA384 (256/256 bits)
Oct 12 07:01:27 vps postfix/smtps/smtpd[27483]: lost connection after AUTH from unknown[81.30.107.20]
Oct 12 07:01:27 vps postfix/smtps/smtpd[27483]: disconnect from unknown[81.30.107.20]
Oct 12 07:01:30 vps postfix/smtps/smtpd[27483]: connect from unknown[81.30.107.66]
Oct 12 07:01:31 vps postfix/smtps/smtpd[27483]: Anonymous TLS connection established from unknown[81.30.107.66]: TLSv1.2 with cipher ECDHE-RSA-AES256-GCM-SHA384 (256/256 bits)
Oct 12 07:01:31 vps postfix/smtpd[23590]: connect from unknown[212.132.96.229]
Oct 12 07:01:34 vps postfix/smtps/smtpd[30715]: connect from scan.cypex.ai[3.130.96.91]
Oct 12 07:01:34 vps postfix/smtps/smtpd[30715]: SSL_accept error from scan.cypex.ai[3.130.96.91]: -1
Oct 12 07:01:34 vps postfix/smtps/smtpd[30715]: warning: TLS library problem: 30715:error:1407609C:SSL routines:SSL23_GET_CLIENT_HELLO:http request:s23_srvr.c:394:
Oct 12 07:01:34 vps postfix/smtps/smtpd[30715]: lost connection after CONNECT from scan.cypex.ai[3.130.96.91]
Oct 12 07:01:34 vps postfix/smtps/smtpd[30715]: disconnect from scan.cypex.ai[3.130.96.91]
Oct 12 07:01:35 vps postfix/smtps/smtpd[27483]: warning: unknown[81.30.107.66]: SASL LOGIN authentication failed: UGFzc3dvcmQ6
Oct 12 07:01:35 vps postfix/smtps/smtpd[27483]: lost connection after AUTH from unknown[81.30.107.66]
Oct 12 07:01:35 vps postfix/smtps/smtpd[27483]: disconnect from unknown[81.30.107.66]
Oct 12 07:01:37 vps postfix/smtps/smtpd[29726]: warning: unknown[81.30.107.189]: SASL LOGIN authentication failed: UGFzc3dvcmQ6
Oct 12 07:01:37 vps postfix/smtps/smtpd[29726]: lost connection after AUTH from unknown[81.30.107.189]
Oct 12 07:01:37 vps postfix/smtps/smtpd[29726]: disconnect from unknown[81.30.107.189]
Oct 12 07:01:39 vps postfix/smtpd[23590]: warning: unknown[212.132.96.229]: SASL LOGIN authentication failed: UGFzc3dvcmQ6
Oct 12 07:01:39 vps postfix/smtpd[23590]: disconnect from unknown[212.132.96.229]
Oct 12 07:01:40 vps postfix/smtpd[30505]: connect from unknown[62.60.131.29]
Oct 12 07:01:43 vps postfix/smtpd[30505]: warning: unknown[62.60.131.29]: SASL LOGIN authentication failed: UGFzc3dvcmQ6
Oct 12 07:01:43 vps postfix/smtpd[30505]: disconnect from unknown[62.60.131.29]
Oct 12 07:01:48 vps postfix/smtps/smtpd[30715]: connect from unknown[81.30.107.38]
Oct 12 07:01:49 vps postfix/smtps/smtpd[30715]: Anonymous TLS connection established from unknown[81.30.107.38]: TLSv1.2 with cipher ECDHE-RSA-AES256-GCM-SHA384 (256/256 bits)
Oct 12 07:01:54 vps postfix/smtps/smtpd[27483]: connect from unknown[81.30.107.38]
Oct 12 07:01:56 vps postfix/smtps/smtpd[30715]: warning: unknown[81.30.107.38]: SASL LOGIN authentication failed: UGFzc3dvcmQ6
Oct 12 07:01:56 vps postfix/smtps/smtpd[30715]: lost connection after AUTH from unknown[81.30.107.38]
Oct 12 07:01:56 vps postfix/smtps/smtpd[30715]: disconnect from unknown[81.30.107.38]
Oct 12 07:01:57 vps postfix/smtps/smtpd[27483]: Anonymous TLS connection established from unknown[81.30.107.38]: TLSv1.2 with cipher ECDHE-RSA-AES256-GCM-SHA384 (256/256 bits)
Oct 12 07:01:59 vps postfix/pickup[24949]: 703AA185A485: uid=0 from=<root>
Oct 12 07:01:59 vps postfix/cleanup[30807]: 703AA185A485: message-id=<20251012013159.703AA185A485@vps.obaba.shop>
Oct 12 07:01:59 vps postfix/qmgr[14535]: 703AA185A485: from=<root@vps.obaba.shop>, size=21172, nrcpt=1 (queue active)
Oct 12 07:01:59 vps postfix/local[30810]: 703AA185A485: to=<root@vps.obaba.shop>, relay=local, delay=0.06, delays=0.05/0.01/0/0, dsn=2.0.0, status=sent (delivered to mailbox)
Oct 12 07:01:59 vps postfix/qmgr[14535]: 703AA185A485: removed
Oct 12 07:01:59 vps postfix/pickup[24949]: 88D38185A485: uid=0 from=<root>
Oct 12 07:01:59 vps postfix/cleanup[30807]: 88D38185A485: message-id=<20251012013159.88D38185A485@vps.obaba.shop>
Oct 12 07:01:59 vps postfix/qmgr[14535]: 88D38185A485: from=<root@vps.obaba.shop>, size=718, nrcpt=1 (queue active)
Oct 12 07:01:59 vps postfix/local[30810]: 88D38185A485: to=<root@vps.obaba.shop>, relay=local, delay=0.01, delays=0.01/0/0/0, dsn=2.0.0, status=sent (delivered to mailbox)
Oct 12 07:01:59 vps postfix/qmgr[14535]: 88D38185A485: removed
Oct 12 07:01:59 vps postfix/pickup[24949]: 8D2AC185A485: uid=0 from=<root>
Oct 12 07:01:59 vps postfix/cleanup[30807]: 8D2AC185A485: message-id=<20251012013159.8D2AC185A485@vps.obaba.shop>
Oct 12 07:01:59 vps postfix/qmgr[14535]: 8D2AC185A485: from=<root@vps.obaba.shop>, size=669, nrcpt=1 (queue active)
Oct 12 07:01:59 vps postfix/local[30810]: 8D2AC185A485: to=<root@vps.obaba.shop>, relay=local, delay=0.01, delays=0.01/0/0/0, dsn=2.0.0, status=sent (delivered to mailbox)
Oct 12 07:01:59 vps postfix/qmgr[14535]: 8D2AC185A485: removed
Oct 12 07:01:59 vps postfix/pickup[24949]: 911A5185A485: uid=0 from=<root>
Oct 12 07:01:59 vps postfix/cleanup[30807]: 911A5185A485: message-id=<20251012013159.911A5185A485@vps.obaba.shop>
Oct 12 07:01:59 vps postfix/qmgr[14535]: 911A5185A485: from=<root@vps.obaba.shop>, size=842, nrcpt=1 (queue active)
Oct 12 07:01:59 vps postfix/local[30810]: 911A5185A485: to=<root@vps.obaba.shop>, relay=local, delay=0.01, delays=0.01/0/0/0, dsn=2.0.0, status=sent (delivered to mailbox)
Oct 12 07:01:59 vps postfix/qmgr[14535]: 911A5185A485: removed
Oct 12 07:01:59 vps postfix/pickup[24949]: 97208185A485: uid=0 from=<root>
Oct 12 07:01:59 vps postfix/cleanup[30807]: 97208185A485: message-id=<20251012013159.97208185A485@vps.obaba.shop>
Oct 12 07:01:59 vps postfix/qmgr[14535]: 97208185A485: from=<root@vps.obaba.shop>, size=718, nrcpt=1 (queue active)
Oct 12 07:01:59 vps postfix/local[30810]: 97208185A485: to=<root@vps.obaba.shop>, relay=local, delay=0.01, delays=0.01/0/0/0, dsn=2.0.0, status=sent (delivered to mailbox)
Oct 12 07:01:59 vps postfix/qmgr[14535]: 97208185A485: removed
Oct 12 07:01:59 vps postfix/pickup[24949]: 9CC1F185A485: uid=0 from=<root>
Oct 12 07:01:59 vps postfix/cleanup[30807]: 9CC1F185A485: message-id=<20251012013159.9CC1F185A485@vps.obaba.shop>
Oct 12 07:01:59 vps postfix/qmgr[14535]: 9CC1F185A485: from=<root@vps.obaba.shop>, size=657, nrcpt=1 (queue active)
Oct 12 07:01:59 vps postfix/local[30810]: 9CC1F185A485: to=<root@vps.obaba.shop>, relay=local, delay=0.01, delays=0/0/0/0, dsn=2.0.0, status=sent (delivered to mailbox)
Oct 12 07:01:59 vps postfix/qmgr[14535]: 9CC1F185A485: removed
Oct 12 07:01:59 vps postfix/pickup[24949]: A2311185A485: uid=0 from=<root>
Oct 12 07:01:59 vps postfix/cleanup[30807]: A2311185A485: message-id=<20251012013159.A2311185A485@vps.obaba.shop>
Oct 12 07:01:59 vps postfix/qmgr[14535]: A2311185A485: from=<root@vps.obaba.shop>, size=787, nrcpt=1 (queue active)
Oct 12 07:01:59 vps postfix/local[30810]: A2311185A485: to=<root@vps.obaba.shop>, relay=local, delay=0.01, delays=0.01/0/0/0, dsn=2.0.0, status=sent (delivered to mailbox)
Oct 12 07:01:59 vps postfix/qmgr[14535]: A2311185A485: removed
Oct 12 07:01:59 vps postfix/pickup[24949]: A7C4E185A485: uid=0 from=<root>
Oct 12 07:01:59 vps postfix/cleanup[30807]: A7C4E185A485: message-id=<20251012013159.A7C4E185A485@vps.obaba.shop>
Oct 12 07:01:59 vps postfix/qmgr[14535]: A7C4E185A485: from=<root@vps.obaba.shop>, size=787, nrcpt=1 (queue active)
Oct 12 07:01:59 vps postfix/local[30810]: A7C4E185A485: to=<root@vps.obaba.shop>, relay=local, delay=0.01, delays=0.01/0/0/0, dsn=2.0.0, status=sent (delivered to mailbox)
Oct 12 07:01:59 vps postfix/qmgr[14535]: A7C4E185A485: removed
Oct 12 07:01:59 vps postfix/pickup[24949]: AD6FE185A485: uid=0 from=<root>
Oct 12 07:01:59 vps postfix/cleanup[30807]: AD6FE185A485: message-id=<20251012013159.AD6FE185A485@vps.obaba.shop>
Oct 12 07:01:59 vps postfix/qmgr[14535]: AD6FE185A485: from=<root@vps.obaba.shop>, size=671, nrcpt=1 (queue active)
Oct 12 07:01:59 vps postfix/local[30810]: AD6FE185A485: to=<root@vps.obaba.shop>, relay=local, delay=0.01, delays=0.01/0/0/0, dsn=2.0.0, status=sent (delivered to mailbox)
Oct 12 07:01:59 vps postfix/qmgr[14535]: AD6FE185A485: removed
Oct 12 07:02:07 vps postfix/smtps/smtpd[27483]: warning: unknown[81.30.107.38]: SASL LOGIN authentication failed: UGFzc3dvcmQ6
Oct 12 07:02:08 vps postfix/smtps/smtpd[27483]: lost connection after AUTH from unknown[81.30.107.38]
Oct 12 07:02:08 vps postfix/smtps/smtpd[27483]: disconnect from unknown[81.30.107.38]
Oct 12 07:02:24 vps postfix/smtps/smtpd[29726]: connect from unknown[81.30.107.52]
Oct 12 07:02:27 vps postfix/smtps/smtpd[29726]: Anonymous TLS connection established from unknown[81.30.107.52]: TLSv1.2 with cipher ECDHE-RSA-AES256-GCM-SHA384 (256/256 bits)
Oct 12 07:02:32 vps postfix/smtps/smtpd[29726]: warning: unknown[81.30.107.52]: SASL LOGIN authentication failed: UGFzc3dvcmQ6
Oct 12 07:02:35 vps postfix/smtps/smtpd[29726]: lost connection after AUTH from unknown[81.30.107.52]
Oct 12 07:02:35 vps postfix/smtps/smtpd[29726]: disconnect from unknown[81.30.107.52]
Oct 12 07:02:38 vps postfix/smtpd[16596]: connect from unknown[212.132.96.229]
Oct 12 07:02:41 vps postfix/smtpd[16596]: warning: unknown[212.132.96.229]: SASL LOGIN authentication failed: UGFzc3dvcmQ6
Oct 12 07:02:41 vps postfix/smtpd[16596]: disconnect from unknown[212.132.96.229]
Oct 12 07:02:43 vps postfix/smtpd[23590]: connect from ip217.154.225-94.pbiaas.com[217.154.225.94]
Oct 12 07:02:45 vps postfix/smtps/smtpd[27483]: connect from unknown[81.30.107.173]
Oct 12 07:02:46 vps postfix/smtpd[23590]: warning: ip217.154.225-94.pbiaas.com[217.154.225.94]: SASL LOGIN authentication failed: UGFzc3dvcmQ6
Oct 12 07:02:46 vps postfix/smtpd[23590]: disconnect from ip217.154.225-94.pbiaas.com[217.154.225.94]
Oct 12 07:02:46 vps postfix/smtps/smtpd[29726]: connect from scan.cypex.ai[3.130.96.91]
Oct 12 07:02:47 vps postfix/smtps/smtpd[27483]: Anonymous TLS connection established from unknown[81.30.107.173]: TLSv1.2 with cipher ECDHE-RSA-AES256-GCM-SHA384 (256/256 bits)
Oct 12 07:02:47 vps postfix/smtps/smtpd[29726]: Anonymous TLS connection established from scan.cypex.ai[3.130.96.91]: TLSv1.2 with cipher ECDHE-RSA-AES128-GCM-SHA256 (128/128 bits)
Oct 12 07:02:47 vps postfix/smtps/smtpd[29726]: warning: non-SMTP command from scan.cypex.ai[3.130.96.91]: GET / HTTP/1.1
Oct 12 07:02:47 vps postfix/smtps/smtpd[29726]: disconnect from scan.cypex.ai[3.130.96.91]
Oct 12 07:02:49 vps postfix/smtpd[16596]: connect from unknown[212.132.96.229]
Oct 12 07:02:52 vps postfix/smtps/smtpd[27483]: warning: unknown[81.30.107.173]: SASL LOGIN authentication failed: UGFzc3dvcmQ6
Oct 12 07:02:54 vps postfix/smtps/smtpd[27483]: lost connection after AUTH from unknown[81.30.107.173]
Oct 12 07:02:54 vps postfix/smtps/smtpd[27483]: disconnect from unknown[81.30.107.173]
Oct 12 07:02:56 vps postfix/smtpd[16596]: warning: unknown[212.132.96.229]: SASL LOGIN authentication failed: UGFzc3dvcmQ6
Oct 12 07:02:56 vps postfix/smtpd[16596]: disconnect from unknown[212.132.96.229]
Oct 12 07:02:58 vps postfix/smtpd[23590]: connect from ip217.154.225-94.pbiaas.com[217.154.225.94]
Oct 12 07:03:01 vps postfix/smtpd[23590]: warning: ip217.154.225-94.pbiaas.com[217.154.225.94]: SASL LOGIN authentication failed: UGFzc3dvcmQ6
Oct 12 07:03:01 vps postfix/smtpd[23590]: disconnect from ip217.154.225-94.pbiaas.com[217.154.225.94]
Oct 12 07:03:11 vps postfix/smtps/smtpd[30715]: connect from unknown[81.30.107.110]
Oct 12 07:03:13 vps postfix/smtps/smtpd[30715]: Anonymous TLS connection established from unknown[81.30.107.110]: TLSv1.2 with cipher ECDHE-RSA-AES256-GCM-SHA384 (256/256 bits)
Oct 12 07:03:18 vps postfix/smtps/smtpd[30715]: warning: unknown[81.30.107.110]: SASL LOGIN authentication failed: UGFzc3dvcmQ6
Oct 12 07:03:20 vps postfix/smtps/smtpd[30715]: lost connection after AUTH from unknown[81.30.107.110]
Oct 12 07:03:20 vps postfix/smtps/smtpd[30715]: disconnect from unknown[81.30.107.110]
Oct 12 07:03:22 vps postfix/smtps/smtpd[29726]: connect from scan.cypex.ai[3.130.96.91]
Oct 12 07:03:22 vps postfix/smtps/smtpd[29726]: Anonymous TLS connection established from scan.cypex.ai[3.130.96.91]: TLSv1.2 with cipher ECDHE-RSA-AES128-GCM-SHA256 (128/128 bits)
Oct 12 07:03:23 vps postfix/smtps/smtpd[29726]: warning: non-SMTP command from scan.cypex.ai[3.130.96.91]: GET / HTTP/1.1
Oct 12 07:03:23 vps postfix/smtps/smtpd[29726]: disconnect from scan.cypex.ai[3.130.96.91]
Oct 12 07:03:25 vps postfix/smtps/smtpd[30715]: connect from unknown[81.30.107.70]
Oct 12 07:03:27 vps postfix/smtps/smtpd[30715]: Anonymous TLS connection established from unknown[81.30.107.70]: TLSv1.2 with cipher ECDHE-RSA-AES256-GCM-SHA384 (256/256 bits)
Oct 12 07:03:32 vps postfix/smtps/smtpd[30715]: warning: unknown[81.30.107.70]: SASL LOGIN authentication failed: UGFzc3dvcmQ6
Oct 12 07:03:34 vps postfix/smtpd[31048]: connect from unknown[213.209.157.252]
Oct 12 07:03:34 vps postfix/smtps/smtpd[30715]: lost connection after AUTH from unknown[81.30.107.70]
Oct 12 07:03:34 vps postfix/smtps/smtpd[30715]: disconnect from unknown[81.30.107.70]
Oct 12 07:03:37 vps postfix/smtpd[31048]: warning: unknown[213.209.157.252]: SASL LOGIN authentication failed: UGFzc3dvcmQ6
Oct 12 07:03:37 vps postfix/smtpd[31048]: disconnect from unknown[213.209.157.252]
Oct 12 07:03:57 vps postfix/smtpd[16596]: connect from unknown[212.132.96.229]
Oct 12 07:03:57 vps postfix/smtps/smtpd[29726]: connect from unknown[81.30.107.88]
Oct 12 07:03:59 vps postfix/smtps/smtpd[29726]: Anonymous TLS connection established from unknown[81.30.107.88]: TLSv1.2 with cipher ECDHE-RSA-AES256-GCM-SHA384 (256/256 bits)
Oct 12 07:04:00 vps postfix/smtpd[16596]: warning: unknown[212.132.96.229]: SASL LOGIN authentication failed: UGFzc3dvcmQ6
Oct 12 07:04:00 vps postfix/smtpd[16596]: disconnect from unknown[212.132.96.229]
Oct 12 07:04:03 vps postfix/smtps/smtpd[29726]: warning: unknown[81.30.107.88]: SASL LOGIN authentication failed: UGFzc3dvcmQ6
Oct 12 07:04:05 vps postfix/smtps/smtpd[29726]: lost connection after AUTH from unknown[81.30.107.88]
Oct 12 07:04:05 vps postfix/smtps/smtpd[29726]: disconnect from unknown[81.30.107.88]
Oct 12 07:04:08 vps postfix/smtpd[23590]: connect from unknown[212.132.96.229]
Oct 12 07:04:16 vps postfix/smtpd[23590]: warning: unknown[212.132.96.229]: SASL LOGIN authentication failed: UGFzc3dvcmQ6
Oct 12 07:04:16 vps postfix/smtpd[23590]: disconnect from unknown[212.132.96.229]
Oct 12 07:04:25 vps postfix/smtpd[16596]: connect from ip217.154.225-94.pbiaas.com[217.154.225.94]
Oct 12 07:04:28 vps postfix/smtpd[16596]: warning: ip217.154.225-94.pbiaas.com[217.154.225.94]: SASL LOGIN authentication failed: UGFzc3dvcmQ6
Oct 12 07:04:28 vps postfix/smtpd[16596]: disconnect from ip217.154.225-94.pbiaas.com[217.154.225.94]
Oct 12 07:04:41 vps postfix/smtpd[23590]: connect from ip217.154.225-94.pbiaas.com[217.154.225.94]
Oct 12 07:04:44 vps postfix/smtpd[23590]: warning: ip217.154.225-94.pbiaas.com[217.154.225.94]: SASL LOGIN authentication failed: UGFzc3dvcmQ6
Oct 12 07:04:44 vps postfix/smtpd[23590]: disconnect from ip217.154.225-94.pbiaas.com[217.154.225.94]
Oct 12 07:05:00 vps postfix/pickup[24949]: 28622185A485: uid=0 from=<root>
Oct 12 07:05:00 vps postfix/cleanup[31376]: 28622185A485: message-id=<20251012013500.28622185A485@vps.obaba.shop>
Oct 12 07:05:00 vps postfix/qmgr[14535]: 28622185A485: from=<root@vps.obaba.shop>, size=686, nrcpt=1 (queue active)
Oct 12 07:05:00 vps postfix/local[31379]: 28622185A485: to=<root@vps.obaba.shop>, relay=local, delay=0.03, delays=0.02/0.01/0/0, dsn=2.0.0, status=sent (delivered to mailbox)
Oct 12 07:05:00 vps postfix/qmgr[14535]: 28622185A485: removed
Oct 12 07:05:06 vps postfix/smtps/smtpd[30715]: connect from unknown[81.30.107.70]
Oct 12 07:05:07 vps postfix/smtps/smtpd[30715]: Anonymous TLS connection established from unknown[81.30.107.70]: TLSv1.2 with cipher ECDHE-RSA-AES256-GCM-SHA384 (256/256 bits)
Oct 12 07:05:10 vps postfix/smtps/smtpd[29726]: connect from unknown[81.30.107.195]
Oct 12 07:05:10 vps postfix/smtps/smtpd[29726]: Anonymous TLS connection established from unknown[81.30.107.195]: TLSv1.2 with cipher ECDHE-RSA-AES256-GCM-SHA384 (256/256 bits)
Oct 12 07:05:13 vps postfix/smtpd[31048]: connect from unknown[195.211.188.86]
Oct 12 07:05:14 vps postfix/smtps/smtpd[29726]: warning: unknown[81.30.107.195]: SASL LOGIN authentication failed: UGFzc3dvcmQ6
Oct 12 07:05:14 vps postfix/smtps/smtpd[29726]: lost connection after AUTH from unknown[81.30.107.195]
Oct 12 07:05:14 vps postfix/smtps/smtpd[29726]: disconnect from unknown[81.30.107.195]
Oct 12 07:05:15 vps postfix/smtps/smtpd[30715]: warning: unknown[81.30.107.70]: SASL LOGIN authentication failed: UGFzc3dvcmQ6
Oct 12 07:05:16 vps postfix/smtpd[16596]: connect from unknown[212.132.96.229]
Oct 12 07:05:16 vps postfix/smtpd[31048]: warning: unknown[195.211.188.86]: SASL LOGIN authentication failed: UGFzc3dvcmQ6
Oct 12 07:05:16 vps postfix/smtps/smtpd[30715]: lost connection after AUTH from unknown[81.30.107.70]
Oct 12 07:05:16 vps postfix/smtps/smtpd[30715]: disconnect from unknown[81.30.107.70]
Oct 12 07:05:16 vps postfix/smtpd[31048]: disconnect from unknown[195.211.188.86]
Oct 12 07:05:19 vps postfix/smtpd[16596]: warning: unknown[212.132.96.229]: SASL LOGIN authentication failed: UGFzc3dvcmQ6
Oct 12 07:05:19 vps postfix/smtpd[16596]: disconnect from unknown[212.132.96.229]
Oct 12 07:05:27 vps postfix/smtpd[23590]: connect from unknown[212.132.96.229]
Oct 12 07:05:31 vps postfix/smtps/smtpd[29726]: connect from unknown[81.30.107.67]
Oct 12 07:05:33 vps postfix/smtps/smtpd[29726]: Anonymous TLS connection established from unknown[81.30.107.67]: TLSv1.2 with cipher ECDHE-RSA-AES256-GCM-SHA384 (256/256 bits)
Oct 12 07:05:34 vps postfix/smtpd[23590]: warning: unknown[212.132.96.229]: SASL LOGIN authentication failed: UGFzc3dvcmQ6
Oct 12 07:05:34 vps postfix/smtpd[23590]: disconnect from unknown[212.132.96.229]
Oct 12 07:05:37 vps postfix/smtps/smtpd[29726]: warning: unknown[81.30.107.67]: SASL LOGIN authentication failed: UGFzc3dvcmQ6
Oct 12 07:05:37 vps postfix/smtps/smtpd[29726]: lost connection after AUTH from unknown[81.30.107.67]
Oct 12 07:05:37 vps postfix/smtps/smtpd[29726]: disconnect from unknown[81.30.107.67]
Oct 12 07:05:43 vps postfix/smtps/smtpd[30715]: connect from scan.cypex.ai[3.130.96.91]
Oct 12 07:05:43 vps postfix/smtps/smtpd[30715]: SSL_accept error from scan.cypex.ai[3.130.96.91]: -1
Oct 12 07:05:43 vps postfix/smtps/smtpd[30715]: warning: TLS library problem: 30715:error:140760FC:SSL routines:SSL23_GET_CLIENT_HELLO:unknown protocol:s23_srvr.c:640:
Oct 12 07:05:43 vps postfix/smtps/smtpd[30715]: lost connection after CONNECT from scan.cypex.ai[3.130.96.91]
Oct 12 07:05:43 vps postfix/smtps/smtpd[30715]: disconnect from scan.cypex.ai[3.130.96.91]
Oct 12 07:05:44 vps postfix/smtps/smtpd[29726]: connect from scan.cypex.ai[3.130.96.91]
Oct 12 07:05:54 vps postfix/smtps/smtpd[29726]: SSL_accept error from scan.cypex.ai[3.130.96.91]: lost connection
Oct 12 07:05:54 vps postfix/smtps/smtpd[29726]: lost connection after CONNECT from scan.cypex.ai[3.130.96.91]
Oct 12 07:05:54 vps postfix/smtps/smtpd[29726]: disconnect from scan.cypex.ai[3.130.96.91]
Oct 12 07:06:01 vps postfix/smtps/smtpd[30715]: connect from unknown[81.30.107.15]
Oct 12 07:06:03 vps postfix/smtps/smtpd[30715]: Anonymous TLS connection established from unknown[81.30.107.15]: TLSv1.2 with cipher ECDHE-RSA-AES256-GCM-SHA384 (256/256 bits)
Oct 12 07:06:07 vps postfix/smtpd[23590]: connect from ip217.154.225-94.pbiaas.com[217.154.225.94]
Oct 12 07:06:09 vps postfix/smtps/smtpd[30715]: warning: unknown[81.30.107.15]: SASL LOGIN authentication failed: UGFzc3dvcmQ6
Oct 12 07:06:10 vps postfix/smtpd[23590]: warning: ip217.154.225-94.pbiaas.com[217.154.225.94]: SASL LOGIN authentication failed: UGFzc3dvcmQ6
Oct 12 07:06:10 vps postfix/smtpd[23590]: disconnect from ip217.154.225-94.pbiaas.com[217.154.225.94]
Oct 12 07:06:12 vps postfix/smtps/smtpd[30715]: lost connection after AUTH from unknown[81.30.107.15]
Oct 12 07:06:12 vps postfix/smtps/smtpd[30715]: disconnect from unknown[81.30.107.15]
Oct 12 07:06:19 vps postfix/smtps/smtpd[29726]: connect from unknown[81.30.107.94]
Oct 12 07:06:20 vps postfix/smtps/smtpd[29726]: Anonymous TLS connection established from unknown[81.30.107.94]: TLSv1.2 with cipher ECDHE-RSA-AES256-GCM-SHA384 (256/256 bits)
Oct 12 07:06:21 vps postfix/smtps/smtpd[30715]: connect from scan.cypex.ai[3.130.96.91]
Oct 12 07:06:21 vps postfix/smtps/smtpd[30715]: SSL_accept error from scan.cypex.ai[3.130.96.91]: -1
Oct 12 07:06:21 vps postfix/smtps/smtpd[30715]: warning: TLS library problem: 30715:error:140760FC:SSL routines:SSL23_GET_CLIENT_HELLO:unknown protocol:s23_srvr.c:640:
Oct 12 07:06:21 vps postfix/smtps/smtpd[30715]: lost connection after CONNECT from scan.cypex.ai[3.130.96.91]
Oct 12 07:06:21 vps postfix/smtps/smtpd[30715]: disconnect from scan.cypex.ai[3.130.96.91]
Oct 12 07:06:23 vps postfix/smtpd[23590]: connect from ip217.154.225-94.pbiaas.com[217.154.225.94]
Oct 12 07:06:24 vps postfix/smtps/smtpd[29726]: warning: unknown[81.30.107.94]: SASL LOGIN authentication failed: UGFzc3dvcmQ6
Oct 12 07:06:24 vps postfix/smtps/smtpd[29726]: lost connection after AUTH from unknown[81.30.107.94]
Oct 12 07:06:24 vps postfix/smtps/smtpd[29726]: disconnect from unknown[81.30.107.94]
Oct 12 07:06:24 vps postfix/smtps/smtpd[30715]: connect from unknown[81.30.107.195]
Oct 12 07:06:25 vps postfix/smtps/smtpd[30715]: Anonymous TLS connection established from unknown[81.30.107.195]: TLSv1.2 with cipher ECDHE-RSA-AES256-GCM-SHA384 (256/256 bits)
Oct 12 07:06:26 vps postfix/smtpd[23590]: warning: ip217.154.225-94.pbiaas.com[217.154.225.94]: SASL LOGIN authentication failed: UGFzc3dvcmQ6
Oct 12 07:06:26 vps postfix/smtpd[23590]: disconnect from ip217.154.225-94.pbiaas.com[217.154.225.94]
Oct 12 07:06:28 vps postfix/smtpd[31048]: connect from unknown[213.209.157.154]
Oct 12 07:06:29 vps postfix/smtps/smtpd[30715]: warning: unknown[81.30.107.195]: SASL LOGIN authentication failed: UGFzc3dvcmQ6
Oct 12 07:06:29 vps postfix/smtps/smtpd[30715]: lost connection after AUTH from unknown[81.30.107.195]
Oct 12 07:06:29 vps postfix/smtps/smtpd[30715]: disconnect from unknown[81.30.107.195]
Oct 12 07:06:29 vps postfix/smtpd[31915]: connect from unknown[185.93.89.243]
Oct 12 07:06:31 vps postfix/smtpd[31048]: warning: unknown[213.209.157.154]: SASL LOGIN authentication failed: UGFzc3dvcmQ6
Oct 12 07:06:31 vps postfix/smtpd[31048]: disconnect from unknown[213.209.157.154]
Oct 12 07:06:32 vps postfix/smtpd[31915]: warning: unknown[185.93.89.243]: SASL LOGIN authentication failed: UGFzc3dvcmQ6
Oct 12 07:06:32 vps postfix/smtpd[31915]: disconnect from unknown[185.93.89.243]
Oct 12 07:06:35 vps postfix/smtpd[23590]: connect from unknown[212.132.96.229]
Oct 12 07:06:38 vps postfix/smtpd[23590]: warning: unknown[212.132.96.229]: SASL LOGIN authentication failed: UGFzc3dvcmQ6
Oct 12 07:06:38 vps postfix/smtpd[23590]: disconnect from unknown[212.132.96.229]
Oct 12 07:06:47 vps postfix/smtpd[23590]: connect from unknown[212.132.96.229]
Oct 12 07:06:47 vps postfix/smtps/smtpd[29726]: connect from scan.cypex.ai[3.130.96.91]
Oct 12 07:06:47 vps postfix/smtps/smtpd[30715]: connect from unknown[81.30.107.118]
Oct 12 07:06:48 vps postfix/smtps/smtpd[30715]: Anonymous TLS connection established from unknown[81.30.107.118]: TLSv1.2 with cipher ECDHE-RSA-AES256-GCM-SHA384 (256/256 bits)
Oct 12 07:06:52 vps postfix/smtps/smtpd[30715]: warning: unknown[81.30.107.118]: SASL LOGIN authentication failed: UGFzc3dvcmQ6
Oct 12 07:06:52 vps postfix/smtps/smtpd[30715]: lost connection after AUTH from unknown[81.30.107.118]
Oct 12 07:06:52 vps postfix/smtps/smtpd[30715]: disconnect from unknown[81.30.107.118]
Oct 12 07:06:54 vps postfix/smtpd[23590]: warning: unknown[212.132.96.229]: SASL LOGIN authentication failed: UGFzc3dvcmQ6
Oct 12 07:06:54 vps postfix/smtpd[23590]: disconnect from unknown[212.132.96.229]
Oct 12 07:06:57 vps postfix/smtps/smtpd[29726]: SSL_accept error from scan.cypex.ai[3.130.96.91]: lost connection
Oct 12 07:06:57 vps postfix/smtps/smtpd[29726]: lost connection after CONNECT from scan.cypex.ai[3.130.96.91]
Oct 12 07:06:57 vps postfix/smtps/smtpd[29726]: disconnect from scan.cypex.ai[3.130.96.91]
Oct 12 07:07:18 vps postfix/smtpd[31048]: connect from unknown[185.93.89.243]
Oct 12 07:07:22 vps postfix/smtps/smtpd[30715]: connect from unknown[81.30.107.110]
Oct 12 07:07:25 vps postfix/smtps/smtpd[30715]: Anonymous TLS connection established from unknown[81.30.107.110]: TLSv1.2 with cipher ECDHE-RSA-AES256-GCM-SHA384 (256/256 bits)
Oct 12 07:07:30 vps postfix/smtps/smtpd[29726]: connect from unknown[81.30.107.134]
Oct 12 07:07:33 vps postfix/smtps/smtpd[29726]: Anonymous TLS connection established from unknown[81.30.107.134]: TLSv1.2 with cipher ECDHE-RSA-AES256-GCM-SHA384 (256/256 bits)
Oct 12 07:07:35 vps postfix/smtps/smtpd[30715]: warning: unknown[81.30.107.110]: SASL LOGIN authentication failed: UGFzc3dvcmQ6
Oct 12 07:07:36 vps postfix/smtpd[31915]: connect from unknown[77.90.185.87]
Oct 12 07:07:36 vps postfix/smtps/smtpd[30715]: lost connection after AUTH from unknown[81.30.107.110]
Oct 12 07:07:36 vps postfix/smtps/smtpd[30715]: disconnect from unknown[81.30.107.110]
Oct 12 07:07:37 vps postfix/smtpd[31048]: warning: unknown[185.93.89.243]: SASL LOGIN authentication failed: UGFzc3dvcmQ6
Oct 12 07:07:37 vps postfix/smtps/smtpd[29726]: warning: unknown[81.30.107.134]: SASL LOGIN authentication failed: UGFzc3dvcmQ6
Oct 12 07:07:38 vps postfix/smtpd[31048]: disconnect from unknown[185.93.89.243]
Oct 12 07:07:39 vps postfix/smtpd[31915]: warning: unknown[77.90.185.87]: SASL LOGIN authentication failed: UGFzc3dvcmQ6
Oct 12 07:07:39 vps postfix/smtpd[31915]: disconnect from unknown[77.90.185.87]
Oct 12 07:07:40 vps postfix/smtps/smtpd[29726]: lost connection after AUTH from unknown[81.30.107.134]
Oct 12 07:07:40 vps postfix/smtps/smtpd[29726]: disconnect from unknown[81.30.107.134]
Oct 12 07:07:47 vps postfix/smtps/smtpd[30715]: connect from unknown[81.30.107.58]
Oct 12 07:07:47 vps postfix/smtpd[23590]: connect from ip217.154.225-94.pbiaas.com[217.154.225.94]
Oct 12 07:07:49 vps postfix/smtps/smtpd[30715]: Anonymous TLS connection established from unknown[81.30.107.58]: TLSv1.2 with cipher ECDHE-RSA-AES256-GCM-SHA384 (256/256 bits)
Oct 12 07:07:50 vps postfix/smtpd[23590]: warning: ip217.154.225-94.pbiaas.com[217.154.225.94]: SASL LOGIN authentication failed: UGFzc3dvcmQ6
Oct 12 07:07:50 vps postfix/smtpd[23590]: disconnect from ip217.154.225-94.pbiaas.com[217.154.225.94]
Oct 12 07:07:54 vps postfix/smtpd[23590]: connect from unknown[212.132.96.229]
Oct 12 07:07:54 vps postfix/smtps/smtpd[29726]: connect from unknown[81.30.107.191]
Oct 12 07:07:56 vps postfix/smtpd[23590]: warning: unknown[212.132.96.229]: SASL LOGIN authentication failed: UGFzc3dvcmQ6
Oct 12 07:07:56 vps postfix/smtps/smtpd[30715]: warning: unknown[81.30.107.58]: SASL LOGIN authentication failed: UGFzc3dvcmQ6
Oct 12 07:07:56 vps postfix/smtpd[23590]: disconnect from unknown[212.132.96.229]
Oct 12 07:07:56 vps postfix/smtps/smtpd[29726]: Anonymous TLS connection established from unknown[81.30.107.191]: TLSv1.2 with cipher ECDHE-RSA-AES256-GCM-SHA384 (256/256 bits)
Oct 12 07:07:58 vps postfix/smtps/smtpd[30715]: lost connection after AUTH from unknown[81.30.107.58]
Oct 12 07:07:58 vps postfix/smtps/smtpd[30715]: disconnect from unknown[81.30.107.58]
Oct 12 07:08:03 vps postfix/smtpd[23590]: connect from ip217.154.225-94.pbiaas.com[217.154.225.94]
Oct 12 07:08:04 vps postfix/smtps/smtpd[30715]: connect from unknown[81.30.107.119]
Oct 12 07:08:04 vps postfix/smtps/smtpd[29726]: warning: unknown[81.30.107.191]: SASL LOGIN authentication failed: UGFzc3dvcmQ6
Oct 12 07:08:05 vps postfix/smtps/smtpd[29726]: lost connection after AUTH from unknown[81.30.107.191]
Oct 12 07:08:05 vps postfix/smtps/smtpd[29726]: disconnect from unknown[81.30.107.191]
Oct 12 07:08:05 vps postfix/smtpd[32143]: connect from unknown[212.132.96.229]
Oct 12 07:08:05 vps postfix/smtpd[31048]: connect from unknown[213.209.157.154]
Oct 12 07:08:06 vps postfix/smtpd[23590]: warning: ip217.154.225-94.pbiaas.com[217.154.225.94]: SASL LOGIN authentication failed: UGFzc3dvcmQ6
Oct 12 07:08:06 vps postfix/smtpd[23590]: disconnect from ip217.154.225-94.pbiaas.com[217.154.225.94]
Oct 12 07:08:07 vps postfix/smtps/smtpd[30715]: Anonymous TLS connection established from unknown[81.30.107.119]: TLSv1.2 with cipher ECDHE-RSA-AES256-GCM-SHA384 (256/256 bits)
Oct 12 07:08:07 vps postfix/smtps/smtpd[29726]: connect from scan.cypex.ai[3.130.96.91]
Oct 12 07:08:08 vps postfix/smtpd[31048]: warning: unknown[213.209.157.154]: SASL LOGIN authentication failed: UGFzc3dvcmQ6
Oct 12 07:08:08 vps postfix/smtps/smtpd[29726]: Anonymous TLS connection established from scan.cypex.ai[3.130.96.91]: TLSv1.2 with cipher ECDHE-RSA-AES128-GCM-SHA256 (128/128 bits)
Oct 12 07:08:08 vps postfix/smtpd[31048]: disconnect from unknown[213.209.157.154]
Oct 12 07:08:08 vps postfix/smtps/smtpd[29726]: lost connection after CONNECT from scan.cypex.ai[3.130.96.91]
Oct 12 07:08:08 vps postfix/smtps/smtpd[29726]: disconnect from scan.cypex.ai[3.130.96.91]
Oct 12 07:08:12 vps postfix/smtpd[32143]: warning: unknown[212.132.96.229]: SASL LOGIN authentication failed: UGFzc3dvcmQ6
Oct 12 07:08:12 vps postfix/smtpd[32143]: disconnect from unknown[212.132.96.229]
Oct 12 07:08:13 vps postfix/smtps/smtpd[30715]: warning: unknown[81.30.107.119]: SASL LOGIN authentication failed: UGFzc3dvcmQ6
Oct 12 07:08:14 vps postfix/anvil[16936]: statistics: max connection rate 2/60s for (submission:212.132.96.229) at Oct 12 06:58:53
Oct 12 07:08:14 vps postfix/anvil[16936]: statistics: max connection count 1 for (465:81.30.107.118) at Oct 12 06:58:32
Oct 12 07:08:14 vps postfix/anvil[16936]: statistics: max cache size 11 at Oct 12 07:08:08
Oct 12 07:08:16 vps postfix/smtps/smtpd[30715]: lost connection after AUTH from unknown[81.30.107.119]
Oct 12 07:08:16 vps postfix/smtps/smtpd[30715]: disconnect from unknown[81.30.107.119]
Oct 12 07:08:37 vps postfix/smtps/smtpd[29726]: connect from unknown[81.30.107.64]
Oct 12 07:08:38 vps postfix/smtps/smtpd[29726]: Anonymous TLS connection established from unknown[81.30.107.64]: TLSv1.2 with cipher ECDHE-RSA-AES256-GCM-SHA384 (256/256 bits)
Oct 12 07:08:41 vps postfix/smtps/smtpd[30715]: connect from scan.cypex.ai[3.130.96.91]
Oct 12 07:08:42 vps postfix/smtps/smtpd[30715]: Anonymous TLS connection established from scan.cypex.ai[3.130.96.91]: TLSv1.2 with cipher ECDHE-RSA-AES128-GCM-SHA256 (128/128 bits)
Oct 12 07:08:42 vps postfix/smtps/smtpd[29726]: warning: unknown[81.30.107.64]: SASL LOGIN authentication failed: UGFzc3dvcmQ6
Oct 12 07:08:42 vps postfix/smtps/smtpd[30715]: lost connection after CONNECT from scan.cypex.ai[3.130.96.91]
Oct 12 07:08:42 vps postfix/smtps/smtpd[30715]: disconnect from scan.cypex.ai[3.130.96.91]
Oct 12 07:08:42 vps postfix/smtps/smtpd[29726]: lost connection after AUTH from unknown[81.30.107.64]
Oct 12 07:08:42 vps postfix/smtps/smtpd[29726]: disconnect from unknown[81.30.107.64]
Oct 12 07:09:06 vps postfix/smtps/smtpd[30715]: connect from unknown[81.30.107.143]
Oct 12 07:09:07 vps postfix/smtps/smtpd[30715]: Anonymous TLS connection established from unknown[81.30.107.143]: TLSv1.2 with cipher ECDHE-RSA-AES256-GCM-SHA384 (256/256 bits)
Oct 12 07:09:09 vps postfix/smtps/smtpd[29726]: connect from unknown[81.30.107.42]
Oct 12 07:09:10 vps postfix/smtps/smtpd[29726]: Anonymous TLS connection established from unknown[81.30.107.42]: TLSv1.2 with cipher ECDHE-RSA-AES256-GCM-SHA384 (256/256 bits)
Oct 12 07:09:11 vps postfix/smtps/smtpd[30715]: warning: unknown[81.30.107.143]: SASL LOGIN authentication failed: UGFzc3dvcmQ6
Oct 12 07:09:11 vps postfix/smtps/smtpd[32286]: connect from unknown[81.30.107.49]
Oct 12 07:09:11 vps postfix/smtps/smtpd[30715]: lost connection after AUTH from unknown[81.30.107.143]
Oct 12 07:09:11 vps postfix/smtps/smtpd[30715]: disconnect from unknown[81.30.107.143]
Oct 12 07:09:12 vps postfix/smtpd[23590]: connect from unknown[212.132.96.229]
Oct 12 07:09:13 vps postfix/smtps/smtpd[32286]: Anonymous TLS connection established from unknown[81.30.107.49]: TLSv1.2 with cipher ECDHE-RSA-AES256-GCM-SHA384 (256/256 bits)
Oct 12 07:09:13 vps postfix/smtps/smtpd[30715]: connect from unknown[81.30.107.189]
Oct 12 07:09:15 vps postfix/smtps/smtpd[29726]: warning: unknown[81.30.107.42]: SASL LOGIN authentication failed: UGFzc3dvcmQ6
Oct 12 07:09:15 vps postfix/smtpd[23590]: warning: unknown[212.132.96.229]: SASL LOGIN authentication failed: UGFzc3dvcmQ6
Oct 12 07:09:15 vps postfix/smtpd[23590]: disconnect from unknown[212.132.96.229]
Oct 12 07:09:15 vps postfix/smtps/smtpd[29726]: lost connection after AUTH from unknown[81.30.107.42]
Oct 12 07:09:15 vps postfix/smtps/smtpd[29726]: disconnect from unknown[81.30.107.42]
Oct 12 07:09:15 vps postfix/smtps/smtpd[30715]: Anonymous TLS connection established from unknown[81.30.107.189]: TLSv1.2 with cipher ECDHE-RSA-AES256-GCM-SHA384 (256/256 bits)
Oct 12 07:09:18 vps postfix/smtpd[31915]: connect from unknown[195.211.188.86]
Oct 12 07:09:19 vps postfix/smtps/smtpd[32286]: warning: unknown[81.30.107.49]: SASL LOGIN authentication failed: UGFzc3dvcmQ6
Oct 12 07:09:21 vps postfix/smtps/smtpd[32286]: lost connection after AUTH from unknown[81.30.107.49]
Oct 12 07:09:21 vps postfix/smtps/smtpd[32286]: disconnect from unknown[81.30.107.49]
Oct 12 07:09:21 vps postfix/smtpd[31915]: warning: unknown[195.211.188.86]: SASL LOGIN authentication failed: UGFzc3dvcmQ6
Oct 12 07:09:21 vps postfix/smtpd[31915]: disconnect from unknown[195.211.188.86]
Oct 12 07:09:23 vps postfix/smtpd[32143]: connect from unknown[212.132.96.229]
Oct 12 07:09:26 vps postfix/smtps/smtpd[30715]: warning: unknown[81.30.107.189]: SASL LOGIN authentication failed: UGFzc3dvcmQ6
Oct 12 07:09:29 vps postfix/smtps/smtpd[30715]: lost connection after AUTH from unknown[81.30.107.189]
Oct 12 07:09:29 vps postfix/smtps/smtpd[30715]: disconnect from unknown[81.30.107.189]
Oct 12 07:09:31 vps postfix/smtpd[23590]: connect from ip217.154.225-94.pbiaas.com[217.154.225.94]
Oct 12 07:09:31 vps postfix/smtpd[32143]: warning: unknown[212.132.96.229]: SASL LOGIN authentication failed: UGFzc3dvcmQ6
Oct 12 07:09:31 vps postfix/smtpd[32143]: disconnect from unknown[212.132.96.229]
Oct 12 07:09:34 vps postfix/smtpd[23590]: warning: ip217.154.225-94.pbiaas.com[217.154.225.94]: SASL LOGIN authentication failed: UGFzc3dvcmQ6
Oct 12 07:09:34 vps postfix/smtpd[23590]: disconnect from ip217.154.225-94.pbiaas.com[217.154.225.94]
Oct 12 07:09:36 vps postfix/smtpd[31048]: connect from unknown[77.90.185.87]
Oct 12 07:09:39 vps postfix/smtpd[31048]: warning: unknown[77.90.185.87]: SASL LOGIN authentication failed: UGFzc3dvcmQ6
Oct 12 07:09:39 vps postfix/smtpd[31048]: disconnect from unknown[77.90.185.87]
Oct 12 07:09:44 vps postfix/smtpd[31915]: connect from unknown[62.60.131.29]
Oct 12 07:09:46 vps postfix/smtpd[31915]: warning: unknown[62.60.131.29]: SASL LOGIN authentication failed: UGFzc3dvcmQ6
Oct 12 07:09:46 vps postfix/smtpd[31915]: disconnect from unknown[62.60.131.29]
Oct 12 07:09:46 vps postfix/smtpd[32143]: connect from ip217.154.225-94.pbiaas.com[217.154.225.94]
Oct 12 07:09:49 vps postfix/smtpd[32143]: warning: ip217.154.225-94.pbiaas.com[217.154.225.94]: SASL LOGIN authentication failed: UGFzc3dvcmQ6
Oct 12 07:09:49 vps postfix/smtpd[32143]: disconnect from ip217.154.225-94.pbiaas.com[217.154.225.94]
Oct 12 07:09:58 vps postfix/smtpd[31048]: connect from unknown[77.90.185.87]
Oct 12 07:10:01 vps postfix/smtpd[31048]: warning: unknown[77.90.185.87]: SASL LOGIN authentication failed: UGFzc3dvcmQ6
Oct 12 07:10:01 vps postfix/smtpd[31048]: disconnect from unknown[77.90.185.87]
Oct 12 07:10:01 vps postfix/smtps/smtpd[29726]: connect from unknown[81.30.107.146]
Oct 12 07:10:02 vps postfix/smtps/smtpd[29726]: Anonymous TLS connection established from unknown[81.30.107.146]: TLSv1.2 with cipher ECDHE-RSA-AES256-GCM-SHA384 (256/256 bits)
Oct 12 07:10:07 vps postfix/smtpd[31915]: connect from unknown[77.90.185.87]
Oct 12 07:10:09 vps postfix/smtps/smtpd[29726]: warning: unknown[81.30.107.146]: SASL LOGIN authentication failed: UGFzc3dvcmQ6
Oct 12 07:10:09 vps postfix/smtps/smtpd[29726]: lost connection after AUTH from unknown[81.30.107.146]
Oct 12 07:10:09 vps postfix/smtps/smtpd[29726]: disconnect from unknown[81.30.107.146]
Oct 12 07:10:12 vps postfix/smtpd[31048]: connect from unknown[77.90.185.87]
Oct 12 07:10:14 vps postfix/smtpd[31915]: warning: unknown[77.90.185.87]: SASL LOGIN authentication failed: UGFzc3dvcmQ6
Oct 12 07:10:14 vps postfix/smtpd[31915]: disconnect from unknown[77.90.185.87]
Oct 12 07:10:23 vps postfix/smtpd[31048]: warning: unknown[77.90.185.87]: SASL LOGIN authentication failed: UGFzc3dvcmQ6
Oct 12 07:10:23 vps postfix/smtpd[31048]: disconnect from unknown[77.90.185.87]
Oct 12 07:10:25 vps postfix/smtpd[23590]: connect from unknown[32.60.85.212]
Oct 12 07:10:28 vps postfix/smtpd[23590]: warning: unknown[32.60.85.212]: SASL LOGIN authentication failed: UGFzc3dvcmQ6
Oct 12 07:10:28 vps postfix/smtpd[23590]: disconnect from unknown[32.60.85.212]
Oct 12 07:10:31 vps postfix/smtpd[32143]: connect from unknown[212.132.96.229]
Oct 12 07:10:34 vps postfix/smtpd[32143]: warning: unknown[212.132.96.229]: SASL LOGIN authentication failed: UGFzc3dvcmQ6
Oct 12 07:10:34 vps postfix/smtpd[32143]: disconnect from unknown[212.132.96.229]
Oct 12 07:10:42 vps postfix/smtps/smtpd[30715]: connect from unknown[81.30.107.115]
Oct 12 07:10:42 vps postfix/smtps/smtpd[29726]: connect from unknown[81.30.107.182]
Oct 12 07:10:42 vps postfix/smtps/smtpd[29726]: Anonymous TLS connection established from unknown[81.30.107.182]: TLSv1.2 with cipher ECDHE-RSA-AES256-GCM-SHA384 (256/256 bits)
Oct 12 07:10:44 vps postfix/smtpd[23590]: connect from unknown[212.132.96.229]
Oct 12 07:10:44 vps postfix/smtps/smtpd[30715]: Anonymous TLS connection established from unknown[81.30.107.115]: TLSv1.2 with cipher ECDHE-RSA-AES256-GCM-SHA384 (256/256 bits)
Oct 12 07:10:46 vps postfix/smtps/smtpd[29726]: warning: unknown[81.30.107.182]: SASL LOGIN authentication failed: UGFzc3dvcmQ6
Oct 12 07:10:46 vps postfix/smtps/smtpd[29726]: lost connection after AUTH from unknown[81.30.107.182]
Oct 12 07:10:46 vps postfix/smtps/smtpd[29726]: disconnect from unknown[81.30.107.182]
Oct 12 07:10:49 vps postfix/smtps/smtpd[30715]: warning: unknown[81.30.107.115]: SASL LOGIN authentication failed: UGFzc3dvcmQ6
Oct 12 07:10:51 vps postfix/smtpd[23590]: warning: unknown[212.132.96.229]: SASL LOGIN authentication failed: UGFzc3dvcmQ6
Oct 12 07:10:51 vps postfix/smtpd[23590]: disconnect from unknown[212.132.96.229]
Oct 12 07:10:52 vps postfix/smtps/smtpd[30715]: lost connection after AUTH from unknown[81.30.107.115]
Oct 12 07:10:52 vps postfix/smtps/smtpd[30715]: disconnect from unknown[81.30.107.115]
Oct 12 07:11:16 vps postfix/smtpd[32143]: connect from ip217.154.225-94.pbiaas.com[217.154.225.94]
Oct 12 07:11:18 vps postfix/smtpd[32143]: warning: ip217.154.225-94.pbiaas.com[217.154.225.94]: SASL LOGIN authentication failed: UGFzc3dvcmQ6
Oct 12 07:11:18 vps postfix/smtpd[32143]: disconnect from ip217.154.225-94.pbiaas.com[217.154.225.94]
Oct 12 07:11:20 vps postfix/smtps/smtpd[29726]: connect from unknown[81.30.107.20]
Oct 12 07:11:23 vps postfix/smtps/smtpd[29726]: Anonymous TLS connection established from unknown[81.30.107.20]: TLSv1.2 with cipher ECDHE-RSA-AES256-GCM-SHA384 (256/256 bits)
Oct 12 07:11:26 vps postfix/smtps/smtpd[30715]: connect from unknown[81.30.107.146]
Oct 12 07:11:27 vps postfix/smtps/smtpd[29726]: warning: unknown[81.30.107.20]: SASL LOGIN authentication failed: UGFzc3dvcmQ6
Oct 12 07:11:27 vps postfix/smtps/smtpd[30715]: Anonymous TLS connection established from unknown[81.30.107.146]: TLSv1.2 with cipher ECDHE-RSA-AES256-GCM-SHA384 (256/256 bits)
Oct 12 07:11:31 vps postfix/smtps/smtpd[29726]: lost connection after AUTH from unknown[81.30.107.20]
Oct 12 07:11:31 vps postfix/smtps/smtpd[29726]: disconnect from unknown[81.30.107.20]
Oct 12 07:11:31 vps postfix/smtpd[23590]: connect from ip217.154.225-94.pbiaas.com[217.154.225.94]
Oct 12 07:11:34 vps postfix/smtpd[23590]: warning: ip217.154.225-94.pbiaas.com[217.154.225.94]: SASL LOGIN authentication failed: UGFzc3dvcmQ6
Oct 12 07:11:34 vps postfix/smtps/smtpd[30715]: warning: unknown[81.30.107.146]: SASL LOGIN authentication failed: UGFzc3dvcmQ6
Oct 12 07:11:34 vps postfix/smtpd[23590]: disconnect from ip217.154.225-94.pbiaas.com[217.154.225.94]
Oct 12 07:11:35 vps postfix/smtps/smtpd[30715]: lost connection after AUTH from unknown[81.30.107.146]
Oct 12 07:11:35 vps postfix/smtps/smtpd[30715]: disconnect from unknown[81.30.107.146]
Oct 12 07:11:35 vps postfix/smtps/smtpd[29726]: connect from unknown[81.30.107.119]
Oct 12 07:11:38 vps postfix/smtps/smtpd[29726]: Anonymous TLS connection established from unknown[81.30.107.119]: TLSv1.2 with cipher ECDHE-RSA-AES256-GCM-SHA384 (256/256 bits)
Oct 12 07:11:41 vps postfix/smtpd[32143]: connect from unknown[66.132.153.134]
Oct 12 07:11:43 vps postfix/smtpd[32143]: Anonymous TLS connection established from unknown[66.132.153.134]: TLSv1.2 with cipher ECDHE-RSA-AES128-GCM-SHA256 (128/128 bits)
Oct 12 07:11:43 vps postfix/smtpd[32143]: lost connection after STARTTLS from unknown[66.132.153.134]
Oct 12 07:11:43 vps postfix/smtpd[32143]: disconnect from unknown[66.132.153.134]
Oct 12 07:11:43 vps postfix/smtps/smtpd[30715]: connect from unknown[81.30.107.88]
Oct 12 07:11:44 vps postfix/smtps/smtpd[30715]: Anonymous TLS connection established from unknown[81.30.107.88]: TLSv1.2 with cipher ECDHE-RSA-AES256-GCM-SHA384 (256/256 bits)
Oct 12 07:11:45 vps postfix/smtps/smtpd[29726]: warning: unknown[81.30.107.119]: SASL LOGIN authentication failed: UGFzc3dvcmQ6
Oct 12 07:11:47 vps postfix/smtps/smtpd[29726]: lost connection after AUTH from unknown[81.30.107.119]
Oct 12 07:11:47 vps postfix/smtps/smtpd[29726]: disconnect from unknown[81.30.107.119]
Oct 12 07:11:49 vps postfix/smtps/smtpd[30715]: warning: unknown[81.30.107.88]: SASL LOGIN authentication failed: UGFzc3dvcmQ6
Oct 12 07:11:49 vps postfix/smtpd[23590]: connect from unknown[212.132.96.229]
Oct 12 07:11:49 vps postfix/smtps/smtpd[30715]: lost connection after AUTH from unknown[81.30.107.88]
Oct 12 07:11:49 vps postfix/smtps/smtpd[30715]: disconnect from unknown[81.30.107.88]
Oct 12 07:11:53 vps postfix/smtpd[23590]: warning: unknown[212.132.96.229]: SASL LOGIN authentication failed: UGFzc3dvcmQ6
Oct 12 07:11:53 vps postfix/smtpd[23590]: disconnect from unknown[212.132.96.229]
Oct 12 07:11:55 vps postfix/smtps/smtpd[29726]: connect from unknown[81.30.107.173]
Oct 12 07:11:58 vps postfix/smtps/smtpd[29726]: Anonymous TLS connection established from unknown[81.30.107.173]: TLSv1.2 with cipher ECDHE-RSA-AES256-GCM-SHA384 (256/256 bits)
Oct 12 07:11:59 vps postfix/smtps/smtpd[30715]: connect from unknown[81.30.107.15]
Oct 12 07:11:59 vps postfix/smtps/smtpd[559]: connect from unknown[81.30.107.42]
Oct 12 07:12:00 vps postfix/smtps/smtpd[559]: Anonymous TLS connection established from unknown[81.30.107.42]: TLSv1.2 with cipher ECDHE-RSA-AES256-GCM-SHA384 (256/256 bits)
Oct 12 07:12:02 vps postfix/smtpd[32143]: connect from unknown[212.132.96.229]
Oct 12 07:12:02 vps postfix/smtps/smtpd[30715]: Anonymous TLS connection established from unknown[81.30.107.15]: TLSv1.2 with cipher ECDHE-RSA-AES256-GCM-SHA384 (256/256 bits)
Oct 12 07:12:03 vps postfix/smtps/smtpd[559]: warning: unknown[81.30.107.42]: SASL LOGIN authentication failed: UGFzc3dvcmQ6
Oct 12 07:12:03 vps postfix/smtps/smtpd[29726]: warning: unknown[81.30.107.173]: SASL LOGIN authentication failed: UGFzc3dvcmQ6
Oct 12 07:12:03 vps postfix/smtps/smtpd[559]: lost connection after AUTH from unknown[81.30.107.42]
Oct 12 07:12:03 vps postfix/smtps/smtpd[559]: disconnect from unknown[81.30.107.42]
Oct 12 07:12:05 vps postfix/smtps/smtpd[559]: connect from unknown[81.30.107.173]
Oct 12 07:12:06 vps postfix/smtps/smtpd[29726]: lost connection after AUTH from unknown[81.30.107.173]
Oct 12 07:12:06 vps postfix/smtps/smtpd[29726]: disconnect from unknown[81.30.107.173]
Oct 12 07:12:06 vps postfix/smtps/smtpd[559]: Anonymous TLS connection established from unknown[81.30.107.173]: TLSv1.2 with cipher ECDHE-RSA-AES256-GCM-SHA384 (256/256 bits)
Oct 12 07:12:07 vps postfix/smtps/smtpd[30715]: warning: unknown[81.30.107.15]: SASL LOGIN authentication failed: UGFzc3dvcmQ6
Oct 12 07:12:08 vps postfix/smtps/smtpd[29726]: connect from unknown[81.30.107.205]
Oct 12 07:12:09 vps postfix/smtpd[32143]: warning: unknown[212.132.96.229]: SASL LOGIN authentication failed: UGFzc3dvcmQ6
Oct 12 07:12:09 vps postfix/smtps/smtpd[29726]: Anonymous TLS connection established from unknown[81.30.107.205]: TLSv1.2 with cipher ECDHE-RSA-AES256-GCM-SHA384 (256/256 bits)
