Oct 12 05:28:06 vps postfix/smtpd[5941]: disconnect from ip217.154.225-94.pbiaas.com[217.154.225.94]
Oct 12 05:28:07 vps postfix/smtps/smtpd[8979]: warning: unknown[81.30.107.52]: SASL LOGIN authentication failed: UGFzc3dvcmQ6
Oct 12 05:28:09 vps postfix/smtps/smtpd[8979]: lost connection after AUTH from unknown[81.30.107.52]
Oct 12 05:28:09 vps postfix/smtps/smtpd[8979]: disconnect from unknown[81.30.107.52]
Oct 12 05:28:11 vps postfix/smtps/smtpd[6660]: warning: unknown[81.30.107.115]: SASL LOGIN authentication failed: UGFzc3dvcmQ6
Oct 12 05:28:12 vps postfix/smtpd[10690]: connect from unknown[213.209.157.154]
Oct 12 05:28:13 vps postfix/smtpd[11073]: connect from unknown[185.93.89.243]
Oct 12 05:28:13 vps postfix/smtps/smtpd[6660]: lost connection after AUTH from unknown[81.30.107.115]
Oct 12 05:28:13 vps postfix/smtps/smtpd[6660]: disconnect from unknown[81.30.107.115]
Oct 12 05:28:14 vps postfix/anvil[16936]: statistics: max connection rate 4/60s for (smtp:77.90.185.87) at Oct 12 05:20:51
Oct 12 05:28:14 vps postfix/anvil[16936]: statistics: max connection count 2 for (smtp:77.90.185.87) at Oct 12 05:20:46
Oct 12 05:28:14 vps postfix/anvil[16936]: statistics: max cache size 13 at Oct 12 05:19:47
Oct 12 05:28:15 vps postfix/smtpd[10690]: warning: unknown[213.209.157.154]: SASL LOGIN authentication failed: UGFzc3dvcmQ6
Oct 12 05:28:15 vps postfix/smtpd[10690]: disconnect from unknown[213.209.157.154]
Oct 12 05:28:16 vps postfix/smtpd[11073]: warning: unknown[185.93.89.243]: SASL LOGIN authentication failed: UGFzc3dvcmQ6
Oct 12 05:28:16 vps postfix/smtpd[11073]: disconnect from unknown[185.93.89.243]
Oct 12 05:28:33 vps postfix/smtps/smtpd[8979]: connect from unknown[81.30.107.67]
Oct 12 05:28:35 vps postfix/smtps/smtpd[8979]: Anonymous TLS connection established from unknown[81.30.107.67]: TLSv1.2 with cipher ECDHE-RSA-AES256-GCM-SHA384 (256/256 bits)
Oct 12 05:28:42 vps postfix/smtps/smtpd[8979]: warning: unknown[81.30.107.67]: SASL LOGIN authentication failed: UGFzc3dvcmQ6
Oct 12 05:28:42 vps postfix/smtps/smtpd[8979]: lost connection after AUTH from unknown[81.30.107.67]
Oct 12 05:28:42 vps postfix/smtps/smtpd[8979]: disconnect from unknown[81.30.107.67]
Oct 12 05:28:44 vps postfix/smtpd[2633]: connect from unknown[212.132.96.229]
Oct 12 05:28:47 vps postfix/smtpd[2633]: warning: unknown[212.132.96.229]: SASL LOGIN authentication failed: UGFzc3dvcmQ6
Oct 12 05:28:47 vps postfix/smtpd[2633]: disconnect from unknown[212.132.96.229]
Oct 12 05:28:55 vps postfix/smtpd[5941]: connect from unknown[212.132.96.229]
Oct 12 05:29:01 vps postfix/smtpd[5941]: warning: unknown[212.132.96.229]: SASL LOGIN authentication failed: UGFzc3dvcmQ6
Oct 12 05:29:01 vps postfix/smtpd[5941]: disconnect from unknown[212.132.96.229]
Oct 12 05:29:03 vps postfix/smtps/smtpd[6660]: connect from unknown[81.30.107.64]
Oct 12 05:29:04 vps postfix/smtps/smtpd[6660]: Anonymous TLS connection established from unknown[81.30.107.64]: TLSv1.2 with cipher ECDHE-RSA-AES256-GCM-SHA384 (256/256 bits)
Oct 12 05:29:07 vps postfix/smtps/smtpd[6660]: warning: unknown[81.30.107.64]: SASL LOGIN authentication failed: UGFzc3dvcmQ6
Oct 12 05:29:07 vps postfix/smtps/smtpd[6660]: lost connection after AUTH from unknown[81.30.107.64]
Oct 12 05:29:07 vps postfix/smtps/smtpd[6660]: disconnect from unknown[81.30.107.64]
Oct 12 05:29:13 vps postfix/smtps/smtpd[8979]: connect from unknown[81.30.107.38]
Oct 12 05:29:13 vps postfix/smtps/smtpd[6660]: connect from unknown[81.30.107.191]
Oct 12 05:29:13 vps postfix/smtpd[10322]: connect from unknown[167.94.145.106]
Oct 12 05:29:14 vps postfix/smtps/smtpd[8979]: Anonymous TLS connection established from unknown[81.30.107.38]: TLSv1.2 with cipher ECDHE-RSA-AES256-GCM-SHA384 (256/256 bits)
Oct 12 05:29:14 vps postfix/smtpd[10322]: Anonymous TLS connection established from unknown[167.94.145.106]: TLSv1.2 with cipher ECDHE-RSA-AES128-GCM-SHA256 (128/128 bits)
Oct 12 05:29:14 vps postfix/smtpd[10322]: lost connection after STARTTLS from unknown[167.94.145.106]
Oct 12 05:29:14 vps postfix/smtpd[10322]: disconnect from unknown[167.94.145.106]
Oct 12 05:29:15 vps postfix/smtps/smtpd[11213]: connect from unknown[81.30.107.20]
Oct 12 05:29:16 vps postfix/smtps/smtpd[6660]: Anonymous TLS connection established from unknown[81.30.107.191]: TLSv1.2 with cipher ECDHE-RSA-AES256-GCM-SHA384 (256/256 bits)
Oct 12 05:29:17 vps postfix/smtps/smtpd[11218]: connect from unknown[81.30.107.110]
Oct 12 05:29:17 vps postfix/smtps/smtpd[11213]: Anonymous TLS connection established from unknown[81.30.107.20]: TLSv1.2 with cipher ECDHE-RSA-AES256-GCM-SHA384 (256/256 bits)
Oct 12 05:29:19 vps postfix/smtps/smtpd[11229]: connect from unknown[81.30.107.70]
Oct 12 05:29:20 vps postfix/smtps/smtpd[11229]: Anonymous TLS connection established from unknown[81.30.107.70]: TLSv1.2 with cipher ECDHE-RSA-AES256-GCM-SHA384 (256/256 bits)
Oct 12 05:29:20 vps postfix/smtps/smtpd[6660]: warning: unknown[81.30.107.191]: SASL LOGIN authentication failed: UGFzc3dvcmQ6
Oct 12 05:29:20 vps postfix/smtps/smtpd[11218]: Anonymous TLS connection established from unknown[81.30.107.110]: TLSv1.2 with cipher ECDHE-RSA-AES256-GCM-SHA384 (256/256 bits)
Oct 12 05:29:21 vps postfix/smtps/smtpd[6660]: lost connection after AUTH from unknown[81.30.107.191]
Oct 12 05:29:21 vps postfix/smtps/smtpd[6660]: disconnect from unknown[81.30.107.191]
Oct 12 05:29:22 vps postfix/smtps/smtpd[8979]: warning: unknown[81.30.107.38]: SASL LOGIN authentication failed: UGFzc3dvcmQ6
Oct 12 05:29:22 vps postfix/smtps/smtpd[8979]: lost connection after AUTH from unknown[81.30.107.38]
Oct 12 05:29:22 vps postfix/smtps/smtpd[8979]: disconnect from unknown[81.30.107.38]
Oct 12 05:29:23 vps postfix/smtps/smtpd[11213]: warning: unknown[81.30.107.20]: SASL LOGIN authentication failed: UGFzc3dvcmQ6
Oct 12 05:29:24 vps postfix/smtps/smtpd[11218]: warning: unknown[81.30.107.110]: SASL LOGIN authentication failed: UGFzc3dvcmQ6
Oct 12 05:29:25 vps postfix/smtps/smtpd[6660]: connect from unknown[81.30.107.146]
Oct 12 05:29:26 vps postfix/smtps/smtpd[11213]: lost connection after AUTH from unknown[81.30.107.20]
Oct 12 05:29:26 vps postfix/smtps/smtpd[11213]: disconnect from unknown[81.30.107.20]
Oct 12 05:29:26 vps postfix/smtps/smtpd[6660]: Anonymous TLS connection established from unknown[81.30.107.146]: TLSv1.2 with cipher ECDHE-RSA-AES256-GCM-SHA384 (256/256 bits)
Oct 12 05:29:26 vps postfix/smtps/smtpd[11218]: lost connection after AUTH from unknown[81.30.107.110]
Oct 12 05:29:26 vps postfix/smtps/smtpd[11218]: disconnect from unknown[81.30.107.110]
Oct 12 05:29:26 vps postfix/smtps/smtpd[8979]: connect from unknown[81.30.107.119]
Oct 12 05:29:28 vps postfix/smtps/smtpd[11218]: connect from unknown[81.30.107.38]
Oct 12 05:29:29 vps postfix/smtps/smtpd[8979]: Anonymous TLS connection established from unknown[81.30.107.119]: TLSv1.2 with cipher ECDHE-RSA-AES256-GCM-SHA384 (256/256 bits)
Oct 12 05:29:29 vps postfix/smtps/smtpd[11229]: warning: unknown[81.30.107.70]: SASL LOGIN authentication failed: UGFzc3dvcmQ6
Oct 12 05:29:30 vps postfix/smtps/smtpd[11213]: connect from unknown[81.30.107.52]
Oct 12 05:29:30 vps postfix/smtps/smtpd[11229]: lost connection after AUTH from unknown[81.30.107.70]
Oct 12 05:29:30 vps postfix/smtps/smtpd[11229]: disconnect from unknown[81.30.107.70]
Oct 12 05:29:31 vps postfix/smtpd[2633]: connect from ip217.154.225-94.pbiaas.com[217.154.225.94]
Oct 12 05:29:31 vps postfix/smtps/smtpd[11218]: Anonymous TLS connection established from unknown[81.30.107.38]: TLSv1.2 with cipher ECDHE-RSA-AES256-GCM-SHA384 (256/256 bits)
Oct 12 05:29:32 vps postfix/smtps/smtpd[11213]: Anonymous TLS connection established from unknown[81.30.107.52]: TLSv1.2 with cipher ECDHE-RSA-AES256-GCM-SHA384 (256/256 bits)
Oct 12 05:29:33 vps postfix/smtps/smtpd[6660]: warning: unknown[81.30.107.146]: SASL LOGIN authentication failed: UGFzc3dvcmQ6
Oct 12 05:29:34 vps postfix/smtps/smtpd[6660]: lost connection after AUTH from unknown[81.30.107.146]
Oct 12 05:29:34 vps postfix/smtps/smtpd[6660]: disconnect from unknown[81.30.107.146]
Oct 12 05:29:34 vps postfix/smtps/smtpd[8979]: warning: unknown[81.30.107.119]: SASL LOGIN authentication failed: UGFzc3dvcmQ6
Oct 12 05:29:34 vps postfix/smtpd[2633]: warning: ip217.154.225-94.pbiaas.com[217.154.225.94]: SASL LOGIN authentication failed: UGFzc3dvcmQ6
Oct 12 05:29:34 vps postfix/smtpd[2633]: disconnect from ip217.154.225-94.pbiaas.com[217.154.225.94]
Oct 12 05:29:36 vps postfix/smtps/smtpd[8979]: lost connection after AUTH from unknown[81.30.107.119]
Oct 12 05:29:36 vps postfix/smtps/smtpd[8979]: disconnect from unknown[81.30.107.119]
Oct 12 05:29:38 vps postfix/smtps/smtpd[11213]: warning: unknown[81.30.107.52]: SASL LOGIN authentication failed: UGFzc3dvcmQ6
Oct 12 05:29:41 vps postfix/smtps/smtpd[11213]: lost connection after AUTH from unknown[81.30.107.52]
Oct 12 05:29:41 vps postfix/smtps/smtpd[11213]: disconnect from unknown[81.30.107.52]
Oct 12 05:29:42 vps postfix/smtps/smtpd[11218]: warning: unknown[81.30.107.38]: SASL LOGIN authentication failed: UGFzc3dvcmQ6
Oct 12 05:29:44 vps postfix/smtps/smtpd[11218]: lost connection after AUTH from unknown[81.30.107.38]
Oct 12 05:29:44 vps postfix/smtps/smtpd[11218]: disconnect from unknown[81.30.107.38]
Oct 12 05:29:47 vps postfix/smtpd[10322]: connect from ip217.154.225-94.pbiaas.com[217.154.225.94]
Oct 12 05:29:50 vps postfix/smtpd[10322]: warning: ip217.154.225-94.pbiaas.com[217.154.225.94]: SASL LOGIN authentication failed: UGFzc3dvcmQ6
Oct 12 05:29:50 vps postfix/smtpd[10322]: disconnect from ip217.154.225-94.pbiaas.com[217.154.225.94]
Oct 12 05:29:52 vps postfix/smtps/smtpd[11229]: connect from unknown[81.30.107.189]
Oct 12 05:29:53 vps postfix/smtps/smtpd[11229]: Anonymous TLS connection established from unknown[81.30.107.189]: TLSv1.2 with cipher ECDHE-RSA-AES256-GCM-SHA384 (256/256 bits)
Oct 12 05:29:58 vps postfix/smtpd[2633]: connect from unknown[212.132.96.229]
Oct 12 05:30:00 vps postfix/smtpd[11331]: connect from unknown[185.93.89.243]
Oct 12 05:30:01 vps postfix/smtpd[2633]: warning: unknown[212.132.96.229]: SASL LOGIN authentication failed: UGFzc3dvcmQ6
Oct 12 05:30:01 vps postfix/smtpd[2633]: disconnect from unknown[212.132.96.229]
Oct 12 05:30:03 vps postfix/smtpd[11331]: warning: unknown[185.93.89.243]: SASL LOGIN authentication failed: UGFzc3dvcmQ6
Oct 12 05:30:03 vps postfix/smtps/smtpd[11229]: warning: unknown[81.30.107.189]: SASL LOGIN authentication failed: UGFzc3dvcmQ6
Oct 12 05:30:04 vps postfix/smtps/smtpd[11229]: lost connection after AUTH from unknown[81.30.107.189]
Oct 12 05:30:04 vps postfix/smtps/smtpd[11229]: disconnect from unknown[81.30.107.189]
Oct 12 05:30:04 vps postfix/smtpd[11331]: disconnect from unknown[185.93.89.243]
Oct 12 05:30:04 vps postfix/smtpd[11331]: connect from unknown[213.209.157.247]
Oct 12 05:30:07 vps postfix/smtpd[11331]: warning: unknown[213.209.157.247]: SASL LOGIN authentication failed: UGFzc3dvcmQ6
Oct 12 05:30:07 vps postfix/smtpd[11331]: disconnect from unknown[213.209.157.247]
Oct 12 05:30:10 vps postfix/smtpd[10322]: connect from unknown[212.132.96.229]
Oct 12 05:30:17 vps postfix/smtpd[10322]: warning: unknown[212.132.96.229]: SASL LOGIN authentication failed: UGFzc3dvcmQ6
Oct 12 05:30:17 vps postfix/smtpd[10322]: disconnect from unknown[212.132.96.229]
Oct 12 05:30:29 vps postfix/smtpd[11331]: warning: hostname scan.cypex.ai does not resolve to address 3.149.59.26
Oct 12 05:30:29 vps postfix/smtpd[11331]: connect from unknown[3.149.59.26]
Oct 12 05:30:29 vps postfix/smtpd[11331]: lost connection after CONNECT from unknown[3.149.59.26]
Oct 12 05:30:29 vps postfix/smtpd[11331]: disconnect from unknown[3.149.59.26]
Oct 12 05:30:29 vps postfix/smtpd[11331]: warning: hostname scan.cypex.ai does not resolve to address 3.149.59.26
Oct 12 05:30:29 vps postfix/smtpd[11331]: connect from unknown[3.149.59.26]
Oct 12 05:30:30 vps postfix/smtpd[11331]: warning: non-SMTP command from unknown[3.149.59.26]: GET / HTTP/1.1
Oct 12 05:30:30 vps postfix/smtpd[11331]: disconnect from unknown[3.149.59.26]
Oct 12 05:30:52 vps postfix/smtpd[11331]: warning: hostname scan.cypex.ai does not resolve to address 3.149.59.26
Oct 12 05:30:52 vps postfix/smtpd[11331]: connect from unknown[3.149.59.26]
Oct 12 05:30:52 vps postfix/smtpd[11331]: warning: non-SMTP command from unknown[3.149.59.26]: GET / HTTP/1.1
Oct 12 05:30:52 vps postfix/smtpd[11331]: disconnect from unknown[3.149.59.26]
Oct 12 05:30:55 vps postfix/smtpd[11331]: warning: hostname scan.cypex.ai does not resolve to address 3.149.59.26
Oct 12 05:30:55 vps postfix/smtpd[11331]: connect from unknown[3.149.59.26]
Oct 12 05:30:55 vps postfix/smtpd[11331]: lost connection after CONNECT from unknown[3.149.59.26]
Oct 12 05:30:55 vps postfix/smtpd[11331]: disconnect from unknown[3.149.59.26]
Oct 12 05:31:01 vps postfix/smtpd[11331]: connect from unknown[185.93.89.243]
Oct 12 05:31:04 vps postfix/smtpd[11331]: warning: unknown[185.93.89.243]: SASL LOGIN authentication failed: UGFzc3dvcmQ6
Oct 12 05:31:06 vps postfix/smtpd[11331]: disconnect from unknown[185.93.89.243]
Oct 12 05:31:15 vps postfix/smtpd[2633]: connect from unknown[212.132.96.229]
Oct 12 05:31:18 vps postfix/smtpd[2633]: warning: unknown[212.132.96.229]: SASL LOGIN authentication failed: UGFzc3dvcmQ6
Oct 12 05:31:18 vps postfix/smtpd[2633]: disconnect from unknown[212.132.96.229]
Oct 12 05:31:22 vps postfix/smtps/smtpd[11229]: connect from unknown[81.30.107.173]
Oct 12 05:31:22 vps postfix/smtps/smtpd[11229]: Anonymous TLS connection established from unknown[81.30.107.173]: TLSv1.2 with cipher ECDHE-RSA-AES256-GCM-SHA384 (256/256 bits)
Oct 12 05:31:25 vps postfix/smtpd[10322]: connect from ip217.154.225-94.pbiaas.com[217.154.225.94]
Oct 12 05:31:26 vps postfix/smtpd[2633]: connect from unknown[212.132.96.229]
Oct 12 05:31:27 vps postfix/smtpd[11331]: connect from unknown[62.60.131.29]
Oct 12 05:31:28 vps postfix/smtpd[10322]: warning: ip217.154.225-94.pbiaas.com[217.154.225.94]: SASL LOGIN authentication failed: UGFzc3dvcmQ6
Oct 12 05:31:28 vps postfix/smtps/smtpd[11229]: warning: unknown[81.30.107.173]: SASL LOGIN authentication failed: UGFzc3dvcmQ6
Oct 12 05:31:28 vps postfix/smtpd[10322]: disconnect from ip217.154.225-94.pbiaas.com[217.154.225.94]
Oct 12 05:31:29 vps postfix/smtps/smtpd[11229]: lost connection after AUTH from unknown[81.30.107.173]
Oct 12 05:31:29 vps postfix/smtps/smtpd[11229]: disconnect from unknown[81.30.107.173]
Oct 12 05:31:30 vps postfix/smtpd[11331]: warning: unknown[62.60.131.29]: SASL LOGIN authentication failed: UGFzc3dvcmQ6
Oct 12 05:31:30 vps postfix/smtpd[11331]: disconnect from unknown[62.60.131.29]
Oct 12 05:31:32 vps postfix/smtps/smtpd[11229]: connect from unknown[81.30.107.173]
Oct 12 05:31:33 vps postfix/smtpd[2633]: warning: unknown[212.132.96.229]: SASL LOGIN authentication failed: UGFzc3dvcmQ6
Oct 12 05:31:33 vps postfix/smtpd[2633]: disconnect from unknown[212.132.96.229]
Oct 12 05:31:35 vps postfix/smtps/smtpd[11229]: Anonymous TLS connection established from unknown[81.30.107.173]: TLSv1.2 with cipher ECDHE-RSA-AES256-GCM-SHA384 (256/256 bits)
Oct 12 05:31:39 vps postfix/smtpd[10322]: connect from ip217.154.225-94.pbiaas.com[217.154.225.94]
Oct 12 05:31:42 vps postfix/smtps/smtpd[11874]: connect from unknown[81.30.107.42]
Oct 12 05:31:42 vps postfix/smtps/smtpd[11874]: Anonymous TLS connection established from unknown[81.30.107.42]: TLSv1.2 with cipher ECDHE-RSA-AES256-GCM-SHA384 (256/256 bits)
Oct 12 05:31:45 vps postfix/smtps/smtpd[11229]: warning: unknown[81.30.107.173]: SASL LOGIN authentication failed: UGFzc3dvcmQ6
Oct 12 05:31:45 vps postfix/smtps/smtpd[11229]: lost connection after AUTH from unknown[81.30.107.173]
Oct 12 05:31:45 vps postfix/smtps/smtpd[11229]: disconnect from unknown[81.30.107.173]
Oct 12 05:31:46 vps postfix/smtpd[10322]: warning: ip217.154.225-94.pbiaas.com[217.154.225.94]: SASL LOGIN authentication failed: UGFzc3dvcmQ6
Oct 12 05:31:46 vps postfix/smtps/smtpd[11874]: warning: unknown[81.30.107.42]: SASL LOGIN authentication failed: UGFzc3dvcmQ6
Oct 12 05:31:46 vps postfix/smtpd[10322]: disconnect from ip217.154.225-94.pbiaas.com[217.154.225.94]
Oct 12 05:31:46 vps postfix/smtps/smtpd[11874]: lost connection after AUTH from unknown[81.30.107.42]
Oct 12 05:31:46 vps postfix/smtps/smtpd[11874]: disconnect from unknown[81.30.107.42]
Oct 12 05:31:53 vps postfix/smtps/smtpd[11229]: connect from unknown[81.30.107.205]
Oct 12 05:31:54 vps postfix/smtps/smtpd[11229]: Anonymous TLS connection established from unknown[81.30.107.205]: TLSv1.2 with cipher ECDHE-RSA-AES256-GCM-SHA384 (256/256 bits)
Oct 12 05:31:58 vps postfix/smtps/smtpd[11229]: warning: unknown[81.30.107.205]: SASL LOGIN authentication failed: UGFzc3dvcmQ6
Oct 12 05:31:58 vps postfix/smtps/smtpd[11229]: lost connection after AUTH from unknown[81.30.107.205]
Oct 12 05:31:58 vps postfix/smtps/smtpd[11229]: disconnect from unknown[81.30.107.205]
Oct 12 05:32:23 vps postfix/smtps/smtpd[11874]: connect from unknown[81.30.107.189]
Oct 12 05:32:24 vps postfix/smtps/smtpd[11874]: Anonymous TLS connection established from unknown[81.30.107.189]: TLSv1.2 with cipher ECDHE-RSA-AES256-GCM-SHA384 (256/256 bits)
Oct 12 05:32:28 vps postfix/smtpd[11331]: warning: hostname scan.cypex.ai does not resolve to address 3.149.59.26
Oct 12 05:32:28 vps postfix/smtpd[11331]: connect from unknown[3.149.59.26]
Oct 12 05:32:28 vps postfix/smtpd[11331]: warning: non-SMTP command from unknown[3.149.59.26]: GET / HTTP/1.1
Oct 12 05:32:28 vps postfix/smtpd[11331]: disconnect from unknown[3.149.59.26]
Oct 12 05:32:30 vps postfix/smtps/smtpd[11874]: warning: unknown[81.30.107.189]: SASL LOGIN authentication failed: UGFzc3dvcmQ6
Oct 12 05:32:30 vps postfix/smtps/smtpd[11874]: lost connection after AUTH from unknown[81.30.107.189]
Oct 12 05:32:30 vps postfix/smtps/smtpd[11874]: disconnect from unknown[81.30.107.189]
Oct 12 05:32:31 vps postfix/smtpd[2633]: connect from unknown[212.132.96.229]
Oct 12 05:32:34 vps postfix/smtpd[2633]: warning: unknown[212.132.96.229]: SASL LOGIN authentication failed: UGFzc3dvcmQ6
Oct 12 05:32:34 vps postfix/smtpd[2633]: disconnect from unknown[212.132.96.229]
Oct 12 05:32:43 vps postfix/smtpd[10322]: connect from unknown[212.132.96.229]
Oct 12 05:32:50 vps postfix/smtpd[10322]: warning: unknown[212.132.96.229]: SASL LOGIN authentication failed: UGFzc3dvcmQ6
Oct 12 05:32:50 vps postfix/smtpd[10322]: disconnect from unknown[212.132.96.229]
Oct 12 05:32:51 vps postfix/smtpd[11331]: warning: hostname scan.cypex.ai does not resolve to address 3.149.59.26
Oct 12 05:32:51 vps postfix/smtpd[11331]: connect from unknown[3.149.59.26]
Oct 12 05:32:51 vps postfix/smtpd[11331]: warning: non-SMTP command from unknown[3.149.59.26]: GET / HTTP/1.1
Oct 12 05:32:51 vps postfix/smtpd[11331]: disconnect from unknown[3.149.59.26]
Oct 12 05:32:59 vps postfix/smtps/smtpd[11229]: connect from unknown[81.30.107.66]
Oct 12 05:33:01 vps postfix/smtps/smtpd[11229]: Anonymous TLS connection established from unknown[81.30.107.66]: TLSv1.2 with cipher ECDHE-RSA-AES256-GCM-SHA384 (256/256 bits)
Oct 12 05:33:05 vps postfix/smtps/smtpd[11229]: warning: unknown[81.30.107.66]: SASL LOGIN authentication failed: UGFzc3dvcmQ6
Oct 12 05:33:05 vps postfix/smtps/smtpd[11229]: lost connection after AUTH from unknown[81.30.107.66]
Oct 12 05:33:05 vps postfix/smtps/smtpd[11229]: disconnect from unknown[81.30.107.66]
Oct 12 05:33:12 vps postfix/smtpd[2633]: connect from ip217.154.225-94.pbiaas.com[217.154.225.94]
Oct 12 05:33:15 vps postfix/smtpd[2633]: warning: ip217.154.225-94.pbiaas.com[217.154.225.94]: SASL LOGIN authentication failed: UGFzc3dvcmQ6
Oct 12 05:33:15 vps postfix/smtpd[2633]: disconnect from ip217.154.225-94.pbiaas.com[217.154.225.94]
Oct 12 05:33:16 vps postfix/smtps/smtpd[11874]: connect from unknown[81.30.107.182]
Oct 12 05:33:17 vps postfix/smtps/smtpd[11874]: Anonymous TLS connection established from unknown[81.30.107.182]: TLSv1.2 with cipher ECDHE-RSA-AES256-GCM-SHA384 (256/256 bits)
Oct 12 05:33:21 vps postfix/smtps/smtpd[11874]: warning: unknown[81.30.107.182]: SASL LOGIN authentication failed: UGFzc3dvcmQ6
Oct 12 05:33:21 vps postfix/smtps/smtpd[11874]: lost connection after AUTH from unknown[81.30.107.182]
Oct 12 05:33:21 vps postfix/smtps/smtpd[11874]: disconnect from unknown[81.30.107.182]
Oct 12 05:33:28 vps postfix/smtpd[10322]: connect from ip217.154.225-94.pbiaas.com[217.154.225.94]
Oct 12 05:33:31 vps postfix/smtpd[10322]: warning: ip217.154.225-94.pbiaas.com[217.154.225.94]: SASL LOGIN authentication failed: UGFzc3dvcmQ6
Oct 12 05:33:31 vps postfix/smtpd[10322]: disconnect from ip217.154.225-94.pbiaas.com[217.154.225.94]
Oct 12 05:33:48 vps postfix/smtps/smtpd[11229]: connect from unknown[81.30.107.134]
Oct 12 05:33:49 vps postfix/smtpd[2633]: connect from unknown[212.132.96.229]
Oct 12 05:33:51 vps postfix/smtps/smtpd[11229]: Anonymous TLS connection established from unknown[81.30.107.134]: TLSv1.2 with cipher ECDHE-RSA-AES256-GCM-SHA384 (256/256 bits)
Oct 12 05:33:52 vps postfix/smtpd[2633]: warning: unknown[212.132.96.229]: SASL LOGIN authentication failed: UGFzc3dvcmQ6
Oct 12 05:33:52 vps postfix/smtpd[2633]: disconnect from unknown[212.132.96.229]
Oct 12 05:33:56 vps postfix/smtpd[11331]: connect from unknown[213.209.157.247]
Oct 12 05:33:58 vps postfix/smtpd[11331]: warning: unknown[213.209.157.247]: SASL LOGIN authentication failed: UGFzc3dvcmQ6
Oct 12 05:33:58 vps postfix/smtps/smtpd[11229]: warning: unknown[81.30.107.134]: SASL LOGIN authentication failed: UGFzc3dvcmQ6
Oct 12 05:33:58 vps postfix/smtpd[11331]: disconnect from unknown[213.209.157.247]
Oct 12 05:33:59 vps postfix/smtpd[10322]: connect from unknown[212.132.96.229]
Oct 12 05:33:59 vps postfix/smtps/smtpd[11229]: lost connection after AUTH from unknown[81.30.107.134]
Oct 12 05:33:59 vps postfix/smtps/smtpd[11229]: disconnect from unknown[81.30.107.134]
Oct 12 05:34:06 vps postfix/smtpd[10322]: warning: unknown[212.132.96.229]: SASL LOGIN authentication failed: UGFzc3dvcmQ6
Oct 12 05:34:06 vps postfix/smtpd[10322]: disconnect from unknown[212.132.96.229]
Oct 12 05:34:18 vps postfix/smtpd[11331]: warning: hostname scan.cypex.ai does not resolve to address 3.149.59.26
Oct 12 05:34:18 vps postfix/smtpd[11331]: connect from unknown[3.149.59.26]
Oct 12 05:34:18 vps postfix/smtpd[11331]: lost connection after UNKNOWN from unknown[3.149.59.26]
Oct 12 05:34:18 vps postfix/smtpd[11331]: disconnect from unknown[3.149.59.26]
Oct 12 05:34:19 vps postfix/smtps/smtpd[11874]: connect from unknown[81.30.107.64]
Oct 12 05:34:20 vps postfix/smtps/smtpd[11874]: Anonymous TLS connection established from unknown[81.30.107.64]: TLSv1.2 with cipher ECDHE-RSA-AES256-GCM-SHA384 (256/256 bits)
Oct 12 05:34:23 vps postfix/smtps/smtpd[11874]: warning: unknown[81.30.107.64]: SASL LOGIN authentication failed: UGFzc3dvcmQ6
Oct 12 05:34:23 vps postfix/smtps/smtpd[11874]: lost connection after AUTH from unknown[81.30.107.64]
Oct 12 05:34:23 vps postfix/smtps/smtpd[11874]: disconnect from unknown[81.30.107.64]
Oct 12 05:34:24 vps postfix/smtps/smtpd[11229]: connect from unknown[81.30.107.15]
Oct 12 05:34:26 vps postfix/smtps/smtpd[11229]: Anonymous TLS connection established from unknown[81.30.107.15]: TLSv1.2 with cipher ECDHE-RSA-AES256-GCM-SHA384 (256/256 bits)
Oct 12 05:34:32 vps postfix/smtps/smtpd[11229]: warning: unknown[81.30.107.15]: SASL LOGIN authentication failed: UGFzc3dvcmQ6
Oct 12 05:34:34 vps postfix/smtps/smtpd[11229]: lost connection after AUTH from unknown[81.30.107.15]
Oct 12 05:34:34 vps postfix/smtps/smtpd[11229]: disconnect from unknown[81.30.107.15]
Oct 12 05:34:41 vps postfix/smtpd[11331]: warning: hostname scan.cypex.ai does not resolve to address 3.149.59.26
Oct 12 05:34:41 vps postfix/smtpd[11331]: connect from unknown[3.149.59.26]
Oct 12 05:34:41 vps postfix/smtpd[11331]: lost connection after UNKNOWN from unknown[3.149.59.26]
Oct 12 05:34:41 vps postfix/smtpd[11331]: disconnect from unknown[3.149.59.26]
Oct 12 05:34:53 vps postfix/smtpd[2633]: connect from ip217.154.225-94.pbiaas.com[217.154.225.94]
Oct 12 05:34:56 vps postfix/smtpd[2633]: warning: ip217.154.225-94.pbiaas.com[217.154.225.94]: SASL LOGIN authentication failed: UGFzc3dvcmQ6
Oct 12 05:34:56 vps postfix/smtpd[2633]: disconnect from ip217.154.225-94.pbiaas.com[217.154.225.94]
Oct 12 05:34:58 vps postfix/smtps/smtpd[11874]: connect from unknown[81.30.107.118]
Oct 12 05:34:59 vps postfix/smtps/smtpd[11874]: Anonymous TLS connection established from unknown[81.30.107.118]: TLSv1.2 with cipher ECDHE-RSA-AES256-GCM-SHA384 (256/256 bits)
Oct 12 05:35:02 vps postfix/smtps/smtpd[11874]: warning: unknown[81.30.107.118]: SASL LOGIN authentication failed: UGFzc3dvcmQ6
Oct 12 05:35:02 vps postfix/smtps/smtpd[11874]: lost connection after AUTH from unknown[81.30.107.118]
Oct 12 05:35:02 vps postfix/smtps/smtpd[11874]: disconnect from unknown[81.30.107.118]
Oct 12 05:35:03 vps postfix/smtpd[10322]: connect from unknown[32.60.85.212]
Oct 12 05:35:04 vps postfix/smtpd[2633]: connect from unknown[212.132.96.229]
Oct 12 05:35:06 vps postfix/smtpd[10322]: warning: unknown[32.60.85.212]: SASL LOGIN authentication failed: UGFzc3dvcmQ6
Oct 12 05:35:06 vps postfix/smtpd[10322]: disconnect from unknown[32.60.85.212]
Oct 12 05:35:07 vps postfix/smtpd[2633]: warning: unknown[212.132.96.229]: SASL LOGIN authentication failed: UGFzc3dvcmQ6
Oct 12 05:35:07 vps postfix/smtpd[2633]: disconnect from unknown[212.132.96.229]
Oct 12 05:35:09 vps postfix/smtpd[10322]: connect from ip217.154.225-94.pbiaas.com[217.154.225.94]
Oct 12 05:35:12 vps postfix/smtpd[10322]: warning: ip217.154.225-94.pbiaas.com[217.154.225.94]: SASL LOGIN authentication failed: UGFzc3dvcmQ6
Oct 12 05:35:12 vps postfix/smtpd[10322]: disconnect from ip217.154.225-94.pbiaas.com[217.154.225.94]
Oct 12 05:35:15 vps postfix/smtpd[2633]: connect from unknown[212.132.96.229]
Oct 12 05:35:23 vps postfix/smtpd[2633]: warning: unknown[212.132.96.229]: SASL LOGIN authentication failed: UGFzc3dvcmQ6
Oct 12 05:35:23 vps postfix/smtpd[2633]: disconnect from unknown[212.132.96.229]
Oct 12 05:35:36 vps postfix/smtpd[11331]: warning: hostname scan.cypex.ai does not resolve to address 3.149.59.26
Oct 12 05:35:36 vps postfix/smtpd[11331]: connect from unknown[3.149.59.26]
Oct 12 05:35:37 vps postfix/smtpd[11331]: lost connection after CONNECT from unknown[3.149.59.26]
Oct 12 05:35:37 vps postfix/smtpd[11331]: disconnect from unknown[3.149.59.26]
Oct 12 05:35:41 vps postfix/smtpd[11331]: connect from unknown[62.60.131.29]
Oct 12 05:35:44 vps postfix/smtpd[11331]: warning: unknown[62.60.131.29]: SASL LOGIN authentication failed: UGFzc3dvcmQ6
Oct 12 05:35:44 vps postfix/smtpd[11331]: disconnect from unknown[62.60.131.29]
Oct 12 05:35:47 vps postfix/smtps/smtpd[11229]: connect from unknown[81.30.107.118]
Oct 12 05:35:48 vps postfix/smtps/smtpd[11229]: Anonymous TLS connection established from unknown[81.30.107.118]: TLSv1.2 with cipher ECDHE-RSA-AES256-GCM-SHA384 (256/256 bits)
Oct 12 05:35:51 vps postfix/smtps/smtpd[11229]: warning: unknown[81.30.107.118]: SASL LOGIN authentication failed: UGFzc3dvcmQ6
Oct 12 05:35:51 vps postfix/smtps/smtpd[11229]: lost connection after AUTH from unknown[81.30.107.118]
Oct 12 05:35:51 vps postfix/smtps/smtpd[11229]: disconnect from unknown[81.30.107.118]
Oct 12 05:35:55 vps postfix/smtps/smtpd[11874]: connect from unknown[81.30.107.58]
Oct 12 05:35:56 vps postfix/smtps/smtpd[11874]: Anonymous TLS connection established from unknown[81.30.107.58]: TLSv1.2 with cipher ECDHE-RSA-AES256-GCM-SHA384 (256/256 bits)
Oct 12 05:35:59 vps postfix/smtps/smtpd[11229]: connect from unknown[81.30.107.195]
Oct 12 05:36:00 vps postfix/smtps/smtpd[11874]: warning: unknown[81.30.107.58]: SASL LOGIN authentication failed: UGFzc3dvcmQ6
Oct 12 05:36:00 vps postfix/smtps/smtpd[11874]: lost connection after AUTH from unknown[81.30.107.58]
Oct 12 05:36:00 vps postfix/smtps/smtpd[11874]: disconnect from unknown[81.30.107.58]
Oct 12 05:36:01 vps postfix/smtps/smtpd[11229]: Anonymous TLS connection established from unknown[81.30.107.195]: TLSv1.2 with cipher ECDHE-RSA-AES256-GCM-SHA384 (256/256 bits)
Oct 12 05:36:04 vps postfix/smtps/smtpd[11229]: warning: unknown[81.30.107.195]: SASL LOGIN authentication failed: UGFzc3dvcmQ6
Oct 12 05:36:04 vps postfix/smtps/smtpd[11229]: lost connection after AUTH from unknown[81.30.107.195]
Oct 12 05:36:04 vps postfix/smtps/smtpd[11229]: disconnect from unknown[81.30.107.195]
Oct 12 05:36:07 vps postfix/smtpd[11331]: warning: hostname scan.cypex.ai does not resolve to address 3.149.59.26
Oct 12 05:36:07 vps postfix/smtpd[11331]: connect from unknown[3.149.59.26]
Oct 12 05:36:07 vps postfix/smtpd[11331]: lost connection after CONNECT from unknown[3.149.59.26]
Oct 12 05:36:07 vps postfix/smtpd[11331]: disconnect from unknown[3.149.59.26]
Oct 12 05:36:20 vps postfix/smtpd[10322]: connect from unknown[212.132.96.229]
Oct 12 05:36:21 vps postfix/smtps/smtpd[11874]: connect from unknown[81.30.107.191]
Oct 12 05:36:23 vps postfix/smtpd[10322]: warning: unknown[212.132.96.229]: SASL LOGIN authentication failed: UGFzc3dvcmQ6
Oct 12 05:36:23 vps postfix/smtpd[10322]: disconnect from unknown[212.132.96.229]
Oct 12 05:36:24 vps postfix/smtps/smtpd[11874]: Anonymous TLS connection established from unknown[81.30.107.191]: TLSv1.2 with cipher ECDHE-RSA-AES256-GCM-SHA384 (256/256 bits)
Oct 12 05:36:31 vps postfix/smtpd[2633]: connect from unknown[212.132.96.229]
Oct 12 05:36:36 vps postfix/pickup[6603]: 530A8185A485: uid=0 from=<root>
Oct 12 05:36:36 vps postfix/cleanup[12985]: 530A8185A485: message-id=<20251012000636.530A8185A485@vps.obaba.shop>
Oct 12 05:36:36 vps postfix/qmgr[14535]: 530A8185A485: from=<root@vps.obaba.shop>, size=684, nrcpt=1 (queue active)
Oct 12 05:36:36 vps postfix/local[12989]: 530A8185A485: to=<root@vps.obaba.shop>, relay=local, delay=0.05, delays=0.04/0.01/0/0, dsn=2.0.0, status=sent (delivered to mailbox)
Oct 12 05:36:36 vps postfix/qmgr[14535]: 530A8185A485: removed
Oct 12 05:36:37 vps postfix/smtpd[10322]: connect from ip217.154.225-94.pbiaas.com[217.154.225.94]
Oct 12 05:36:39 vps postfix/smtpd[2633]: warning: unknown[212.132.96.229]: SASL LOGIN authentication failed: UGFzc3dvcmQ6
Oct 12 05:36:39 vps postfix/smtps/smtpd[11874]: warning: unknown[81.30.107.191]: SASL LOGIN authentication failed: UGFzc3dvcmQ6
Oct 12 05:36:39 vps postfix/smtpd[2633]: disconnect from unknown[212.132.96.229]
Oct 12 05:36:40 vps postfix/smtpd[10322]: warning: ip217.154.225-94.pbiaas.com[217.154.225.94]: SASL LOGIN authentication failed: UGFzc3dvcmQ6
Oct 12 05:36:40 vps postfix/smtpd[10322]: disconnect from ip217.154.225-94.pbiaas.com[217.154.225.94]
Oct 12 05:36:43 vps postfix/smtps/smtpd[11874]: lost connection after AUTH from unknown[81.30.107.191]
Oct 12 05:36:43 vps postfix/smtps/smtpd[11874]: disconnect from unknown[81.30.107.191]
Oct 12 05:36:51 vps postfix/smtpd[2633]: connect from ip217.154.225-94.pbiaas.com[217.154.225.94]
Oct 12 05:36:52 vps postfix/smtps/smtpd[11229]: connect from unknown[81.30.107.143]
Oct 12 05:36:53 vps postfix/smtps/smtpd[11229]: Anonymous TLS connection established from unknown[81.30.107.143]: TLSv1.2 with cipher ECDHE-RSA-AES256-GCM-SHA384 (256/256 bits)
Oct 12 05:36:57 vps postfix/smtps/smtpd[11229]: warning: unknown[81.30.107.143]: SASL LOGIN authentication failed: UGFzc3dvcmQ6
Oct 12 05:36:57 vps postfix/smtps/smtpd[11229]: lost connection after AUTH from unknown[81.30.107.143]
Oct 12 05:36:57 vps postfix/smtps/smtpd[11229]: disconnect from unknown[81.30.107.143]
Oct 12 05:36:58 vps postfix/smtpd[2633]: warning: ip217.154.225-94.pbiaas.com[217.154.225.94]: SASL LOGIN authentication failed: UGFzc3dvcmQ6
Oct 12 05:36:58 vps postfix/smtpd[10322]: connect from unknown[104.152.52.214]
Oct 12 05:36:58 vps postfix/smtpd[2633]: disconnect from ip217.154.225-94.pbiaas.com[217.154.225.94]
Oct 12 05:36:58 vps postfix/smtpd[10322]: lost connection after UNKNOWN from unknown[104.152.52.214]
Oct 12 05:36:58 vps postfix/smtpd[10322]: disconnect from unknown[104.152.52.214]
Oct 12 05:36:58 vps postfix/smtpd[2633]: connect from unknown[104.152.52.212]
Oct 12 05:36:59 vps postfix/smtpd[2633]: NOQUEUE: reject: RCPT from unknown[104.152.52.212]: 454 4.7.1 <relaycheck_please_ignore@protonmail.com>: Relay access denied; from=<relaycheck_please_ignore@protonmail.com> to=<relaycheck_please_ignore@protonmail.com> proto=ESMTP helo=<103.145.51.74>
Oct 12 05:37:00 vps postfix/smtpd[2633]: SSL_accept error from unknown[104.152.52.212]: lost connection
Oct 12 05:37:00 vps postfix/smtpd[2633]: lost connection after STARTTLS from unknown[104.152.52.212]
Oct 12 05:37:00 vps postfix/smtpd[2633]: disconnect from unknown[104.152.52.212]
Oct 12 05:37:01 vps postfix/smtpd[10322]: connect from unknown[104.152.52.210]
Oct 12 05:37:01 vps postfix/smtpd[10322]: warning: non-SMTP command from unknown[104.152.52.210]: GET / HTTP/1.1
Oct 12 05:37:01 vps postfix/smtpd[10322]: disconnect from unknown[104.152.52.210]
Oct 12 05:37:01 vps postfix/smtpd[2633]: connect from unknown[104.152.52.211]
Oct 12 05:37:03 vps postfix/smtpd[2633]: lost connection after UNKNOWN from unknown[104.152.52.211]
Oct 12 05:37:03 vps postfix/smtpd[2633]: disconnect from unknown[104.152.52.211]
Oct 12 05:37:03 vps postfix/smtpd[10322]: connect from unknown[104.152.52.213]
Oct 12 05:37:04 vps postfix/smtpd[10322]: lost connection after CONNECT from unknown[104.152.52.213]
Oct 12 05:37:04 vps postfix/smtpd[10322]: disconnect from unknown[104.152.52.213]
Oct 12 05:37:04 vps postfix/smtpd[2633]: connect from unknown[104.152.52.213]
Oct 12 05:37:04 vps postfix/smtpd[2633]: lost connection after CONNECT from unknown[104.152.52.213]
Oct 12 05:37:04 vps postfix/smtpd[2633]: disconnect from unknown[104.152.52.213]
Oct 12 05:37:04 vps postfix/smtpd[10322]: connect from unknown[104.152.52.200]
Oct 12 05:37:05 vps postfix/smtpd[10322]: lost connection after CONNECT from unknown[104.152.52.200]
Oct 12 05:37:05 vps postfix/smtpd[10322]: disconnect from unknown[104.152.52.200]
Oct 12 05:37:05 vps postfix/smtpd[2633]: connect from unknown[104.152.52.210]
Oct 12 05:37:05 vps postfix/smtpd[2633]: lost connection after CONNECT from unknown[104.152.52.210]
Oct 12 05:37:05 vps postfix/smtpd[2633]: disconnect from unknown[104.152.52.210]
Oct 12 05:37:06 vps postfix/smtpd[10322]: connect from unknown[104.152.52.201]
Oct 12 05:37:06 vps postfix/smtpd[11331]: warning: hostname scan.cypex.ai does not resolve to address 3.149.59.26
Oct 12 05:37:06 vps postfix/smtpd[11331]: connect from unknown[3.149.59.26]
Oct 12 05:37:06 vps postfix/smtps/smtpd[11874]: connect from unknown[81.30.107.42]
Oct 12 05:37:06 vps postfix/smtpd[11331]: lost connection after UNKNOWN from unknown[3.149.59.26]
Oct 12 05:37:06 vps postfix/smtpd[11331]: disconnect from unknown[3.149.59.26]
Oct 12 05:37:07 vps postfix/smtpd[10322]: lost connection after UNKNOWN from unknown[104.152.52.201]
Oct 12 05:37:07 vps postfix/smtpd[10322]: disconnect from unknown[104.152.52.201]
Oct 12 05:37:07 vps postfix/smtps/smtpd[11874]: Anonymous TLS connection established from unknown[81.30.107.42]: TLSv1.2 with cipher ECDHE-RSA-AES256-GCM-SHA384 (256/256 bits)
Oct 12 05:37:11 vps postfix/smtps/smtpd[11874]: warning: unknown[81.30.107.42]: SASL LOGIN authentication failed: UGFzc3dvcmQ6
Oct 12 05:37:11 vps postfix/smtps/smtpd[11874]: lost connection after AUTH from unknown[81.30.107.42]
Oct 12 05:37:11 vps postfix/smtps/smtpd[11874]: disconnect from unknown[81.30.107.42]
Oct 12 05:37:23 vps postfix/smtps/smtpd[11229]: connect from unknown[81.30.107.66]
Oct 12 05:37:25 vps postfix/smtps/smtpd[11229]: Anonymous TLS connection established from unknown[81.30.107.66]: TLSv1.2 with cipher ECDHE-RSA-AES256-GCM-SHA384 (256/256 bits)
Oct 12 05:37:28 vps postfix/smtps/smtpd[11229]: warning: unknown[81.30.107.66]: SASL LOGIN authentication failed: UGFzc3dvcmQ6
Oct 12 05:37:28 vps postfix/smtps/smtpd[11229]: lost connection after AUTH from unknown[81.30.107.66]
Oct 12 05:37:28 vps postfix/smtps/smtpd[11229]: disconnect from unknown[81.30.107.66]
Oct 12 05:37:32 vps postfix/smtpd[11331]: warning: hostname scan.cypex.ai does not resolve to address 3.149.59.26
Oct 12 05:37:32 vps postfix/smtpd[11331]: connect from unknown[3.149.59.26]
Oct 12 05:37:32 vps postfix/smtpd[11331]: lost connection after UNKNOWN from unknown[3.149.59.26]
Oct 12 05:37:32 vps postfix/smtpd[11331]: disconnect from unknown[3.149.59.26]
Oct 12 05:37:36 vps postfix/smtpd[2633]: connect from unknown[212.132.96.229]
Oct 12 05:37:38 vps postfix/smtps/smtpd[11874]: connect from unknown[81.30.107.88]
Oct 12 05:37:39 vps postfix/smtps/smtpd[11874]: Anonymous TLS connection established from unknown[81.30.107.88]: TLSv1.2 with cipher ECDHE-RSA-AES256-GCM-SHA384 (256/256 bits)
Oct 12 05:37:39 vps postfix/smtpd[2633]: warning: unknown[212.132.96.229]: SASL LOGIN authentication failed: UGFzc3dvcmQ6
Oct 12 05:37:39 vps postfix/smtpd[2633]: disconnect from unknown[212.132.96.229]
Oct 12 05:37:44 vps postfix/smtps/smtpd[11874]: warning: unknown[81.30.107.88]: SASL LOGIN authentication failed: UGFzc3dvcmQ6
Oct 12 05:37:44 vps postfix/smtps/smtpd[11874]: lost connection after AUTH from unknown[81.30.107.88]
Oct 12 05:37:44 vps postfix/smtps/smtpd[11874]: disconnect from unknown[81.30.107.88]
Oct 12 05:37:46 vps postfix/smtps/smtpd[11229]: connect from unknown[81.30.107.205]
Oct 12 05:37:47 vps postfix/smtps/smtpd[11229]: Anonymous TLS connection established from unknown[81.30.107.205]: TLSv1.2 with cipher ECDHE-RSA-AES256-GCM-SHA384 (256/256 bits)
Oct 12 05:37:47 vps postfix/smtpd[10322]: connect from unknown[212.132.96.229]
Oct 12 05:37:50 vps postfix/smtps/smtpd[11229]: warning: unknown[81.30.107.205]: SASL LOGIN authentication failed: UGFzc3dvcmQ6
Oct 12 05:37:50 vps postfix/smtps/smtpd[11229]: lost connection after AUTH from unknown[81.30.107.205]
Oct 12 05:37:50 vps postfix/smtps/smtpd[11229]: disconnect from unknown[81.30.107.205]
Oct 12 05:37:54 vps postfix/smtpd[10322]: warning: unknown[212.132.96.229]: SASL LOGIN authentication failed: UGFzc3dvcmQ6
Oct 12 05:37:54 vps postfix/smtpd[10322]: disconnect from unknown[212.132.96.229]
Oct 12 05:37:59 vps postfix/smtps/smtpd[11874]: connect from unknown[81.30.107.70]
Oct 12 05:38:02 vps postfix/smtps/smtpd[11874]: Anonymous TLS connection established from unknown[81.30.107.70]: TLSv1.2 with cipher ECDHE-RSA-AES256-GCM-SHA384 (256/256 bits)
Oct 12 05:38:04 vps postfix/smtps/smtpd[11229]: connect from unknown[81.30.107.115]
Oct 12 05:38:06 vps postfix/smtps/smtpd[11229]: Anonymous TLS connection established from unknown[81.30.107.115]: TLSv1.2 with cipher ECDHE-RSA-AES256-GCM-SHA384 (256/256 bits)
Oct 12 05:38:07 vps postfix/smtps/smtpd[11874]: warning: unknown[81.30.107.70]: SASL LOGIN authentication failed: UGFzc3dvcmQ6
Oct 12 05:38:07 vps postfix/smtpd[11331]: connect from unknown[185.93.89.243]
Oct 12 05:38:10 vps postfix/smtps/smtpd[11874]: lost connection after AUTH from unknown[81.30.107.70]
Oct 12 05:38:10 vps postfix/smtps/smtpd[11874]: disconnect from unknown[81.30.107.70]
Oct 12 05:38:11 vps postfix/smtps/smtpd[11229]: warning: unknown[81.30.107.115]: SASL LOGIN authentication failed: UGFzc3dvcmQ6
Oct 12 05:38:12 vps postfix/smtps/smtpd[11229]: lost connection after AUTH from unknown[81.30.107.115]
Oct 12 05:38:12 vps postfix/smtps/smtpd[11229]: disconnect from unknown[81.30.107.115]
Oct 12 05:38:14 vps postfix/anvil[16936]: statistics: max connection rate 4/60s for (smtp:3.149.59.26) at Oct 12 05:30:55
Oct 12 05:38:14 vps postfix/anvil[16936]: statistics: max connection count 1 for (465:81.30.107.67) at Oct 12 05:28:35
Oct 12 05:38:14 vps postfix/anvil[16936]: statistics: max cache size 15 at Oct 12 05:30:04
Oct 12 05:38:20 vps postfix/smtps/smtpd[11874]: connect from unknown[81.30.107.94]
Oct 12 05:38:21 vps postfix/smtps/smtpd[11874]: Anonymous TLS connection established from unknown[81.30.107.94]: TLSv1.2 with cipher ECDHE-RSA-AES256-GCM-SHA384 (256/256 bits)
Oct 12 05:38:22 vps postfix/smtpd[2633]: connect from ip217.154.225-94.pbiaas.com[217.154.225.94]
Oct 12 05:38:25 vps postfix/smtpd[2633]: warning: ip217.154.225-94.pbiaas.com[217.154.225.94]: SASL LOGIN authentication failed: UGFzc3dvcmQ6
Oct 12 05:38:25 vps postfix/smtps/smtpd[11874]: warning: unknown[81.30.107.94]: SASL LOGIN authentication failed: UGFzc3dvcmQ6
Oct 12 05:38:25 vps postfix/smtpd[2633]: disconnect from ip217.154.225-94.pbiaas.com[217.154.225.94]
Oct 12 05:38:25 vps postfix/smtps/smtpd[11874]: lost connection after AUTH from unknown[81.30.107.94]
Oct 12 05:38:25 vps postfix/smtps/smtpd[11874]: disconnect from unknown[81.30.107.94]
Oct 12 05:38:26 vps postfix/smtpd[11331]: warning: unknown[185.93.89.243]: SASL LOGIN authentication failed: UGFzc3dvcmQ6
Oct 12 05:38:34 vps postfix/smtpd[11331]: disconnect from unknown[185.93.89.243]
Oct 12 05:38:37 vps postfix/smtpd[10322]: connect from ip217.154.225-94.pbiaas.com[217.154.225.94]
Oct 12 05:38:40 vps postfix/smtpd[10322]: warning: ip217.154.225-94.pbiaas.com[217.154.225.94]: SASL LOGIN authentication failed: UGFzc3dvcmQ6
Oct 12 05:38:40 vps postfix/smtpd[10322]: disconnect from ip217.154.225-94.pbiaas.com[217.154.225.94]
Oct 12 05:38:48 vps postfix/smtps/smtpd[11229]: connect from unknown[81.30.107.119]
Oct 12 05:38:51 vps postfix/smtps/smtpd[11229]: Anonymous TLS connection established from unknown[81.30.107.119]: TLSv1.2 with cipher ECDHE-RSA-AES256-GCM-SHA384 (256/256 bits)
Oct 12 05:38:53 vps postfix/smtpd[2633]: connect from unknown[212.132.96.229]
Oct 12 05:38:56 vps postfix/smtpd[2633]: warning: unknown[212.132.96.229]: SASL LOGIN authentication failed: UGFzc3dvcmQ6
Oct 12 05:38:56 vps postfix/smtpd[2633]: disconnect from unknown[212.132.96.229]
Oct 12 05:38:56 vps postfix/smtps/smtpd[11874]: connect from unknown[81.30.107.52]
Oct 12 05:38:59 vps postfix/smtps/smtpd[11874]: Anonymous TLS connection established from unknown[81.30.107.52]: TLSv1.2 with cipher ECDHE-RSA-AES256-GCM-SHA384 (256/256 bits)
Oct 12 05:39:03 vps postfix/smtps/smtpd[11874]: warning: unknown[81.30.107.52]: SASL LOGIN authentication failed: UGFzc3dvcmQ6
Oct 12 05:39:03 vps postfix/smtps/smtpd[11874]: lost connection after AUTH from unknown[81.30.107.52]
Oct 12 05:39:03 vps postfix/smtps/smtpd[11874]: disconnect from unknown[81.30.107.52]
Oct 12 05:39:04 vps postfix/smtps/smtpd[11229]: warning: unknown[81.30.107.119]: SASL LOGIN authentication failed: UGFzc3dvcmQ6
Oct 12 05:39:05 vps postfix/smtpd[10322]: connect from unknown[212.132.96.229]
Oct 12 05:39:07 vps postfix/smtps/smtpd[11229]: lost connection after AUTH from unknown[81.30.107.119]
Oct 12 05:39:07 vps postfix/smtps/smtpd[11229]: disconnect from unknown[81.30.107.119]
Oct 12 05:39:08 vps postfix/smtps/smtpd[11874]: connect from unknown[81.30.107.182]
Oct 12 05:39:08 vps postfix/smtps/smtpd[11874]: Anonymous TLS connection established from unknown[81.30.107.182]: TLSv1.2 with cipher ECDHE-RSA-AES256-GCM-SHA384 (256/256 bits)
Oct 12 05:39:12 vps postfix/smtps/smtpd[11874]: warning: unknown[81.30.107.182]: SASL LOGIN authentication failed: UGFzc3dvcmQ6
Oct 12 05:39:12 vps postfix/smtpd[10322]: warning: unknown[212.132.96.229]: SASL LOGIN authentication failed: UGFzc3dvcmQ6
Oct 12 05:39:12 vps postfix/smtpd[10322]: disconnect from unknown[212.132.96.229]
Oct 12 05:39:12 vps postfix/smtps/smtpd[11874]: lost connection after AUTH from unknown[81.30.107.182]
Oct 12 05:39:12 vps postfix/smtps/smtpd[11874]: disconnect from unknown[81.30.107.182]
Oct 12 05:39:15 vps postfix/smtps/smtpd[11229]: connect from unknown[81.30.107.67]
Oct 12 05:39:16 vps postfix/smtpd[11331]: warning: hostname scan.cypex.ai does not resolve to address 3.149.59.26
Oct 12 05:39:16 vps postfix/smtpd[11331]: connect from unknown[3.149.59.26]
Oct 12 05:39:16 vps postfix/smtpd[11331]: lost connection after UNKNOWN from unknown[3.149.59.26]
Oct 12 05:39:16 vps postfix/smtpd[11331]: disconnect from unknown[3.149.59.26]
Oct 12 05:39:18 vps postfix/smtps/smtpd[11229]: Anonymous TLS connection established from unknown[81.30.107.67]: TLSv1.2 with cipher ECDHE-RSA-AES256-GCM-SHA384 (256/256 bits)
Oct 12 05:39:19 vps postfix/smtps/smtpd[11874]: connect from unknown[81.30.107.110]
Oct 12 05:39:22 vps postfix/smtps/smtpd[11874]: Anonymous TLS connection established from unknown[81.30.107.110]: TLSv1.2 with cipher ECDHE-RSA-AES256-GCM-SHA384 (256/256 bits)
Oct 12 05:39:25 vps postfix/smtps/smtpd[11229]: warning: unknown[81.30.107.67]: SASL LOGIN authentication failed: UGFzc3dvcmQ6
Oct 12 05:39:26 vps postfix/smtps/smtpd[13420]: connect from unknown[81.30.107.67]
Oct 12 05:39:27 vps postfix/smtps/smtpd[11874]: warning: unknown[81.30.107.110]: SASL LOGIN authentication failed: UGFzc3dvcmQ6
Oct 12 05:39:27 vps postfix/smtps/smtpd[11229]: lost connection after AUTH from unknown[81.30.107.67]
Oct 12 05:39:27 vps postfix/smtps/smtpd[11229]: disconnect from unknown[81.30.107.67]
Oct 12 05:39:28 vps postfix/smtps/smtpd[13420]: Anonymous TLS connection established from unknown[81.30.107.67]: TLSv1.2 with cipher ECDHE-RSA-AES256-GCM-SHA384 (256/256 bits)
Oct 12 05:39:30 vps postfix/smtps/smtpd[11874]: lost connection after AUTH from unknown[81.30.107.110]
Oct 12 05:39:30 vps postfix/smtps/smtpd[11874]: disconnect from unknown[81.30.107.110]
Oct 12 05:39:30 vps postfix/smtps/smtpd[11229]: connect from unknown[81.30.107.146]
Oct 12 05:39:31 vps postfix/smtps/smtpd[11229]: Anonymous TLS connection established from unknown[81.30.107.146]: TLSv1.2 with cipher ECDHE-RSA-AES256-GCM-SHA384 (256/256 bits)
Oct 12 05:39:37 vps postfix/smtps/smtpd[11229]: warning: unknown[81.30.107.146]: SASL LOGIN authentication failed: UGFzc3dvcmQ6
Oct 12 05:39:37 vps postfix/smtps/smtpd[11229]: lost connection after AUTH from unknown[81.30.107.146]
Oct 12 05:39:37 vps postfix/smtps/smtpd[11229]: disconnect from unknown[81.30.107.146]
Oct 12 05:39:38 vps postfix/smtpd[11331]: warning: hostname scan.cypex.ai does not resolve to address 3.149.59.26
Oct 12 05:39:38 vps postfix/smtpd[11331]: connect from unknown[3.149.59.26]
Oct 12 05:39:38 vps postfix/smtpd[11331]: lost connection after UNKNOWN from unknown[3.149.59.26]
Oct 12 05:39:38 vps postfix/smtpd[11331]: disconnect from unknown[3.149.59.26]
Oct 12 05:39:40 vps postfix/smtps/smtpd[13420]: warning: unknown[81.30.107.67]: SASL LOGIN authentication failed: UGFzc3dvcmQ6
Oct 12 05:39:40 vps postfix/smtps/smtpd[13420]: lost connection after AUTH from unknown[81.30.107.67]
Oct 12 05:39:40 vps postfix/smtps/smtpd[13420]: disconnect from unknown[81.30.107.67]
Oct 12 05:39:47 vps postfix/smtpd[11331]: connect from unknown[213.209.157.252]
Oct 12 05:39:49 vps postfix/smtps/smtpd[11874]: connect from unknown[81.30.107.70]
Oct 12 05:39:49 vps postfix/smtpd[11331]: warning: unknown[213.209.157.252]: SASL LOGIN authentication failed: UGFzc3dvcmQ6
Oct 12 05:39:49 vps postfix/smtpd[11331]: disconnect from unknown[213.209.157.252]
Oct 12 05:39:52 vps postfix/smtps/smtpd[11874]: Anonymous TLS connection established from unknown[81.30.107.70]: TLSv1.2 with cipher ECDHE-RSA-AES256-GCM-SHA384 (256/256 bits)
Oct 12 05:39:59 vps postfix/smtps/smtpd[11229]: connect from unknown[81.30.107.20]
Oct 12 05:40:00 vps postfix/smtps/smtpd[11229]: Anonymous TLS connection established from unknown[81.30.107.20]: TLSv1.2 with cipher ECDHE-RSA-AES256-GCM-SHA384 (256/256 bits)
Oct 12 05:40:08 vps postfix/smtps/smtpd[11874]: warning: unknown[81.30.107.70]: SASL LOGIN authentication failed: UGFzc3dvcmQ6
Oct 12 05:40:08 vps postfix/smtps/smtpd[11229]: warning: unknown[81.30.107.20]: SASL LOGIN authentication failed: UGFzc3dvcmQ6
Oct 12 05:40:08 vps postfix/smtps/smtpd[13420]: connect from unknown[81.30.107.15]
Oct 12 05:40:08 vps postfix/smtps/smtpd[11229]: lost connection after AUTH from unknown[81.30.107.20]
Oct 12 05:40:08 vps postfix/smtps/smtpd[11229]: disconnect from unknown[81.30.107.20]
Oct 12 05:40:09 vps postfix/smtpd[2633]: connect from unknown[212.132.96.229]
Oct 12 05:40:09 vps postfix/smtps/smtpd[11874]: lost connection after AUTH from unknown[81.30.107.70]
Oct 12 05:40:09 vps postfix/smtps/smtpd[11874]: disconnect from unknown[81.30.107.70]
Oct 12 05:40:11 vps postfix/smtps/smtpd[13420]: Anonymous TLS connection established from unknown[81.30.107.15]: TLSv1.2 with cipher ECDHE-RSA-AES256-GCM-SHA384 (256/256 bits)
Oct 12 05:40:12 vps postfix/smtpd[2633]: warning: unknown[212.132.96.229]: SASL LOGIN authentication failed: UGFzc3dvcmQ6
Oct 12 05:40:12 vps postfix/smtpd[2633]: disconnect from unknown[212.132.96.229]
Oct 12 05:40:12 vps postfix/smtpd[10322]: connect from ip217.154.225-94.pbiaas.com[217.154.225.94]
Oct 12 05:40:15 vps postfix/smtpd[10322]: warning: ip217.154.225-94.pbiaas.com[217.154.225.94]: SASL LOGIN authentication failed: UGFzc3dvcmQ6
Oct 12 05:40:15 vps postfix/smtpd[10322]: disconnect from ip217.154.225-94.pbiaas.com[217.154.225.94]
Oct 12 05:40:20 vps postfix/smtps/smtpd[11229]: connect from unknown[81.30.107.38]
Oct 12 05:40:20 vps postfix/smtpd[2633]: connect from unknown[212.132.96.229]
Oct 12 05:40:22 vps postfix/smtps/smtpd[11229]: Anonymous TLS connection established from unknown[81.30.107.38]: TLSv1.2 with cipher ECDHE-RSA-AES256-GCM-SHA384 (256/256 bits)
Oct 12 05:40:23 vps postfix/smtps/smtpd[11874]: connect from unknown[81.30.107.205]
Oct 12 05:40:24 vps postfix/smtps/smtpd[13420]: warning: unknown[81.30.107.15]: SASL LOGIN authentication failed: UGFzc3dvcmQ6
Oct 12 05:40:24 vps postfix/smtps/smtpd[11874]: Anonymous TLS connection established from unknown[81.30.107.205]: TLSv1.2 with cipher ECDHE-RSA-AES256-GCM-SHA384 (256/256 bits)
Oct 12 05:40:26 vps postfix/smtps/smtpd[11229]: warning: unknown[81.30.107.38]: SASL LOGIN authentication failed: UGFzc3dvcmQ6
Oct 12 05:40:26 vps postfix/smtps/smtpd[11229]: lost connection after AUTH from unknown[81.30.107.38]
Oct 12 05:40:26 vps postfix/smtps/smtpd[11229]: disconnect from unknown[81.30.107.38]
Oct 12 05:40:27 vps postfix/smtps/smtpd[11874]: warning: unknown[81.30.107.205]: SASL LOGIN authentication failed: UGFzc3dvcmQ6
