Oct 12 05:57:34 vps postfix/smtpd[10322]: connect from ip217.154.225-94.pbiaas.com[217.154.225.94]
Oct 12 05:57:41 vps postfix/smtpd[10322]: warning: ip217.154.225-94.pbiaas.com[217.154.225.94]: SASL LOGIN authentication failed: UGFzc3dvcmQ6
Oct 12 05:57:41 vps postfix/smtpd[10322]: disconnect from ip217.154.225-94.pbiaas.com[217.154.225.94]
Oct 12 05:57:55 vps postfix/smtpd[16596]: connect from unknown[212.132.96.229]
Oct 12 05:57:58 vps postfix/smtpd[16596]: warning: unknown[212.132.96.229]: SASL LOGIN authentication failed: UGFzc3dvcmQ6
Oct 12 05:57:58 vps postfix/smtpd[16596]: disconnect from unknown[212.132.96.229]
Oct 12 05:58:05 vps postfix/smtps/smtpd[16531]: connect from unknown[81.30.107.205]
Oct 12 05:58:06 vps postfix/smtps/smtpd[16531]: Anonymous TLS connection established from unknown[81.30.107.205]: TLSv1.2 with cipher ECDHE-RSA-AES256-GCM-SHA384 (256/256 bits)
Oct 12 05:58:06 vps postfix/smtpd[10322]: connect from unknown[212.132.96.229]
Oct 12 05:58:09 vps postfix/smtps/smtpd[16531]: warning: unknown[81.30.107.205]: SASL LOGIN authentication failed: UGFzc3dvcmQ6
Oct 12 05:58:09 vps postfix/smtps/smtpd[16531]: lost connection after AUTH from unknown[81.30.107.205]
Oct 12 05:58:09 vps postfix/smtps/smtpd[16531]: disconnect from unknown[81.30.107.205]
Oct 12 05:58:14 vps postfix/smtpd[10322]: warning: unknown[212.132.96.229]: SASL LOGIN authentication failed: UGFzc3dvcmQ6
Oct 12 05:58:14 vps postfix/anvil[16936]: statistics: max connection rate 4/60s for (smtp:77.90.185.87) at Oct 12 05:49:08
Oct 12 05:58:14 vps postfix/anvil[16936]: statistics: max connection count 2 for (smtp:77.90.185.87) at Oct 12 05:48:56
Oct 12 05:58:14 vps postfix/anvil[16936]: statistics: max cache size 13 at Oct 12 05:49:48
Oct 12 05:58:14 vps postfix/smtpd[10322]: disconnect from unknown[212.132.96.229]
Oct 12 05:58:17 vps postfix/smtps/smtpd[16528]: connect from unknown[81.30.107.66]
Oct 12 05:58:18 vps postfix/smtps/smtpd[16528]: Anonymous TLS connection established from unknown[81.30.107.66]: TLSv1.2 with cipher ECDHE-RSA-AES256-GCM-SHA384 (256/256 bits)
Oct 12 05:58:21 vps postfix/smtps/smtpd[15540]: connect from unknown[81.30.107.115]
Oct 12 05:58:21 vps postfix/smtps/smtpd[16528]: warning: unknown[81.30.107.66]: SASL LOGIN authentication failed: UGFzc3dvcmQ6
Oct 12 05:58:21 vps postfix/smtps/smtpd[16528]: lost connection after AUTH from unknown[81.30.107.66]
Oct 12 05:58:21 vps postfix/smtps/smtpd[16528]: disconnect from unknown[81.30.107.66]
Oct 12 05:58:25 vps postfix/smtps/smtpd[15540]: Anonymous TLS connection established from unknown[81.30.107.115]: TLSv1.2 with cipher ECDHE-RSA-AES256-GCM-SHA384 (256/256 bits)
Oct 12 05:58:36 vps postfix/smtps/smtpd[15540]: warning: unknown[81.30.107.115]: SASL LOGIN authentication failed: UGFzc3dvcmQ6
Oct 12 05:58:37 vps postfix/smtps/smtpd[15540]: lost connection after AUTH from unknown[81.30.107.115]
Oct 12 05:58:37 vps postfix/smtps/smtpd[15540]: disconnect from unknown[81.30.107.115]
Oct 12 05:58:51 vps postfix/smtps/smtpd[16531]: connect from unknown[81.30.107.192]
Oct 12 05:58:52 vps postfix/smtps/smtpd[16531]: Anonymous TLS connection established from unknown[81.30.107.192]: TLSv1.2 with cipher ECDHE-RSA-AES256-GCM-SHA384 (256/256 bits)
Oct 12 05:58:53 vps postfix/smtps/smtpd[15540]: connect from unknown[81.30.107.94]
Oct 12 05:58:53 vps postfix/smtps/smtpd[16528]: connect from unknown[81.30.107.182]
Oct 12 05:58:54 vps postfix/smtps/smtpd[17549]: connect from unknown[81.30.107.143]
Oct 12 05:58:54 vps postfix/smtps/smtpd[15540]: Anonymous TLS connection established from unknown[81.30.107.94]: TLSv1.2 with cipher ECDHE-RSA-AES256-GCM-SHA384 (256/256 bits)
Oct 12 05:58:54 vps postfix/smtps/smtpd[17549]: Anonymous TLS connection established from unknown[81.30.107.143]: TLSv1.2 with cipher ECDHE-RSA-AES256-GCM-SHA384 (256/256 bits)
Oct 12 05:58:55 vps postfix/smtps/smtpd[16528]: Anonymous TLS connection established from unknown[81.30.107.182]: TLSv1.2 with cipher ECDHE-RSA-AES256-GCM-SHA384 (256/256 bits)
Oct 12 05:58:56 vps postfix/smtps/smtpd[16531]: warning: unknown[81.30.107.192]: SASL LOGIN authentication failed: UGFzc3dvcmQ6
Oct 12 05:58:56 vps postfix/smtps/smtpd[16531]: lost connection after AUTH from unknown[81.30.107.192]
Oct 12 05:58:56 vps postfix/smtps/smtpd[16531]: disconnect from unknown[81.30.107.192]
Oct 12 05:58:58 vps postfix/smtps/smtpd[15540]: warning: unknown[81.30.107.94]: SASL LOGIN authentication failed: UGFzc3dvcmQ6
Oct 12 05:58:58 vps postfix/smtps/smtpd[17549]: warning: unknown[81.30.107.143]: SASL LOGIN authentication failed: UGFzc3dvcmQ6
Oct 12 05:58:58 vps postfix/smtps/smtpd[15540]: lost connection after AUTH from unknown[81.30.107.94]
Oct 12 05:58:58 vps postfix/smtps/smtpd[15540]: disconnect from unknown[81.30.107.94]
Oct 12 05:58:58 vps postfix/smtps/smtpd[17549]: lost connection after AUTH from unknown[81.30.107.143]
Oct 12 05:58:58 vps postfix/smtps/smtpd[17549]: disconnect from unknown[81.30.107.143]
Oct 12 05:59:00 vps postfix/smtps/smtpd[16528]: warning: unknown[81.30.107.182]: SASL LOGIN authentication failed: UGFzc3dvcmQ6
Oct 12 05:59:00 vps postfix/smtps/smtpd[16528]: lost connection after AUTH from unknown[81.30.107.182]
Oct 12 05:59:00 vps postfix/smtps/smtpd[16528]: disconnect from unknown[81.30.107.182]
Oct 12 05:59:02 vps postfix/smtpd[16596]: connect from ip217.154.225-94.pbiaas.com[217.154.225.94]
Oct 12 05:59:05 vps postfix/smtpd[16596]: warning: ip217.154.225-94.pbiaas.com[217.154.225.94]: SASL LOGIN authentication failed: UGFzc3dvcmQ6
Oct 12 05:59:05 vps postfix/smtpd[16596]: disconnect from ip217.154.225-94.pbiaas.com[217.154.225.94]
Oct 12 05:59:11 vps postfix/smtpd[10322]: connect from unknown[212.132.96.229]
Oct 12 05:59:14 vps postfix/smtpd[10322]: warning: unknown[212.132.96.229]: SASL LOGIN authentication failed: UGFzc3dvcmQ6
Oct 12 05:59:14 vps postfix/smtpd[10322]: disconnect from unknown[212.132.96.229]
Oct 12 05:59:19 vps postfix/smtps/smtpd[16531]: connect from unknown[81.30.107.20]
Oct 12 05:59:20 vps postfix/smtpd[16596]: connect from ip217.154.225-94.pbiaas.com[217.154.225.94]
Oct 12 05:59:21 vps postfix/smtps/smtpd[16531]: Anonymous TLS connection established from unknown[81.30.107.20]: TLSv1.2 with cipher ECDHE-RSA-AES256-GCM-SHA384 (256/256 bits)
Oct 12 05:59:22 vps postfix/smtpd[10322]: connect from unknown[212.132.96.229]
Oct 12 05:59:23 vps postfix/smtpd[16596]: warning: ip217.154.225-94.pbiaas.com[217.154.225.94]: SASL LOGIN authentication failed: UGFzc3dvcmQ6
Oct 12 05:59:23 vps postfix/smtpd[16596]: disconnect from ip217.154.225-94.pbiaas.com[217.154.225.94]
Oct 12 05:59:25 vps postfix/smtps/smtpd[16531]: warning: unknown[81.30.107.20]: SASL LOGIN authentication failed: UGFzc3dvcmQ6
Oct 12 05:59:27 vps postfix/smtps/smtpd[16528]: connect from unknown[81.30.107.119]
Oct 12 05:59:29 vps postfix/smtpd[10322]: warning: unknown[212.132.96.229]: SASL LOGIN authentication failed: UGFzc3dvcmQ6
Oct 12 05:59:29 vps postfix/smtpd[10322]: disconnect from unknown[212.132.96.229]
Oct 12 05:59:30 vps postfix/smtps/smtpd[16528]: Anonymous TLS connection established from unknown[81.30.107.119]: TLSv1.2 with cipher ECDHE-RSA-AES256-GCM-SHA384 (256/256 bits)
Oct 12 05:59:31 vps postfix/smtps/smtpd[16531]: lost connection after AUTH from unknown[81.30.107.20]
Oct 12 05:59:31 vps postfix/smtps/smtpd[16531]: disconnect from unknown[81.30.107.20]
Oct 12 05:59:36 vps postfix/smtps/smtpd[16528]: warning: unknown[81.30.107.119]: SASL LOGIN authentication failed: UGFzc3dvcmQ6
Oct 12 05:59:42 vps postfix/smtps/smtpd[16528]: lost connection after AUTH from unknown[81.30.107.119]
Oct 12 05:59:42 vps postfix/smtps/smtpd[16528]: disconnect from unknown[81.30.107.119]
Oct 12 05:59:53 vps postfix/smtpd[17683]: connect from unknown[213.209.157.154]
Oct 12 05:59:56 vps postfix/smtpd[17683]: warning: unknown[213.209.157.154]: SASL LOGIN authentication failed: UGFzc3dvcmQ6
Oct 12 05:59:56 vps postfix/smtpd[17683]: disconnect from unknown[213.209.157.154]
Oct 12 05:59:57 vps postfix/smtps/smtpd[17549]: connect from unknown[81.30.107.195]
Oct 12 05:59:58 vps postfix/smtps/smtpd[17549]: Anonymous TLS connection established from unknown[81.30.107.195]: TLSv1.2 with cipher ECDHE-RSA-AES256-GCM-SHA384 (256/256 bits)
Oct 12 06:00:02 vps postfix/smtps/smtpd[17549]: warning: unknown[81.30.107.195]: SASL LOGIN authentication failed: UGFzc3dvcmQ6
Oct 12 06:00:02 vps postfix/smtps/smtpd[17549]: lost connection after AUTH from unknown[81.30.107.195]
Oct 12 06:00:02 vps postfix/smtps/smtpd[17549]: disconnect from unknown[81.30.107.195]
Oct 12 06:00:16 vps postfix/smtpd[17683]: connect from unknown[62.60.131.29]
Oct 12 06:00:18 vps postfix/smtpd[17683]: warning: unknown[62.60.131.29]: SASL LOGIN authentication failed: UGFzc3dvcmQ6
Oct 12 06:00:18 vps postfix/smtpd[17683]: disconnect from unknown[62.60.131.29]
Oct 12 06:00:22 vps postfix/smtps/smtpd[16531]: connect from unknown[81.30.107.38]
Oct 12 06:00:23 vps postfix/smtps/smtpd[16531]: Anonymous TLS connection established from unknown[81.30.107.38]: TLSv1.2 with cipher ECDHE-RSA-AES256-GCM-SHA384 (256/256 bits)
Oct 12 06:00:26 vps postfix/smtpd[16596]: connect from unknown[212.132.96.229]
Oct 12 06:00:29 vps postfix/smtpd[16596]: warning: unknown[212.132.96.229]: SASL LOGIN authentication failed: UGFzc3dvcmQ6
Oct 12 06:00:29 vps postfix/smtps/smtpd[16531]: warning: unknown[81.30.107.38]: SASL LOGIN authentication failed: UGFzc3dvcmQ6
Oct 12 06:00:29 vps postfix/smtpd[16596]: disconnect from unknown[212.132.96.229]
Oct 12 06:00:29 vps postfix/smtps/smtpd[16531]: lost connection after AUTH from unknown[81.30.107.38]
Oct 12 06:00:29 vps postfix/smtps/smtpd[16531]: disconnect from unknown[81.30.107.38]
Oct 12 06:00:31 vps postfix/smtps/smtpd[16528]: connect from unknown[81.30.107.110]
Oct 12 06:00:33 vps postfix/smtps/smtpd[16528]: Anonymous TLS connection established from unknown[81.30.107.110]: TLSv1.2 with cipher ECDHE-RSA-AES256-GCM-SHA384 (256/256 bits)
Oct 12 06:00:34 vps postfix/smtps/smtpd[15540]: connect from unknown[81.30.107.38]
Oct 12 06:00:37 vps postfix/smtps/smtpd[16528]: warning: unknown[81.30.107.110]: SASL LOGIN authentication failed: UGFzc3dvcmQ6
Oct 12 06:00:37 vps postfix/smtpd[10322]: connect from unknown[212.132.96.229]
Oct 12 06:00:37 vps postfix/smtps/smtpd[15540]: Anonymous TLS connection established from unknown[81.30.107.38]: TLSv1.2 with cipher ECDHE-RSA-AES256-GCM-SHA384 (256/256 bits)
Oct 12 06:00:37 vps postfix/smtps/smtpd[16528]: lost connection after AUTH from unknown[81.30.107.110]
Oct 12 06:00:37 vps postfix/smtps/smtpd[16528]: disconnect from unknown[81.30.107.110]
Oct 12 06:00:41 vps postfix/smtpd[16596]: connect from ip217.154.225-94.pbiaas.com[217.154.225.94]
Oct 12 06:00:44 vps postfix/smtpd[16596]: warning: ip217.154.225-94.pbiaas.com[217.154.225.94]: SASL LOGIN authentication failed: UGFzc3dvcmQ6
Oct 12 06:00:44 vps postfix/smtpd[10322]: warning: unknown[212.132.96.229]: SASL LOGIN authentication failed: UGFzc3dvcmQ6
Oct 12 06:00:44 vps postfix/smtpd[10322]: disconnect from unknown[212.132.96.229]
Oct 12 06:00:44 vps postfix/smtpd[16596]: disconnect from ip217.154.225-94.pbiaas.com[217.154.225.94]
Oct 12 06:00:48 vps postfix/smtps/smtpd[15540]: warning: unknown[81.30.107.38]: SASL LOGIN authentication failed: UGFzc3dvcmQ6
Oct 12 06:00:49 vps postfix/smtps/smtpd[15540]: lost connection after AUTH from unknown[81.30.107.38]
Oct 12 06:00:49 vps postfix/smtps/smtpd[15540]: disconnect from unknown[81.30.107.38]
Oct 12 06:00:50 vps postfix/smtps/smtpd[16531]: connect from unknown[81.30.107.52]
Oct 12 06:00:52 vps postfix/smtps/smtpd[15540]: connect from unknown[81.30.107.115]
Oct 12 06:00:55 vps postfix/smtps/smtpd[15540]: Anonymous TLS connection established from unknown[81.30.107.115]: TLSv1.2 with cipher ECDHE-RSA-AES256-GCM-SHA384 (256/256 bits)
Oct 12 06:00:57 vps postfix/smtpd[10322]: connect from ip217.154.225-94.pbiaas.com[217.154.225.94]
Oct 12 06:00:59 vps postfix/smtps/smtpd[15540]: warning: unknown[81.30.107.115]: SASL LOGIN authentication failed: UGFzc3dvcmQ6
Oct 12 06:00:59 vps postfix/smtps/smtpd[15540]: lost connection after AUTH from unknown[81.30.107.115]
Oct 12 06:00:59 vps postfix/smtps/smtpd[15540]: disconnect from unknown[81.30.107.115]
Oct 12 06:00:59 vps postfix/smtps/smtpd[16528]: connect from unknown[81.30.107.118]
Oct 12 06:01:00 vps postfix/smtpd[10322]: warning: ip217.154.225-94.pbiaas.com[217.154.225.94]: SASL LOGIN authentication failed: UGFzc3dvcmQ6
Oct 12 06:01:00 vps postfix/smtpd[10322]: disconnect from ip217.154.225-94.pbiaas.com[217.154.225.94]
Oct 12 06:01:00 vps postfix/smtps/smtpd[16528]: Anonymous TLS connection established from unknown[81.30.107.118]: TLSv1.2 with cipher ECDHE-RSA-AES256-GCM-SHA384 (256/256 bits)
Oct 12 06:01:04 vps postfix/smtps/smtpd[16528]: warning: unknown[81.30.107.118]: SASL LOGIN authentication failed: UGFzc3dvcmQ6
Oct 12 06:01:04 vps postfix/smtps/smtpd[16528]: lost connection after AUTH from unknown[81.30.107.118]
Oct 12 06:01:04 vps postfix/smtps/smtpd[16528]: disconnect from unknown[81.30.107.118]
Oct 12 06:01:04 vps postfix/smtps/smtpd[16531]: SSL_accept error from unknown[81.30.107.52]: lost connection
Oct 12 06:01:04 vps postfix/smtps/smtpd[16531]: lost connection after CONNECT from unknown[81.30.107.52]
Oct 12 06:01:04 vps postfix/smtps/smtpd[16531]: disconnect from unknown[81.30.107.52]
Oct 12 06:01:32 vps postfix/smtpd[17683]: connect from unknown[213.209.157.154]
Oct 12 06:01:35 vps postfix/smtpd[17683]: warning: unknown[213.209.157.154]: SASL LOGIN authentication failed: UGFzc3dvcmQ6
Oct 12 06:01:35 vps postfix/smtpd[17683]: disconnect from unknown[213.209.157.154]
Oct 12 06:01:40 vps postfix/smtpd[16596]: connect from unknown[212.132.96.229]
Oct 12 06:01:43 vps postfix/pickup[6603]: 23947185A485: uid=0 from=<root>
Oct 12 06:01:43 vps postfix/cleanup[18357]: 23947185A485: message-id=<20251012003143.23947185A485@vps.obaba.shop>
Oct 12 06:01:43 vps postfix/qmgr[14535]: 23947185A485: from=<root@vps.obaba.shop>, size=21172, nrcpt=1 (queue active)
Oct 12 06:01:43 vps postfix/pickup[6603]: 3CB4A185A4B0: uid=0 from=<root>
Oct 12 06:01:43 vps postfix/cleanup[18357]: 3CB4A185A4B0: message-id=<20251012003143.3CB4A185A4B0@vps.obaba.shop>
Oct 12 06:01:43 vps postfix/qmgr[14535]: 3CB4A185A4B0: from=<root@vps.obaba.shop>, size=718, nrcpt=1 (queue active)
Oct 12 06:01:43 vps postfix/pickup[6603]: 44155185A4B1: uid=0 from=<root>
Oct 12 06:01:43 vps postfix/cleanup[18357]: 44155185A4B1: message-id=<20251012003143.44155185A4B1@vps.obaba.shop>
Oct 12 06:01:43 vps postfix/local[18365]: 23947185A485: to=<root@vps.obaba.shop>, relay=local, delay=0.17, delays=0.11/0.05/0/0, dsn=2.0.0, status=sent (delivered to mailbox)
Oct 12 06:01:43 vps postfix/qmgr[14535]: 23947185A485: removed
Oct 12 06:01:43 vps postfix/local[18365]: 3CB4A185A4B0: to=<root@vps.obaba.shop>, relay=local, delay=0.05, delays=0.03/0.02/0/0, dsn=2.0.0, status=sent (delivered to mailbox)
Oct 12 06:01:43 vps postfix/qmgr[14535]: 3CB4A185A4B0: removed
Oct 12 06:01:43 vps postfix/qmgr[14535]: 44155185A4B1: from=<root@vps.obaba.shop>, size=669, nrcpt=1 (queue active)
Oct 12 06:01:43 vps postfix/local[18365]: 44155185A4B1: to=<root@vps.obaba.shop>, relay=local, delay=0.01, delays=0.01/0/0/0, dsn=2.0.0, status=sent (delivered to mailbox)
Oct 12 06:01:43 vps postfix/qmgr[14535]: 44155185A4B1: removed
Oct 12 06:01:43 vps postfix/pickup[6603]: 49292185A485: uid=0 from=<root>
Oct 12 06:01:43 vps postfix/cleanup[18357]: 49292185A485: message-id=<20251012003143.49292185A485@vps.obaba.shop>
Oct 12 06:01:43 vps postfix/qmgr[14535]: 49292185A485: from=<root@vps.obaba.shop>, size=842, nrcpt=1 (queue active)
Oct 12 06:01:43 vps postfix/local[18365]: 49292185A485: to=<root@vps.obaba.shop>, relay=local, delay=0.01, delays=0.01/0/0/0, dsn=2.0.0, status=sent (delivered to mailbox)
Oct 12 06:01:43 vps postfix/qmgr[14535]: 49292185A485: removed
Oct 12 06:01:43 vps postfix/pickup[6603]: 4F95E185A485: uid=0 from=<root>
Oct 12 06:01:43 vps postfix/cleanup[18357]: 4F95E185A485: message-id=<20251012003143.4F95E185A485@vps.obaba.shop>
Oct 12 06:01:43 vps postfix/qmgr[14535]: 4F95E185A485: from=<root@vps.obaba.shop>, size=718, nrcpt=1 (queue active)
Oct 12 06:01:43 vps postfix/local[18367]: 4F95E185A485: to=<root@vps.obaba.shop>, relay=local, delay=0.01, delays=0.01/0/0/0, dsn=2.0.0, status=sent (delivered to mailbox)
Oct 12 06:01:43 vps postfix/qmgr[14535]: 4F95E185A485: removed
Oct 12 06:01:43 vps postfix/pickup[6603]: 55FDA185A485: uid=0 from=<root>
Oct 12 06:01:43 vps postfix/cleanup[18357]: 55FDA185A485: message-id=<20251012003143.55FDA185A485@vps.obaba.shop>
Oct 12 06:01:43 vps postfix/smtpd[16596]: warning: unknown[212.132.96.229]: SASL LOGIN authentication failed: UGFzc3dvcmQ6
Oct 12 06:01:43 vps postfix/qmgr[14535]: 55FDA185A485: from=<root@vps.obaba.shop>, size=657, nrcpt=1 (queue active)
Oct 12 06:01:43 vps postfix/local[18365]: 55FDA185A485: to=<root@vps.obaba.shop>, relay=local, delay=0.01, delays=0.01/0/0/0, dsn=2.0.0, status=sent (delivered to mailbox)
Oct 12 06:01:43 vps postfix/qmgr[14535]: 55FDA185A485: removed
Oct 12 06:01:43 vps postfix/pickup[6603]: 5A40E185A485: uid=0 from=<root>
Oct 12 06:01:43 vps postfix/cleanup[18357]: 5A40E185A485: message-id=<20251012003143.5A40E185A485@vps.obaba.shop>
Oct 12 06:01:43 vps postfix/qmgr[14535]: 5A40E185A485: from=<root@vps.obaba.shop>, size=787, nrcpt=1 (queue active)
Oct 12 06:01:43 vps postfix/local[18367]: 5A40E185A485: to=<root@vps.obaba.shop>, relay=local, delay=0.01, delays=0.01/0/0/0, dsn=2.0.0, status=sent (delivered to mailbox)
Oct 12 06:01:43 vps postfix/qmgr[14535]: 5A40E185A485: removed
Oct 12 06:01:43 vps postfix/pickup[6603]: 5F560185A485: uid=0 from=<root>
Oct 12 06:01:43 vps postfix/cleanup[18357]: 5F560185A485: message-id=<20251012003143.5F560185A485@vps.obaba.shop>
Oct 12 06:01:43 vps postfix/qmgr[14535]: 5F560185A485: from=<root@vps.obaba.shop>, size=787, nrcpt=1 (queue active)
Oct 12 06:01:43 vps postfix/local[18365]: 5F560185A485: to=<root@vps.obaba.shop>, relay=local, delay=0.02, delays=0.01/0.01/0/0, dsn=2.0.0, status=sent (delivered to mailbox)
Oct 12 06:01:43 vps postfix/qmgr[14535]: 5F560185A485: removed
Oct 12 06:01:43 vps postfix/pickup[6603]: 65958185A485: uid=0 from=<root>
Oct 12 06:01:43 vps postfix/cleanup[18357]: 65958185A485: message-id=<20251012003143.65958185A485@vps.obaba.shop>
Oct 12 06:01:43 vps postfix/qmgr[14535]: 65958185A485: from=<root@vps.obaba.shop>, size=671, nrcpt=1 (queue active)
Oct 12 06:01:43 vps postfix/local[18367]: 65958185A485: to=<root@vps.obaba.shop>, relay=local, delay=0.01, delays=0.01/0/0/0, dsn=2.0.0, status=sent (delivered to mailbox)
Oct 12 06:01:43 vps postfix/qmgr[14535]: 65958185A485: removed
Oct 12 06:01:43 vps postfix/smtpd[16596]: disconnect from unknown[212.132.96.229]
Oct 12 06:01:50 vps postfix/smtps/smtpd[16531]: connect from unknown[81.30.107.49]
Oct 12 06:01:51 vps postfix/smtpd[10322]: connect from unknown[212.132.96.229]
Oct 12 06:01:52 vps postfix/smtps/smtpd[16531]: Anonymous TLS connection established from unknown[81.30.107.49]: TLSv1.2 with cipher ECDHE-RSA-AES256-GCM-SHA384 (256/256 bits)
Oct 12 06:01:58 vps postfix/smtpd[10322]: warning: unknown[212.132.96.229]: SASL LOGIN authentication failed: UGFzc3dvcmQ6
Oct 12 06:01:58 vps postfix/smtpd[10322]: disconnect from unknown[212.132.96.229]
Oct 12 06:02:01 vps postfix/smtps/smtpd[16531]: warning: unknown[81.30.107.49]: SASL LOGIN authentication failed: UGFzc3dvcmQ6
Oct 12 06:02:02 vps postfix/smtps/smtpd[16531]: lost connection after AUTH from unknown[81.30.107.49]
Oct 12 06:02:02 vps postfix/smtps/smtpd[16531]: disconnect from unknown[81.30.107.49]
Oct 12 06:02:09 vps postfix/smtps/smtpd[15540]: connect from unknown[81.30.107.70]
Oct 12 06:02:10 vps postfix/smtps/smtpd[15540]: Anonymous TLS connection established from unknown[81.30.107.70]: TLSv1.2 with cipher ECDHE-RSA-AES256-GCM-SHA384 (256/256 bits)
Oct 12 06:02:17 vps postfix/smtps/smtpd[15540]: warning: unknown[81.30.107.70]: SASL LOGIN authentication failed: UGFzc3dvcmQ6
Oct 12 06:02:18 vps postfix/smtps/smtpd[16528]: connect from unknown[81.30.107.192]
Oct 12 06:02:18 vps postfix/smtps/smtpd[15540]: lost connection after AUTH from unknown[81.30.107.70]
Oct 12 06:02:18 vps postfix/smtps/smtpd[15540]: disconnect from unknown[81.30.107.70]
Oct 12 06:02:19 vps postfix/smtps/smtpd[16528]: Anonymous TLS connection established from unknown[81.30.107.192]: TLSv1.2 with cipher ECDHE-RSA-AES256-GCM-SHA384 (256/256 bits)
Oct 12 06:02:23 vps postfix/smtps/smtpd[16528]: warning: unknown[81.30.107.192]: SASL LOGIN authentication failed: UGFzc3dvcmQ6
Oct 12 06:02:23 vps postfix/smtps/smtpd[16528]: lost connection after AUTH from unknown[81.30.107.192]
Oct 12 06:02:23 vps postfix/smtps/smtpd[16528]: disconnect from unknown[81.30.107.192]
Oct 12 06:02:33 vps postfix/smtpd[16596]: connect from ip217.154.225-94.pbiaas.com[217.154.225.94]
Oct 12 06:02:34 vps postfix/smtpd[17683]: connect from unknown[213.209.157.252]
Oct 12 06:02:36 vps postfix/smtpd[16596]: warning: ip217.154.225-94.pbiaas.com[217.154.225.94]: SASL LOGIN authentication failed: UGFzc3dvcmQ6
Oct 12 06:02:36 vps postfix/smtpd[16596]: disconnect from ip217.154.225-94.pbiaas.com[217.154.225.94]
Oct 12 06:02:37 vps postfix/smtpd[17683]: warning: unknown[213.209.157.252]: SASL LOGIN authentication failed: UGFzc3dvcmQ6
Oct 12 06:02:37 vps postfix/smtpd[17683]: disconnect from unknown[213.209.157.252]
Oct 12 06:02:47 vps postfix/smtps/smtpd[16531]: connect from unknown[81.30.107.189]
Oct 12 06:02:47 vps postfix/smtpd[10322]: connect from ip217.154.225-94.pbiaas.com[217.154.225.94]
Oct 12 06:02:48 vps postfix/smtps/smtpd[16531]: Anonymous TLS connection established from unknown[81.30.107.189]: TLSv1.2 with cipher ECDHE-RSA-AES256-GCM-SHA384 (256/256 bits)
Oct 12 06:02:54 vps postfix/smtpd[10322]: warning: ip217.154.225-94.pbiaas.com[217.154.225.94]: SASL LOGIN authentication failed: UGFzc3dvcmQ6
Oct 12 06:02:54 vps postfix/smtpd[10322]: disconnect from ip217.154.225-94.pbiaas.com[217.154.225.94]
Oct 12 06:02:56 vps postfix/smtps/smtpd[15540]: connect from unknown[81.30.107.143]
Oct 12 06:02:57 vps postfix/smtpd[16596]: connect from unknown[212.132.96.229]
Oct 12 06:02:58 vps postfix/smtps/smtpd[15540]: Anonymous TLS connection established from unknown[81.30.107.143]: TLSv1.2 with cipher ECDHE-RSA-AES256-GCM-SHA384 (256/256 bits)
Oct 12 06:02:59 vps postfix/smtps/smtpd[16531]: warning: unknown[81.30.107.189]: SASL LOGIN authentication failed: UGFzc3dvcmQ6
Oct 12 06:03:00 vps postfix/smtpd[16596]: warning: unknown[212.132.96.229]: SASL LOGIN authentication failed: UGFzc3dvcmQ6
Oct 12 06:03:00 vps postfix/smtpd[16596]: disconnect from unknown[212.132.96.229]
Oct 12 06:03:00 vps postfix/smtps/smtpd[16531]: lost connection after AUTH from unknown[81.30.107.189]
Oct 12 06:03:00 vps postfix/smtps/smtpd[16531]: disconnect from unknown[81.30.107.189]
Oct 12 06:03:02 vps postfix/smtps/smtpd[15540]: warning: unknown[81.30.107.143]: SASL LOGIN authentication failed: UGFzc3dvcmQ6
Oct 12 06:03:02 vps postfix/smtps/smtpd[15540]: lost connection after AUTH from unknown[81.30.107.143]
Oct 12 06:03:02 vps postfix/smtps/smtpd[15540]: disconnect from unknown[81.30.107.143]
Oct 12 06:03:07 vps postfix/smtpd[10322]: connect from unknown[212.132.96.229]
Oct 12 06:03:14 vps postfix/smtpd[10322]: warning: unknown[212.132.96.229]: SASL LOGIN authentication failed: UGFzc3dvcmQ6
Oct 12 06:03:14 vps postfix/smtpd[10322]: disconnect from unknown[212.132.96.229]
Oct 12 06:03:54 vps postfix/smtps/smtpd[16528]: connect from unknown[81.30.107.134]
Oct 12 06:03:55 vps postfix/smtps/smtpd[16528]: Anonymous TLS connection established from unknown[81.30.107.134]: TLSv1.2 with cipher ECDHE-RSA-AES256-GCM-SHA384 (256/256 bits)
Oct 12 06:04:02 vps postfix/smtps/smtpd[16528]: warning: unknown[81.30.107.134]: SASL LOGIN authentication failed: UGFzc3dvcmQ6
Oct 12 06:04:03 vps postfix/smtps/smtpd[16528]: lost connection after AUTH from unknown[81.30.107.134]
Oct 12 06:04:03 vps postfix/smtps/smtpd[16528]: disconnect from unknown[81.30.107.134]
Oct 12 06:04:11 vps postfix/smtpd[16596]: connect from unknown[212.132.96.229]
Oct 12 06:04:15 vps postfix/smtpd[16596]: warning: unknown[212.132.96.229]: SASL LOGIN authentication failed: UGFzc3dvcmQ6
Oct 12 06:04:15 vps postfix/smtpd[16596]: disconnect from unknown[212.132.96.229]
Oct 12 06:04:16 vps postfix/smtpd[10322]: connect from ip217.154.225-94.pbiaas.com[217.154.225.94]
Oct 12 06:04:19 vps postfix/smtpd[10322]: warning: ip217.154.225-94.pbiaas.com[217.154.225.94]: SASL LOGIN authentication failed: UGFzc3dvcmQ6
Oct 12 06:04:23 vps postfix/smtps/smtpd[16531]: connect from unknown[81.30.107.110]
Oct 12 06:04:24 vps postfix/smtpd[16596]: connect from unknown[212.132.96.229]
Oct 12 06:04:26 vps postfix/smtps/smtpd[16531]: Anonymous TLS connection established from unknown[81.30.107.110]: TLSv1.2 with cipher ECDHE-RSA-AES256-GCM-SHA384 (256/256 bits)
Oct 12 06:04:27 vps postfix/smtpd[10322]: disconnect from ip217.154.225-94.pbiaas.com[217.154.225.94]
Oct 12 06:04:31 vps postfix/smtpd[16596]: warning: unknown[212.132.96.229]: SASL LOGIN authentication failed: UGFzc3dvcmQ6
Oct 12 06:04:31 vps postfix/smtpd[16596]: disconnect from unknown[212.132.96.229]
Oct 12 06:04:34 vps postfix/smtps/smtpd[16531]: warning: unknown[81.30.107.110]: SASL LOGIN authentication failed: UGFzc3dvcmQ6
Oct 12 06:04:35 vps postfix/smtps/smtpd[16531]: lost connection after AUTH from unknown[81.30.107.110]
Oct 12 06:04:35 vps postfix/smtps/smtpd[16531]: disconnect from unknown[81.30.107.110]
Oct 12 06:04:39 vps postfix/smtpd[10322]: connect from ip217.154.225-94.pbiaas.com[217.154.225.94]
Oct 12 06:04:42 vps postfix/smtpd[10322]: warning: ip217.154.225-94.pbiaas.com[217.154.225.94]: SASL LOGIN authentication failed: UGFzc3dvcmQ6
Oct 12 06:04:42 vps postfix/smtpd[10322]: disconnect from ip217.154.225-94.pbiaas.com[217.154.225.94]
Oct 12 06:05:14 vps postfix/smtps/smtpd[16531]: connect from unknown[81.30.107.134]
Oct 12 06:05:16 vps postfix/smtps/smtpd[16531]: Anonymous TLS connection established from unknown[81.30.107.134]: TLSv1.2 with cipher ECDHE-RSA-AES256-GCM-SHA384 (256/256 bits)
Oct 12 06:05:19 vps postfix/smtps/smtpd[16528]: connect from unknown[81.30.107.58]
Oct 12 06:05:21 vps postfix/smtps/smtpd[16531]: warning: unknown[81.30.107.134]: SASL LOGIN authentication failed: UGFzc3dvcmQ6
Oct 12 06:05:22 vps postfix/smtps/smtpd[16528]: Anonymous TLS connection established from unknown[81.30.107.58]: TLSv1.2 with cipher ECDHE-RSA-AES256-GCM-SHA384 (256/256 bits)
Oct 12 06:05:24 vps postfix/smtps/smtpd[16531]: lost connection after AUTH from unknown[81.30.107.134]
Oct 12 06:05:24 vps postfix/smtps/smtpd[16531]: disconnect from unknown[81.30.107.134]
Oct 12 06:05:28 vps postfix/smtpd[16596]: connect from unknown[212.132.96.229]
Oct 12 06:05:30 vps postfix/smtps/smtpd[16528]: warning: unknown[81.30.107.58]: SASL LOGIN authentication failed: UGFzc3dvcmQ6
Oct 12 06:05:31 vps postfix/smtpd[16596]: warning: unknown[212.132.96.229]: SASL LOGIN authentication failed: UGFzc3dvcmQ6
Oct 12 06:05:31 vps postfix/smtpd[16596]: disconnect from unknown[212.132.96.229]
Oct 12 06:05:31 vps postfix/smtps/smtpd[16528]: lost connection after AUTH from unknown[81.30.107.58]
Oct 12 06:05:31 vps postfix/smtps/smtpd[16528]: disconnect from unknown[81.30.107.58]
Oct 12 06:05:32 vps postfix/smtpd[10322]: warning: hostname hostglobal.plus does not resolve to address 78.153.140.207
Oct 12 06:05:32 vps postfix/smtpd[10322]: connect from unknown[78.153.140.207]
Oct 12 06:05:32 vps postfix/smtps/smtpd[16531]: connect from unknown[81.30.107.15]
Oct 12 06:05:34 vps postfix/smtps/smtpd[16528]: connect from unknown[81.30.107.42]
Oct 12 06:05:35 vps postfix/smtps/smtpd[16531]: Anonymous TLS connection established from unknown[81.30.107.15]: TLSv1.2 with cipher ECDHE-RSA-AES256-GCM-SHA384 (256/256 bits)
Oct 12 06:05:35 vps postfix/smtps/smtpd[16528]: Anonymous TLS connection established from unknown[81.30.107.42]: TLSv1.2 with cipher ECDHE-RSA-AES256-GCM-SHA384 (256/256 bits)
Oct 12 06:05:35 vps postfix/smtpd[10322]: lost connection after CONNECT from unknown[78.153.140.207]
Oct 12 06:05:35 vps postfix/smtpd[10322]: disconnect from unknown[78.153.140.207]
Oct 12 06:05:39 vps postfix/smtpd[16596]: connect from unknown[212.132.96.229]
Oct 12 06:05:39 vps postfix/smtps/smtpd[16528]: warning: unknown[81.30.107.42]: SASL LOGIN authentication failed: UGFzc3dvcmQ6
Oct 12 06:05:39 vps postfix/smtps/smtpd[16528]: lost connection after AUTH from unknown[81.30.107.42]
Oct 12 06:05:39 vps postfix/smtps/smtpd[16528]: disconnect from unknown[81.30.107.42]
Oct 12 06:05:41 vps postfix/smtps/smtpd[16531]: warning: unknown[81.30.107.15]: SASL LOGIN authentication failed: UGFzc3dvcmQ6
Oct 12 06:05:43 vps postfix/smtps/smtpd[16531]: lost connection after AUTH from unknown[81.30.107.15]
Oct 12 06:05:43 vps postfix/smtps/smtpd[16531]: disconnect from unknown[81.30.107.15]
Oct 12 06:05:45 vps postfix/smtpd[16596]: warning: unknown[212.132.96.229]: SASL LOGIN authentication failed: UGFzc3dvcmQ6
Oct 12 06:05:45 vps postfix/smtpd[16596]: disconnect from unknown[212.132.96.229]
Oct 12 06:05:58 vps postfix/smtpd[10322]: connect from ip217.154.225-94.pbiaas.com[217.154.225.94]
Oct 12 06:06:01 vps postfix/smtpd[10322]: warning: ip217.154.225-94.pbiaas.com[217.154.225.94]: SASL LOGIN authentication failed: UGFzc3dvcmQ6
Oct 12 06:06:01 vps postfix/smtpd[10322]: disconnect from ip217.154.225-94.pbiaas.com[217.154.225.94]
Oct 12 06:06:13 vps postfix/smtpd[16596]: connect from ip217.154.225-94.pbiaas.com[217.154.225.94]
Oct 12 06:06:14 vps postfix/smtps/smtpd[16528]: connect from unknown[81.30.107.66]
Oct 12 06:06:15 vps postfix/smtps/smtpd[16528]: Anonymous TLS connection established from unknown[81.30.107.66]: TLSv1.2 with cipher ECDHE-RSA-AES256-GCM-SHA384 (256/256 bits)
Oct 12 06:06:16 vps postfix/smtpd[16596]: warning: ip217.154.225-94.pbiaas.com[217.154.225.94]: SASL LOGIN authentication failed: UGFzc3dvcmQ6
Oct 12 06:06:16 vps postfix/smtpd[16596]: disconnect from ip217.154.225-94.pbiaas.com[217.154.225.94]
Oct 12 06:06:19 vps postfix/smtps/smtpd[16528]: warning: unknown[81.30.107.66]: SASL LOGIN authentication failed: UGFzc3dvcmQ6
Oct 12 06:06:19 vps postfix/smtps/smtpd[16528]: lost connection after AUTH from unknown[81.30.107.66]
Oct 12 06:06:19 vps postfix/smtps/smtpd[16528]: disconnect from unknown[81.30.107.66]
Oct 12 06:06:27 vps postfix/smtps/smtpd[16531]: connect from unknown[81.30.107.119]
Oct 12 06:06:31 vps postfix/smtps/smtpd[16531]: Anonymous TLS connection established from unknown[81.30.107.119]: TLSv1.2 with cipher ECDHE-RSA-AES256-GCM-SHA384 (256/256 bits)
Oct 12 06:06:41 vps postfix/smtps/smtpd[16531]: warning: unknown[81.30.107.119]: SASL LOGIN authentication failed: UGFzc3dvcmQ6
Oct 12 06:06:43 vps postfix/smtps/smtpd[16531]: lost connection after AUTH from unknown[81.30.107.119]
Oct 12 06:06:43 vps postfix/smtps/smtpd[16531]: disconnect from unknown[81.30.107.119]
Oct 12 06:06:44 vps postfix/smtpd[10322]: connect from unknown[212.132.96.229]
Oct 12 06:06:47 vps postfix/smtpd[10322]: warning: unknown[212.132.96.229]: SASL LOGIN authentication failed: UGFzc3dvcmQ6
Oct 12 06:06:47 vps postfix/smtpd[10322]: disconnect from unknown[212.132.96.229]
Oct 12 06:06:50 vps postfix/smtpd[16596]: connect from unknown[32.60.85.212]
Oct 12 06:06:53 vps postfix/smtpd[16596]: warning: unknown[32.60.85.212]: SASL LOGIN authentication failed: UGFzc3dvcmQ6
Oct 12 06:06:53 vps postfix/smtpd[16596]: disconnect from unknown[32.60.85.212]
Oct 12 06:06:55 vps postfix/smtps/smtpd[16528]: connect from unknown[81.30.107.64]
Oct 12 06:06:56 vps postfix/smtpd[10322]: connect from unknown[212.132.96.229]
Oct 12 06:06:56 vps postfix/smtps/smtpd[16528]: Anonymous TLS connection established from unknown[81.30.107.64]: TLSv1.2 with cipher ECDHE-RSA-AES256-GCM-SHA384 (256/256 bits)
Oct 12 06:07:00 vps postfix/smtps/smtpd[16528]: warning: unknown[81.30.107.64]: SASL LOGIN authentication failed: UGFzc3dvcmQ6
Oct 12 06:07:00 vps postfix/smtps/smtpd[16528]: lost connection after AUTH from unknown[81.30.107.64]
Oct 12 06:07:00 vps postfix/smtps/smtpd[16528]: disconnect from unknown[81.30.107.64]
Oct 12 06:07:03 vps postfix/smtpd[10322]: warning: unknown[212.132.96.229]: SASL LOGIN authentication failed: UGFzc3dvcmQ6
Oct 12 06:07:03 vps postfix/smtpd[10322]: disconnect from unknown[212.132.96.229]
Oct 12 06:07:12 vps postfix/smtps/smtpd[16531]: connect from unknown[81.30.107.182]
Oct 12 06:07:13 vps postfix/smtps/smtpd[16531]: Anonymous TLS connection established from unknown[81.30.107.182]: TLSv1.2 with cipher ECDHE-RSA-AES256-GCM-SHA384 (256/256 bits)
Oct 12 06:07:19 vps postfix/smtps/smtpd[16531]: warning: unknown[81.30.107.182]: SASL LOGIN authentication failed: UGFzc3dvcmQ6
Oct 12 06:07:19 vps postfix/smtps/smtpd[16531]: lost connection after AUTH from unknown[81.30.107.182]
Oct 12 06:07:19 vps postfix/smtps/smtpd[16531]: disconnect from unknown[81.30.107.182]
Oct 12 06:07:30 vps postfix/smtps/smtpd[16528]: connect from unknown[81.30.107.192]
Oct 12 06:07:31 vps postfix/smtps/smtpd[16528]: Anonymous TLS connection established from unknown[81.30.107.192]: TLSv1.2 with cipher ECDHE-RSA-AES256-GCM-SHA384 (256/256 bits)
Oct 12 06:07:35 vps postfix/smtps/smtpd[16528]: warning: unknown[81.30.107.192]: SASL LOGIN authentication failed: UGFzc3dvcmQ6
Oct 12 06:07:35 vps postfix/smtps/smtpd[16528]: lost connection after AUTH from unknown[81.30.107.192]
Oct 12 06:07:35 vps postfix/smtps/smtpd[16528]: disconnect from unknown[81.30.107.192]
Oct 12 06:07:39 vps postfix/smtpd[16596]: connect from ip217.154.225-94.pbiaas.com[217.154.225.94]
Oct 12 06:07:42 vps postfix/smtpd[16596]: warning: ip217.154.225-94.pbiaas.com[217.154.225.94]: SASL LOGIN authentication failed: UGFzc3dvcmQ6
Oct 12 06:07:42 vps postfix/smtpd[16596]: disconnect from ip217.154.225-94.pbiaas.com[217.154.225.94]
Oct 12 06:07:54 vps postfix/smtpd[10322]: connect from ip217.154.225-94.pbiaas.com[217.154.225.94]
Oct 12 06:07:57 vps postfix/smtpd[10322]: warning: ip217.154.225-94.pbiaas.com[217.154.225.94]: SASL LOGIN authentication failed: UGFzc3dvcmQ6
Oct 12 06:07:57 vps postfix/smtpd[10322]: disconnect from ip217.154.225-94.pbiaas.com[217.154.225.94]
Oct 12 06:07:59 vps postfix/smtpd[16596]: connect from unknown[212.132.96.229]
Oct 12 06:08:02 vps postfix/smtpd[16596]: warning: unknown[212.132.96.229]: SASL LOGIN authentication failed: UGFzc3dvcmQ6
Oct 12 06:08:02 vps postfix/smtpd[16596]: disconnect from unknown[212.132.96.229]
Oct 12 06:08:03 vps postfix/smtps/smtpd[16531]: connect from unknown[81.30.107.146]
Oct 12 06:08:05 vps postfix/smtps/smtpd[16531]: Anonymous TLS connection established from unknown[81.30.107.146]: TLSv1.2 with cipher ECDHE-RSA-AES256-GCM-SHA384 (256/256 bits)
Oct 12 06:08:05 vps postfix/smtps/smtpd[16528]: connect from unknown[81.30.107.49]
Oct 12 06:08:08 vps postfix/smtps/smtpd[16528]: Anonymous TLS connection established from unknown[81.30.107.49]: TLSv1.2 with cipher ECDHE-RSA-AES256-GCM-SHA384 (256/256 bits)
Oct 12 06:08:10 vps postfix/smtpd[10322]: connect from unknown[212.132.96.229]
Oct 12 06:08:14 vps postfix/anvil[16936]: statistics: max connection rate 2/60s for (submission:217.154.225.94) at Oct 12 05:59:20
Oct 12 06:08:14 vps postfix/anvil[16936]: statistics: max connection count 1 for (465:81.30.107.66) at Oct 12 05:58:18
Oct 12 06:08:14 vps postfix/anvil[16936]: statistics: max cache size 9 at Oct 12 05:59:02
Oct 12 06:08:16 vps postfix/smtps/smtpd[16531]: warning: unknown[81.30.107.146]: SASL LOGIN authentication failed: UGFzc3dvcmQ6
Oct 12 06:08:16 vps postfix/smtps/smtpd[16531]: lost connection after AUTH from unknown[81.30.107.146]
Oct 12 06:08:16 vps postfix/smtps/smtpd[16531]: disconnect from unknown[81.30.107.146]
Oct 12 06:08:17 vps postfix/smtpd[10322]: warning: unknown[212.132.96.229]: SASL LOGIN authentication failed: UGFzc3dvcmQ6
Oct 12 06:08:17 vps postfix/smtps/smtpd[16528]: warning: unknown[81.30.107.49]: SASL LOGIN authentication failed: UGFzc3dvcmQ6
Oct 12 06:08:17 vps postfix/smtpd[10322]: disconnect from unknown[212.132.96.229]
Oct 12 06:08:18 vps postfix/smtpd[19555]: connect from unknown[62.60.131.29]
Oct 12 06:08:21 vps postfix/smtps/smtpd[16528]: lost connection after AUTH from unknown[81.30.107.49]
Oct 12 06:08:21 vps postfix/smtps/smtpd[16528]: disconnect from unknown[81.30.107.49]
Oct 12 06:08:21 vps postfix/smtpd[19555]: warning: unknown[62.60.131.29]: SASL LOGIN authentication failed: UGFzc3dvcmQ6
Oct 12 06:08:21 vps postfix/smtpd[19555]: disconnect from unknown[62.60.131.29]
Oct 12 06:08:30 vps postfix/smtps/smtpd[16531]: connect from unknown[81.30.107.115]
Oct 12 06:08:33 vps postfix/smtps/smtpd[16531]: Anonymous TLS connection established from unknown[81.30.107.115]: TLSv1.2 with cipher ECDHE-RSA-AES256-GCM-SHA384 (256/256 bits)
Oct 12 06:08:43 vps postfix/smtps/smtpd[16531]: warning: unknown[81.30.107.115]: SASL LOGIN authentication failed: UGFzc3dvcmQ6
Oct 12 06:08:44 vps postfix/smtps/smtpd[16531]: lost connection after AUTH from unknown[81.30.107.115]
Oct 12 06:08:44 vps postfix/smtps/smtpd[16531]: disconnect from unknown[81.30.107.115]
Oct 12 06:08:47 vps postfix/smtps/smtpd[16528]: connect from unknown[81.30.107.52]
Oct 12 06:08:51 vps postfix/smtps/smtpd[16528]: Anonymous TLS connection established from unknown[81.30.107.52]: TLSv1.2 with cipher ECDHE-RSA-AES256-GCM-SHA384 (256/256 bits)
Oct 12 06:09:02 vps postfix/smtps/smtpd[16531]: connect from unknown[81.30.107.191]
Oct 12 06:09:03 vps postfix/smtps/smtpd[16528]: warning: unknown[81.30.107.52]: SASL LOGIN authentication failed: UGFzc3dvcmQ6
Oct 12 06:09:04 vps postfix/smtps/smtpd[16528]: lost connection after AUTH from unknown[81.30.107.52]
Oct 12 06:09:04 vps postfix/smtps/smtpd[16528]: disconnect from unknown[81.30.107.52]
Oct 12 06:09:05 vps postfix/smtps/smtpd[16531]: Anonymous TLS connection established from unknown[81.30.107.191]: TLSv1.2 with cipher ECDHE-RSA-AES256-GCM-SHA384 (256/256 bits)
Oct 12 06:09:11 vps postfix/smtps/smtpd[16531]: warning: unknown[81.30.107.191]: SASL LOGIN authentication failed: UGFzc3dvcmQ6
Oct 12 06:09:13 vps postfix/smtps/smtpd[16528]: connect from unknown[81.30.107.88]
Oct 12 06:09:14 vps postfix/smtps/smtpd[16531]: lost connection after AUTH from unknown[81.30.107.191]
Oct 12 06:09:14 vps postfix/smtps/smtpd[16531]: disconnect from unknown[81.30.107.191]
Oct 12 06:09:14 vps postfix/smtps/smtpd[16528]: Anonymous TLS connection established from unknown[81.30.107.88]: TLSv1.2 with cipher ECDHE-RSA-AES256-GCM-SHA384 (256/256 bits)
Oct 12 06:09:15 vps postfix/smtpd[16596]: connect from unknown[212.132.96.229]
Oct 12 06:09:18 vps postfix/smtpd[16596]: warning: unknown[212.132.96.229]: SASL LOGIN authentication failed: UGFzc3dvcmQ6
Oct 12 06:09:18 vps postfix/smtpd[16596]: disconnect from unknown[212.132.96.229]
Oct 12 06:09:20 vps postfix/smtps/smtpd[16528]: warning: unknown[81.30.107.88]: SASL LOGIN authentication failed: UGFzc3dvcmQ6
Oct 12 06:09:20 vps postfix/smtps/smtpd[16528]: lost connection after AUTH from unknown[81.30.107.88]
Oct 12 06:09:20 vps postfix/smtps/smtpd[16528]: disconnect from unknown[81.30.107.88]
Oct 12 06:09:21 vps postfix/smtpd[10322]: connect from ip217.154.225-94.pbiaas.com[217.154.225.94]
Oct 12 06:09:23 vps postfix/smtpd[19555]: connect from unknown[unknown]
Oct 12 06:09:23 vps postfix/smtpd[19555]: lost connection after CONNECT from unknown[unknown]
Oct 12 06:09:23 vps postfix/smtpd[19555]: disconnect from unknown[unknown]
Oct 12 06:09:25 vps postfix/smtpd[10322]: warning: ip217.154.225-94.pbiaas.com[217.154.225.94]: SASL LOGIN authentication failed: UGFzc3dvcmQ6
Oct 12 06:09:25 vps postfix/smtpd[10322]: disconnect from ip217.154.225-94.pbiaas.com[217.154.225.94]
Oct 12 06:09:26 vps postfix/smtpd[16596]: connect from unknown[212.132.96.229]
Oct 12 06:09:33 vps postfix/smtpd[16596]: warning: unknown[212.132.96.229]: SASL LOGIN authentication failed: UGFzc3dvcmQ6
Oct 12 06:09:33 vps postfix/smtpd[16596]: disconnect from unknown[212.132.96.229]
Oct 12 06:09:37 vps postfix/smtpd[10322]: connect from ip217.154.225-94.pbiaas.com[217.154.225.94]
Oct 12 06:09:40 vps postfix/smtpd[10322]: warning: ip217.154.225-94.pbiaas.com[217.154.225.94]: SASL LOGIN authentication failed: UGFzc3dvcmQ6
Oct 12 06:09:40 vps postfix/smtpd[10322]: disconnect from ip217.154.225-94.pbiaas.com[217.154.225.94]
Oct 12 06:09:42 vps postfix/smtps/smtpd[16531]: connect from unknown[81.30.107.118]
Oct 12 06:09:43 vps postfix/smtps/smtpd[16531]: Anonymous TLS connection established from unknown[81.30.107.118]: TLSv1.2 with cipher ECDHE-RSA-AES256-GCM-SHA384 (256/256 bits)
Oct 12 06:09:47 vps postfix/smtps/smtpd[16531]: warning: unknown[81.30.107.118]: SASL LOGIN authentication failed: UGFzc3dvcmQ6
Oct 12 06:09:47 vps postfix/smtps/smtpd[16531]: lost connection after AUTH from unknown[81.30.107.118]
Oct 12 06:09:47 vps postfix/smtps/smtpd[16531]: disconnect from unknown[81.30.107.118]
Oct 12 06:10:01 vps postfix/smtpd[19555]: connect from unknown[77.90.185.87]
Oct 12 06:10:04 vps postfix/smtpd[19555]: warning: unknown[77.90.185.87]: SASL LOGIN authentication failed: UGFzc3dvcmQ6
Oct 12 06:10:04 vps postfix/smtpd[19555]: disconnect from unknown[77.90.185.87]
Oct 12 06:10:18 vps postfix/smtps/smtpd[16528]: connect from unknown[81.30.107.119]
Oct 12 06:10:21 vps postfix/smtps/smtpd[16528]: Anonymous TLS connection established from unknown[81.30.107.119]: TLSv1.2 with cipher ECDHE-RSA-AES256-GCM-SHA384 (256/256 bits)
Oct 12 06:10:25 vps postfix/smtps/smtpd[16528]: warning: unknown[81.30.107.119]: SASL LOGIN authentication failed: UGFzc3dvcmQ6
Oct 12 06:10:25 vps postfix/smtps/smtpd[16528]: lost connection after AUTH from unknown[81.30.107.119]
Oct 12 06:10:25 vps postfix/smtps/smtpd[16528]: disconnect from unknown[81.30.107.119]
Oct 12 06:10:26 vps postfix/smtps/smtpd[16531]: connect from unknown[81.30.107.52]
Oct 12 06:10:29 vps postfix/smtps/smtpd[16531]: Anonymous TLS connection established from unknown[81.30.107.52]: TLSv1.2 with cipher ECDHE-RSA-AES256-GCM-SHA384 (256/256 bits)
Oct 12 06:10:30 vps postfix/smtpd[16596]: connect from unknown[212.132.96.229]
Oct 12 06:10:31 vps postfix/smtps/smtpd[16528]: connect from unknown[81.30.107.118]
Oct 12 06:10:31 vps postfix/smtps/smtpd[16528]: Anonymous TLS connection established from unknown[81.30.107.118]: TLSv1.2 with cipher ECDHE-RSA-AES256-GCM-SHA384 (256/256 bits)
Oct 12 06:10:33 vps postfix/smtpd[16596]: warning: unknown[212.132.96.229]: SASL LOGIN authentication failed: UGFzc3dvcmQ6
Oct 12 06:10:33 vps postfix/smtpd[16596]: disconnect from unknown[212.132.96.229]
Oct 12 06:10:34 vps postfix/smtps/smtpd[16531]: warning: unknown[81.30.107.52]: SASL LOGIN authentication failed: UGFzc3dvcmQ6
Oct 12 06:10:35 vps postfix/smtps/smtpd[16528]: warning: unknown[81.30.107.118]: SASL LOGIN authentication failed: UGFzc3dvcmQ6
Oct 12 06:10:35 vps postfix/smtps/smtpd[16528]: lost connection after AUTH from unknown[81.30.107.118]
Oct 12 06:10:35 vps postfix/smtps/smtpd[16528]: disconnect from unknown[81.30.107.118]
Oct 12 06:10:38 vps postfix/smtps/smtpd[16531]: lost connection after AUTH from unknown[81.30.107.52]
Oct 12 06:10:38 vps postfix/smtps/smtpd[16531]: disconnect from unknown[81.30.107.52]
Oct 12 06:10:42 vps postfix/smtpd[10322]: connect from unknown[212.132.96.229]
Oct 12 06:10:45 vps postfix/smtps/smtpd[16528]: connect from unknown[81.30.107.110]
Oct 12 06:10:46 vps postfix/smtps/smtpd[16531]: connect from unknown[81.30.107.192]
Oct 12 06:10:48 vps postfix/smtps/smtpd[16528]: Anonymous TLS connection established from unknown[81.30.107.110]: TLSv1.2 with cipher ECDHE-RSA-AES256-GCM-SHA384 (256/256 bits)
Oct 12 06:10:48 vps postfix/smtps/smtpd[16531]: Anonymous TLS connection established from unknown[81.30.107.192]: TLSv1.2 with cipher ECDHE-RSA-AES256-GCM-SHA384 (256/256 bits)
Oct 12 06:10:49 vps postfix/smtpd[10322]: warning: unknown[212.132.96.229]: SASL LOGIN authentication failed: UGFzc3dvcmQ6
Oct 12 06:10:49 vps postfix/smtpd[10322]: disconnect from unknown[212.132.96.229]
Oct 12 06:10:52 vps postfix/smtps/smtpd[16528]: warning: unknown[81.30.107.110]: SASL LOGIN authentication failed: UGFzc3dvcmQ6
Oct 12 06:10:52 vps postfix/smtps/smtpd[16531]: warning: unknown[81.30.107.192]: SASL LOGIN authentication failed: UGFzc3dvcmQ6
Oct 12 06:10:52 vps postfix/smtps/smtpd[16531]: lost connection after AUTH from unknown[81.30.107.192]
Oct 12 06:10:52 vps postfix/smtps/smtpd[16531]: disconnect from unknown[81.30.107.192]
Oct 12 06:10:55 vps postfix/smtps/smtpd[16528]: lost connection after AUTH from unknown[81.30.107.110]
Oct 12 06:10:55 vps postfix/smtps/smtpd[16528]: disconnect from unknown[81.30.107.110]
Oct 12 06:10:56 vps postfix/smtps/smtpd[16531]: connect from unknown[81.30.107.20]
Oct 12 06:10:57 vps postfix/smtps/smtpd[16531]: Anonymous TLS connection established from unknown[81.30.107.20]: TLSv1.2 with cipher ECDHE-RSA-AES256-GCM-SHA384 (256/256 bits)
Oct 12 06:10:59 vps postfix/smtpd[16596]: connect from ip217.154.225-94.pbiaas.com[217.154.225.94]
Oct 12 06:11:02 vps postfix/smtpd[16596]: warning: ip217.154.225-94.pbiaas.com[217.154.225.94]: SASL LOGIN authentication failed: UGFzc3dvcmQ6
Oct 12 06:11:02 vps postfix/smtpd[16596]: disconnect from ip217.154.225-94.pbiaas.com[217.154.225.94]
Oct 12 06:11:02 vps postfix/smtps/smtpd[16528]: connect from unknown[81.30.107.115]
Oct 12 06:11:05 vps postfix/smtps/smtpd[16528]: Anonymous TLS connection established from unknown[81.30.107.115]: TLSv1.2 with cipher ECDHE-RSA-AES256-GCM-SHA384 (256/256 bits)
Oct 12 06:11:05 vps postfix/smtps/smtpd[16531]: warning: unknown[81.30.107.20]: SASL LOGIN authentication failed: UGFzc3dvcmQ6
Oct 12 06:11:05 vps postfix/smtps/smtpd[16531]: lost connection after AUTH from unknown[81.30.107.20]
Oct 12 06:11:05 vps postfix/smtps/smtpd[16531]: disconnect from unknown[81.30.107.20]
Oct 12 06:11:06 vps postfix/smtps/smtpd[16531]: connect from unknown[81.30.107.173]
Oct 12 06:11:09 vps postfix/smtps/smtpd[16531]: Anonymous TLS connection established from unknown[81.30.107.173]: TLSv1.2 with cipher ECDHE-RSA-AES256-GCM-SHA384 (256/256 bits)
Oct 12 06:11:09 vps postfix/smtps/smtpd[16528]: warning: unknown[81.30.107.115]: SASL LOGIN authentication failed: UGFzc3dvcmQ6
Oct 12 06:11:09 vps postfix/smtps/smtpd[16528]: lost connection after AUTH from unknown[81.30.107.115]
Oct 12 06:11:09 vps postfix/smtps/smtpd[16528]: disconnect from unknown[81.30.107.115]
Oct 12 06:11:13 vps postfix/smtps/smtpd[16531]: warning: unknown[81.30.107.173]: SASL LOGIN authentication failed: UGFzc3dvcmQ6
Oct 12 06:11:14 vps postfix/smtps/smtpd[16531]: lost connection after AUTH from unknown[81.30.107.173]
Oct 12 06:11:14 vps postfix/smtps/smtpd[16531]: disconnect from unknown[81.30.107.173]
Oct 12 06:11:16 vps postfix/smtpd[10322]: connect from ip217.154.225-94.pbiaas.com[217.154.225.94]
Oct 12 06:11:19 vps postfix/smtpd[10322]: warning: ip217.154.225-94.pbiaas.com[217.154.225.94]: SASL LOGIN authentication failed: UGFzc3dvcmQ6
Oct 12 06:11:19 vps postfix/smtpd[10322]: disconnect from ip217.154.225-94.pbiaas.com[217.154.225.94]
Oct 12 06:11:26 vps postfix/smtps/smtpd[16528]: connect from unknown[81.30.107.67]
Oct 12 06:11:29 vps postfix/smtps/smtpd[16528]: Anonymous TLS connection established from unknown[81.30.107.67]: TLSv1.2 with cipher ECDHE-RSA-AES256-GCM-SHA384 (256/256 bits)
Oct 12 06:11:34 vps postfix/smtps/smtpd[16528]: warning: unknown[81.30.107.67]: SASL LOGIN authentication failed: UGFzc3dvcmQ6
Oct 12 06:11:36 vps postfix/smtpd[19555]: connect from unknown[185.93.89.243]
Oct 12 06:11:37 vps postfix/smtps/smtpd[16528]: lost connection after AUTH from unknown[81.30.107.67]
Oct 12 06:11:37 vps postfix/smtps/smtpd[16528]: disconnect from unknown[81.30.107.67]
Oct 12 06:11:43 vps postfix/smtps/smtpd[16531]: connect from unknown[81.30.107.143]
Oct 12 06:11:45 vps postfix/smtps/smtpd[16531]: Anonymous TLS connection established from unknown[81.30.107.143]: TLSv1.2 with cipher ECDHE-RSA-AES256-GCM-SHA384 (256/256 bits)
Oct 12 06:11:45 vps postfix/smtpd[16596]: connect from unknown[212.132.96.229]
Oct 12 06:11:48 vps postfix/smtps/smtpd[16531]: warning: unknown[81.30.107.143]: SASL LOGIN authentication failed: UGFzc3dvcmQ6
Oct 12 06:11:48 vps postfix/smtpd[16596]: warning: unknown[212.132.96.229]: SASL LOGIN authentication failed: UGFzc3dvcmQ6
Oct 12 06:11:48 vps postfix/smtps/smtpd[16531]: lost connection after AUTH from unknown[81.30.107.143]
Oct 12 06:11:48 vps postfix/smtps/smtpd[16531]: disconnect from unknown[81.30.107.143]
Oct 12 06:11:48 vps postfix/smtpd[16596]: disconnect from unknown[212.132.96.229]
Oct 12 06:11:56 vps postfix/smtps/smtpd[16528]: connect from unknown[81.30.107.88]
Oct 12 06:11:56 vps postfix/smtpd[10322]: connect from unknown[212.132.96.229]
Oct 12 06:11:57 vps postfix/smtpd[20407]: connect from unknown[77.90.185.87]
Oct 12 06:11:58 vps postfix/smtps/smtpd[16528]: Anonymous TLS connection established from unknown[81.30.107.88]: TLSv1.2 with cipher ECDHE-RSA-AES256-GCM-SHA384 (256/256 bits)
Oct 12 06:11:58 vps postfix/smtpd[20412]: connect from unknown[77.90.185.87]
Oct 12 06:12:00 vps postfix/smtpd[20407]: warning: unknown[77.90.185.87]: SASL LOGIN authentication failed: UGFzc3dvcmQ6
Oct 12 06:12:00 vps postfix/smtpd[20407]: disconnect from unknown[77.90.185.87]
Oct 12 06:12:02 vps postfix/smtps/smtpd[16528]: warning: unknown[81.30.107.88]: SASL LOGIN authentication failed: UGFzc3dvcmQ6
Oct 12 06:12:03 vps postfix/smtpd[20407]: connect from unknown[77.90.185.87]
Oct 12 06:12:04 vps postfix/smtpd[10322]: warning: unknown[212.132.96.229]: SASL LOGIN authentication failed: UGFzc3dvcmQ6
Oct 12 06:12:04 vps postfix/smtpd[10322]: disconnect from unknown[212.132.96.229]
Oct 12 06:12:04 vps postfix/smtps/smtpd[16528]: lost connection after AUTH from unknown[81.30.107.88]
Oct 12 06:12:04 vps postfix/smtps/smtpd[16528]: disconnect from unknown[81.30.107.88]
