41.186.73.134 - - [19/Jun/2023:02:34:34 +0530] "GET /manager/html HTTP/1.1" 401 2473
107.189.31.184 - - [19/Jun/2023:02:35:54 +0530] "GET /airflow.cfg HTTP/1.1" 404 1016
107.189.31.184 - - [19/Jun/2023:02:36:13 +0530] "GET /artifactory/ui/repodata?deploy=true HTTP/1.1" 404 1040
107.189.31.184 - - [19/Jun/2023:02:36:13 +0530] "GET /artifactory/ui/repodata?deploy=true HTTP/1.1" 404 1040
107.189.31.184 - - [19/Jun/2023:02:36:26 +0530] "GET /Runtime/Data/ms_admin.php HTTP/1.1" 404 1044
107.189.31.184 - - [19/Jun/2023:02:36:26 +0530] "GET /Runtime/Data/ms_admin.php HTTP/1.1" 404 1044
107.189.31.184 - - [19/Jun/2023:02:36:41 +0530] "POST /wp-admin/admin-ajax.php?action=cfom_upload_file&name=2RHott3vpJBWrhlMjl6HFTL8aqG.pHp HTTP/1.1" 404 1040
107.189.31.184 - - [19/Jun/2023:02:36:42 +0530] "GET /wp-content/uploads/cfom_files/2rhott3vpjbwrhlmjl6hftl8aqg.php HTTP/1.1" 404 1116
107.189.31.184 - - [19/Jun/2023:02:36:43 +0530] "POST /wp-admin/admin-ajax.php?action=cfom_upload_file&name=2RHott3vpJBWrhlMjl6HFTL8aqG.pHp HTTP/1.1" 404 1040
107.189.31.184 - - [19/Jun/2023:02:36:44 +0530] "GET /wp-content/uploads/cfom_files/2rhott3vpjbwrhlmjl6hftl8aqg.php HTTP/1.1" 404 1116
107.189.31.184 - - [19/Jun/2023:02:36:49 +0530] "POST /casmain.xgi HTTP/1.1" 404 1016
107.189.31.184 - - [19/Jun/2023:02:36:49 +0530] "POST /casmain.xgi HTTP/1.1" 404 1016
87.120.88.58 - - [19/Jun/2023:02:37:09 +0530] "CONNECT google.com:443 HTTP/1.1" 400 -
41.186.73.134 - - [19/Jun/2023:02:37:47 +0530] "GET /manager/html HTTP/1.1" 401 2473
41.186.73.134 - - [19/Jun/2023:02:38:51 +0530] "GET /manager/html HTTP/1.1" 401 2473
183.108.49.188 - - [19/Jun/2023:02:39:44 +0530] "POST /goform/set_LimitClient_cfg HTTP/1.1" 400 -
41.186.73.134 - - [19/Jun/2023:02:41:56 +0530] "GET /manager/html HTTP/1.1" 401 2473
41.186.73.134 - - [19/Jun/2023:02:42:58 +0530] "GET /manager/html HTTP/1.1" 401 2473
107.189.31.184 - - [19/Jun/2023:02:44:23 +0530] "GET /install/page_start.php HTTP/1.1" 404 1038
107.189.31.184 - - [19/Jun/2023:02:44:23 +0530] "GET /install/page_start.php HTTP/1.1" 404 1038
159.203.192.16 - - [19/Jun/2023:02:45:26 +0530] "GET /actuator/health HTTP/1.1" 404 1024
159.203.192.16 - - [19/Jun/2023:02:46:03 +0530] "GET /actuator/health HTTP/1.1" 404 1024
41.186.73.134 - - [19/Jun/2023:02:46:04 +0530] "GET /manager/html HTTP/1.1" 401 2473
41.186.73.134 - - [19/Jun/2023:02:47:06 +0530] "GET /manager/html HTTP/1.1" 401 2473
107.189.31.184 - - [19/Jun/2023:02:47:23 +0530] "GET /plus/carbuyaction.php?code=../../&dopost=return HTTP/1.1" 404 1036
107.189.31.184 - - [19/Jun/2023:02:47:24 +0530] "GET /plus/carbuyaction.php?code=../../&dopost=return HTTP/1.1" 404 1036
107.189.31.184 - - [19/Jun/2023:02:48:07 +0530] "GET /users/sign_in HTTP/1.1" 404 1020
107.189.31.184 - - [19/Jun/2023:02:48:07 +0530] "GET /users/sign_in HTTP/1.1" 404 1020
41.186.73.134 - - [19/Jun/2023:02:50:16 +0530] "GET /manager/html HTTP/1.1" 401 2473
107.189.31.184 - - [19/Jun/2023:02:51:17 +0530] "GET /wp-content/plugins/wp-planet/rss.class/scripts/magpie_debug.php?url=%3Cscript%3Ealert%28document.domain%29%3C%2Fscript%3E HTTP/1.1" 404 1120
107.189.31.184 - - [19/Jun/2023:02:51:18 +0530] "GET /wp-content/plugins/wp-planet/rss.class/scripts/magpie_debug.php?url=%3Cscript%3Ealert%28document.domain%29%3C%2Fscript%3E HTTP/1.1" 404 1120
41.186.73.134 - - [19/Jun/2023:02:51:20 +0530] "GET /manager/html HTTP/1.1" 401 2473
209.141.41.129 - - [19/Jun/2023:02:51:29 +0530] "CONNECT www.baidu.com:443 HTTP/1.1" 400 -
185.180.143.80 - - [19/Jun/2023:02:52:14 +0530] "GET /favicon.ico HTTP/1.1" 200 21630
107.189.31.184 - - [19/Jun/2023:02:52:44 +0530] "GET /novius-os/admin/nos/login?redirect=http://interact.sh HTTP/1.1" 404 1044
107.189.31.184 - - [19/Jun/2023:02:52:46 +0530] "GET /novius-os/admin/nos/login?redirect=http://interact.sh HTTP/1.1" 404 1044
41.186.73.134 - - [19/Jun/2023:02:54:26 +0530] "GET /manager/html HTTP/1.1" 401 2473
41.186.73.134 - - [19/Jun/2023:02:55:28 +0530] "GET /manager/html HTTP/1.1" 401 2473
90.151.171.108 - - [19/Jun/2023:02:55:50 +0530] "CONNECT ip.bablosoft.com:443 HTTP/1.1" 400 -
90.151.171.108 - - [19/Jun/2023:02:55:50 +0530] "CONNECT eth0.me:443 HTTP/1.1" 400 -
90.151.171.108 - - [19/Jun/2023:02:55:55 +0530] "-" 400 -
90.151.171.108 - - [19/Jun/2023:02:55:55 +0530] "-" 400 -
90.151.171.108 - - [19/Jun/2023:02:56:00 +0530] "GET /?Z78909657371Q1 HTTP/1.1" 200 11250
90.151.171.108 - - [19/Jun/2023:02:56:00 +0530] "GET /?Z70629657371Q1 HTTP/1.1" 200 11250
90.151.171.108 - - [19/Jun/2023:02:56:05 +0530] "-" 400 -
90.151.171.108 - - [19/Jun/2023:02:56:05 +0530] "-" 400 -
107.189.31.184 - - [19/Jun/2023:02:56:44 +0530] "GET /premise/front/getPingData?url=http://0.0.0.0:9600/sm/api/v1/firewall/zone/services?zone=;/usr/bin/id; HTTP/1.1" 404 1044
107.189.31.184 - - [19/Jun/2023:02:56:45 +0530] "GET /premise/front/getPingData?url=http://0.0.0.0:9600/sm/api/v1/firewall/zone/services?zone=;/usr/bin/id; HTTP/1.1" 404 1044
107.189.31.184 - - [19/Jun/2023:02:56:45 +0530] "GET /OA_HTML/ibeCAcpSSOReg.jsp HTTP/1.1" 404 1044
107.189.31.184 - - [19/Jun/2023:02:56:45 +0530] "GET /OA_HTML/ibeCAcpSSOReg.jsp HTTP/1.1" 404 1044
193.168.141.94 - - [19/Jun/2023:02:57:42 +0530] "-" 400 -
193.168.141.94 - - [19/Jun/2023:02:57:43 +0530] "GET / HTTP/1.1" 200 11250
193.168.141.94 - - [19/Jun/2023:02:57:43 +0530] "-" 400 -
193.168.141.94 - - [19/Jun/2023:02:57:43 +0530] "GET /.json HTTP/1.1" 404 1004
193.168.141.94 - - [19/Jun/2023:02:57:44 +0530] "GET /config.json HTTP/1.1" 404 1016
193.168.141.94 - - [19/Jun/2023:02:57:44 +0530] "GET /.env HTTP/1.1" 404 1002
193.168.141.94 - - [19/Jun/2023:02:57:44 +0530] "GET /.git/config HTTP/1.1" 404 1016
193.168.141.94 - - [19/Jun/2023:02:57:44 +0530] "GET /info.php HTTP/1.1" 404 1010
107.189.31.184 - - [19/Jun/2023:02:58:11 +0530] "POST /api/auth/login HTTP/1.1" 404 1022
107.189.31.184 - - [19/Jun/2023:02:58:12 +0530] "POST /api/auth/login HTTP/1.1" 404 1022
41.186.73.134 - - [19/Jun/2023:02:58:31 +0530] "GET /manager/html HTTP/1.1" 401 2473
41.186.73.134 - - [19/Jun/2023:02:59:32 +0530] "GET /manager/html HTTP/1.1" 401 2473
107.189.31.184 - - [19/Jun/2023:03:00:50 +0530] "GET /lib///....//....//....//....//....//....//....//....//etc//passwd HTTP/1.1" 404 1124
107.189.31.184 - - [19/Jun/2023:03:00:51 +0530] "GET /lib///....//....//....//....//....//....//....//....//etc//passwd HTTP/1.1" 404 1124
107.189.31.184 - - [19/Jun/2023:03:00:56 +0530] "GET /topic/e'%22%3E%3Cimg%20src=x%20onerror=alert(2)%3E HTTP/1.1" 404 1094
107.189.31.184 - - [19/Jun/2023:03:00:57 +0530] "GET /topic/e'%22%3E%3Cimg%20src=x%20onerror=alert(2)%3E HTTP/1.1" 404 1094
107.189.31.184 - - [19/Jun/2023:03:01:14 +0530] "GET /changePassword?username=administrator HTTP/1.1" 404 1022
107.189.31.184 - - [19/Jun/2023:03:01:14 +0530] "GET /changePassword?username=administrator HTTP/1.1" 404 1022
41.186.73.134 - - [19/Jun/2023:03:02:46 +0530] "GET /manager/html HTTP/1.1" 401 2473
107.189.31.184 - - [19/Jun/2023:03:03:40 +0530] "GET /wp-content/plugins/issuu-panel/menu/documento/requests/ajax-docs.php?abspath=%2Fetc%2Fpasswd HTTP/1.1" 404 1130
107.189.31.184 - - [19/Jun/2023:03:03:40 +0530] "GET /wp-content/plugins/issuu-panel/menu/documento/requests/ajax-docs.php?abspath=%2Fetc%2Fpasswd HTTP/1.1" 404 1130
41.186.73.134 - - [19/Jun/2023:03:03:51 +0530] "GET /manager/html HTTP/1.1" 401 2473
205.185.115.70 - - [19/Jun/2023:03:05:09 +0530] "CONNECT www.baidu.com:443 HTTP/1.1" 400 -
107.189.31.184 - - [19/Jun/2023:03:05:38 +0530] "GET /index.php?currentpath=%3Cscript%3Ealert%28document.domain%29%3C%2Fscript%3E HTTP/1.1" 404 1012
107.189.31.184 - - [19/Jun/2023:03:05:38 +0530] "GET /index.php?currentpath=%3Cscript%3Ealert%28document.domain%29%3C%2Fscript%3E HTTP/1.1" 404 1012
41.186.73.134 - - [19/Jun/2023:03:06:59 +0530] "GET /manager/html HTTP/1.1" 401 2473
41.186.73.134 - - [19/Jun/2023:03:08:00 +0530] "GET /manager/html HTTP/1.1" 401 2473
107.189.31.184 - - [19/Jun/2023:03:08:56 +0530] "GET /catalog.php?filename=../../../../../../../../../etc/passwd HTTP/1.1" 404 1016
107.189.31.184 - - [19/Jun/2023:03:08:57 +0530] "GET /catalog.php?filename=../../../../../../../../../etc/passwd HTTP/1.1" 404 1016
107.189.31.184 - - [19/Jun/2023:03:09:33 +0530] "GET /index.php/component/jemessenger/box_details?dw_file=../../.././../../../etc/passwd&task=download HTTP/1.1" 404 1080
107.189.31.184 - - [19/Jun/2023:03:09:33 +0530] "GET /index.php/component/jemessenger/box_details?dw_file=../../.././../../../etc/passwd&task=download HTTP/1.1" 404 1080
107.189.31.184 - - [19/Jun/2023:03:10:36 +0530] "GET null null" 400 -
107.189.31.184 - - [19/Jun/2023:03:10:37 +0530] "GET null null" 400 -
107.189.31.184 - - [19/Jun/2023:03:10:38 +0530] "GET /index.php?redirect=//interact.sh HTTP/1.1" 404 1012
107.189.31.184 - - [19/Jun/2023:03:10:39 +0530] "GET /index.php?redirect=//interact.sh HTTP/1.1" 404 1012
41.186.73.134 - - [19/Jun/2023:03:11:03 +0530] "GET /manager/html HTTP/1.1" 401 2473
107.189.31.184 - - [19/Jun/2023:03:11:13 +0530] "GET /Images/Remote?imageUrl=https://oast.me/ HTTP/1.1" 404 1020
107.189.31.184 - - [19/Jun/2023:03:11:15 +0530] "GET /Items/RemoteSearch/Image?ImageUrl=https://oast.me/&ProviderName=TheMovieDB HTTP/1.1" 404 1042
107.189.31.184 - - [19/Jun/2023:03:11:15 +0530] "GET /Images/Remote?imageUrl=https://oast.me/ HTTP/1.1" 404 1020
107.189.31.184 - - [19/Jun/2023:03:11:17 +0530] "GET /Items/RemoteSearch/Image?ImageUrl=https://oast.me/&ProviderName=TheMovieDB HTTP/1.1" 404 1042
107.189.31.184 - - [19/Jun/2023:03:12:01 +0530] "GET /admin/?id=1'+AND+(SELECT+7774+FROM+(SELECT(SLEEP(6)))dPPt)+AND+'rogN'='rogN&page=requests/manage_request HTTP/1.1" 404 1006
107.189.31.184 - - [19/Jun/2023:03:12:02 +0530] "GET /admin/?id=1'+AND+(SELECT+7774+FROM+(SELECT(SLEEP(6)))dPPt)+AND+'rogN'='rogN&page=requests/manage_request HTTP/1.1" 404 1006
41.186.73.134 - - [19/Jun/2023:03:12:04 +0530] "GET /manager/html HTTP/1.1" 401 2473
154.53.58.101 - - [19/Jun/2023:03:13:14 +0530] "GET / HTTP/1.1" 200 11250
154.53.58.101 - - [19/Jun/2023:03:13:15 +0530] "GET /gui HTTP/1.1" 404 1000
41.186.73.134 - - [19/Jun/2023:03:15:19 +0530] "GET /manager/html HTTP/1.1" 401 2473
41.186.73.134 - - [19/Jun/2023:03:16:22 +0530] "GET /manager/html HTTP/1.1" 401 2473
107.189.31.184 - - [19/Jun/2023:03:16:59 +0530] "POST /ueditor/php/controller.php?action=uploadfile HTTP/1.1" 404 1046
107.189.31.184 - - [19/Jun/2023:03:16:59 +0530] "POST /ueditor/php/controller.php?action=uploadfile HTTP/1.1" 404 1046
107.189.31.184 - - [19/Jun/2023:03:18:11 +0530] "GET /?score=2134%22%3E%3Cscript%3Ealert%28document.domain%29%3C%2Fscript%3E&subreddit=news HTTP/1.1" 200 11250
107.189.31.184 - - [19/Jun/2023:03:18:11 +0530] "GET /?score=2134%22%3E%3Cscript%3Ealert%28document.domain%29%3C%2Fscript%3E&subreddit=news HTTP/1.1" 200 11250
107.189.31.184 - - [19/Jun/2023:03:18:44 +0530] "GET /wp-content/plugins/dukapress/lib/dp_image.php?src=../../../../wp-config.php HTTP/1.1" 404 1084
107.189.31.184 - - [19/Jun/2023:03:18:45 +0530] "GET /wp-content/plugins/dukapress/lib/dp_image.php?src=../../../../wp-config.php HTTP/1.1" 404 1084
41.186.73.134 - - [19/Jun/2023:03:19:27 +0530] "GET /manager/html HTTP/1.1" 401 2473
41.186.73.134 - - [19/Jun/2023:03:20:29 +0530] "GET /manager/html HTTP/1.1" 401 2473
90.151.171.108 - - [19/Jun/2023:03:22:40 +0530] "CONNECT checkip.amazonaws.com:443 HTTP/1.1" 400 -
90.151.171.108 - - [19/Jun/2023:03:22:40 +0530] "CONNECT fingerprints.bablosoft.com:443 HTTP/1.1" 400 -
90.151.171.108 - - [19/Jun/2023:03:22:45 +0530] "-" 400 -
90.151.171.108 - - [19/Jun/2023:03:22:45 +0530] "-" 400 -
107.189.31.184 - - [19/Jun/2023:03:22:47 +0530] "GET /wp-content/plugins/localize-my-post/ajax/include.php?file=../../../../../../../../../../etc/passwd HTTP/1.1" 404 1098
107.189.31.184 - - [19/Jun/2023:03:22:47 +0530] "GET /wp-content/plugins/localize-my-post/ajax/include.php?file=../../../../../../../../../../etc/passwd HTTP/1.1" 404 1098
90.151.171.108 - - [19/Jun/2023:03:22:50 +0530] "GET /?Z78909657371Q1 HTTP/1.1" 200 11250
90.151.171.108 - - [19/Jun/2023:03:22:50 +0530] "GET /ip?Z70629657371Q1 HTTP/1.1" 404 998
90.151.171.108 - - [19/Jun/2023:03:22:55 +0530] "-" 400 -
90.151.171.108 - - [19/Jun/2023:03:22:55 +0530] "-" 400 -
41.186.73.134 - - [19/Jun/2023:03:23:30 +0530] "GET /manager/html HTTP/1.1" 401 2473
107.189.31.184 - - [19/Jun/2023:03:24:17 +0530] "GET /..%2F..%2F..%2F..%2F..%2F..%2F..%2F..%2F..%2F..%2F..%2F..%2Fwindows%2Fwin.ini HTTP/1.1" 400 -
107.189.31.184 - - [19/Jun/2023:03:24:18 +0530] "GET /..%2F..%2F..%2F..%2F..%2F..%2F..%2F..%2F..%2F..%2F..%2F..%2Fwindows%2Fwin.ini HTTP/1.1" 400 -
41.186.73.134 - - [19/Jun/2023:03:24:31 +0530] "GET /manager/html HTTP/1.1" 401 2473
107.189.31.184 - - [19/Jun/2023:03:24:52 +0530] "GET /a/b/%252f..%252f..%252f..%252f..%252f..%252f..%252f..%252fetc/passwd HTTP/1.1" 404 1130
107.189.31.184 - - [19/Jun/2023:03:24:53 +0530] "GET /a/b/%252f..%252f..%252f..%252f..%252f..%252f..%252f..%252fetc/passwd HTTP/1.1" 404 1130
107.189.31.184 - - [19/Jun/2023:03:26:18 +0530] "GET /install.php?a=check HTTP/1.1" 404 1016
107.189.31.184 - - [19/Jun/2023:03:26:18 +0530] "GET /install.php?a=check HTTP/1.1" 404 1016
205.210.31.74 - - [19/Jun/2023:03:26:29 +0530] "GET / HTTP/1.1" 200 11250
107.189.31.184 - - [19/Jun/2023:03:26:47 +0530] "GET /fuel/login HTTP/1.1" 404 1014
107.189.31.184 - - [19/Jun/2023:03:26:47 +0530] "GET /fuel/login HTTP/1.1" 404 1014
107.189.31.184 - - [19/Jun/2023:03:26:56 +0530] "POST /thruk/cgi-bin/login.cgi HTTP/1.1" 404 1040
107.189.31.184 - - [19/Jun/2023:03:26:57 +0530] "POST /thruk/cgi-bin/login.cgi HTTP/1.1" 404 1040
107.189.31.184 - - [19/Jun/2023:03:27:14 +0530] "GET /NCFindWeb?filename=WEB-INF/web.xml&service=IPreAlertConfigService HTTP/1.1" 404 1012
107.189.31.184 - - [19/Jun/2023:03:27:14 +0530] "GET /NCFindWeb?filename=WEB-INF/web.xml&service=IPreAlertConfigService HTTP/1.1" 404 1012
41.186.73.134 - - [19/Jun/2023:03:27:42 +0530] "GET /manager/html HTTP/1.1" 401 2473
107.189.31.184 - - [19/Jun/2023:03:28:23 +0530] "GET /api/v1/repos/search?q=%27)%09UNION%09SELECT%09*%09FROM%09(SELECT%09null)%09AS%09a1%09%09JOIN%09(SELECT%091)%09as%09u%09JOIN%09(SELECT%09user())%09AS%09b1%09JOIN%09(SELECT%09user())%09AS%09b2%09JOIN%09(SELECT%09null)%09as%09a3%09%09JOIN%09(SELECT%09null)%09as%09a4%09%09JOIN%09(SELECT%09null)%09as%09a5%09%09JOIN%09(SELECT%09null)%09as%09a6%09%09JOIN%09(SELECT%09null)%09as%09a7%09%09JOIN%09(SELECT%09null)%09as%09a8%09%09JOIN%09(SELECT%09null)%09as%09a9%09JOIN%09(SELECT%09null)%09as%09a10%09JOIN%09(SELECT%09null)%09as%09a11%09JOIN%09(SELECT%09null)%09as%09a12%09JOIN%09(SELECT%09null)%09as%09a13%09%09JOIN%09(SELECT%09null)%09as%09a14%09%09JOIN%09(SELECT%09null)%09as%09a15%09%09JOIN%09(SELECT%09null)%09as%09a16%09%09JOIN%09(SELECT%09null)%09as%09a17%09%09JOIN%09(SELECT%09null)%09as%09a18%09%09JOIN%09(SELECT%09null)%09as%09a19%09%09JOIN%09(SELECT%09null)%09as%09a20%09%09JOIN%09(SELECT%09null)%09as%09a21%09%09JOIN%09(SELECT%09null)%09as%09a22%09where%09(%27%25%27=%27 HTTP/1.1" 404 1032
107.189.31.184 - - [19/Jun/2023:03:28:24 +0530] "GET /api/v1/repos/search?q=%27)%09UNION%09SELECT%09*%09FROM%09(SELECT%09null)%09AS%09a1%09%09JOIN%09(SELECT%091)%09as%09u%09JOIN%09(SELECT%09user())%09AS%09b1%09JOIN%09(SELECT%09user())%09AS%09b2%09JOIN%09(SELECT%09null)%09as%09a3%09%09JOIN%09(SELECT%09null)%09as%09a4%09%09JOIN%09(SELECT%09null)%09as%09a5%09%09JOIN%09(SELECT%09null)%09as%09a6%09%09JOIN%09(SELECT%09null)%09as%09a7%09%09JOIN%09(SELECT%09null)%09as%09a8%09%09JOIN%09(SELECT%09null)%09as%09a9%09JOIN%09(SELECT%09null)%09as%09a10%09JOIN%09(SELECT%09null)%09as%09a11%09JOIN%09(SELECT%09null)%09as%09a12%09JOIN%09(SELECT%09null)%09as%09a13%09%09JOIN%09(SELECT%09null)%09as%09a14%09%09JOIN%09(SELECT%09null)%09as%09a15%09%09JOIN%09(SELECT%09null)%09as%09a16%09%09JOIN%09(SELECT%09null)%09as%09a17%09%09JOIN%09(SELECT%09null)%09as%09a18%09%09JOIN%09(SELECT%09null)%09as%09a19%09%09JOIN%09(SELECT%09null)%09as%09a20%09%09JOIN%09(SELECT%09null)%09as%09a21%09%09JOIN%09(SELECT%09null)%09as%09a22%09where%09(%27%25%27=%27 HTTP/1.1" 404 1032
107.189.31.184 - - [19/Jun/2023:03:28:43 +0530] "GET /messages HTTP/1.1" 404 1010
107.189.31.184 - - [19/Jun/2023:03:28:44 +0530] "GET /messages HTTP/1.1" 404 1010
41.186.73.134 - - [19/Jun/2023:03:28:46 +0530] "GET /manager/html HTTP/1.1" 401 2473
107.189.31.184 - - [19/Jun/2023:03:30:00 +0530] "GET /module/?class=x&data-show-ui=admin&from_url=http://103.145.51.74:8080&id=x&module=%27onm%3Ca%3Eouseover=alert(document.domain)%27%22tabindex=1&style=width:100%25;height:100%25; HTTP/1.1" 404 1008
107.189.31.184 - - [19/Jun/2023:03:30:00 +0530] "GET /module/?class=x&data-show-ui=admin&from_url=http://103.145.51.236:8080&id=x&module=%27onm%3Ca%3Eouseover=alert(document.domain)%27%22tabindex=1&style=width:100%25;height:100%25; HTTP/1.1" 404 1008
103.169.34.47 - - [19/Jun/2023:03:30:19 +0530] "CONNECT www.google.com:443 HTTP/1.1" 400 -
41.186.73.134 - - [19/Jun/2023:03:31:50 +0530] "GET /manager/html HTTP/1.1" 401 2473
41.186.73.134 - - [19/Jun/2023:03:32:52 +0530] "GET /manager/html HTTP/1.1" 401 2473
107.189.31.184 - - [19/Jun/2023:03:33:40 +0530] "GET /category_view.php HTTP/1.1" 404 1028
107.189.31.184 - - [19/Jun/2023:03:33:41 +0530] "GET /category_view.php HTTP/1.1" 404 1028
107.189.31.184 - - [19/Jun/2023:03:33:42 +0530] "GET /folder_view.php HTTP/1.1" 404 1024
107.189.31.184 - - [19/Jun/2023:03:33:43 +0530] "GET /folder_view.php HTTP/1.1" 404 1024
41.186.73.134 - - [19/Jun/2023:03:36:01 +0530] "GET /manager/html HTTP/1.1" 401 2473
41.186.73.134 - - [19/Jun/2023:03:37:03 +0530] "GET /manager/html HTTP/1.1" 401 2473
107.189.31.184 - - [19/Jun/2023:03:38:14 +0530] "GET /BitKeeper/etc/config HTTP/1.1" 404 1034
107.189.31.184 - - [19/Jun/2023:03:38:14 +0530] "GET /BitKeeper/etc/config HTTP/1.1" 404 1034
107.189.31.184 - - [19/Jun/2023:03:39:47 +0530] "GET /index.php?query=app=Common%26model=Schedule%26method=runSchedule%26id[status]=1%26id[method]=Schedule-%3E_validationFieldItem%26id[4]=function%26[6][]=%26id[0]=cmd%26id[1]=assert%26id[args]=cmd=system(ver)&s=weibo/Share/shareBox HTTP/1.1" 404 1012
107.189.31.184 - - [19/Jun/2023:03:39:49 +0530] "GET /index.php?query=app=Common%26model=Schedule%26method=runSchedule%26id[status]=1%26id[method]=Schedule-%3E_validationFieldItem%26id[4]=function%26[6][]=%26id[0]=cmd%26id[1]=assert%26id[args]=cmd=system(id)&s=weibo/Share/shareBox HTTP/1.1" 404 1012
107.189.31.184 - - [19/Jun/2023:03:39:49 +0530] "GET /index.php?query=app=Common%26model=Schedule%26method=runSchedule%26id[status]=1%26id[method]=Schedule-%3E_validationFieldItem%26id[4]=function%26[6][]=%26id[0]=cmd%26id[1]=assert%26id[args]=cmd=system(ver)&s=weibo/Share/shareBox HTTP/1.1" 404 1012
107.189.31.184 - - [19/Jun/2023:03:39:51 +0530] "GET /index.php?query=app=Common%26model=Schedule%26method=runSchedule%26id[status]=1%26id[method]=Schedule-%3E_validationFieldItem%26id[4]=function%26[6][]=%26id[0]=cmd%26id[1]=assert%26id[args]=cmd=system(id)&s=weibo/Share/shareBox HTTP/1.1" 404 1012
41.186.73.134 - - [19/Jun/2023:03:40:13 +0530] "GET /manager/html HTTP/1.1" 401 2473
41.186.73.134 - - [19/Jun/2023:03:41:17 +0530] "GET /manager/html HTTP/1.1" 401 2473
107.189.31.184 - - [19/Jun/2023:03:41:25 +0530] "POST /search.php?searchtype=5 HTTP/1.1" 404 1014
107.189.31.184 - - [19/Jun/2023:03:41:26 +0530] "POST /search.php?searchtype=5 HTTP/1.1" 404 1014
107.189.31.184 - - [19/Jun/2023:03:42:35 +0530] "GET /?url=http://interact.sh HTTP/1.1" 200 11250
107.189.31.184 - - [19/Jun/2023:03:42:36 +0530] "GET /?url=http://interact.sh HTTP/1.1" 200 11250
41.186.73.134 - - [19/Jun/2023:03:44:21 +0530] "GET /manager/html HTTP/1.1" 401 2473
41.186.73.134 - - [19/Jun/2023:03:45:22 +0530] "GET /manager/html HTTP/1.1" 401 2473
107.189.31.184 - - [19/Jun/2023:03:45:31 +0530] "GET /photo/combine.php?g=core-r7rules/../../../hello.php.&type=javascript HTTP/1.1" 404 1028
107.189.31.184 - - [19/Jun/2023:03:45:31 +0530] "GET /photo/combine.php?g=core-r7rules/../../../hello.php.&type=javascript HTTP/1.1" 404 1028
107.189.31.184 - - [19/Jun/2023:03:46:13 +0530] "GET /application/configs/application.ini HTTP/1.1" 404 1064
107.189.31.184 - - [19/Jun/2023:03:46:15 +0530] "GET /admin/configs/application.ini HTTP/1.1" 404 1052
107.189.31.184 - - [19/Jun/2023:03:46:16 +0530] "GET /application/configs/application.ini HTTP/1.1" 404 1064
107.189.31.184 - - [19/Jun/2023:03:46:17 +0530] "GET /application.ini HTTP/1.1" 404 1024
107.189.31.184 - - [19/Jun/2023:03:46:18 +0530] "GET /admin/configs/application.ini HTTP/1.1" 404 1052
107.189.31.184 - - [19/Jun/2023:03:46:19 +0530] "GET /aplicacao/application/configs/application.ini HTTP/1.1" 404 1084
107.189.31.184 - - [19/Jun/2023:03:46:20 +0530] "GET /application.ini HTTP/1.1" 404 1024
107.189.31.184 - - [19/Jun/2023:03:46:21 +0530] "GET /cloudexp/application/configs/application.ini HTTP/1.1" 404 1082
107.189.31.184 - - [19/Jun/2023:03:46:22 +0530] "GET /aplicacao/application/configs/application.ini HTTP/1.1" 404 1084
107.189.31.184 - - [19/Jun/2023:03:46:23 +0530] "GET /cms/application/configs/application.ini HTTP/1.1" 404 1072
107.189.31.184 - - [19/Jun/2023:03:46:24 +0530] "GET /cloudexp/application/configs/application.ini HTTP/1.1" 404 1082
107.189.31.184 - - [19/Jun/2023:03:46:25 +0530] "GET /moto/application/configs/application.ini HTTP/1.1" 404 1074
107.189.31.184 - - [19/Jun/2023:03:46:26 +0530] "GET /cms/application/configs/application.ini HTTP/1.1" 404 1072
107.189.31.184 - - [19/Jun/2023:03:46:27 +0530] "GET /Partners/application/configs/application.ini HTTP/1.1" 404 1082
107.189.31.184 - - [19/Jun/2023:03:46:28 +0530] "GET /moto/application/configs/application.ini HTTP/1.1" 404 1074
107.189.31.184 - - [19/Jun/2023:03:46:29 +0530] "GET /radio/application/configs/application.ini HTTP/1.1" 404 1076
107.189.31.184 - - [19/Jun/2023:03:46:30 +0530] "GET /Partners/application/configs/application.ini HTTP/1.1" 404 1082
107.189.31.184 - - [19/Jun/2023:03:46:31 +0530] "GET /seminovos/application/configs/application.ini HTTP/1.1" 404 1084
107.189.31.184 - - [19/Jun/2023:03:46:32 +0530] "GET /radio/application/configs/application.ini HTTP/1.1" 404 1076
107.189.31.184 - - [19/Jun/2023:03:46:33 +0530] "GET /shop/application/configs/application.ini HTTP/1.1" 404 1074
107.189.31.184 - - [19/Jun/2023:03:46:34 +0530] "GET /seminovos/application/configs/application.ini HTTP/1.1" 404 1084
107.189.31.184 - - [19/Jun/2023:03:46:35 +0530] "GET /site_cg/application/configs/application.ini HTTP/1.1" 404 1080
107.189.31.184 - - [19/Jun/2023:03:46:36 +0530] "GET /shop/application/configs/application.ini HTTP/1.1" 404 1074
107.189.31.184 - - [19/Jun/2023:03:46:37 +0530] "GET /slr/application/configs/application.ini HTTP/1.1" 404 1072
107.189.31.184 - - [19/Jun/2023:03:46:38 +0530] "GET /site_cg/application/configs/application.ini HTTP/1.1" 404 1080
107.189.31.184 - - [19/Jun/2023:03:46:40 +0530] "GET /slr/application/configs/application.ini HTTP/1.1" 404 1072
41.186.73.134 - - [19/Jun/2023:03:48:25 +0530] "GET /manager/html HTTP/1.1" 401 2473
107.189.31.184 - - [19/Jun/2023:03:48:30 +0530] "GET null null" 400 -
107.189.31.184 - - [19/Jun/2023:03:48:30 +0530] "GET null null" 400 -
41.186.73.134 - - [19/Jun/2023:03:49:26 +0530] "GET /manager/html HTTP/1.1" 401 2473
41.186.73.134 - - [19/Jun/2023:03:52:39 +0530] "GET /manager/html HTTP/1.1" 401 2473
107.189.31.184 - - [19/Jun/2023:03:53:18 +0530] "GET /jeecg-boot/actuator/httptrace/ HTTP/1.1" 404 1054
107.189.31.184 - - [19/Jun/2023:03:53:19 +0530] "GET /jeecg-boot/actuator/httptrace/ HTTP/1.1" 404 1054
107.189.31.184 - - [19/Jun/2023:03:53:43 +0530] "GET /NON_EXISTING_PATH/ HTTP/1.1" 404 1030
41.186.73.134 - - [19/Jun/2023:03:53:43 +0530] "GET /manager/html HTTP/1.1" 401 2473
107.189.31.184 - - [19/Jun/2023:03:53:44 +0530] "GET /NON_EXISTING_PATH/ HTTP/1.1" 404 1030
107.189.31.184 - - [19/Jun/2023:03:54:40 +0530] "GET /sysaid/getGfiUpgradeFile?fileName=../../../../../../../etc/passwd HTTP/1.1" 404 1042
107.189.31.184 - - [19/Jun/2023:03:54:42 +0530] "GET /sysaid/getGfiUpgradeFile?fileName=../../../../../../../etc/passwd HTTP/1.1" 404 1042
107.189.31.184 - - [19/Jun/2023:03:54:42 +0530] "GET /getGfiUpgradeFile?fileName=../../../../../../../etc/passwd HTTP/1.1" 404 1028
107.189.31.184 - - [19/Jun/2023:03:54:44 +0530] "GET /getGfiUpgradeFile?fileName=../../../../../../../etc/passwd HTTP/1.1" 404 1028
107.189.31.184 - - [19/Jun/2023:03:55:29 +0530] "POST /index.php?s=/home/page/uploadImg HTTP/1.1" 404 1012
107.189.31.184 - - [19/Jun/2023:03:55:30 +0530] "POST /index.php?s=/home/page/uploadImg HTTP/1.1" 404 1012
107.189.31.184 - - [19/Jun/2023:03:55:36 +0530] "POST /search/ HTTP/1.1" 404 1008
107.189.31.184 - - [19/Jun/2023:03:55:37 +0530] "POST /search/ HTTP/1.1" 404 1008
41.186.73.134 - - [19/Jun/2023:03:56:47 +0530] "GET /manager/html HTTP/1.1" 401 2473
41.186.73.134 - - [19/Jun/2023:03:57:49 +0530] "GET /manager/html HTTP/1.1" 401 2473
41.186.73.134 - - [19/Jun/2023:04:00:52 +0530] "GET /manager/html HTTP/1.1" 401 2473
107.170.238.11 - - [19/Jun/2023:04:00:57 +0530] "-" 400 -
107.170.238.11 - - [19/Jun/2023:04:01:40 +0530] "-" 400 -
41.186.73.134 - - [19/Jun/2023:04:01:54 +0530] "GET /manager/html HTTP/1.1" 401 2473
41.186.73.134 - - [19/Jun/2023:04:05:07 +0530] "GET /manager/html HTTP/1.1" 401 2473
90.151.171.108 - - [19/Jun/2023:04:05:10 +0530] "CONNECT ip.bablosoft.com:443 HTTP/1.1" 400 -
90.151.171.108 - - [19/Jun/2023:04:05:10 +0530] "CONNECT check.best-proxies.ru:443 HTTP/1.1" 400 -
90.151.171.108 - - [19/Jun/2023:04:05:15 +0530] "-" 400 -
90.151.171.108 - - [19/Jun/2023:04:05:16 +0530] "-" 400 -
90.151.171.108 - - [19/Jun/2023:04:05:21 +0530] "GET /ip.php?Z70629657371Q1 HTTP/1.1" 404 1006
90.151.171.108 - - [19/Jun/2023:04:05:21 +0530] "GET /?Z78909657371Q1 HTTP/1.1" 200 11250
90.151.171.108 - - [19/Jun/2023:04:05:26 +0530] "-" 400 -
90.151.171.108 - - [19/Jun/2023:04:05:26 +0530] "-" 400 -
41.186.73.134 - - [19/Jun/2023:04:06:11 +0530] "GET /manager/html HTTP/1.1" 401 2473
41.186.73.134 - - [19/Jun/2023:04:09:16 +0530] "GET /manager/html HTTP/1.1" 401 2473
41.186.73.134 - - [19/Jun/2023:04:10:18 +0530] "GET /manager/html HTTP/1.1" 401 2473
41.186.73.134 - - [19/Jun/2023:04:13:20 +0530] "GET /manager/html HTTP/1.1" 401 2473
41.186.73.134 - - [19/Jun/2023:04:14:20 +0530] "GET /manager/html HTTP/1.1" 401 2473
41.186.73.134 - - [19/Jun/2023:04:17:32 +0530] "GET /manager/html HTTP/1.1" 401 2473
41.186.73.134 - - [19/Jun/2023:04:18:36 +0530] "GET /manager/html HTTP/1.1" 401 2473
41.186.73.134 - - [19/Jun/2023:04:21:37 +0530] "GET /manager/html HTTP/1.1" 401 2473
41.186.73.134 - - [19/Jun/2023:04:22:38 +0530] "GET /manager/html HTTP/1.1" 401 2473
41.186.73.134 - - [19/Jun/2023:04:25:42 +0530] "GET /manager/html HTTP/1.1" 401 2473
41.186.73.134 - - [19/Jun/2023:04:26:44 +0530] "GET /manager/html HTTP/1.1" 401 2473
41.186.73.134 - - [19/Jun/2023:04:29:54 +0530] "GET /manager/html HTTP/1.1" 401 2473
41.186.73.134 - - [19/Jun/2023:04:30:59 +0530] "GET /manager/html HTTP/1.1" 401 2473
41.186.73.134 - - [19/Jun/2023:04:34:06 +0530] "GET /manager/html HTTP/1.1" 401 2473
41.186.73.134 - - [19/Jun/2023:04:35:07 +0530] "GET /manager/html HTTP/1.1" 401 2473
92.21.254.55 - - [19/Jun/2023:04:35:18 +0530] "GET / HTTP/1.1" 200 11250
41.186.73.134 - - [19/Jun/2023:04:38:11 +0530] "GET /manager/html HTTP/1.1" 401 2473
41.186.73.134 - - [19/Jun/2023:04:39:12 +0530] "GET /manager/html HTTP/1.1" 401 2473
41.186.73.134 - - [19/Jun/2023:04:42:23 +0530] "GET /manager/html HTTP/1.1" 401 2473
41.186.73.134 - - [19/Jun/2023:04:43:28 +0530] "GET /manager/html HTTP/1.1" 401 2473
41.186.73.134 - - [19/Jun/2023:04:46:31 +0530] "GET /manager/html HTTP/1.1" 401 2473
41.186.73.134 - - [19/Jun/2023:04:47:32 +0530] "GET /manager/html HTTP/1.1" 401 2473
205.185.124.4 - - [19/Jun/2023:04:50:19 +0530] "CONNECT myipb1a.mrrage.xyz:80 HTTP/1.1" 400 -
41.186.73.134 - - [19/Jun/2023:04:50:35 +0530] "GET /manager/html HTTP/1.1" 401 2473
41.186.73.134 - - [19/Jun/2023:04:51:37 +0530] "GET /manager/html HTTP/1.1" 401 2473
41.186.73.134 - - [19/Jun/2023:04:54:47 +0530] "GET /manager/html HTTP/1.1" 401 2473
41.186.73.134 - - [19/Jun/2023:04:55:52 +0530] "GET /manager/html HTTP/1.1" 401 2473
41.186.73.134 - - [19/Jun/2023:04:58:56 +0530] "GET /manager/html HTTP/1.1" 401 2473
90.151.171.108 - - [19/Jun/2023:04:59:22 +0530] "CONNECT eth0.me:443 HTTP/1.1" 400 -
90.151.171.108 - - [19/Jun/2023:04:59:22 +0530] "CONNECT check.best-proxies.ru:443 HTTP/1.1" 400 -
90.151.171.108 - - [19/Jun/2023:04:59:27 +0530] "-" 400 -
90.151.171.108 - - [19/Jun/2023:04:59:27 +0530] "-" 400 -
90.151.171.108 - - [19/Jun/2023:04:59:32 +0530] "GET /ip.php?Z70629657371Q1 HTTP/1.1" 404 1006
90.151.171.108 - - [19/Jun/2023:04:59:32 +0530] "GET /?Z78909657371Q1 HTTP/1.1" 200 11250
90.151.171.108 - - [19/Jun/2023:04:59:37 +0530] "-" 400 -
90.151.171.108 - - [19/Jun/2023:04:59:37 +0530] "-" 400 -
41.186.73.134 - - [19/Jun/2023:04:59:58 +0530] "GET /manager/html HTTP/1.1" 401 2473
87.236.176.213 - - [19/Jun/2023:05:01:30 +0530] "GET / HTTP/1.1" 200 11250
87.236.176.65 - - [19/Jun/2023:05:01:30 +0530] "GET /favicon.ico HTTP/1.1" 200 21630
41.186.73.134 - - [19/Jun/2023:05:03:04 +0530] "GET /manager/html HTTP/1.1" 401 2473
41.186.73.134 - - [19/Jun/2023:05:04:06 +0530] "GET /manager/html HTTP/1.1" 401 2473
41.186.73.134 - - [19/Jun/2023:05:07:18 +0530] "GET /manager/html HTTP/1.1" 401 2473
41.186.73.134 - - [19/Jun/2023:05:08:21 +0530] "GET /manager/html HTTP/1.1" 401 2473
35.216.190.247 - - [19/Jun/2023:05:09:46 +0530] "-" 400 -
35.216.190.247 - - [19/Jun/2023:05:09:46 +0530] "GET / HTTP/1.1" 200 11250
35.216.190.247 - - [19/Jun/2023:05:09:46 +0530] "-" 400 -
35.216.190.247 - - [19/Jun/2023:05:09:46 +0530] "GET / HTTP/1.1" 200 11250
35.216.190.247 - - [19/Jun/2023:05:09:47 +0530] "GET /info.php HTTP/1.1" 404 1010
35.216.190.247 - - [19/Jun/2023:05:09:47 +0530] "GET /.git/config HTTP/1.1" 404 1016
35.216.190.247 - - [19/Jun/2023:05:09:47 +0530] "GET /server-status HTTP/1.1" 404 1020
35.216.190.247 - - [19/Jun/2023:05:09:47 +0530] "GET /config.json HTTP/1.1" 404 1016
35.216.190.247 - - [19/Jun/2023:05:09:48 +0530] "GET /.env HTTP/1.1" 404 1002
35.216.190.247 - - [19/Jun/2023:05:09:48 +0530] "GET /telescope/requests HTTP/1.1" 404 1030
35.216.237.60 - - [19/Jun/2023:05:09:48 +0530] "GET / HTTP/1.1" 200 11250
41.186.73.134 - - [19/Jun/2023:05:11:26 +0530] "GET /manager/html HTTP/1.1" 401 2473
41.186.73.134 - - [19/Jun/2023:05:12:26 +0530] "GET /manager/html HTTP/1.1" 401 2473
41.186.73.134 - - [19/Jun/2023:05:15:29 +0530] "GET /manager/html HTTP/1.1" 401 2473
41.186.73.134 - - [19/Jun/2023:05:16:31 +0530] "GET /manager/html HTTP/1.1" 401 2473
41.186.73.134 - - [19/Jun/2023:05:19:43 +0530] "GET /manager/html HTTP/1.1" 401 2473
41.186.73.134 - - [19/Jun/2023:05:20:46 +0530] "GET /manager/html HTTP/1.1" 401 2473
41.186.73.134 - - [19/Jun/2023:05:23:49 +0530] "GET /manager/html HTTP/1.1" 401 2473
41.186.73.134 - - [19/Jun/2023:05:24:50 +0530] "GET /manager/html HTTP/1.1" 401 2473
41.186.73.134 - - [19/Jun/2023:05:27:53 +0530] "GET /manager/html HTTP/1.1" 401 2473
41.186.73.134 - - [19/Jun/2023:05:28:54 +0530] "GET /manager/html HTTP/1.1" 401 2473
41.186.73.134 - - [19/Jun/2023:05:32:09 +0530] "GET /manager/html HTTP/1.1" 401 2473
41.186.73.134 - - [19/Jun/2023:05:33:14 +0530] "GET /manager/html HTTP/1.1" 401 2473
83.97.73.89 - - [19/Jun/2023:05:34:00 +0530] "GET /securityRealm/user/admin/search/index?q=a HTTP/1.1" 404 1068
193.168.141.94 - - [19/Jun/2023:05:35:37 +0530] "-" 400 -
193.168.141.94 - - [19/Jun/2023:05:35:38 +0530] "GET / HTTP/1.1" 200 11250
193.168.141.94 - - [19/Jun/2023:05:35:38 +0530] "-" 400 -
193.168.141.94 - - [19/Jun/2023:05:35:38 +0530] "GET /.json HTTP/1.1" 404 1004
193.168.141.94 - - [19/Jun/2023:05:35:38 +0530] "GET /config.json HTTP/1.1" 404 1016
193.168.141.94 - - [19/Jun/2023:05:35:39 +0530] "GET /.env HTTP/1.1" 404 1002
193.168.141.94 - - [19/Jun/2023:05:35:39 +0530] "GET /.git/config HTTP/1.1" 404 1016
193.168.141.94 - - [19/Jun/2023:05:35:39 +0530] "GET /info.php HTTP/1.1" 404 1010
83.97.73.89 - - [19/Jun/2023:05:35:40 +0530] "GET /securityRealm/user/admin/search/index?q=a HTTP/1.1" 404 1068
41.186.73.134 - - [19/Jun/2023:05:36:23 +0530] "GET /manager/html HTTP/1.1" 401 2473
41.186.73.134 - - [19/Jun/2023:05:37:27 +0530] "GET /manager/html HTTP/1.1" 401 2473
83.97.73.89 - - [19/Jun/2023:05:38:18 +0530] "GET / HTTP/1.1" 200 11250
198.98.50.108 - - [19/Jun/2023:05:38:35 +0530] "CONNECT myipb1a.mrrage.xyz:80 HTTP/1.1" 400 -
185.169.37.58 - - [19/Jun/2023:05:39:27 +0530] "GET / HTTP/1.1" 200 11250
83.97.73.89 - - [19/Jun/2023:05:40:15 +0530] "GET / HTTP/1.1" 200 11250
41.186.73.134 - - [19/Jun/2023:05:40:31 +0530] "GET /manager/html HTTP/1.1" 401 2473
41.186.73.134 - - [19/Jun/2023:05:41:33 +0530] "GET /manager/html HTTP/1.1" 401 2473
83.97.73.89 - - [19/Jun/2023:05:44:00 +0530] "POST /Autodiscover/Autodiscover.xml HTTP/1.1" 404 1052
83.97.73.89 - - [19/Jun/2023:05:44:19 +0530] "POST /Autodiscover/Autodiscover.xml HTTP/1.1" 404 1052
41.186.73.134 - - [19/Jun/2023:05:44:43 +0530] "GET /manager/html HTTP/1.1" 401 2473
41.186.73.134 - - [19/Jun/2023:05:45:46 +0530] "GET /manager/html HTTP/1.1" 401 2473
87.120.88.59 - - [19/Jun/2023:05:48:22 +0530] "CONNECT google.com:443 HTTP/1.1" 400 -
83.97.73.89 - - [19/Jun/2023:05:48:37 +0530] "POST /vendor/phpunit/phpunit/src/Util/PHP/eval-stdin.php HTTP/1.1" 404 1094
41.186.73.134 - - [19/Jun/2023:05:48:52 +0530] "GET /manager/html HTTP/1.1" 401 2473
41.186.73.134 - - [19/Jun/2023:05:49:53 +0530] "GET /manager/html HTTP/1.1" 401 2473
78.108.177.51 - - [19/Jun/2023:05:51:19 +0530] "GET / HTTP/1.0" 200 11230
83.97.73.89 - - [19/Jun/2023:05:51:23 +0530] "POST /vendor/phpunit/phpunit/src/Util/PHP/eval-stdin.php HTTP/1.1" 404 1094
41.186.73.134 - - [19/Jun/2023:05:52:56 +0530] "GET /manager/html HTTP/1.1" 401 2473
90.151.171.108 - - [19/Jun/2023:05:53:16 +0530] "CONNECT api.ipify.org:443 HTTP/1.1" 400 -
90.151.171.108 - - [19/Jun/2023:05:53:16 +0530] "CONNECT fingerprints.bablosoft.com:443 HTTP/1.1" 400 -
90.151.171.108 - - [19/Jun/2023:05:53:21 +0530] "-" 400 -
90.151.171.108 - - [19/Jun/2023:05:53:21 +0530] "-" 400 -
90.151.171.108 - - [19/Jun/2023:05:53:26 +0530] "GET /ip?Z70629657371Q1 HTTP/1.1" 404 998
90.151.171.108 - - [19/Jun/2023:05:53:26 +0530] "GET /?Z78909657371Q1 HTTP/1.1" 200 11250
90.151.171.108 - - [19/Jun/2023:05:53:31 +0530] "-" 400 -
90.151.171.108 - - [19/Jun/2023:05:53:31 +0530] "-" 400 -
41.186.73.134 - - [19/Jun/2023:05:53:56 +0530] "GET /manager/html HTTP/1.1" 401 2473
83.97.73.89 - - [19/Jun/2023:05:53:59 +0530] "GET /vendor/phpunit/phpunit/src/Util/PHP/eval-stdin.php HTTP/1.1" 404 1094
83.97.73.89 - - [19/Jun/2023:05:56:03 +0530] "GET /vendor/phpunit/phpunit/src/Util/PHP/eval-stdin.php HTTP/1.1" 404 1094
198.98.53.107 - - [19/Jun/2023:05:56:34 +0530] "CONNECT www.baidu.com:443 HTTP/1.1" 400 -
41.186.73.134 - - [19/Jun/2023:05:57:08 +0530] "GET /manager/html HTTP/1.1" 401 2473
41.186.73.134 - - [19/Jun/2023:05:58:12 +0530] "GET /manager/html HTTP/1.1" 401 2473
83.97.73.89 - - [19/Jun/2023:05:59:40 +0530] "GET null null" 400 -
83.97.73.89 - - [19/Jun/2023:06:00:32 +0530] "GET null null" 400 -
41.186.73.134 - - [19/Jun/2023:06:01:15 +0530] "GET /manager/html HTTP/1.1" 401 2473
41.186.73.134 - - [19/Jun/2023:06:02:16 +0530] "GET /manager/html HTTP/1.1" 401 2473
83.97.73.89 - - [19/Jun/2023:06:03:15 +0530] "GET /?XDEBUG_SESSION_START=phpstorm HTTP/1.1" 200 11250
83.97.73.89 - - [19/Jun/2023:06:05:21 +0530] "GET /?XDEBUG_SESSION_START=phpstorm HTTP/1.1" 200 11250
41.186.73.134 - - [19/Jun/2023:06:05:26 +0530] "GET /manager/html HTTP/1.1" 401 2473
41.186.73.134 - - [19/Jun/2023:06:06:28 +0530] "GET /manager/html HTTP/1.1" 401 2473
41.186.73.134 - - [19/Jun/2023:06:09:38 +0530] "GET /manager/html HTTP/1.1" 401 2473
83.97.73.89 - - [19/Jun/2023:06:09:41 +0530] "POST /mifs/.;/services/LogService HTTP/1.1" 404 1048
205.185.124.4 - - [19/Jun/2023:06:10:08 +0530] "CONNECT myipb1a.mrrage.xyz:80 HTTP/1.1" 400 -
41.186.73.134 - - [19/Jun/2023:06:10:42 +0530] "GET /manager/html HTTP/1.1" 401 2473
83.97.73.89 - - [19/Jun/2023:06:12:43 +0530] "POST /mifs/.;/services/LogService HTTP/1.1" 404 1048
41.186.73.134 - - [19/Jun/2023:06:13:47 +0530] "GET /manager/html HTTP/1.1" 401 2473
83.97.73.89 - - [19/Jun/2023:06:14:32 +0530] "GET /console/ HTTP/1.1" 404 1010
83.97.73.89 - - [19/Jun/2023:06:14:47 +0530] "GET /console/ HTTP/1.1" 404 1010
41.186.73.134 - - [19/Jun/2023:06:14:49 +0530] "GET /manager/html HTTP/1.1" 401 2473
41.186.73.134 - - [19/Jun/2023:06:17:54 +0530] "GET /manager/html HTTP/1.1" 401 2473
41.186.73.134 - - [19/Jun/2023:06:18:54 +0530] "GET /manager/html HTTP/1.1" 401 2473
83.97.73.89 - - [19/Jun/2023:06:19:10 +0530] "GET /_ignition/execute-solution HTTP/1.1" 404 1046
41.186.73.134 - - [19/Jun/2023:06:22:07 +0530] "GET /manager/html HTTP/1.1" 401 2473
83.97.73.89 - - [19/Jun/2023:06:22:14 +0530] "GET /_ignition/execute-solution HTTP/1.1" 404 1046
41.186.73.134 - - [19/Jun/2023:06:23:11 +0530] "GET /manager/html HTTP/1.1" 401 2473
41.186.73.134 - - [19/Jun/2023:06:26:14 +0530] "GET /manager/html HTTP/1.1" 401 2473
41.186.73.134 - - [19/Jun/2023:06:27:14 +0530] "GET /manager/html HTTP/1.1" 401 2473
83.97.73.89 - - [19/Jun/2023:06:29:05 +0530] "GET / HTTP/1.1" 200 11250
83.97.73.89 - - [19/Jun/2023:06:29:13 +0530] "GET / HTTP/1.1" 200 11250
83.97.73.89 - - [19/Jun/2023:06:29:56 +0530] "GET / HTTP/1.1" 200 11250
41.186.73.134 - - [19/Jun/2023:06:30:18 +0530] "GET /manager/html HTTP/1.1" 401 2473
83.97.73.89 - - [19/Jun/2023:06:30:51 +0530] "GET / HTTP/1.1" 200 11250
41.186.73.134 - - [19/Jun/2023:06:31:20 +0530] "GET /manager/html HTTP/1.1" 401 2473
41.186.73.134 - - [19/Jun/2023:06:34:31 +0530] "GET /manager/html HTTP/1.1" 401 2473
41.186.73.134 - - [19/Jun/2023:06:35:35 +0530] "GET /manager/html HTTP/1.1" 401 2473
78.108.177.51 - - [19/Jun/2023:06:36:10 +0530] "GET / HTTP/1.0" 200 11230
41.186.73.134 - - [19/Jun/2023:06:38:42 +0530] "GET /manager/html HTTP/1.1" 401 2473
83.97.73.89 - - [19/Jun/2023:06:38:43 +0530] "POST /cgi-bin/.%2e/.%2e/.%2e/.%2e/bin/sh HTTP/1.1" 400 -
83.97.73.89 - - [19/Jun/2023:06:38:46 +0530] "POST /cgi-bin/.%2e/.%2e/.%2e/.%2e/bin/sh HTTP/1.1" 400 -
41.186.73.134 - - [19/Jun/2023:06:39:44 +0530] "GET /manager/html HTTP/1.1" 401 2473
83.97.73.89 - - [19/Jun/2023:06:40:16 +0530] "GET / HTTP/1.1" 200 11250
41.186.73.134 - - [19/Jun/2023:06:42:50 +0530] "GET /manager/html HTTP/1.1" 401 2473
41.186.73.134 - - [19/Jun/2023:06:43:51 +0530] "GET /manager/html HTTP/1.1" 401 2473
83.97.73.89 - - [19/Jun/2023:06:45:32 +0530] "GET / HTTP/1.1" 200 11250
41.186.73.134 - - [19/Jun/2023:06:47:03 +0530] "GET /manager/html HTTP/1.1" 401 2473
83.97.73.89 - - [19/Jun/2023:06:47:21 +0530] "GET /actuator/gateway/routes HTTP/1.1" 404 1040
41.186.73.134 - - [19/Jun/2023:06:48:08 +0530] "GET /manager/html HTTP/1.1" 401 2473
83.97.73.89 - - [19/Jun/2023:06:48:49 +0530] "GET /actuator/gateway/routes HTTP/1.1" 404 1040
41.186.73.134 - - [19/Jun/2023:06:51:12 +0530] "GET /manager/html HTTP/1.1" 401 2473
41.186.73.134 - - [19/Jun/2023:06:52:13 +0530] "GET /manager/html HTTP/1.1" 401 2473
90.151.171.108 - - [19/Jun/2023:06:52:33 +0530] "CONNECT checkip.amazonaws.com:443 HTTP/1.1" 400 -
90.151.171.108 - - [19/Jun/2023:06:52:33 +0530] "CONNECT fingerprints.bablosoft.com:443 HTTP/1.1" 400 -
90.151.171.108 - - [19/Jun/2023:06:52:38 +0530] "-" 400 -
90.151.171.108 - - [19/Jun/2023:06:52:38 +0530] "-" 400 -
90.151.171.108 - - [19/Jun/2023:06:52:43 +0530] "GET /ip?Z78909657371Q1 HTTP/1.1" 404 998
90.151.171.108 - - [19/Jun/2023:06:52:43 +0530] "-" 400 -
90.151.171.108 - - [19/Jun/2023:06:52:43 +0530] "GET /?Z70629657371Q1 HTTP/1.1" 200 11250
90.151.171.108 - - [19/Jun/2023:06:52:43 +0530] "-" 400 -
83.97.73.89 - - [19/Jun/2023:06:53:02 +0530] "GET /geoserver HTTP/1.1" 404 1012
41.186.73.134 - - [19/Jun/2023:06:55:18 +0530] "GET /manager/html HTTP/1.1" 401 2473
83.97.73.89 - - [19/Jun/2023:06:55:27 +0530] "GET /geoserver HTTP/1.1" 404 1012
41.186.73.134 - - [19/Jun/2023:06:56:20 +0530] "GET /manager/html HTTP/1.1" 401 2473
87.120.88.58 - - [19/Jun/2023:06:58:23 +0530] "CONNECT google.com:443 HTTP/1.1" 400 -
162.142.125.215 - - [19/Jun/2023:06:59:25 +0530] "GET / HTTP/1.1" 200 11250
162.142.125.215 - - [19/Jun/2023:06:59:26 +0530] "GET / HTTP/1.1" 200 11250
162.142.125.215 - - [19/Jun/2023:06:59:26 +0530] "PRI * HTTP/2.0" 505 -
162.142.125.215 - - [19/Jun/2023:06:59:27 +0530] "GET /favicon.ico HTTP/1.1" 200 21630
41.186.73.134 - - [19/Jun/2023:06:59:31 +0530] "GET /manager/html HTTP/1.1" 401 2473
41.186.73.134 - - [19/Jun/2023:07:00:35 +0530] "GET /manager/html HTTP/1.1" 401 2473
41.186.73.134 - - [19/Jun/2023:07:03:44 +0530] "GET /manager/html HTTP/1.1" 401 2473
41.186.73.134 - - [19/Jun/2023:07:04:46 +0530] "GET /manager/html HTTP/1.1" 401 2473
198.235.24.72 - - [19/Jun/2023:07:04:50 +0530] "-" 400 -
41.186.73.134 - - [19/Jun/2023:07:07:52 +0530] "GET /manager/html HTTP/1.1" 401 2473
41.186.73.134 - - [19/Jun/2023:07:08:52 +0530] "GET /manager/html HTTP/1.1" 401 2473
41.186.73.134 - - [19/Jun/2023:07:12:07 +0530] "GET /manager/html HTTP/1.1" 401 2473
41.186.73.134 - - [19/Jun/2023:07:13:10 +0530] "GET /manager/html HTTP/1.1" 401 2473
41.186.73.134 - - [19/Jun/2023:07:16:17 +0530] "GET /manager/html HTTP/1.1" 401 2473
41.186.73.134 - - [19/Jun/2023:07:17:18 +0530] "GET /manager/html HTTP/1.1" 401 2473
41.186.73.134 - - [19/Jun/2023:07:20:24 +0530] "GET /manager/html HTTP/1.1" 401 2473
41.186.73.134 - - [19/Jun/2023:07:21:25 +0530] "GET /manager/html HTTP/1.1" 401 2473
41.186.73.134 - - [19/Jun/2023:07:24:38 +0530] "GET /manager/html HTTP/1.1" 401 2473
41.186.73.134 - - [19/Jun/2023:07:25:42 +0530] "GET /manager/html HTTP/1.1" 401 2473
219.67.76.63 - - [19/Jun/2023:07:26:32 +0530] "POST /goform/set_LimitClient_cfg HTTP/1.1" 400 -
41.186.73.134 - - [19/Jun/2023:07:28:48 +0530] "GET /manager/html HTTP/1.1" 401 2473
198.98.57.217 - - [19/Jun/2023:07:29:05 +0530] "CONNECT www.baidu.com:443 HTTP/1.1" 400 -
103.179.142.123 - - [19/Jun/2023:07:29:42 +0530] "GET /manager/html HTTP/1.1" 401 2473
103.179.142.123 - - [19/Jun/2023:07:29:42 +0530] "GET /manager/html HTTP/1.1" 401 2473
103.179.142.123 - - [19/Jun/2023:07:29:43 +0530] "GET /manager/html HTTP/1.1" 401 2473
103.179.142.123 - - [19/Jun/2023:07:29:44 +0530] "GET /manager/html HTTP/1.1" 401 2473
103.179.142.123 - - [19/Jun/2023:07:29:44 +0530] "GET /manager/html HTTP/1.1" 401 2473
103.179.142.123 - - [19/Jun/2023:07:29:44 +0530] "GET /manager/html HTTP/1.1" 401 2473
103.179.142.123 - - [19/Jun/2023:07:29:45 +0530] "GET /manager/html HTTP/1.1" 401 2473
103.179.142.123 - - [19/Jun/2023:07:29:45 +0530] "GET /manager/html HTTP/1.1" 401 2473
103.179.142.123 - - [19/Jun/2023:07:29:45 +0530] "GET /manager/html HTTP/1.1" 401 2473
103.179.142.123 - - [19/Jun/2023:07:29:46 +0530] "GET /manager/html HTTP/1.1" 401 2473
103.179.142.123 - - [19/Jun/2023:07:29:46 +0530] "GET /manager/html HTTP/1.1" 401 2473
103.179.142.123 - - [19/Jun/2023:07:29:47 +0530] "GET /manager/html HTTP/1.1" 401 2473
103.179.142.123 - - [19/Jun/2023:07:29:47 +0530] "GET /manager/html HTTP/1.1" 401 2473
103.179.142.123 - - [19/Jun/2023:07:29:47 +0530] "GET /manager/html HTTP/1.1" 401 2473
103.179.142.123 - - [19/Jun/2023:07:29:48 +0530] "GET /manager/html HTTP/1.1" 401 2473
103.179.142.123 - - [19/Jun/2023:07:29:48 +0530] "GET /manager/html HTTP/1.1" 401 2473
103.179.142.123 - - [19/Jun/2023:07:29:49 +0530] "GET /manager/html HTTP/1.1" 401 2473
103.179.142.123 - - [19/Jun/2023:07:29:49 +0530] "GET /manager/html HTTP/1.1" 401 2473
41.186.73.134 - - [19/Jun/2023:07:29:49 +0530] "GET /manager/html HTTP/1.1" 401 2473
103.179.142.123 - - [19/Jun/2023:07:29:50 +0530] "GET /manager/html HTTP/1.1" 401 2473
103.179.142.123 - - [19/Jun/2023:07:29:50 +0530] "GET /manager/html HTTP/1.1" 401 2473
103.179.142.123 - - [19/Jun/2023:07:29:50 +0530] "GET /manager/html HTTP/1.1" 401 2473
103.179.142.123 - - [19/Jun/2023:07:29:51 +0530] "GET /manager/html HTTP/1.1" 401 2473
103.179.142.123 - - [19/Jun/2023:07:29:51 +0530] "GET /manager/html HTTP/1.1" 401 2473
103.179.142.123 - - [19/Jun/2023:07:29:52 +0530] "GET /manager/html HTTP/1.1" 401 2473
103.179.142.123 - - [19/Jun/2023:07:29:52 +0530] "GET /manager/html HTTP/1.1" 401 2473
103.179.142.123 - - [19/Jun/2023:07:29:53 +0530] "GET /manager/html HTTP/1.1" 401 2473
103.179.142.123 - - [19/Jun/2023:07:29:53 +0530] "GET /manager/html HTTP/1.1" 401 2473
103.179.142.123 - - [19/Jun/2023:07:29:53 +0530] "GET /manager/html HTTP/1.1" 401 2473
103.179.142.123 - - [19/Jun/2023:07:29:54 +0530] "GET /manager/html HTTP/1.1" 401 2473
103.179.142.123 - - [19/Jun/2023:07:29:54 +0530] "GET /manager/html HTTP/1.1" 401 2473
103.179.142.123 - - [19/Jun/2023:07:29:55 +0530] "GET /manager/html HTTP/1.1" 401 2473
103.179.142.123 - - [19/Jun/2023:07:29:56 +0530] "GET /manager/html HTTP/1.1" 401 2473
103.179.142.123 - - [19/Jun/2023:07:29:56 +0530] "GET /manager/html HTTP/1.1" 401 2473
103.179.142.123 - - [19/Jun/2023:07:29:57 +0530] "GET /manager/html HTTP/1.1" 401 2473
103.179.142.123 - - [19/Jun/2023:07:29:57 +0530] "GET /manager/html HTTP/1.1" 401 2473
103.179.142.123 - - [19/Jun/2023:07:29:57 +0530] "GET /manager/html HTTP/1.1" 401 2473
103.179.142.123 - - [19/Jun/2023:07:29:58 +0530] "GET /manager/html HTTP/1.1" 401 2473
103.179.142.123 - - [19/Jun/2023:07:29:58 +0530] "GET /manager/html HTTP/1.1" 401 2473
103.179.142.123 - - [19/Jun/2023:07:29:59 +0530] "GET /manager/html HTTP/1.1" 401 2473
103.179.142.123 - - [19/Jun/2023:07:29:59 +0530] "GET /manager/html HTTP/1.1" 401 2473
103.179.142.123 - - [19/Jun/2023:07:30:01 +0530] "GET /manager/html HTTP/1.1" 401 2473
103.179.142.123 - - [19/Jun/2023:07:30:01 +0530] "GET /manager/html HTTP/1.1" 401 2473
103.179.142.123 - - [19/Jun/2023:07:30:02 +0530] "GET /manager/html HTTP/1.1" 401 2473
103.179.142.123 - - [19/Jun/2023:07:30:02 +0530] "GET /manager/html HTTP/1.1" 401 2473
103.179.142.123 - - [19/Jun/2023:07:30:02 +0530] "GET /manager/html HTTP/1.1" 401 2473
103.179.142.123 - - [19/Jun/2023:07:30:03 +0530] "GET /manager/html HTTP/1.1" 401 2473
41.186.73.134 - - [19/Jun/2023:07:32:56 +0530] "GET /manager/html HTTP/1.1" 401 2473
41.186.73.134 - - [19/Jun/2023:07:33:59 +0530] "GET /manager/html HTTP/1.1" 401 2473
41.186.73.134 - - [19/Jun/2023:07:37:13 +0530] "GET /manager/html HTTP/1.1" 401 2473
90.151.171.108 - - [19/Jun/2023:07:37:36 +0530] "CONNECT v4.ident.me:443 HTTP/1.1" 400 -
90.151.171.108 - - [19/Jun/2023:07:37:36 +0530] "CONNECT ip.bablosoft.com:443 HTTP/1.1" 400 -
90.151.171.108 - - [19/Jun/2023:07:37:41 +0530] "-" 400 -
90.151.171.108 - - [19/Jun/2023:07:37:41 +0530] "-" 400 -
90.151.171.108 - - [19/Jun/2023:07:37:46 +0530] "GET /?Z70629657371Q1 HTTP/1.1" 200 11250
90.151.171.108 - - [19/Jun/2023:07:37:46 +0530] "GET /?Z78909657371Q1 HTTP/1.1" 200 11250
90.151.171.108 - - [19/Jun/2023:07:37:46 +0530] "-" 400 -
90.151.171.108 - - [19/Jun/2023:07:37:46 +0530] "-" 400 -
41.186.73.134 - - [19/Jun/2023:07:38:17 +0530] "GET /manager/html HTTP/1.1" 401 2473
205.185.115.70 - - [19/Jun/2023:07:41:18 +0530] "CONNECT www.baidu.com:443 HTTP/1.1" 400 -
41.186.73.134 - - [19/Jun/2023:07:41:22 +0530] "GET /manager/html HTTP/1.1" 401 2473
41.186.73.134 - - [19/Jun/2023:07:42:23 +0530] "GET /manager/html HTTP/1.1" 401 2473
41.186.73.134 - - [19/Jun/2023:07:45:31 +0530] "GET /manager/html HTTP/1.1" 401 2473
41.186.73.134 - - [19/Jun/2023:07:46:33 +0530] "GET /manager/html HTTP/1.1" 401 2473
41.186.73.134 - - [19/Jun/2023:07:49:47 +0530] "GET /manager/html HTTP/1.1" 401 2473
41.186.73.134 - - [19/Jun/2023:07:50:51 +0530] "GET /manager/html HTTP/1.1" 401 2473
41.186.73.134 - - [19/Jun/2023:07:53:56 +0530] "GET /manager/html HTTP/1.1" 401 2473
41.186.73.134 - - [19/Jun/2023:07:54:58 +0530] "GET /manager/html HTTP/1.1" 401 2473
198.98.50.108 - - [19/Jun/2023:07:55:33 +0530] "CONNECT myipb1a.mrrage.xyz:80 HTTP/1.1" 400 -
41.186.73.134 - - [19/Jun/2023:07:58:04 +0530] "GET /manager/html HTTP/1.1" 401 2473
141.105.66.148 - - [19/Jun/2023:07:58:39 +0530] "GET / HTTP/1.0" 200 11230
141.105.66.148 - - [19/Jun/2023:07:59:04 +0530] "GET /Portal0000.htm HTTP/1.1" 404 1022
141.105.66.148 - - [19/Jun/2023:07:59:04 +0530] "GET / HTTP/1.1" 200 11250
141.105.66.148 - - [19/Jun/2023:07:59:04 +0530] "GET /__Additional HTTP/1.1" 404 1018
141.105.66.148 - - [19/Jun/2023:07:59:04 +0530] "GET /favicon.ico HTTP/1.1" 200 21630
41.186.73.134 - - [19/Jun/2023:07:59:05 +0530] "GET /manager/html HTTP/1.1" 401 2473
141.105.66.148 - - [19/Jun/2023:07:59:06 +0530] "GET /nmaplowercheck1687141742 HTTP/1.1" 404 1042
141.105.66.148 - - [19/Jun/2023:07:59:06 +0530] "GET /pools/default/buckets HTTP/1.1" 404 1036
141.105.66.148 - - [19/Jun/2023:07:59:06 +0530] "GET /.git/HEAD HTTP/1.1" 404 1012
141.105.66.148 - - [19/Jun/2023:07:59:06 +0530] "GET /pools HTTP/1.1" 404 1004
141.105.66.148 - - [19/Jun/2023:07:59:07 +0530] "GET /CSS/Miniweb.css HTTP/1.1" 404 1024
141.105.66.148 - - [19/Jun/2023:07:59:11 +0530] "POST /scripts/WPnBr.dll HTTP/1.1" 404 1028
141.105.66.148 - - [19/Jun/2023:07:59:11 +0530] "GET /UMcW HTTP/1.1" 404 1002
141.105.66.148 - - [19/Jun/2023:07:59:12 +0530] "POST /sdk HTTP/1.1" 404 1000
141.105.66.148 - - [19/Jun/2023:07:59:13 +0530] "GET / HTTP/1.0" 200 11230
141.105.66.148 - - [19/Jun/2023:07:59:19 +0530] "GET / HTTP/1.0" 200 11230
41.186.73.134 - - [19/Jun/2023:08:02:19 +0530] "GET /manager/html HTTP/1.1" 401 2473
41.186.73.134 - - [19/Jun/2023:08:03:26 +0530] "GET /manager/html HTTP/1.1" 401 2473
41.186.73.134 - - [19/Jun/2023:08:06:33 +0530] "GET /manager/html HTTP/1.1" 401 2473
41.186.73.134 - - [19/Jun/2023:08:07:34 +0530] "GET /manager/html HTTP/1.1" 401 2473
41.186.73.134 - - [19/Jun/2023:08:10:40 +0530] "GET /manager/html HTTP/1.1" 401 2473
209.141.41.129 - - [19/Jun/2023:08:11:09 +0530] "CONNECT www.baidu.com:443 HTTP/1.1" 400 -
41.186.73.134 - - [19/Jun/2023:08:11:41 +0530] "GET /manager/html HTTP/1.1" 401 2473
41.186.73.134 - - [19/Jun/2023:08:14:54 +0530] "GET /manager/html HTTP/1.1" 401 2473
