Current File : //usr/local/tomcat8/logs/localhost_access_log.2021-09-10.txt
64.207.152.138 - - [10/Sep/2021:00:03:40 +0530] "GET /manager/html HTTP/1.1" 401 2473
70.62.6.66 - - [10/Sep/2021:00:05:00 +0530] "GET /manager/html HTTP/1.1" 401 2473
141.101.196.233 - - [10/Sep/2021:00:07:21 +0530] "-" 400 -
141.101.196.233 - - [10/Sep/2021:00:07:24 +0530] "CONNECT 178.128.34.99:80 HTTP/1.1" 400 -
141.101.196.233 - - [10/Sep/2021:00:07:25 +0530] "POST /ip?Z77282695371Q1 HTTP/1.1" 404 998
141.101.196.233 - - [10/Sep/2021:00:07:26 +0530] "-" 400 -
64.207.152.138 - - [10/Sep/2021:00:08:41 +0530] "GET /manager/html HTTP/1.1" 401 2473
70.62.6.66 - - [10/Sep/2021:00:10:01 +0530] "GET /manager/html HTTP/1.1" 401 2473
64.207.152.138 - - [10/Sep/2021:00:13:42 +0530] "GET /manager/html HTTP/1.1" 401 2473
70.62.6.66 - - [10/Sep/2021:00:15:02 +0530] "GET /manager/html HTTP/1.1" 401 2473
64.207.152.138 - - [10/Sep/2021:00:18:43 +0530] "GET /manager/html HTTP/1.1" 401 2473
70.62.6.66 - - [10/Sep/2021:00:20:03 +0530] "GET /manager/html HTTP/1.1" 401 2473
64.207.152.138 - - [10/Sep/2021:00:23:44 +0530] "GET /manager/html HTTP/1.1" 401 2473
70.62.6.66 - - [10/Sep/2021:00:25:04 +0530] "GET /manager/html HTTP/1.1" 401 2473
64.207.152.138 - - [10/Sep/2021:00:28:45 +0530] "GET /manager/html HTTP/1.1" 401 2473
70.62.6.66 - - [10/Sep/2021:00:30:05 +0530] "GET /manager/html HTTP/1.1" 401 2473
199.19.224.165 - - [10/Sep/2021:00:31:16 +0530] "GET /config/getuser?index=0 HTTP/1.1" 404 1022
64.207.152.138 - - [10/Sep/2021:00:33:46 +0530] "GET /manager/html HTTP/1.1" 401 2473
70.62.6.66 - - [10/Sep/2021:00:35:06 +0530] "GET /manager/html HTTP/1.1" 401 2473
109.234.153.130 - - [10/Sep/2021:00:35:39 +0530] "CONNECT 5.178.86.76:80 HTTP/1.1" 400 -
109.234.153.131 - - [10/Sep/2021:00:35:39 +0530] "CONNECT 87.236.16.23:80 HTTP/1.1" 400 -
109.234.153.131 - - [10/Sep/2021:00:35:39 +0530] "-" 400 -
109.234.153.130 - - [10/Sep/2021:00:35:39 +0530] "-" 400 -
109.234.153.130 - - [10/Sep/2021:00:35:44 +0530] "POST /rb/getip.php?Z77282695371Q1 HTTP/1.1" 404 1018
109.234.153.130 - - [10/Sep/2021:00:35:44 +0530] "-" 400 -
109.234.153.134 - - [10/Sep/2021:00:35:44 +0530] "POST /ip.php?Z73263695371Q1 HTTP/1.1" 404 1006
109.234.153.131 - - [10/Sep/2021:00:35:44 +0530] "-" 400 -
64.207.152.138 - - [10/Sep/2021:00:38:47 +0530] "GET /manager/html HTTP/1.1" 401 2473
70.62.6.66 - - [10/Sep/2021:00:40:07 +0530] "GET /manager/html HTTP/1.1" 401 2473
155.4.188.12 - - [10/Sep/2021:00:42:05 +0530] "POST /goform/formSysCmd HTTP/1.1" 400 -
64.207.152.138 - - [10/Sep/2021:00:43:48 +0530] "GET /manager/html HTTP/1.1" 401 2473
70.62.6.66 - - [10/Sep/2021:00:45:08 +0530] "GET /manager/html HTTP/1.1" 401 2473
194.28.23.11 - - [10/Sep/2021:00:46:59 +0530] "POST /goform/formWsc HTTP/1.1" 400 -
64.207.152.138 - - [10/Sep/2021:00:48:49 +0530] "GET /manager/html HTTP/1.1" 401 2473
70.62.6.66 - - [10/Sep/2021:00:50:09 +0530] "GET /manager/html HTTP/1.1" 401 2473
64.207.152.138 - - [10/Sep/2021:00:53:50 +0530] "GET /manager/html HTTP/1.1" 401 2473
70.62.6.66 - - [10/Sep/2021:00:55:10 +0530] "GET /manager/html HTTP/1.1" 401 2473
64.207.152.138 - - [10/Sep/2021:00:58:51 +0530] "GET /manager/html HTTP/1.1" 401 2473
70.62.6.66 - - [10/Sep/2021:01:00:11 +0530] "GET /manager/html HTTP/1.1" 401 2473
64.207.152.138 - - [10/Sep/2021:01:03:52 +0530] "GET /manager/html HTTP/1.1" 401 2473
70.62.6.66 - - [10/Sep/2021:01:05:12 +0530] "GET /manager/html HTTP/1.1" 401 2473
109.234.153.131 - - [10/Sep/2021:01:05:50 +0530] "CONNECT 91.201.52.66:80 HTTP/1.1" 400 -
109.234.153.132 - - [10/Sep/2021:01:05:50 +0530] "CONNECT 178.128.34.99:80 HTTP/1.1" 400 -
109.234.153.130 - - [10/Sep/2021:01:05:50 +0530] "-" 400 -
109.234.153.130 - - [10/Sep/2021:01:05:50 +0530] "-" 400 -
109.234.153.134 - - [10/Sep/2021:01:05:50 +0530] "POST /ip.php?Z73263695371Q1 HTTP/1.1" 404 1006
109.234.153.132 - - [10/Sep/2021:01:05:50 +0530] "POST /ip?Z77282695371Q1 HTTP/1.1" 404 998
109.234.153.130 - - [10/Sep/2021:01:05:55 +0530] "-" 400 -
109.234.153.133 - - [10/Sep/2021:01:05:55 +0530] "-" 400 -
64.207.152.138 - - [10/Sep/2021:01:08:53 +0530] "GET /manager/html HTTP/1.1" 401 2473
104.140.188.34 - - [10/Sep/2021:01:09:15 +0530] "GET / HTTP/1.0" 200 11230
70.62.6.66 - - [10/Sep/2021:01:10:13 +0530] "GET /manager/html HTTP/1.1" 401 2473
64.207.152.138 - - [10/Sep/2021:01:13:54 +0530] "GET /manager/html HTTP/1.1" 401 2473
70.62.6.66 - - [10/Sep/2021:01:15:14 +0530] "GET /manager/html HTTP/1.1" 401 2473
64.207.152.138 - - [10/Sep/2021:01:18:55 +0530] "GET /manager/html HTTP/1.1" 401 2473
70.62.6.66 - - [10/Sep/2021:01:20:15 +0530] "GET /manager/html HTTP/1.1" 401 2473
64.207.152.138 - - [10/Sep/2021:01:23:56 +0530] "GET /manager/html HTTP/1.1" 401 2473
70.62.6.66 - - [10/Sep/2021:01:25:16 +0530] "GET /manager/html HTTP/1.1" 401 2473
64.207.152.138 - - [10/Sep/2021:01:28:57 +0530] "GET /manager/html HTTP/1.1" 401 2473
70.62.6.66 - - [10/Sep/2021:01:30:17 +0530] "GET /manager/html HTTP/1.1" 401 2473
64.207.152.138 - - [10/Sep/2021:01:33:58 +0530] "GET /manager/html HTTP/1.1" 401 2473
70.62.6.66 - - [10/Sep/2021:01:35:18 +0530] "GET /manager/html HTTP/1.1" 401 2473
141.101.196.233 - - [10/Sep/2021:01:37:26 +0530] "POST /?Z73263695371Q1 HTTP/1.1" 200 11250
141.101.196.233 - - [10/Sep/2021:01:37:26 +0530] "-" 400 -
141.101.196.233 - - [10/Sep/2021:01:37:26 +0530] "CONNECT 142.93.142.17:80 HTTP/1.1" 400 -
141.101.196.233 - - [10/Sep/2021:01:37:31 +0530] "-" 400 -
64.207.152.138 - - [10/Sep/2021:01:38:59 +0530] "GET /manager/html HTTP/1.1" 401 2473
70.62.6.66 - - [10/Sep/2021:01:40:20 +0530] "GET /manager/html HTTP/1.1" 401 2473
64.207.152.138 - - [10/Sep/2021:01:44:00 +0530] "GET /manager/html HTTP/1.1" 401 2473
183.136.225.14 - - [10/Sep/2021:01:44:14 +0530] "GET / HTTP/1.1" 200 11250
70.62.6.66 - - [10/Sep/2021:01:45:20 +0530] "GET /manager/html HTTP/1.1" 401 2473
64.207.152.138 - - [10/Sep/2021:01:49:01 +0530] "GET /manager/html HTTP/1.1" 401 2473
70.62.6.66 - - [10/Sep/2021:01:50:21 +0530] "GET /manager/html HTTP/1.1" 401 2473
64.207.152.138 - - [10/Sep/2021:01:54:02 +0530] "GET /manager/html HTTP/1.1" 401 2473
70.62.6.66 - - [10/Sep/2021:01:55:22 +0530] "GET /manager/html HTTP/1.1" 401 2473
64.207.152.138 - - [10/Sep/2021:01:59:03 +0530] "GET /manager/html HTTP/1.1" 401 2473
70.62.6.66 - - [10/Sep/2021:02:00:23 +0530] "GET /manager/html HTTP/1.1" 401 2473
64.207.152.138 - - [10/Sep/2021:02:04:04 +0530] "GET /manager/html HTTP/1.1" 401 2473
70.62.6.66 - - [10/Sep/2021:02:05:24 +0530] "GET /manager/html HTTP/1.1" 401 2473
109.234.153.131 - - [10/Sep/2021:02:05:49 +0530] "CONNECT 91.201.52.66:80 HTTP/1.1" 400 -
109.234.153.133 - - [10/Sep/2021:02:05:49 +0530] "CONNECT 178.128.34.99:80 HTTP/1.1" 400 -
109.234.153.131 - - [10/Sep/2021:02:05:49 +0530] "-" 400 -
109.234.153.132 - - [10/Sep/2021:02:05:49 +0530] "-" 400 -
109.234.153.130 - - [10/Sep/2021:02:05:54 +0530] "POST /ip.php?Z73263695371Q1 HTTP/1.1" 404 1006
109.234.153.130 - - [10/Sep/2021:02:05:54 +0530] "POST /ip?Z77282695371Q1 HTTP/1.1" 404 998
109.234.153.131 - - [10/Sep/2021:02:05:54 +0530] "-" 400 -
109.234.153.134 - - [10/Sep/2021:02:05:54 +0530] "-" 400 -
64.207.152.138 - - [10/Sep/2021:02:09:05 +0530] "GET /manager/html HTTP/1.1" 401 2473
70.62.6.66 - - [10/Sep/2021:02:10:25 +0530] "GET /manager/html HTTP/1.1" 401 2473
64.207.152.138 - - [10/Sep/2021:02:14:06 +0530] "GET /manager/html HTTP/1.1" 401 2473
70.62.6.66 - - [10/Sep/2021:02:15:26 +0530] "GET /manager/html HTTP/1.1" 401 2473
64.207.152.138 - - [10/Sep/2021:02:19:07 +0530] "GET /manager/html HTTP/1.1" 401 2473
70.62.6.66 - - [10/Sep/2021:02:20:27 +0530] "GET /manager/html HTTP/1.1" 401 2473
64.207.152.138 - - [10/Sep/2021:02:24:08 +0530] "GET /manager/html HTTP/1.1" 401 2473
70.62.6.66 - - [10/Sep/2021:02:25:28 +0530] "GET /manager/html HTTP/1.1" 401 2473
144.86.173.90 - - [10/Sep/2021:02:27:14 +0530] "GET / HTTP/1.1" 200 11250
64.207.152.138 - - [10/Sep/2021:02:29:09 +0530] "GET /manager/html HTTP/1.1" 401 2473
70.62.6.66 - - [10/Sep/2021:02:30:29 +0530] "GET /manager/html HTTP/1.1" 401 2473
64.207.152.138 - - [10/Sep/2021:02:34:10 +0530] "GET /manager/html HTTP/1.1" 401 2473
70.62.6.66 - - [10/Sep/2021:02:35:30 +0530] "GET /manager/html HTTP/1.1" 401 2473
109.234.153.134 - - [10/Sep/2021:02:35:50 +0530] "CONNECT 5.178.86.76:80 HTTP/1.1" 400 -
109.234.153.131 - - [10/Sep/2021:02:35:50 +0530] "CONNECT 87.236.16.23:80 HTTP/1.1" 400 -
109.234.153.131 - - [10/Sep/2021:02:35:50 +0530] "-" 400 -
109.234.153.130 - - [10/Sep/2021:02:35:50 +0530] "-" 400 -
109.234.153.133 - - [10/Sep/2021:02:35:55 +0530] "POST /ip.php?Z77282695371Q1 HTTP/1.1" 404 1006
109.234.153.130 - - [10/Sep/2021:02:35:55 +0530] "POST /rb/getip.php?Z73263695371Q1 HTTP/1.1" 404 1018
109.234.153.131 - - [10/Sep/2021:02:35:55 +0530] "-" 400 -
109.234.153.131 - - [10/Sep/2021:02:35:55 +0530] "-" 400 -
64.207.152.138 - - [10/Sep/2021:02:39:11 +0530] "GET /manager/html HTTP/1.1" 401 2473
70.62.6.66 - - [10/Sep/2021:02:40:31 +0530] "GET /manager/html HTTP/1.1" 401 2473
64.207.152.138 - - [10/Sep/2021:02:44:12 +0530] "GET /manager/html HTTP/1.1" 401 2473
70.62.6.66 - - [10/Sep/2021:02:45:32 +0530] "GET /manager/html HTTP/1.1" 401 2473
64.207.152.138 - - [10/Sep/2021:02:49:13 +0530] "GET /manager/html HTTP/1.1" 401 2473
64.207.152.138 - - [10/Sep/2021:02:49:13 +0530] "GET /manager/html HTTP/1.1" 401 2473
64.207.152.138 - - [10/Sep/2021:02:49:14 +0530] "GET /manager/html HTTP/1.1" 401 2473
64.207.152.138 - - [10/Sep/2021:02:49:14 +0530] "GET /manager/html HTTP/1.1" 401 2473
64.207.152.138 - - [10/Sep/2021:02:49:15 +0530] "GET /manager/html HTTP/1.1" 401 2473
64.207.152.138 - - [10/Sep/2021:02:49:15 +0530] "GET /manager/html HTTP/1.1" 401 2473
70.62.6.66 - - [10/Sep/2021:02:50:33 +0530] "GET /manager/html HTTP/1.1" 401 2473
64.207.152.138 - - [10/Sep/2021:02:54:16 +0530] "GET /manager/html HTTP/1.1" 401 2473
70.62.6.66 - - [10/Sep/2021:02:55:34 +0530] "GET /manager/html HTTP/1.1" 401 2473
70.62.6.66 - - [10/Sep/2021:02:55:35 +0530] "GET /manager/html HTTP/1.1" 401 2473
70.62.6.66 - - [10/Sep/2021:02:55:36 +0530] "GET /manager/html HTTP/1.1" 401 2473
70.62.6.66 - - [10/Sep/2021:02:55:37 +0530] "GET /manager/html HTTP/1.1" 401 2473
70.62.6.66 - - [10/Sep/2021:02:55:38 +0530] "GET /manager/html HTTP/1.1" 401 2473
70.62.6.66 - - [10/Sep/2021:02:55:38 +0530] "GET /manager/html HTTP/1.1" 401 2473
64.207.152.138 - - [10/Sep/2021:02:59:17 +0530] "GET /manager/html HTTP/1.1" 401 2473
70.62.6.66 - - [10/Sep/2021:03:00:39 +0530] "GET /manager/html HTTP/1.1" 401 2473
183.136.225.42 - - [10/Sep/2021:03:03:44 +0530] "GET / HTTP/1.1" 200 11250
64.207.152.138 - - [10/Sep/2021:03:04:18 +0530] "GET /manager/html HTTP/1.1" 401 2473
183.136.225.42 - - [10/Sep/2021:03:05:32 +0530] "GET / HTTP/1.1" 200 11250
70.62.6.66 - - [10/Sep/2021:03:05:40 +0530] "GET /manager/html HTTP/1.1" 401 2473
109.234.153.132 - - [10/Sep/2021:03:05:48 +0530] "CONNECT 178.128.34.99:80 HTTP/1.1" 400 -
109.234.153.132 - - [10/Sep/2021:03:05:48 +0530] "CONNECT 91.214.48.87:80 HTTP/1.1" 400 -
109.234.153.132 - - [10/Sep/2021:03:05:48 +0530] "-" 400 -
109.234.153.132 - - [10/Sep/2021:03:05:48 +0530] "-" 400 -
109.234.153.131 - - [10/Sep/2021:03:05:53 +0530] "-" 400 -
109.234.153.134 - - [10/Sep/2021:03:05:53 +0530] "POST /ip?Z77282695371Q1 HTTP/1.1" 404 998
109.234.153.131 - - [10/Sep/2021:03:05:53 +0530] "-" 400 -
109.234.153.132 - - [10/Sep/2021:03:05:53 +0530] "POST /myip2.php?Z73263695371Q1 HTTP/1.1" 404 1012
64.207.152.138 - - [10/Sep/2021:03:09:19 +0530] "GET /manager/html HTTP/1.1" 401 2473
70.62.6.66 - - [10/Sep/2021:03:10:41 +0530] "GET /manager/html HTTP/1.1" 401 2473
64.207.152.138 - - [10/Sep/2021:03:14:20 +0530] "GET /manager/html HTTP/1.1" 401 2473
70.62.6.66 - - [10/Sep/2021:03:15:42 +0530] "GET /manager/html HTTP/1.1" 401 2473
64.207.152.138 - - [10/Sep/2021:03:19:21 +0530] "GET /manager/html HTTP/1.1" 401 2473
70.62.6.66 - - [10/Sep/2021:03:20:43 +0530] "GET /manager/html HTTP/1.1" 401 2473
64.207.152.138 - - [10/Sep/2021:03:24:22 +0530] "GET /manager/html HTTP/1.1" 401 2473
70.62.6.66 - - [10/Sep/2021:03:25:44 +0530] "GET /manager/html HTTP/1.1" 401 2473
64.207.152.138 - - [10/Sep/2021:03:29:23 +0530] "GET /manager/html HTTP/1.1" 401 2473
70.62.6.66 - - [10/Sep/2021:03:30:45 +0530] "GET /manager/html HTTP/1.1" 401 2473
64.207.152.138 - - [10/Sep/2021:03:34:24 +0530] "GET /manager/html HTTP/1.1" 401 2473
70.62.6.66 - - [10/Sep/2021:03:35:46 +0530] "GET /manager/html HTTP/1.1" 401 2473
109.234.153.134 - - [10/Sep/2021:03:36:16 +0530] "CONNECT 91.201.52.66:80 HTTP/1.1" 400 -
109.234.153.131 - - [10/Sep/2021:03:36:16 +0530] "CONNECT 87.236.16.23:80 HTTP/1.1" 400 -
109.234.153.130 - - [10/Sep/2021:03:36:16 +0530] "-" 400 -
109.234.153.132 - - [10/Sep/2021:03:36:16 +0530] "-" 400 -
109.234.153.134 - - [10/Sep/2021:03:36:16 +0530] "POST /rb/getip.php?Z73263695371Q1 HTTP/1.1" 404 1018
109.234.153.132 - - [10/Sep/2021:03:36:16 +0530] "POST /ip.php?Z77282695371Q1 HTTP/1.1" 404 1006
109.234.153.133 - - [10/Sep/2021:03:36:21 +0530] "-" 400 -
109.234.153.131 - - [10/Sep/2021:03:36:21 +0530] "-" 400 -
64.207.152.138 - - [10/Sep/2021:03:39:25 +0530] "GET /manager/html HTTP/1.1" 401 2473
185.173.35.13 - - [10/Sep/2021:03:39:33 +0530] "GET / HTTP/1.1" 200 11250
70.62.6.66 - - [10/Sep/2021:03:40:47 +0530] "GET /manager/html HTTP/1.1" 401 2473
64.207.152.138 - - [10/Sep/2021:03:44:26 +0530] "GET /manager/html HTTP/1.1" 401 2473
70.62.6.66 - - [10/Sep/2021:03:45:48 +0530] "GET /manager/html HTTP/1.1" 401 2473
64.207.152.138 - - [10/Sep/2021:03:49:27 +0530] "GET /manager/html HTTP/1.1" 401 2473
70.62.6.66 - - [10/Sep/2021:03:50:49 +0530] "GET /manager/html HTTP/1.1" 401 2473
64.207.152.138 - - [10/Sep/2021:03:54:28 +0530] "GET /manager/html HTTP/1.1" 401 2473
70.62.6.66 - - [10/Sep/2021:03:55:50 +0530] "GET /manager/html HTTP/1.1" 401 2473
64.207.152.138 - - [10/Sep/2021:03:59:29 +0530] "GET /manager/html HTTP/1.1" 401 2473
70.62.6.66 - - [10/Sep/2021:04:00:51 +0530] "GET /manager/html HTTP/1.1" 401 2473
64.207.152.138 - - [10/Sep/2021:04:04:30 +0530] "GET /manager/html HTTP/1.1" 401 2473
70.62.6.66 - - [10/Sep/2021:04:05:52 +0530] "GET /manager/html HTTP/1.1" 401 2473
141.101.196.233 - - [10/Sep/2021:04:07:54 +0530] "-" 400 -
141.101.196.233 - - [10/Sep/2021:04:07:54 +0530] "POST /myip2.php?Z77282695371Q1 HTTP/1.1" 404 1012
141.101.196.233 - - [10/Sep/2021:04:07:55 +0530] "POST /?Z73263695371Q1 HTTP/1.1" 200 11250
141.101.196.233 - - [10/Sep/2021:04:07:56 +0530] "CONNECT 91.214.48.87:80 HTTP/1.1" 400 -
141.101.196.233 - - [10/Sep/2021:04:07:56 +0530] "-" 400 -
141.101.196.233 - - [10/Sep/2021:04:07:57 +0530] "CONNECT 142.93.134.128:80 HTTP/1.1" 400 -
141.101.196.233 - - [10/Sep/2021:04:07:58 +0530] "-" 400 -
141.101.196.233 - - [10/Sep/2021:04:07:58 +0530] "-" 400 -
64.207.152.138 - - [10/Sep/2021:04:09:31 +0530] "GET /manager/html HTTP/1.1" 401 2473
70.62.6.66 - - [10/Sep/2021:04:10:53 +0530] "GET /manager/html HTTP/1.1" 401 2473
64.207.152.138 - - [10/Sep/2021:04:14:32 +0530] "GET /manager/html HTTP/1.1" 401 2473
70.62.6.66 - - [10/Sep/2021:04:15:54 +0530] "GET /manager/html HTTP/1.1" 401 2473
64.207.152.138 - - [10/Sep/2021:04:19:33 +0530] "GET /manager/html HTTP/1.1" 401 2473
70.62.6.66 - - [10/Sep/2021:04:20:55 +0530] "GET /manager/html HTTP/1.1" 401 2473
64.207.152.138 - - [10/Sep/2021:04:24:34 +0530] "GET /manager/html HTTP/1.1" 401 2473
70.62.6.66 - - [10/Sep/2021:04:25:56 +0530] "GET /manager/html HTTP/1.1" 401 2473
64.207.152.138 - - [10/Sep/2021:04:29:35 +0530] "GET /manager/html HTTP/1.1" 401 2473
70.62.6.66 - - [10/Sep/2021:04:30:57 +0530] "GET /manager/html HTTP/1.1" 401 2473
64.207.152.138 - - [10/Sep/2021:04:34:36 +0530] "GET /manager/html HTTP/1.1" 401 2473
109.234.153.133 - - [10/Sep/2021:04:35:51 +0530] "CONNECT 142.93.134.128:80 HTTP/1.1" 400 -
109.234.153.131 - - [10/Sep/2021:04:35:51 +0530] "CONNECT 5.178.86.76:80 HTTP/1.1" 400 -
109.234.153.131 - - [10/Sep/2021:04:35:51 +0530] "-" 400 -
109.234.153.131 - - [10/Sep/2021:04:35:51 +0530] "-" 400 -
109.234.153.130 - - [10/Sep/2021:04:35:51 +0530] "POST /?Z77282695371Q1 HTTP/1.1" 200 11250
109.234.153.131 - - [10/Sep/2021:04:35:56 +0530] "-" 400 -
109.234.153.133 - - [10/Sep/2021:04:35:56 +0530] "POST /ip.php?Z73263695371Q1 HTTP/1.1" 404 1006
109.234.153.133 - - [10/Sep/2021:04:35:56 +0530] "-" 400 -
70.62.6.66 - - [10/Sep/2021:04:35:58 +0530] "GET /manager/html HTTP/1.1" 401 2473
64.207.152.138 - - [10/Sep/2021:04:39:37 +0530] "GET /manager/html HTTP/1.1" 401 2473
70.62.6.66 - - [10/Sep/2021:04:40:59 +0530] "GET /manager/html HTTP/1.1" 401 2473
64.207.152.138 - - [10/Sep/2021:04:44:38 +0530] "GET /manager/html HTTP/1.1" 401 2473
70.62.6.66 - - [10/Sep/2021:04:46:00 +0530] "GET /manager/html HTTP/1.1" 401 2473
64.207.152.138 - - [10/Sep/2021:04:49:39 +0530] "GET /manager/html HTTP/1.1" 401 2473
70.62.6.66 - - [10/Sep/2021:04:51:01 +0530] "GET /manager/html HTTP/1.1" 401 2473
64.207.152.138 - - [10/Sep/2021:04:54:40 +0530] "GET /manager/html HTTP/1.1" 401 2473
183.136.226.4 - - [10/Sep/2021:04:55:33 +0530] "GET / HTTP/1.1" 200 11250
183.136.226.4 - - [10/Sep/2021:04:55:35 +0530] "GET /favicon.ico HTTP/1.1" 200 21630
183.136.226.4 - - [10/Sep/2021:04:55:36 +0530] "GET /robots.txt HTTP/1.1" 404 1014
70.62.6.66 - - [10/Sep/2021:04:56:02 +0530] "GET /manager/html HTTP/1.1" 401 2473
64.207.152.138 - - [10/Sep/2021:04:59:41 +0530] "GET /manager/html HTTP/1.1" 401 2473
70.62.6.66 - - [10/Sep/2021:05:01:04 +0530] "GET /manager/html HTTP/1.1" 401 2473
34.91.68.146 - - [10/Sep/2021:05:03:03 +0530] "-" 400 -
34.91.68.146 - - [10/Sep/2021:05:03:03 +0530] "GET / HTTP/1.1" 200 11250
34.91.68.146 - - [10/Sep/2021:05:03:03 +0530] "-" 400 -
34.91.68.146 - - [10/Sep/2021:05:03:04 +0530] "GET / HTTP/1.1" 200 11250
34.65.8.99 - - [10/Sep/2021:05:03:06 +0530] "GET / HTTP/1.1" 200 11250
64.207.152.138 - - [10/Sep/2021:05:04:42 +0530] "GET /manager/html HTTP/1.1" 401 2473
70.62.6.66 - - [10/Sep/2021:05:06:04 +0530] "GET /manager/html HTTP/1.1" 401 2473
109.234.153.131 - - [10/Sep/2021:05:07:31 +0530] "CONNECT 87.236.16.23:80 HTTP/1.1" 400 -
109.234.153.134 - - [10/Sep/2021:05:07:31 +0530] "CONNECT 50.19.119.155:80 HTTP/1.1" 400 -
109.234.153.134 - - [10/Sep/2021:05:07:31 +0530] "-" 400 -
109.234.153.130 - - [10/Sep/2021:05:07:31 +0530] "-" 400 -
109.234.153.130 - - [10/Sep/2021:05:07:31 +0530] "POST /rb/getip.php?Z77282695371Q1 HTTP/1.1" 404 1018
109.234.153.132 - - [10/Sep/2021:05:07:36 +0530] "-" 400 -
109.234.153.131 - - [10/Sep/2021:05:07:36 +0530] "POST /?Z73263695371Q1 HTTP/1.1" 200 11250
109.234.153.131 - - [10/Sep/2021:05:07:36 +0530] "-" 400 -
64.207.152.138 - - [10/Sep/2021:05:09:43 +0530] "GET /manager/html HTTP/1.1" 401 2473
70.62.6.66 - - [10/Sep/2021:05:11:06 +0530] "GET /manager/html HTTP/1.1" 401 2473
64.207.152.138 - - [10/Sep/2021:05:14:44 +0530] "GET /manager/html HTTP/1.1" 401 2473
187.131.86.178 - - [10/Sep/2021:05:15:38 +0530] "GET / HTTP/1.1" 200 11250
70.62.6.66 - - [10/Sep/2021:05:16:07 +0530] "GET /manager/html HTTP/1.1" 401 2473
64.207.152.138 - - [10/Sep/2021:05:19:45 +0530] "GET /manager/html HTTP/1.1" 401 2473
70.62.6.66 - - [10/Sep/2021:05:21:07 +0530] "GET /manager/html HTTP/1.1" 401 2473
199.19.224.165 - - [10/Sep/2021:05:23:33 +0530] "GET /config/getuser?index=0 HTTP/1.1" 404 1022
64.207.152.138 - - [10/Sep/2021:05:24:46 +0530] "GET /manager/html HTTP/1.1" 401 2473
70.62.6.66 - - [10/Sep/2021:05:26:09 +0530] "GET /manager/html HTTP/1.1" 401 2473
144.86.173.134 - - [10/Sep/2021:05:27:43 +0530] "GET / HTTP/1.1" 200 11250
64.207.152.138 - - [10/Sep/2021:05:29:47 +0530] "GET /manager/html HTTP/1.1" 401 2473
199.19.224.165 - - [10/Sep/2021:05:30:59 +0530] "GET /config/getuser?index=0 HTTP/1.1" 404 1022
70.62.6.66 - - [10/Sep/2021:05:31:10 +0530] "GET /manager/html HTTP/1.1" 401 2473
64.207.152.138 - - [10/Sep/2021:05:34:48 +0530] "GET /manager/html HTTP/1.1" 401 2473
70.62.6.66 - - [10/Sep/2021:05:36:11 +0530] "GET /manager/html HTTP/1.1" 401 2473
109.234.153.134 - - [10/Sep/2021:05:37:10 +0530] "CONNECT 87.236.16.23:80 HTTP/1.1" 400 -
109.234.153.132 - - [10/Sep/2021:05:37:10 +0530] "-" 400 -
109.234.153.130 - - [10/Sep/2021:05:37:10 +0530] "CONNECT 50.17.229.70:80 HTTP/1.1" 400 -
109.234.153.131 - - [10/Sep/2021:05:37:10 +0530] "-" 400 -
109.234.153.131 - - [10/Sep/2021:05:37:15 +0530] "POST /?Z77282695371Q1 HTTP/1.1" 200 11250
109.234.153.132 - - [10/Sep/2021:05:37:15 +0530] "POST /rb/getip.php?Z73263695371Q1 HTTP/1.1" 404 1018
109.234.153.134 - - [10/Sep/2021:05:37:15 +0530] "-" 400 -
109.234.153.133 - - [10/Sep/2021:05:37:15 +0530] "-" 400 -
64.207.152.138 - - [10/Sep/2021:05:39:49 +0530] "GET /manager/html HTTP/1.1" 401 2473
70.62.6.66 - - [10/Sep/2021:05:41:12 +0530] "GET /manager/html HTTP/1.1" 401 2473
64.207.152.138 - - [10/Sep/2021:05:44:50 +0530] "GET /manager/html HTTP/1.1" 401 2473
70.62.6.66 - - [10/Sep/2021:05:46:13 +0530] "GET /manager/html HTTP/1.1" 401 2473
125.44.221.15 - - [10/Sep/2021:05:49:03 +0530] "GET /boaform/admin/formLogin?username=adminisp&psd=adminisp HTTP/1.0" 404 1040
64.207.152.138 - - [10/Sep/2021:05:49:51 +0530] "GET /manager/html HTTP/1.1" 401 2473
70.62.6.66 - - [10/Sep/2021:05:51:14 +0530] "GET /manager/html HTTP/1.1" 401 2473
64.207.152.138 - - [10/Sep/2021:05:54:52 +0530] "GET /manager/html HTTP/1.1" 401 2473
70.62.6.66 - - [10/Sep/2021:05:56:15 +0530] "GET /manager/html HTTP/1.1" 401 2473
64.207.152.138 - - [10/Sep/2021:05:59:53 +0530] "GET /manager/html HTTP/1.1" 401 2473
64.207.152.138 - - [10/Sep/2021:05:59:53 +0530] "GET /manager/html HTTP/1.1" 401 2473
64.207.152.138 - - [10/Sep/2021:05:59:54 +0530] "GET /manager/html HTTP/1.1" 401 2473
64.207.152.138 - - [10/Sep/2021:05:59:54 +0530] "GET /manager/html HTTP/1.1" 401 2473
64.207.152.138 - - [10/Sep/2021:05:59:55 +0530] "GET /manager/html HTTP/1.1" 401 2473
64.207.152.138 - - [10/Sep/2021:05:59:55 +0530] "GET /manager/html HTTP/1.1" 401 2473
70.62.6.66 - - [10/Sep/2021:06:01:15 +0530] "GET /manager/html HTTP/1.1" 401 2473
64.207.152.138 - - [10/Sep/2021:06:04:56 +0530] "GET /manager/html HTTP/1.1" 401 2473
70.62.6.66 - - [10/Sep/2021:06:06:16 +0530] "GET /manager/html HTTP/1.1" 401 2473
70.62.6.66 - - [10/Sep/2021:06:06:17 +0530] "GET /manager/html HTTP/1.1" 401 2473
70.62.6.66 - - [10/Sep/2021:06:06:18 +0530] "GET /manager/html HTTP/1.1" 401 2473
70.62.6.66 - - [10/Sep/2021:06:06:19 +0530] "GET /manager/html HTTP/1.1" 401 2473
70.62.6.66 - - [10/Sep/2021:06:06:20 +0530] "GET /manager/html HTTP/1.1" 401 2473
70.62.6.66 - - [10/Sep/2021:06:06:21 +0530] "GET /manager/html HTTP/1.1" 401 2473
141.101.196.233 - - [10/Sep/2021:06:08:29 +0530] "-" 400 -
141.101.196.233 - - [10/Sep/2021:06:08:30 +0530] "CONNECT 91.214.48.87:80 HTTP/1.1" 400 -
141.101.196.233 - - [10/Sep/2021:06:08:34 +0530] "POST /myip2.php?Z73263695371Q1 HTTP/1.1" 404 1012
141.101.196.233 - - [10/Sep/2021:06:08:34 +0530] "-" 400 -
64.207.152.138 - - [10/Sep/2021:06:09:57 +0530] "GET /manager/html HTTP/1.1" 401 2473
70.62.6.66 - - [10/Sep/2021:06:11:22 +0530] "GET /manager/html HTTP/1.1" 401 2473
64.207.152.138 - - [10/Sep/2021:06:14:58 +0530] "GET /manager/html HTTP/1.1" 401 2473
70.62.6.66 - - [10/Sep/2021:06:16:23 +0530] "GET /manager/html HTTP/1.1" 401 2473
64.207.152.138 - - [10/Sep/2021:06:19:59 +0530] "GET /manager/html HTTP/1.1" 401 2473
70.62.6.66 - - [10/Sep/2021:06:21:24 +0530] "GET /manager/html HTTP/1.1" 401 2473
64.207.152.138 - - [10/Sep/2021:06:25:00 +0530] "GET /manager/html HTTP/1.1" 401 2473
70.62.6.66 - - [10/Sep/2021:06:26:25 +0530] "GET /manager/html HTTP/1.1" 401 2473
64.207.152.138 - - [10/Sep/2021:06:30:01 +0530] "GET /manager/html HTTP/1.1" 401 2473
70.62.6.66 - - [10/Sep/2021:06:31:26 +0530] "GET /manager/html HTTP/1.1" 401 2473
64.207.152.138 - - [10/Sep/2021:06:35:02 +0530] "GET /manager/html HTTP/1.1" 401 2473
70.62.6.66 - - [10/Sep/2021:06:36:27 +0530] "GET /manager/html HTTP/1.1" 401 2473
109.234.153.131 - - [10/Sep/2021:06:36:51 +0530] "CONNECT 178.128.34.99:80 HTTP/1.1" 400 -
109.234.153.130 - - [10/Sep/2021:06:36:51 +0530] "CONNECT 91.201.52.66:80 HTTP/1.1" 400 -
109.234.153.134 - - [10/Sep/2021:06:36:51 +0530] "-" 400 -
109.234.153.131 - - [10/Sep/2021:06:36:51 +0530] "-" 400 -
109.234.153.134 - - [10/Sep/2021:06:36:51 +0530] "POST /ip?Z73263695371Q1 HTTP/1.1" 404 998
109.234.153.130 - - [10/Sep/2021:06:36:56 +0530] "-" 400 -
109.234.153.133 - - [10/Sep/2021:06:36:56 +0530] "POST /ip.php?Z77282695371Q1 HTTP/1.1" 404 1006
109.234.153.131 - - [10/Sep/2021:06:36:56 +0530] "-" 400 -
192.241.221.29 - - [10/Sep/2021:06:37:21 +0530] "GET / HTTP/1.1" 200 11250
192.241.221.29 - - [10/Sep/2021:06:38:09 +0530] "GET / HTTP/1.1" 200 11250
64.207.152.138 - - [10/Sep/2021:06:40:03 +0530] "GET /manager/html HTTP/1.1" 401 2473
70.62.6.66 - - [10/Sep/2021:06:41:28 +0530] "GET /manager/html HTTP/1.1" 401 2473
64.207.152.138 - - [10/Sep/2021:06:45:04 +0530] "GET /manager/html HTTP/1.1" 401 2473
70.62.6.66 - - [10/Sep/2021:06:46:29 +0530] "GET /manager/html HTTP/1.1" 401 2473
64.207.152.138 - - [10/Sep/2021:06:50:05 +0530] "GET /manager/html HTTP/1.1" 401 2473
70.62.6.66 - - [10/Sep/2021:06:51:30 +0530] "GET /manager/html HTTP/1.1" 401 2473
64.207.152.138 - - [10/Sep/2021:06:55:06 +0530] "GET /manager/html HTTP/1.1" 401 2473
70.62.6.66 - - [10/Sep/2021:06:56:31 +0530] "GET /manager/html HTTP/1.1" 401 2473
64.207.152.138 - - [10/Sep/2021:07:00:07 +0530] "GET /manager/html HTTP/1.1" 401 2473
70.62.6.66 - - [10/Sep/2021:07:01:32 +0530] "GET /manager/html HTTP/1.1" 401 2473
64.207.152.138 - - [10/Sep/2021:07:05:08 +0530] "GET /manager/html HTTP/1.1" 401 2473
70.62.6.66 - - [10/Sep/2021:07:06:33 +0530] "GET /manager/html HTTP/1.1" 401 2473
109.234.153.131 - - [10/Sep/2021:07:06:51 +0530] "CONNECT 87.236.16.23:80 HTTP/1.1" 400 -
109.234.153.134 - - [10/Sep/2021:07:06:51 +0530] "CONNECT 91.214.48.87:80 HTTP/1.1" 400 -
109.234.153.134 - - [10/Sep/2021:07:06:51 +0530] "-" 400 -
109.234.153.133 - - [10/Sep/2021:07:06:51 +0530] "-" 400 -
109.234.153.132 - - [10/Sep/2021:07:06:51 +0530] "POST /rb/getip.php?Z77282695371Q1 HTTP/1.1" 404 1018
109.234.153.131 - - [10/Sep/2021:07:06:56 +0530] "-" 400 -
109.234.153.133 - - [10/Sep/2021:07:06:56 +0530] "POST /myip2.php?Z73263695371Q1 HTTP/1.1" 404 1012
109.234.153.133 - - [10/Sep/2021:07:06:56 +0530] "-" 400 -
64.207.152.138 - - [10/Sep/2021:07:10:09 +0530] "GET /manager/html HTTP/1.1" 401 2473
70.62.6.66 - - [10/Sep/2021:07:11:34 +0530] "GET /manager/html HTTP/1.1" 401 2473
64.207.152.138 - - [10/Sep/2021:07:15:10 +0530] "GET /manager/html HTTP/1.1" 401 2473
70.62.6.66 - - [10/Sep/2021:07:16:35 +0530] "GET /manager/html HTTP/1.1" 401 2473
64.207.152.138 - - [10/Sep/2021:07:20:11 +0530] "GET /manager/html HTTP/1.1" 401 2473
70.62.6.66 - - [10/Sep/2021:07:21:36 +0530] "GET /manager/html HTTP/1.1" 401 2473
64.207.152.138 - - [10/Sep/2021:07:25:12 +0530] "GET /manager/html HTTP/1.1" 401 2473
70.62.6.66 - - [10/Sep/2021:07:26:37 +0530] "GET /manager/html HTTP/1.1" 401 2473
64.207.152.138 - - [10/Sep/2021:07:30:13 +0530] "GET /manager/html HTTP/1.1" 401 2473
70.62.6.66 - - [10/Sep/2021:07:31:38 +0530] "GET /manager/html HTTP/1.1" 401 2473
64.207.152.138 - - [10/Sep/2021:07:35:14 +0530] "GET /manager/html HTTP/1.1" 401 2473
70.62.6.66 - - [10/Sep/2021:07:36:39 +0530] "GET /manager/html HTTP/1.1" 401 2473
109.234.153.130 - - [10/Sep/2021:07:37:02 +0530] "CONNECT 50.19.104.221:80 HTTP/1.1" 400 -
109.234.153.133 - - [10/Sep/2021:07:37:02 +0530] "CONNECT 142.93.142.17:80 HTTP/1.1" 400 -
109.234.153.132 - - [10/Sep/2021:07:37:02 +0530] "-" 400 -
109.234.153.134 - - [10/Sep/2021:07:37:02 +0530] "-" 400 -
109.234.153.131 - - [10/Sep/2021:07:37:02 +0530] "POST /?Z73263695371Q1 HTTP/1.1" 200 11250
109.234.153.130 - - [10/Sep/2021:07:37:07 +0530] "-" 400 -
109.234.153.134 - - [10/Sep/2021:07:37:07 +0530] "-" 400 -
109.234.153.133 - - [10/Sep/2021:07:37:07 +0530] "POST /?Z77282695371Q1 HTTP/1.1" 200 11250
64.207.152.138 - - [10/Sep/2021:07:40:15 +0530] "GET /manager/html HTTP/1.1" 401 2473
70.62.6.66 - - [10/Sep/2021:07:41:40 +0530] "GET /manager/html HTTP/1.1" 401 2473
64.207.152.138 - - [10/Sep/2021:07:45:16 +0530] "GET /manager/html HTTP/1.1" 401 2473
70.62.6.66 - - [10/Sep/2021:07:46:41 +0530] "GET /manager/html HTTP/1.1" 401 2473
192.241.213.231 - - [10/Sep/2021:07:47:01 +0530] "GET / HTTP/1.1" 200 11250
192.241.213.231 - - [10/Sep/2021:07:47:58 +0530] "GET / HTTP/1.1" 200 11250
64.207.152.138 - - [10/Sep/2021:07:50:17 +0530] "GET /manager/html HTTP/1.1" 401 2473
70.62.6.66 - - [10/Sep/2021:07:51:42 +0530] "GET /manager/html HTTP/1.1" 401 2473
64.207.152.138 - - [10/Sep/2021:07:55:18 +0530] "GET /manager/html HTTP/1.1" 401 2473
70.62.6.66 - - [10/Sep/2021:07:56:43 +0530] "GET /manager/html HTTP/1.1" 401 2473
64.207.152.138 - - [10/Sep/2021:08:00:19 +0530] "GET /manager/html HTTP/1.1" 401 2473
70.62.6.66 - - [10/Sep/2021:08:01:44 +0530] "GET /manager/html HTTP/1.1" 401 2473
64.207.152.138 - - [10/Sep/2021:08:05:20 +0530] "GET /manager/html HTTP/1.1" 401 2473
198.96.155.3 - - [10/Sep/2021:08:06:00 +0530] "GET / HTTP/1.1" 200 11250
185.220.100.254 - - [10/Sep/2021:08:06:04 +0530] "GET /favicon.ico HTTP/1.1" 200 21630
70.62.6.66 - - [10/Sep/2021:08:06:45 +0530] "GET /manager/html HTTP/1.1" 401 2473
109.234.153.130 - - [10/Sep/2021:08:07:09 +0530] "CONNECT 50.19.104.221:80 HTTP/1.1" 400 -
109.234.153.131 - - [10/Sep/2021:08:07:09 +0530] "CONNECT 91.201.52.66:80 HTTP/1.1" 400 -
109.234.153.131 - - [10/Sep/2021:08:07:09 +0530] "-" 400 -
109.234.153.131 - - [10/Sep/2021:08:07:09 +0530] "-" 400 -
109.234.153.134 - - [10/Sep/2021:08:07:09 +0530] "POST /?Z73263695371Q1 HTTP/1.1" 200 11250
109.234.153.131 - - [10/Sep/2021:08:07:14 +0530] "-" 400 -
109.234.153.133 - - [10/Sep/2021:08:07:14 +0530] "POST /ip.php?Z77282695371Q1 HTTP/1.1" 404 1006
109.234.153.133 - - [10/Sep/2021:08:07:14 +0530] "-" 400 -
64.207.152.138 - - [10/Sep/2021:08:10:21 +0530] "GET /manager/html HTTP/1.1" 401 2473
70.62.6.66 - - [10/Sep/2021:08:11:46 +0530] "GET /manager/html HTTP/1.1" 401 2473
64.207.152.138 - - [10/Sep/2021:08:15:22 +0530] "GET /manager/html HTTP/1.1" 401 2473
70.62.6.66 - - [10/Sep/2021:08:16:47 +0530] "GET /manager/html HTTP/1.1" 401 2473
202.44.240.132 - - [10/Sep/2021:08:17:03 +0530] "POST /goform/formWsc HTTP/1.1" 400 -
64.207.152.138 - - [10/Sep/2021:08:20:23 +0530] "GET /manager/html HTTP/1.1" 401 2473
70.62.6.66 - - [10/Sep/2021:08:21:48 +0530] "GET /manager/html HTTP/1.1" 401 2473
64.207.152.138 - - [10/Sep/2021:08:25:24 +0530] "GET /manager/html HTTP/1.1" 401 2473
70.62.6.66 - - [10/Sep/2021:08:26:49 +0530] "GET /manager/html HTTP/1.1" 401 2473
64.207.152.138 - - [10/Sep/2021:08:30:25 +0530] "GET /manager/html HTTP/1.1" 401 2473
70.62.6.66 - - [10/Sep/2021:08:31:50 +0530] "GET /manager/html HTTP/1.1" 401 2473
64.207.152.138 - - [10/Sep/2021:08:35:26 +0530] "GET /manager/html HTTP/1.1" 401 2473
70.62.6.66 - - [10/Sep/2021:08:36:51 +0530] "GET /manager/html HTTP/1.1" 401 2473
141.101.196.233 - - [10/Sep/2021:08:39:16 +0530] "-" 400 -
141.101.196.233 - - [10/Sep/2021:08:39:16 +0530] "POST /ip.php?Z77282695371Q1 HTTP/1.1" 404 1006
141.101.196.233 - - [10/Sep/2021:08:39:17 +0530] "-" 400 -
141.101.196.233 - - [10/Sep/2021:08:39:18 +0530] "CONNECT 5.178.86.76:80 HTTP/1.1" 400 -
141.101.196.233 - - [10/Sep/2021:08:39:18 +0530] "CONNECT 5.178.86.76:80 HTTP/1.1" 400 -
141.101.196.233 - - [10/Sep/2021:08:39:20 +0530] "-" 400 -
141.101.196.233 - - [10/Sep/2021:08:39:20 +0530] "-" 400 -
141.101.196.233 - - [10/Sep/2021:08:39:21 +0530] "POST /ip.php?Z73263695371Q1 HTTP/1.1" 404 1006
64.207.152.138 - - [10/Sep/2021:08:40:27 +0530] "GET /manager/html HTTP/1.1" 401 2473
70.62.6.66 - - [10/Sep/2021:08:41:52 +0530] "GET /manager/html HTTP/1.1" 401 2473
64.207.152.138 - - [10/Sep/2021:08:45:28 +0530] "GET /manager/html HTTP/1.1" 401 2473
70.62.6.66 - - [10/Sep/2021:08:46:53 +0530] "GET /manager/html HTTP/1.1" 401 2473
64.207.152.138 - - [10/Sep/2021:08:50:29 +0530] "GET /manager/html HTTP/1.1" 401 2473
70.62.6.66 - - [10/Sep/2021:08:51:54 +0530] "GET /manager/html HTTP/1.1" 401 2473
64.207.152.138 - - [10/Sep/2021:08:55:30 +0530] "GET /manager/html HTTP/1.1" 401 2473
70.62.6.66 - - [10/Sep/2021:08:56:55 +0530] "GET /manager/html HTTP/1.1" 401 2473
64.207.152.138 - - [10/Sep/2021:09:00:31 +0530] "GET /manager/html HTTP/1.1" 401 2473
70.62.6.66 - - [10/Sep/2021:09:01:56 +0530] "GET /manager/html HTTP/1.1" 401 2473
64.207.152.138 - - [10/Sep/2021:09:05:32 +0530] "GET /manager/html HTTP/1.1" 401 2473
70.62.6.66 - - [10/Sep/2021:09:06:57 +0530] "GET /manager/html HTTP/1.1" 401 2473
64.207.152.138 - - [10/Sep/2021:09:10:33 +0530] "GET /manager/html HTTP/1.1" 401 2473
64.207.152.138 - - [10/Sep/2021:09:10:33 +0530] "GET /manager/html HTTP/1.1" 401 2473
64.207.152.138 - - [10/Sep/2021:09:10:34 +0530] "GET /manager/html HTTP/1.1" 401 2473
64.207.152.138 - - [10/Sep/2021:09:10:34 +0530] "GET /manager/html HTTP/1.1" 401 2473
64.207.152.138 - - [10/Sep/2021:09:10:35 +0530] "GET /manager/html HTTP/1.1" 401 2473
64.207.152.138 - - [10/Sep/2021:09:10:35 +0530] "GET /manager/html HTTP/1.1" 401 2473
70.62.6.66 - - [10/Sep/2021:09:11:58 +0530] "GET /manager/html HTTP/1.1" 401 2473
64.207.152.138 - - [10/Sep/2021:09:15:36 +0530] "GET /manager/html HTTP/1.1" 401 2473
70.62.6.66 - - [10/Sep/2021:09:16:59 +0530] "GET /manager/html HTTP/1.1" 401 2473
70.62.6.66 - - [10/Sep/2021:09:17:00 +0530] "GET /manager/html HTTP/1.1" 401 2473
70.62.6.66 - - [10/Sep/2021:09:17:01 +0530] "GET /manager/html HTTP/1.1" 401 2473
70.62.6.66 - - [10/Sep/2021:09:17:01 +0530] "GET /manager/html HTTP/1.1" 401 2473
70.62.6.66 - - [10/Sep/2021:09:17:02 +0530] "GET /manager/html HTTP/1.1" 401 2473
70.62.6.66 - - [10/Sep/2021:09:17:03 +0530] "GET /manager/html HTTP/1.1" 401 2473
64.207.152.138 - - [10/Sep/2021:09:20:37 +0530] "GET /manager/html HTTP/1.1" 401 2473
70.62.6.66 - - [10/Sep/2021:09:22:04 +0530] "GET /manager/html HTTP/1.1" 401 2473
64.207.152.138 - - [10/Sep/2021:09:25:38 +0530] "GET /manager/html HTTP/1.1" 401 2473
70.62.6.66 - - [10/Sep/2021:09:27:05 +0530] "GET /manager/html HTTP/1.1" 401 2473
64.207.152.138 - - [10/Sep/2021:09:30:39 +0530] "GET /manager/html HTTP/1.1" 401 2473
70.62.6.66 - - [10/Sep/2021:09:32:06 +0530] "GET /manager/html HTTP/1.1" 401 2473
64.207.152.138 - - [10/Sep/2021:09:35:40 +0530] "GET /manager/html HTTP/1.1" 401 2473
70.62.6.66 - - [10/Sep/2021:09:37:07 +0530] "GET /manager/html HTTP/1.1" 401 2473
64.207.152.138 - - [10/Sep/2021:09:40:41 +0530] "GET /manager/html HTTP/1.1" 401 2473
70.62.6.66 - - [10/Sep/2021:09:42:08 +0530] "GET /manager/html HTTP/1.1" 401 2473
64.207.152.138 - - [10/Sep/2021:09:45:42 +0530] "GET /manager/html HTTP/1.1" 401 2473
70.62.6.66 - - [10/Sep/2021:09:47:09 +0530] "GET /manager/html HTTP/1.1" 401 2473
183.136.226.4 - - [10/Sep/2021:09:49:41 +0530] "GET / HTTP/1.1" 200 11250
183.136.226.4 - - [10/Sep/2021:09:49:44 +0530] "GET /favicon.ico HTTP/1.1" 200 21630
183.136.226.4 - - [10/Sep/2021:09:49:56 +0530] "GET /robots.txt HTTP/1.1" 404 1014
64.207.152.138 - - [10/Sep/2021:09:50:43 +0530] "GET /manager/html HTTP/1.1" 401 2473
70.62.6.66 - - [10/Sep/2021:09:52:10 +0530] "GET /manager/html HTTP/1.1" 401 2473
64.207.152.138 - - [10/Sep/2021:09:55:44 +0530] "GET /manager/html HTTP/1.1" 401 2473
70.62.6.66 - - [10/Sep/2021:09:57:11 +0530] "GET /manager/html HTTP/1.1" 401 2473
64.207.152.138 - - [10/Sep/2021:10:00:45 +0530] "GET /manager/html HTTP/1.1" 401 2473
70.62.6.66 - - [10/Sep/2021:10:02:12 +0530] "GET /manager/html HTTP/1.1" 401 2473
64.207.152.138 - - [10/Sep/2021:10:05:46 +0530] "GET /manager/html HTTP/1.1" 401 2473
70.62.6.66 - - [10/Sep/2021:10:07:13 +0530] "GET /manager/html HTTP/1.1" 401 2473
64.207.152.138 - - [10/Sep/2021:10:10:47 +0530] "GET /manager/html HTTP/1.1" 401 2473
70.62.6.66 - - [10/Sep/2021:10:12:14 +0530] "GET /manager/html HTTP/1.1" 401 2473
64.207.152.138 - - [10/Sep/2021:10:15:48 +0530] "GET /manager/html HTTP/1.1" 401 2473
70.62.6.66 - - [10/Sep/2021:10:17:15 +0530] "GET /manager/html HTTP/1.1" 401 2473
64.207.152.138 - - [10/Sep/2021:10:20:49 +0530] "GET /manager/html HTTP/1.1" 401 2473
70.62.6.66 - - [10/Sep/2021:10:22:16 +0530] "GET /manager/html HTTP/1.1" 401 2473
64.207.152.138 - - [10/Sep/2021:10:25:50 +0530] "GET /manager/html HTTP/1.1" 401 2473
70.62.6.66 - - [10/Sep/2021:10:27:17 +0530] "GET /manager/html HTTP/1.1" 401 2473
64.207.152.138 - - [10/Sep/2021:10:30:51 +0530] "GET /manager/html HTTP/1.1" 401 2473
199.19.224.165 - - [10/Sep/2021:10:31:29 +0530] "GET /config/getuser?index=0 HTTP/1.1" 404 1022
70.62.6.66 - - [10/Sep/2021:10:32:18 +0530] "GET /manager/html HTTP/1.1" 401 2473
212.55.100.170 - - [10/Sep/2021:10:34:44 +0530] "GET / HTTP/1.1" 200 11250
64.207.152.138 - - [10/Sep/2021:10:35:52 +0530] "GET /manager/html HTTP/1.1" 401 2473
109.234.153.133 - - [10/Sep/2021:10:37:04 +0530] "CONNECT 50.16.239.65:80 HTTP/1.1" 400 -
109.234.153.131 - - [10/Sep/2021:10:37:04 +0530] "CONNECT 5.178.86.76:80 HTTP/1.1" 400 -
109.234.153.132 - - [10/Sep/2021:10:37:04 +0530] "-" 400 -
109.234.153.134 - - [10/Sep/2021:10:37:04 +0530] "POST /?Z73263695371Q1 HTTP/1.1" 200 11250
109.234.153.133 - - [10/Sep/2021:10:37:04 +0530] "-" 400 -
109.234.153.131 - - [10/Sep/2021:10:37:09 +0530] "-" 400 -
109.234.153.132 - - [10/Sep/2021:10:37:09 +0530] "-" 400 -
109.234.153.132 - - [10/Sep/2021:10:37:09 +0530] "POST /ip.php?Z77282695371Q1 HTTP/1.1" 404 1006
70.62.6.66 - - [10/Sep/2021:10:37:19 +0530] "GET /manager/html HTTP/1.1" 401 2473
64.207.152.138 - - [10/Sep/2021:10:40:53 +0530] "GET /manager/html HTTP/1.1" 401 2473
70.62.6.66 - - [10/Sep/2021:10:42:20 +0530] "GET /manager/html HTTP/1.1" 401 2473
64.207.152.138 - - [10/Sep/2021:10:45:54 +0530] "GET /manager/html HTTP/1.1" 401 2473
70.62.6.66 - - [10/Sep/2021:10:47:21 +0530] "GET /manager/html HTTP/1.1" 401 2473
64.207.152.138 - - [10/Sep/2021:10:50:55 +0530] "GET /manager/html HTTP/1.1" 401 2473
70.62.6.66 - - [10/Sep/2021:10:52:22 +0530] "GET /manager/html HTTP/1.1" 401 2473
64.207.152.138 - - [10/Sep/2021:10:55:56 +0530] "GET /manager/html HTTP/1.1" 401 2473
70.62.6.66 - - [10/Sep/2021:10:57:23 +0530] "GET /manager/html HTTP/1.1" 401 2473
34.91.68.146 - - [10/Sep/2021:10:57:27 +0530] "-" 400 -
34.91.68.146 - - [10/Sep/2021:10:57:28 +0530] "GET / HTTP/1.1" 200 11250
34.91.68.146 - - [10/Sep/2021:10:57:28 +0530] "-" 400 -
34.91.68.146 - - [10/Sep/2021:10:57:28 +0530] "GET / HTTP/1.1" 200 11250
34.65.8.99 - - [10/Sep/2021:10:57:30 +0530] "GET / HTTP/1.1" 200 11250
64.207.152.138 - - [10/Sep/2021:11:00:57 +0530] "GET /manager/html HTTP/1.1" 401 2473
70.62.6.66 - - [10/Sep/2021:11:02:24 +0530] "GET /manager/html HTTP/1.1" 401 2473
64.207.152.138 - - [10/Sep/2021:11:05:58 +0530] "GET /manager/html HTTP/1.1" 401 2473
109.234.153.132 - - [10/Sep/2021:11:07:07 +0530] "CONNECT 91.201.52.66:80 HTTP/1.1" 400 -
109.234.153.133 - - [10/Sep/2021:11:07:07 +0530] "CONNECT 91.214.48.87:80 HTTP/1.1" 400 -
109.234.153.132 - - [10/Sep/2021:11:07:07 +0530] "-" 400 -
109.234.153.131 - - [10/Sep/2021:11:07:07 +0530] "-" 400 -
109.234.153.133 - - [10/Sep/2021:11:07:12 +0530] "-" 400 -
109.234.153.133 - - [10/Sep/2021:11:07:12 +0530] "-" 400 -
109.234.153.133 - - [10/Sep/2021:11:07:12 +0530] "POST /ip.php?Z77282695371Q1 HTTP/1.1" 404 1006
109.234.153.134 - - [10/Sep/2021:11:07:12 +0530] "POST /myip2.php?Z73263695371Q1 HTTP/1.1" 404 1012
70.62.6.66 - - [10/Sep/2021:11:07:25 +0530] "GET /manager/html HTTP/1.1" 401 2473
64.207.152.138 - - [10/Sep/2021:11:10:59 +0530] "GET /manager/html HTTP/1.1" 401 2473
70.62.6.66 - - [10/Sep/2021:11:12:26 +0530] "GET /manager/html HTTP/1.1" 401 2473
64.207.152.138 - - [10/Sep/2021:11:16:00 +0530] "GET /manager/html HTTP/1.1" 401 2473
70.62.6.66 - - [10/Sep/2021:11:17:27 +0530] "GET /manager/html HTTP/1.1" 401 2473
183.136.226.4 - - [10/Sep/2021:11:20:29 +0530] "GET / HTTP/1.1" 200 11250
183.136.226.4 - - [10/Sep/2021:11:20:31 +0530] "GET /favicon.ico HTTP/1.1" 200 21630
64.207.152.138 - - [10/Sep/2021:11:21:01 +0530] "GET /manager/html HTTP/1.1" 401 2473
70.62.6.66 - - [10/Sep/2021:11:22:28 +0530] "GET /manager/html HTTP/1.1" 401 2473
51.79.168.173 - - [10/Sep/2021:11:24:59 +0530] "GET / HTTP/1.1" 200 11250
51.79.168.173 - - [10/Sep/2021:11:25:10 +0530] "-" 400 -
64.207.152.138 - - [10/Sep/2021:11:26:02 +0530] "GET /manager/html HTTP/1.1" 401 2473
70.62.6.66 - - [10/Sep/2021:11:27:29 +0530] "GET /manager/html HTTP/1.1" 401 2473
64.207.152.138 - - [10/Sep/2021:11:31:03 +0530] "GET /manager/html HTTP/1.1" 401 2473
70.62.6.66 - - [10/Sep/2021:11:32:30 +0530] "GET /manager/html HTTP/1.1" 401 2473
64.207.152.138 - - [10/Sep/2021:11:36:04 +0530] "GET /manager/html HTTP/1.1" 401 2473
70.62.6.66 - - [10/Sep/2021:11:37:31 +0530] "GET /manager/html HTTP/1.1" 401 2473
141.101.196.233 - - [10/Sep/2021:11:38:42 +0530] "-" 400 -
141.101.196.233 - - [10/Sep/2021:11:38:42 +0530] "CONNECT 91.201.52.66:80 HTTP/1.1" 400 -
141.101.196.233 - - [10/Sep/2021:11:38:42 +0530] "POST /ip.php?Z73263695371Q1 HTTP/1.1" 404 1006
141.101.196.233 - - [10/Sep/2021:11:38:47 +0530] "-" 400 -
64.207.152.138 - - [10/Sep/2021:11:41:05 +0530] "GET /manager/html HTTP/1.1" 401 2473
70.62.6.66 - - [10/Sep/2021:11:42:32 +0530] "GET /manager/html HTTP/1.1" 401 2473
117.61.30.203 - - [10/Sep/2021:11:44:55 +0530] "CONNECT www.ipaddress.com:443 HTTP/1.0" 400 -
27.211.183.53 - - [10/Sep/2021:11:44:58 +0530] "HEAD / HTTP/1.1" 200 -
221.213.75.75 - - [10/Sep/2021:11:44:59 +0530] "CONNECT www.so.com:443 HTTP/1.1" 400 -
180.95.231.84 - - [10/Sep/2021:11:45:00 +0530] "GET / HTTP/1.1" 200 -
112.94.253.70 - - [10/Sep/2021:11:45:00 +0530] "CONNECT cn.bing.com:443 HTTP/1.1" 400 -
125.76.177.16 - - [10/Sep/2021:11:45:01 +0530] "GET / HTTP/1.1" 200 -
113.120.15.240 - - [10/Sep/2021:11:45:02 +0530] "GET /english/ HTTP/1.1" 404 -
49.113.100.10 - - [10/Sep/2021:11:45:02 +0530] "CONNECT www.baidu.com:443 HTTP/1.1" 400 -
117.15.93.207 - - [10/Sep/2021:11:45:02 +0530] "GET / HTTP/1.1" 200 11250
123.245.24.218 - - [10/Sep/2021:11:45:03 +0530] "CONNECT www.voanews.com:443 HTTP/1.1" 400 -
27.224.136.206 - - [10/Sep/2021:11:45:04 +0530] "GET / HTTP/1.1" 200 -
36.106.167.132 - - [10/Sep/2021:11:45:05 +0530] "GET / HTTP/1.1" 200 -
64.207.152.138 - - [10/Sep/2021:11:46:06 +0530] "GET /manager/html HTTP/1.1" 401 2473
70.62.6.66 - - [10/Sep/2021:11:47:33 +0530] "GET /manager/html HTTP/1.1" 401 2473
64.207.152.138 - - [10/Sep/2021:11:51:07 +0530] "GET /manager/html HTTP/1.1" 401 2473
70.62.6.66 - - [10/Sep/2021:11:52:34 +0530] "GET /manager/html HTTP/1.1" 401 2473
64.207.152.138 - - [10/Sep/2021:11:56:08 +0530] "GET /manager/html HTTP/1.1" 401 2473
70.62.6.66 - - [10/Sep/2021:11:57:35 +0530] "GET /manager/html HTTP/1.1" 401 2473
64.207.152.138 - - [10/Sep/2021:12:01:09 +0530] "GET /manager/html HTTP/1.1" 401 2473
141.101.196.233 - - [10/Sep/2021:12:01:11 +0530] "CONNECT 178.128.34.99:80 HTTP/1.1" 400 -
141.101.196.233 - - [10/Sep/2021:12:01:16 +0530] "-" 400 -
141.101.196.233 - - [10/Sep/2021:12:01:21 +0530] "POST /ip?Z77282695371Q1 HTTP/1.1" 404 998
141.101.196.233 - - [10/Sep/2021:12:01:23 +0530] "-" 400 -
70.62.6.66 - - [10/Sep/2021:12:02:36 +0530] "GET /manager/html HTTP/1.1" 401 2473
64.207.152.138 - - [10/Sep/2021:12:06:10 +0530] "GET /manager/html HTTP/1.1" 401 2473
144.86.173.15 - - [10/Sep/2021:12:07:16 +0530] "-" 400 -
70.62.6.66 - - [10/Sep/2021:12:07:37 +0530] "GET /manager/html HTTP/1.1" 401 2473
64.207.152.138 - - [10/Sep/2021:12:11:11 +0530] "GET /manager/html HTTP/1.1" 401 2473
70.62.6.66 - - [10/Sep/2021:12:12:38 +0530] "GET /manager/html HTTP/1.1" 401 2473
128.14.134.170 - - [10/Sep/2021:12:13:21 +0530] "GET / HTTP/1.1" 200 11250
64.207.152.138 - - [10/Sep/2021:12:16:12 +0530] "GET /manager/html HTTP/1.1" 401 2473
70.62.6.66 - - [10/Sep/2021:12:17:39 +0530] "GET /manager/html HTTP/1.1" 401 2473
167.248.133.42 - - [10/Sep/2021:12:20:49 +0530] "GET / HTTP/1.1" 200 11250
167.248.133.42 - - [10/Sep/2021:12:20:50 +0530] "GET / HTTP/1.1" 200 11250
64.207.152.138 - - [10/Sep/2021:12:21:13 +0530] "GET /manager/html HTTP/1.1" 401 2473
64.207.152.138 - - [10/Sep/2021:12:21:13 +0530] "GET /manager/html HTTP/1.1" 401 2473
64.207.152.138 - - [10/Sep/2021:12:21:14 +0530] "GET /manager/html HTTP/1.1" 401 2473
64.207.152.138 - - [10/Sep/2021:12:21:14 +0530] "GET /manager/html HTTP/1.1" 401 2473
64.207.152.138 - - [10/Sep/2021:12:21:15 +0530] "GET /manager/html HTTP/1.1" 401 2473
64.207.152.138 - - [10/Sep/2021:12:21:15 +0530] "GET /manager/html HTTP/1.1" 401 2473
70.62.6.66 - - [10/Sep/2021:12:22:40 +0530] "GET /manager/html HTTP/1.1" 401 2473
64.207.152.138 - - [10/Sep/2021:12:26:16 +0530] "GET /manager/html HTTP/1.1" 401 2473
70.62.6.66 - - [10/Sep/2021:12:27:41 +0530] "GET /manager/html HTTP/1.1" 401 2473
70.62.6.66 - - [10/Sep/2021:12:27:42 +0530] "GET /manager/html HTTP/1.1" 401 2473
70.62.6.66 - - [10/Sep/2021:12:27:43 +0530] "GET /manager/html HTTP/1.1" 401 2473
70.62.6.66 - - [10/Sep/2021:12:27:44 +0530] "GET /manager/html HTTP/1.1" 401 2473
70.62.6.66 - - [10/Sep/2021:12:27:45 +0530] "GET /manager/html HTTP/1.1" 401 2473
70.62.6.66 - - [10/Sep/2021:12:27:45 +0530] "GET /manager/html HTTP/1.1" 401 2473
64.207.152.138 - - [10/Sep/2021:12:31:17 +0530] "GET /manager/html HTTP/1.1" 401 2473
70.62.6.66 - - [10/Sep/2021:12:32:46 +0530] "GET /manager/html HTTP/1.1" 401 2473
64.207.152.138 - - [10/Sep/2021:12:36:18 +0530] "GET /manager/html HTTP/1.1" 401 2473
109.234.153.134 - - [10/Sep/2021:12:36:36 +0530] "CONNECT 142.93.136.142:80 HTTP/1.1" 400 -
109.234.153.133 - - [10/Sep/2021:12:36:36 +0530] "CONNECT 178.128.34.99:80 HTTP/1.1" 400 -
109.234.153.130 - - [10/Sep/2021:12:36:41 +0530] "-" 400 -
109.234.153.132 - - [10/Sep/2021:12:36:41 +0530] "-" 400 -
109.234.153.132 - - [10/Sep/2021:12:36:46 +0530] "POST /ip?Z73263695371Q1 HTTP/1.1" 404 998
109.234.153.131 - - [10/Sep/2021:12:36:46 +0530] "POST /?Z77282695371Q1 HTTP/1.1" 200 11250
109.234.153.134 - - [10/Sep/2021:12:36:51 +0530] "-" 400 -
109.234.153.130 - - [10/Sep/2021:12:36:51 +0530] "-" 400 -
70.62.6.66 - - [10/Sep/2021:12:37:47 +0530] "GET /manager/html HTTP/1.1" 401 2473
64.207.152.138 - - [10/Sep/2021:12:41:19 +0530] "GET /manager/html HTTP/1.1" 401 2473
70.62.6.66 - - [10/Sep/2021:12:42:48 +0530] "GET /manager/html HTTP/1.1" 401 2473
64.207.152.138 - - [10/Sep/2021:12:46:20 +0530] "GET /manager/html HTTP/1.1" 401 2473
70.62.6.66 - - [10/Sep/2021:12:47:50 +0530] "GET /manager/html HTTP/1.1" 401 2473
64.207.152.138 - - [10/Sep/2021:12:51:21 +0530] "GET /manager/html HTTP/1.1" 401 2473
70.62.6.66 - - [10/Sep/2021:12:52:50 +0530] "GET /manager/html HTTP/1.1" 401 2473
64.207.152.138 - - [10/Sep/2021:12:56:22 +0530] "GET /manager/html HTTP/1.1" 401 2473
70.62.6.66 - - [10/Sep/2021:12:57:52 +0530] "GET /manager/html HTTP/1.1" 401 2473
64.207.152.138 - - [10/Sep/2021:13:01:23 +0530] "GET /manager/html HTTP/1.1" 401 2473
70.62.6.66 - - [10/Sep/2021:13:02:53 +0530] "GET /manager/html HTTP/1.1" 401 2473
109.234.153.131 - - [10/Sep/2021:13:06:02 +0530] "CONNECT 87.236.16.23:80 HTTP/1.1" 400 -
109.234.153.131 - - [10/Sep/2021:13:06:02 +0530] "CONNECT 87.236.16.23:80 HTTP/1.1" 400 -
109.234.153.132 - - [10/Sep/2021:13:06:02 +0530] "-" 400 -
109.234.153.133 - - [10/Sep/2021:13:06:02 +0530] "-" 400 -
109.234.153.132 - - [10/Sep/2021:13:06:02 +0530] "POST /rb/getip.php?Z77282695371Q1 HTTP/1.1" 404 1018
109.234.153.134 - - [10/Sep/2021:13:06:07 +0530] "-" 400 -
109.234.153.130 - - [10/Sep/2021:13:06:07 +0530] "POST /rb/getip.php?Z73263695371Q1 HTTP/1.1" 404 1018
109.234.153.132 - - [10/Sep/2021:13:06:07 +0530] "-" 400 -
64.207.152.138 - - [10/Sep/2021:13:06:24 +0530] "GET /manager/html HTTP/1.1" 401 2473
70.62.6.66 - - [10/Sep/2021:13:07:53 +0530] "GET /manager/html HTTP/1.1" 401 2473
64.207.152.138 - - [10/Sep/2021:13:11:25 +0530] "GET /manager/html HTTP/1.1" 401 2473
70.62.6.66 - - [10/Sep/2021:13:12:55 +0530] "GET /manager/html HTTP/1.1" 401 2473
196.2.8.40 - - [10/Sep/2021:13:13:51 +0530] "GET / HTTP/1.1" 200 11250
64.207.152.138 - - [10/Sep/2021:13:16:26 +0530] "GET /manager/html HTTP/1.1" 401 2473
70.62.6.66 - - [10/Sep/2021:13:17:56 +0530] "GET /manager/html HTTP/1.1" 401 2473
64.207.152.138 - - [10/Sep/2021:13:21:27 +0530] "GET /manager/html HTTP/1.1" 401 2473
70.62.6.66 - - [10/Sep/2021:13:22:57 +0530] "GET /manager/html HTTP/1.1" 401 2473
64.207.152.138 - - [10/Sep/2021:13:26:28 +0530] "GET /manager/html HTTP/1.1" 401 2473
70.62.6.66 - - [10/Sep/2021:13:27:58 +0530] "GET /manager/html HTTP/1.1" 401 2473
64.207.152.138 - - [10/Sep/2021:13:31:29 +0530] "GET /manager/html HTTP/1.1" 401 2473
144.86.173.143 - - [10/Sep/2021:13:32:45 +0530] "GET / HTTP/1.1" 200 11250
70.62.6.66 - - [10/Sep/2021:13:32:59 +0530] "GET /manager/html HTTP/1.1" 401 2473
64.207.152.138 - - [10/Sep/2021:13:36:30 +0530] "GET /manager/html HTTP/1.1" 401 2473
70.62.6.66 - - [10/Sep/2021:13:38:00 +0530] "GET /manager/html HTTP/1.1" 401 2473
141.101.196.233 - - [10/Sep/2021:13:38:14 +0530] "CONNECT 91.201.52.66:80 HTTP/1.1" 400 -
141.101.196.233 - - [10/Sep/2021:13:38:14 +0530] "-" 400 -
141.101.196.233 - - [10/Sep/2021:13:38:16 +0530] "POST /ip.php?Z77282695371Q1 HTTP/1.1" 404 1006
141.101.196.233 - - [10/Sep/2021:13:38:19 +0530] "-" 400 -
64.207.152.138 - - [10/Sep/2021:13:41:31 +0530] "GET /manager/html HTTP/1.1" 401 2473
70.62.6.66 - - [10/Sep/2021:13:43:01 +0530] "GET /manager/html HTTP/1.1" 401 2473
64.207.152.138 - - [10/Sep/2021:13:46:32 +0530] "GET /manager/html HTTP/1.1" 401 2473
70.62.6.66 - - [10/Sep/2021:13:48:02 +0530] "GET /manager/html HTTP/1.1" 401 2473
183.136.226.4 - - [10/Sep/2021:13:50:03 +0530] "GET / HTTP/1.1" 200 11250
183.136.226.4 - - [10/Sep/2021:13:50:06 +0530] "GET /favicon.ico HTTP/1.1" 200 21630
183.136.226.4 - - [10/Sep/2021:13:50:13 +0530] "GET /robots.txt HTTP/1.1" 404 1014
64.207.152.138 - - [10/Sep/2021:13:51:33 +0530] "GET /manager/html HTTP/1.1" 401 2473
70.62.6.66 - - [10/Sep/2021:13:53:03 +0530] "GET /manager/html HTTP/1.1" 401 2473
64.207.152.138 - - [10/Sep/2021:13:56:34 +0530] "GET /manager/html HTTP/1.1" 401 2473
70.62.6.66 - - [10/Sep/2021:13:58:04 +0530] "GET /manager/html HTTP/1.1" 401 2473
64.207.152.138 - - [10/Sep/2021:14:01:35 +0530] "GET /manager/html HTTP/1.1" 401 2473
